INSERT INTO `Preparacion_RecepcionMuestras` (`Id`, `is_general`, `cod_peso`, `id_analisismuestra`, `peso_muestra`, `cod_detalleenvase`, `observacion`, `cod_usuariotomamuestra`, `fecha_registro`, `usuario_registro`) VALUES
(12019, 1, 18238, NULL, 7.06, 1, 'CONTRAMUESTRA 6.80 KG', NULL, '2022-10-22 12:41:11', 52),
(12020, 1, 18237, NULL, 7.5, 1, 'CONTRAMUESTRA 6.96 KG', NULL, '2022-10-22 12:43:00', 52),
(12021, 1, 18229, NULL, 9.64, 1, 'DEMORA EN REGISTRO POR ACEPTACION DE CARGA', NULL, '2022-10-22 13:57:21', 16),
(12022, 0, 18242, NULL, 103.5, 1, '', NULL, '2022-10-22 14:39:21', 17),
(12023, 1, 18242, NULL, 6.28, 1, '', NULL, '2022-10-22 14:42:07', 17),
(12025, 0, 18243, NULL, 350.2, 1, '', NULL, '2022-10-22 22:48:54', 49),
(12026, 0, 18244, NULL, 240.3, 1, '', NULL, '2022-10-22 22:49:25', 49),
(12027, 0, 18245, NULL, 400, 1, '', NULL, '2022-10-22 22:49:56', 49),
(12028, 0, 18246, NULL, 340.3, 1, '', NULL, '2022-10-22 22:50:16', 49),
(12029, 0, 18249, NULL, 413.2, 1, '', NULL, '2022-10-22 22:50:43', 49),
(12030, 0, 18250, NULL, 350.2, 1, '', NULL, '2022-10-23 00:21:09', 49),
(12031, 1, 18243, NULL, 9.8, 1, '', NULL, '2022-10-23 00:21:56', 49),
(12032, 1, 18244, NULL, 10.1, 1, '', NULL, '2022-10-23 00:22:14', 49),
(12033, 1, 18245, NULL, 9.68, 1, '', NULL, '2022-10-23 00:22:44', 49),
(12034, 1, 18246, NULL, 10.4, 1, '', NULL, '2022-10-23 00:23:01', 49),
(12035, 1, 18249, NULL, 10.2, 1, '', NULL, '2022-10-23 00:23:20', 49),
(12036, 1, 18250, NULL, 9.68, 1, '', NULL, '2022-10-23 00:23:41', 49),
(12038, 0, 18253, NULL, 200.5, 1, 'DEMORA DEL REGISTRO POR  CORTE DE ENERGIA ELECTRICA  EN TODA LA PLANTA.', NULL, '2022-10-23 20:03:54', 49),
(12039, 1, 18253, NULL, 10.24, 1, 'DEMORA DEL REGISTRO POR  CORTE DE ENERGIA ELECTRICA  EN TODA LA PLANTA.', NULL, '2022-10-23 20:04:16', 49),
(12040, 1, 18254, NULL, 9.86, 1, 'DEMORA DEL REGISTRO POR  CORTE DE ENERGIA ELECTRICA  EN TODA LA PLANTA.', NULL, '2022-10-23 20:05:01', 49),
(12041, 1, 18255, NULL, 10.26, 1, 'DEMORA DEL REGISTRO POR  CORTE DE ENERGIA ELECTRICA  EN TODA LA PLANTA.', NULL, '2022-10-23 20:06:53', 49),
(12042, 1, 18252, NULL, 9.2, 1, 'DEMORA DEL REGISTRO POR  CORTE DE ENERGIA ELECTRICA  EN TODA LA PLANTA.', NULL, '2022-10-23 20:08:03', 49),
(12043, 1, 18258, NULL, 10.26, 1, 'DEMORA DEL REGISTRO POR  CORTE DE ENERGIA ELECTRICA  EN TODA LA PLANTA.', NULL, '2022-10-23 20:08:37', 49),
(12045, 1, 18251, NULL, 9.46, 1, 'DEMORA DEL REGISTRO POR  CORTE DE ENERGIA ELECTRICA  EN TODA LA PLANTA.', NULL, '2022-10-23 20:09:25', 49),
(12046, 1, 18257, NULL, 10.06, 1, 'DEMORA DEL REGISTRO POR  CORTE DE ENERGIA ELECTRICA  EN TODA LA PLANTA.', NULL, '2022-10-23 20:10:32', 49),
(12047, 0, 18251, NULL, 300.5, 1, 'DEMORA DEL REGISTRO POR  CORTE DE ENERGIA ELECTRICA  EN TODA LA PLANTA.', NULL, '2022-10-23 20:12:08', 49),
(12048, 0, 18252, NULL, 400.2, 1, 'DEMORA DEL REGISTRO POR  CORTE DE ENERGIA ELECTRICA  EN TODA LA PLANTA.', NULL, '2022-10-23 20:12:26', 49),
(12049, 0, 18254, NULL, 300.5, 1, 'DEMORA DEL REGISTRO POR  CORTE DE ENERGIA ELECTRICA  EN TODA LA PLANTA.', NULL, '2022-10-23 20:13:02', 49),
(12050, 0, 18255, NULL, 400.3, 1, 'DEMORA DEL REGISTRO POR  CORTE DE ENERGIA ELECTRICA  EN TODA LA PLANTA.', NULL, '2022-10-23 20:13:22', 49),
(12052, 0, 18257, NULL, 400.5, 1, 'DEMORA DEL REGISTRO POR  CORTE DE ENERGIA ELECTRICA  EN TODA LA PLANTA.', NULL, '2022-10-23 20:13:51', 49),
(12053, 0, 18258, NULL, 300.4, 1, 'DEMORA DEL REGISTRO POR  CORTE DE ENERGIA ELECTRICA  EN TODA LA PLANTA.', NULL, '2022-10-23 20:14:21', 49),
(12054, 0, 18260, NULL, 219.9, 1, '', NULL, '2022-10-23 22:15:30', 54),
(12055, 1, 18260, NULL, 8.72, 1, '', NULL, '2022-10-23 22:45:22', 54),
(12056, 1, 18259, NULL, 10.46, 1, '', NULL, '2022-10-24 00:08:46', 49),
(12057, 0, 18259, NULL, 350.2, 1, '', NULL, '2022-10-24 00:09:05', 49),
(12058, 0, 18256, NULL, 0.01, 1, '', NULL, '2022-10-24 01:40:16', 54),
(12059, 1, 18256, NULL, 0.01, 1, '', NULL, '2022-10-24 01:40:31', 54),
(12060, 0, 18261, NULL, 300.5, 1, '', NULL, '2022-10-24 02:41:24', 49),
(12061, 0, 18262, NULL, 300.8, 1, '', NULL, '2022-10-24 02:41:35', 49),
(12062, 0, 18263, NULL, 173.9, 1, '', NULL, '2022-10-24 02:59:58', 49),
(12063, 1, 18263, NULL, 10.12, 1, '', NULL, '2022-10-24 03:41:31', 54),
(12064, 1, 18262, NULL, 9.22, 1, '', NULL, '2022-10-24 06:40:13', 49),
(12065, 1, 18261, NULL, 9.46, 1, '', NULL, '2022-10-24 06:40:29', 49),
(12066, 0, 18265, NULL, 264.2, 1, '', NULL, '2022-10-24 08:55:47', 17),
(12067, 0, 18264, NULL, 250.4, 1, '', NULL, '2022-10-24 08:59:18', 17),
(12068, 1, 18264, NULL, 6.74, 1, '', NULL, '2022-10-24 08:59:45', 17),
(12069, 1, 18265, NULL, 12.96, 1, '', NULL, '2022-10-24 09:31:32', 17),
(12070, 0, 18269, NULL, 244.1, 1, '', NULL, '2022-10-24 11:03:00', 19),
(12071, 0, 18267, NULL, 231.1, 1, '', NULL, '2022-10-24 11:03:37', 19),
(12072, 0, 18266, NULL, 150.8, 1, '', NULL, '2022-10-24 11:04:02', 19),
(12073, 0, 18271, NULL, 297.9, 1, '', NULL, '2022-10-24 11:04:29', 19),
(12074, 0, 18268, NULL, 207.5, 1, '', NULL, '2022-10-24 11:04:53', 19),
(12075, 0, 18273, NULL, 246.2, 1, '', NULL, '2022-10-24 11:19:13', 17),
(12077, 0, 18274, NULL, 328.5, 1, '', NULL, '2022-10-24 13:05:22', 54),
(12078, 1, 18268, NULL, 8.5, 1, '', NULL, '2022-10-24 13:23:38', 54),
(12079, 1, 18271, NULL, 7.42, 1, '', NULL, '2022-10-24 13:24:02', 54),
(12080, 1, 18266, NULL, 8.5, 1, '', NULL, '2022-10-24 13:25:03', 54),
(12081, 1, 18274, NULL, 8.4, 1, '', NULL, '2022-10-24 13:25:27', 54),
(12082, 1, NULL, 68515, 17.22, 1, '', NULL, '2022-10-24 13:27:27', 54),
(12083, 0, 18282, NULL, 258.9, 1, '', NULL, '2022-10-24 15:01:39', 54),
(12084, 0, 18290, NULL, 212.3, 1, '', NULL, '2022-10-24 15:11:55', 54),
(12085, 0, 18285, NULL, 256.2, 1, '', NULL, '2022-10-24 15:14:28', 54),
(12086, 0, 18284, NULL, 236.5, 1, '', NULL, '2022-10-24 15:16:12', 54),
(12087, 0, 18275, NULL, 261.3, 1, '', NULL, '2022-10-24 15:17:04', 54),
(12088, 0, 18278, NULL, 226.3, 1, '', NULL, '2022-10-24 15:17:45', 54),
(12089, 0, 18277, NULL, 215.3, 1, '', NULL, '2022-10-24 15:18:49', 54),
(12090, 0, 18276, NULL, 216.2, 1, '', NULL, '2022-10-24 15:19:55', 54),
(12091, 0, 18291, NULL, 250.4, 1, '', NULL, '2022-10-24 15:21:22', 54),
(12092, 0, 18281, NULL, 241.2, 1, '', NULL, '2022-10-24 15:26:53', 54),
(12093, 0, 18287, NULL, 226.3, 1, '', NULL, '2022-10-24 15:27:58', 54),
(12094, 0, 18286, NULL, 219.2, 1, '', NULL, '2022-10-24 15:28:35', 54),
(12095, 0, 18293, NULL, 216.5, 1, '', NULL, '2022-10-24 15:29:36', 54),
(12096, 0, 18292, NULL, 245.2, 1, '', NULL, '2022-10-24 15:29:54', 54),
(12097, 0, 18288, NULL, 240.1, 1, '', NULL, '2022-10-24 15:30:28', 54),
(12098, 0, 18283, NULL, 234.2, 1, '', NULL, '2022-10-24 15:31:58', 54),
(12099, 1, 18296, NULL, 230.4, 1, '', NULL, '2022-10-24 16:15:48', 54),
(12100, 1, 18298, NULL, 240.2, 1, '', NULL, '2022-10-24 16:16:34', 54),
(12101, 1, 18295, NULL, 263.1, 1, '', NULL, '2022-10-24 16:17:48', 54),
(12102, 1, 18280, NULL, 241.3, 1, '', NULL, '2022-10-24 16:18:51', 54),
(12103, 1, 18294, NULL, 251.9, 1, '', NULL, '2022-10-24 16:19:38', 54),
(12106, 1, 18293, NULL, 22.28, 1, '', NULL, '2022-10-24 16:23:24', 54),
(12107, 1, 18267, NULL, 22.28, 1, '', NULL, '2022-10-24 16:24:36', 54),
(12108, 1, 18300, NULL, 22.28, 1, '', NULL, '2022-10-24 16:25:09', 54),
(12109, 0, 18306, NULL, 230.8, 1, '', NULL, '2022-10-24 17:39:12', 54),
(12110, 0, 18309, NULL, 259.5, 1, '', NULL, '2022-10-24 17:44:34', 54),
(12111, 0, 18307, NULL, 359.4, 1, '', NULL, '2022-10-24 17:45:02', 54),
(12112, 0, 18310, NULL, 258.4, 1, '', NULL, '2022-10-24 17:45:59', 54),
(12113, 0, 18308, NULL, 249.6, 1, '', NULL, '2022-10-24 17:46:24', 54),
(12114, 0, 18311, NULL, 349.7, 1, '', NULL, '2022-10-24 17:46:53', 54),
(12115, 1, NULL, 68657, 22.28, 1, '', NULL, '2022-10-24 17:50:45', 54),
(12116, 1, 18269, NULL, 10.24, 1, '', NULL, '2022-10-24 18:00:52', 16),
(12117, 1, 18275, NULL, 9.84, 1, '', NULL, '2022-10-24 18:01:07', 16),
(12118, 1, 18276, NULL, 9.64, 1, '1V', NULL, '2022-10-24 18:01:23', 16),
(12119, 1, 18277, NULL, 9.74, 1, 'J1V', NULL, '2022-10-24 18:01:45', 16),
(12120, 1, NULL, 68665, 22.54, 1, '', NULL, '2022-10-24 18:01:58', 54),
(12121, 1, 18278, NULL, 9.94, 1, 'J1V', NULL, '2022-10-24 18:02:06', 16),
(12122, 1, 18279, NULL, 10.24, 1, 'J1V', NULL, '2022-10-24 18:02:29', 16),
(12123, 1, 18281, NULL, 8.64, 1, '1V', NULL, '2022-10-24 18:02:43', 16),
(12124, 1, 18282, NULL, 10.36, 1, '1V', NULL, '2022-10-24 18:03:06', 16),
(12125, 1, 18283, NULL, 10.42, 1, 'J1V', NULL, '2022-10-24 18:03:32', 16),
(12126, 1, 18286, NULL, 9.64, 1, 'J1V', NULL, '2022-10-24 18:04:01', 16),
(12127, 1, 18284, NULL, 10.48, 1, 'J1V', NULL, '2022-10-24 18:04:22', 16),
(12128, 1, NULL, 68668, 16.2, 1, '', NULL, '2022-10-24 18:04:39', 54),
(12129, 1, 18285, NULL, 9.32, 1, 'J1V', NULL, '2022-10-24 18:04:48', 16),
(12130, 0, 18315, NULL, 269.8, 1, '', NULL, '2022-10-24 18:05:11', 54),
(12131, 1, 18287, NULL, 9.64, 1, '', NULL, '2022-10-24 18:05:12', 16),
(12132, 1, NULL, 68670, 25.98, 1, '', NULL, '2022-10-24 18:07:08', 54),
(12133, 1, NULL, 68679, 20.82, 1, '', NULL, '2022-10-24 18:26:51', 54),
(12134, 0, 18324, NULL, 258.6, 1, '', NULL, '2022-10-24 18:51:52', 54),
(12135, 0, 18319, NULL, 300.6, 1, '2V', NULL, '2022-10-24 19:16:13', 54),
(12136, 0, 18314, NULL, 250.3, 1, '2V', NULL, '2022-10-24 19:17:32', 54),
(12137, 0, 18320, NULL, 300.2, 1, '2V', NULL, '2022-10-24 19:23:35', 54),
(12138, 0, 18322, NULL, 300.5, 1, '2V', NULL, '2022-10-24 19:24:43', 54),
(12139, 0, 18316, NULL, 260.3, 1, '2V', NULL, '2022-10-24 19:25:45', 54),
(12140, 0, 18312, NULL, 200.3, 1, '2V', NULL, '2022-10-24 19:26:45', 54),
(12141, 0, 18323, NULL, 400.1, 1, '2V', NULL, '2022-10-24 19:56:51', 54),
(12142, 0, 18317, NULL, 300.1, 1, '2V', NULL, '2022-10-24 20:04:12', 54),
(12143, 0, 18321, NULL, 340, 1, '2V', NULL, '2022-10-24 20:07:34', 54),
(12144, 0, 18313, NULL, 300.2, 1, '2V', NULL, '2022-10-24 20:09:32', 54),
(12145, 0, 18318, NULL, 400.3, 1, '2V', NULL, '2022-10-24 20:10:32', 54),
(12146, 0, 18325, NULL, 400.2, 1, '', NULL, '2022-10-24 20:11:51', 54),
(12147, 1, NULL, 68719, 9.26, 1, '', NULL, '2022-10-24 21:31:44', 49),
(12149, 1, NULL, 68720, 21.6, 1, 'JJ 2V', NULL, '2022-10-24 21:36:55', 49),
(12150, 1, NULL, 68724, 16.1, 1, 'JJ 2V', NULL, '2022-10-24 21:39:09', 49),
(12151, 1, NULL, 68730, 6.68, 1, 'JJ 2V', NULL, '2022-10-24 21:40:33', 49),
(12152, 1, NULL, 68737, 20.46, 1, 'JJ 2V', NULL, '2022-10-24 21:42:58', 49),
(12153, 1, 18315, NULL, 10.02, 1, '', NULL, '2022-10-24 21:44:10', 49),
(12154, 1, 18297, NULL, 9.76, 1, '', NULL, '2022-10-24 21:44:45', 49),
(12155, 1, 18306, NULL, 8.22, 1, '', NULL, '2022-10-24 21:46:43', 49),
(12156, 0, 18331, NULL, 347, 1, '', NULL, '2022-10-24 21:49:21', 49),
(12157, 0, 18330, NULL, 343.1, 1, '', NULL, '2022-10-24 21:52:01', 49),
(12158, 1, 18327, NULL, 9.8, 1, '', NULL, '2022-10-24 21:55:23', 49),
(12159, 1, 18325, NULL, 10.6, 1, '', NULL, '2022-10-24 22:01:14', 49),
(12160, 1, 18328, NULL, 10.02, 1, '', NULL, '2022-10-24 22:01:55', 49),
(12161, 1, 18326, NULL, 10.42, 1, 'JJ 2V', NULL, '2022-10-24 22:02:38', 49),
(12162, 1, 18329, NULL, 10, 1, '', NULL, '2022-10-24 22:03:16', 49),
(12163, 0, 18329, NULL, 200.3, 1, '', NULL, '2022-10-24 22:06:36', 49),
(12164, 0, 18328, NULL, 300.2, 1, '', NULL, '2022-10-24 22:07:16', 49),
(12165, 0, 18327, NULL, 300.2, 1, '', NULL, '2022-10-24 22:07:51', 49),
(12166, 0, 18326, NULL, 300.2, 1, '', NULL, '2022-10-24 22:09:50', 49),
(12167, 0, 18333, NULL, 222.4, 1, '', NULL, '2022-10-24 23:24:47', 54),
(12168, 0, 18332, NULL, 300.2, 1, '', NULL, '2022-10-24 23:55:43', 54),
(12169, 1, 18324, NULL, 9.6, 1, '', NULL, '2022-10-25 00:02:26', 54),
(12170, 1, 18332, NULL, 10.2, 1, '', NULL, '2022-10-25 00:02:52', 54),
(12171, 1, 18317, NULL, 10.36, 1, '', NULL, '2022-10-25 00:05:15', 54),
(12172, 1, 18331, NULL, 9.8, 1, '', NULL, '2022-10-25 00:05:46', 54),
(12173, 1, 18330, NULL, 10.1, 1, '', NULL, '2022-10-25 00:06:16', 54),
(12174, 1, 18333, NULL, 10.2, 1, '', NULL, '2022-10-25 00:07:05', 54),
(12175, 1, 18334, NULL, 9.8, 1, '', NULL, '2022-10-25 03:44:21', 49),
(12176, 0, 18335, NULL, 235, 1, '', NULL, '2022-10-25 03:44:57', 49),
(12178, 0, 18334, NULL, 300.2, 1, '', NULL, '2022-10-25 03:48:01', 49),
(12179, 1, 18335, NULL, 8.6, 1, '', NULL, '2022-10-25 05:47:24', 49),
(12180, 0, 18294, NULL, 230.6, 1, '', NULL, '2022-10-25 07:43:07', 19),
(12181, 0, 18295, NULL, 324.2, 1, '', NULL, '2022-10-25 07:43:27', 19),
(12182, 0, 18296, NULL, 269.5, 1, '', NULL, '2022-10-25 07:43:59', 19),
(12183, 0, 18300, NULL, 350.2, 1, '', NULL, '2022-10-25 07:44:08', 19),
(12184, 0, 18299, NULL, 304.2, 1, '', NULL, '2022-10-25 07:44:16', 19),
(12185, 0, 18297, NULL, 254.3, 1, '', NULL, '2022-10-25 07:44:41', 19),
(12186, 0, 18298, NULL, 242.8, 1, '', NULL, '2022-10-25 07:44:53', 19),
(12187, 0, 18301, NULL, 312.2, 1, '', NULL, '2022-10-25 07:45:03', 19),
(12188, 0, 18302, NULL, 216.8, 1, '', NULL, '2022-10-25 07:45:12', 19),
(12189, 0, 18303, NULL, 314.2, 1, '', NULL, '2022-10-25 07:45:22', 19),
(12190, 0, 18304, NULL, 310.4, 1, '', NULL, '2022-10-25 07:45:34', 19),
(12191, 0, 18305, NULL, 256.6, 1, '', NULL, '2022-10-25 07:46:17', 19),
(12192, 0, 18339, NULL, 140.8, 1, '', NULL, '2022-10-25 08:13:04', 19),
(12193, 0, 18336, NULL, 120.4, 1, '', NULL, '2022-10-25 08:13:39', 19),
(12194, 0, 18337, NULL, 94.8, 1, '', NULL, '2022-10-25 08:14:30', 19),
(12195, 1, 18336, NULL, 9.84, 1, '', NULL, '2022-10-25 08:15:04', 19),
(12197, 1, 18340, NULL, 8.42, 1, '', NULL, '2022-10-25 09:32:52', 16),
(12198, 1, 18339, NULL, 9.84, 1, 'DUPLICADO 8.06', NULL, '2022-10-25 09:40:42', 55),
(12199, 0, 18340, NULL, 320.2, 1, '', NULL, '2022-10-25 09:41:59', 55),
(12200, 0, 18345, NULL, 380.3, 1, '', NULL, '2022-10-25 10:43:52', 55),
(12201, 0, 18346, NULL, 333.1, 1, '', NULL, '2022-10-25 10:44:31', 55),
(12202, 0, 18344, NULL, 216.6, 1, '', NULL, '2022-10-25 10:45:10', 55),
(12203, 0, 18342, NULL, 183.8, 1, '', NULL, '2022-10-25 10:45:39', 55),
(12204, 0, 18343, NULL, 187.3, 1, '', NULL, '2022-10-25 10:46:12', 55),
(12205, 1, NULL, 68848, 20.28, 1, 'ceniza baja', NULL, '2022-10-25 10:55:19', 55),
(12206, 1, 18337, NULL, 9.18, 1, '', NULL, '2022-10-25 11:26:22', 55),
(12207, 0, 18355, NULL, 258.7, 1, '', NULL, '2022-10-25 12:12:39', 55),
(12208, 0, 18352, NULL, 259.6, 1, '', NULL, '2022-10-25 12:13:08', 55),
(12209, 0, 18353, NULL, 369.4, 1, '', NULL, '2022-10-25 12:13:34', 55),
(12210, 0, 18354, NULL, 258.4, 1, '', NULL, '2022-10-25 12:14:26', 55),
(12211, 0, 18351, NULL, 357.1, 1, '', NULL, '2022-10-25 12:14:55', 55),
(12212, 0, 18347, NULL, 215.4, 1, '', NULL, '2022-10-25 12:26:12', 55),
(12213, 0, 18350, NULL, 321.4, 1, '', NULL, '2022-10-25 12:26:43', 55),
(12214, 0, 18349, NULL, 256.3, 1, '', NULL, '2022-10-25 12:27:10', 55),
(12215, 0, 18348, NULL, 219.7, 1, '', NULL, '2022-10-25 12:27:43', 55),
(12216, 0, 18358, NULL, 254.3, 1, '', NULL, '2022-10-25 13:12:50', 54),
(12217, 0, 18357, NULL, 275.6, 1, '', NULL, '2022-10-25 13:13:33', 54),
(12218, 0, 18360, NULL, 311.5, 1, '', NULL, '2022-10-25 13:14:01', 54),
(12219, 0, 18362, NULL, 278.3, 1, '', NULL, '2022-10-25 13:14:28', 54),
(12220, 0, 18361, NULL, 254.3, 1, '', NULL, '2022-10-25 13:14:51', 54),
(12221, 0, 18356, NULL, 231.2, 1, '', NULL, '2022-10-25 13:15:18', 54),
(12222, 1, NULL, 68911, 16.44, 1, '', NULL, '2022-10-25 13:32:45', 54),
(12223, 1, NULL, 68914, 13.58, 1, '', NULL, '2022-10-25 13:33:52', 54),
(12224, 1, NULL, 68918, 25.12, 1, '', NULL, '2022-10-25 13:39:11', 54),
(12225, 0, 18364, NULL, 130.2, 1, '', NULL, '2022-10-25 14:02:47', 54),
(12226, 0, 18368, NULL, 370.7, 1, '', NULL, '2022-10-25 14:04:46', 54),
(12227, 0, 18366, NULL, 232.6, 1, '', NULL, '2022-10-25 14:05:16', 54),
(12228, 0, 18365, NULL, 286.1, 1, '', NULL, '2022-10-25 14:05:43', 54),
(12229, 0, 18371, NULL, 220.5, 1, '', NULL, '2022-10-25 14:12:57', 54),
(12230, 0, 18372, NULL, 212.1, 1, '', NULL, '2022-10-25 14:41:17', 55),
(12231, 0, 18369, NULL, 156.9, 1, '', NULL, '2022-10-25 14:42:22', 55),
(12232, 0, 18370, NULL, 241.2, 1, '', NULL, '2022-10-25 14:43:09', 55),
(12233, 0, 18373, NULL, 190.1, 1, '', NULL, '2022-10-25 14:43:55', 55),
(12234, 1, 18359, NULL, 9.18, 1, '', NULL, '2022-10-25 14:47:15', 55),
(12235, 1, NULL, 68951, 18.3, 1, '', NULL, '2022-10-25 14:48:17', 55),
(12236, 1, 18369, NULL, 13.44, 1, '', NULL, '2022-10-25 14:58:25', 55),
(12237, 1, 18370, NULL, 13.44, 1, '', NULL, '2022-10-25 14:58:49', 55),
(12238, 1, 18372, NULL, 13.44, 1, '', NULL, '2022-10-25 14:59:11', 55),
(12239, 1, 18373, NULL, 13.44, 1, '', NULL, '2022-10-25 14:59:25', 55),
(12240, 1, NULL, 68960, 13.44, 1, '', NULL, '2022-10-25 14:59:54', 55),
(12241, 1, 18368, NULL, 4.2, 1, '', NULL, '2022-10-25 15:15:22', 55),
(12242, 0, 18389, NULL, 259.6, 1, '', NULL, '2022-10-25 16:42:50', 54),
(12243, 0, 18380, NULL, 269.5, 1, '', NULL, '2022-10-25 16:44:54', 54),
(12244, 0, 18374, NULL, 349.5, 1, '', NULL, '2022-10-25 16:45:42', 54),
(12245, 0, 18384, NULL, 249.5, 1, '', NULL, '2022-10-25 16:46:29', 54),
(12246, 0, 18383, NULL, 268.4, 1, '', NULL, '2022-10-25 16:47:04', 54),
(12247, 0, 18388, NULL, 236.5, 1, '', NULL, '2022-10-25 16:48:54', 54),
(12248, 0, 18375, NULL, 268.4, 1, '', NULL, '2022-10-25 16:55:07', 54),
(12249, 0, 18381, NULL, 235.6, 1, '', NULL, '2022-10-25 16:55:32', 54),
(12250, 0, 18390, NULL, 269.4, 1, '', NULL, '2022-10-25 17:16:17', 54),
(12251, 0, 18386, NULL, 326.4, 1, '', NULL, '2022-10-25 17:16:54', 54),
(12252, 0, 18391, NULL, 321.5, 1, '', NULL, '2022-10-25 17:17:39', 54),
(12253, 0, 18392, NULL, 326.5, 1, '', NULL, '2022-10-25 17:18:09', 54),
(12254, 0, 18385, NULL, 326.1, 1, '', NULL, '2022-10-25 17:18:47', 54),
(12255, 0, 18378, NULL, 265.4, 1, '', NULL, '2022-10-25 17:19:32', 54),
(12256, 0, 18387, NULL, 264.5, 1, '', NULL, '2022-10-25 17:20:22', 54),
(12257, 0, 18382, NULL, 236.9, 1, '', NULL, '2022-10-25 17:22:50', 54),
(12258, 0, 18376, NULL, 236.1, 1, '', NULL, '2022-10-25 17:23:17', 54),
(12259, 0, 18379, NULL, 265.9, 1, '', NULL, '2022-10-25 17:23:48', 54),
(12260, 0, 18393, NULL, 235.6, 1, '', NULL, '2022-10-25 17:24:26', 54),
(12261, 1, 18385, NULL, 19.86, 1, '', NULL, '2022-10-25 17:31:14', 54),
(12262, 1, 18386, NULL, 19.82, 1, '', NULL, '2022-10-25 17:31:30', 54),
(12263, 1, 18387, NULL, 19.82, 1, '', NULL, '2022-10-25 17:31:44', 54),
(12264, 1, 18388, NULL, 19.82, 1, '', NULL, '2022-10-25 17:31:59', 54),
(12265, 1, 18389, NULL, 19.82, 1, '', NULL, '2022-10-25 17:32:13', 54),
(12266, 1, NULL, 69032, 19.86, 1, '', NULL, '2022-10-25 17:32:58', 54),
(12267, 1, 18375, NULL, 12.5, 1, '', NULL, '2022-10-25 17:34:43', 54),
(12268, 1, 18378, NULL, 12.5, 1, '', NULL, '2022-10-25 17:35:04', 54),
(12269, 1, 18379, NULL, 12.5, 1, '', NULL, '2022-10-25 17:35:17', 54),
(12270, 1, NULL, 69033, 12.5, 1, '', NULL, '2022-10-25 17:36:06', 54),
(12271, 0, 18367, NULL, 258.9, 1, '', NULL, '2022-10-25 17:45:03', 54),
(12272, 1, 18381, NULL, 12.7, 1, '', NULL, '2022-10-25 17:55:40', 54),
(12273, 1, 18384, NULL, 12.7, 1, '', NULL, '2022-10-25 17:56:05', 54),
(12274, 1, 18382, NULL, 12.7, 1, '', NULL, '2022-10-25 17:56:22', 54),
(12275, 1, 18383, NULL, 12.7, 1, '', NULL, '2022-10-25 17:56:58', 54),
(12276, 1, NULL, 69045, 12.7, 1, '', NULL, '2022-10-25 17:58:04', 54),
(12277, 1, 18390, NULL, 27.18, 1, '', NULL, '2022-10-25 17:59:54', 54),
(12278, 1, 18391, NULL, 27.18, 1, '', NULL, '2022-10-25 18:00:16', 54),
(12279, 1, 18392, NULL, 27.18, 1, '', NULL, '2022-10-25 18:00:37', 54),
(12280, 1, 18393, NULL, 27.18, 1, '', NULL, '2022-10-25 18:01:04', 54),
(12281, 1, 18394, NULL, 27.18, 1, '', NULL, '2022-10-25 18:01:19', 54),
(12282, 1, NULL, 69047, 27.18, 1, '', NULL, '2022-10-25 18:02:12', 54),
(12283, 1, 18376, NULL, 9.48, 1, '', NULL, '2022-10-25 18:03:26', 54),
(12284, 1, 18374, NULL, 4, 1, '', NULL, '2022-10-25 18:04:21', 54),
(12285, 1, 18399, NULL, 9.88, 1, '', NULL, '2022-10-25 19:09:28', 16),
(12286, 1, 18398, NULL, 8.42, 1, '', NULL, '2022-10-25 19:09:42', 16),
(12287, 1, 18367, NULL, 8.36, 1, '', NULL, '2022-10-25 19:09:54', 16),
(12288, 1, 18395, NULL, 9.74, 1, '', NULL, '2022-10-25 19:10:38', 16),
(12289, 1, 18380, NULL, 9.74, 1, '', NULL, '2022-10-25 19:10:57', 16),
(12290, 1, 18396, NULL, 9.24, 1, '', NULL, '2022-10-25 19:11:06', 16),
(12291, 1, 18397, NULL, 9.24, 1, '', NULL, '2022-10-25 19:11:15', 16),
(12292, 1, 18400, NULL, 9.64, 1, '', NULL, '2022-10-25 19:11:25', 16),
(12293, 0, 18400, NULL, 300.2, 1, '', NULL, '2022-10-25 20:05:48', 49),
(12294, 0, 18395, NULL, 200.5, 1, '', NULL, '2022-10-25 20:08:59', 49),
(12295, 0, 18398, NULL, 300.2, 1, '', NULL, '2022-10-25 20:15:36', 49),
(12296, 0, 18394, NULL, 400.1, 1, '', NULL, '2022-10-25 20:16:14', 49),
(12297, 0, 18397, NULL, 200, 1, '', NULL, '2022-10-25 20:17:30', 49),
(12298, 0, 18396, NULL, 300.1, 1, '', NULL, '2022-10-25 20:17:52', 49),
(12299, 0, 18399, NULL, 100.5, 1, '', NULL, '2022-10-25 20:18:15', 49),
(12300, 0, 18401, NULL, 400, 1, '', NULL, '2022-10-25 20:19:24', 49),
(12301, 1, NULL, 69076, 9.96, 1, '', NULL, '2022-10-25 20:33:57', 49),
(12302, 1, 18371, NULL, 9.6, 1, '', NULL, '2022-10-25 20:37:28', 49),
(12303, 1, NULL, 69077, 10.8, 1, '', NULL, '2022-10-25 20:43:56', 49),
(12304, 0, 18403, NULL, 200.5, 1, '', NULL, '2022-10-25 20:47:37', 49),
(12305, 0, 18405, NULL, 300.2, 1, '', NULL, '2022-10-25 20:47:53', 49),
(12306, 1, NULL, 69078, 12.6, 1, '', NULL, '2022-10-25 21:07:38', 49),
(12307, 1, 18403, NULL, 9.54, 1, '', NULL, '2022-10-25 23:25:49', 49),
(12308, 1, 18401, NULL, 8.3, 1, '', NULL, '2022-10-25 23:26:22', 49),
(12309, 1, 18406, NULL, 9.1, 1, '', NULL, '2022-10-25 23:27:05', 49),
(12310, 1, 18405, NULL, 8.34, 1, '', NULL, '2022-10-25 23:28:15', 49),
(12311, 1, 18404, NULL, 7.9, 1, '', NULL, '2022-10-25 23:28:49', 49),
(12312, 0, 18404, NULL, 300, 1, '', NULL, '2022-10-25 23:35:54', 49),
(12313, 0, 18406, NULL, 400.2, 1, '', NULL, '2022-10-25 23:38:39', 49),
(12314, 0, 18408, NULL, 300, 1, '', NULL, '2022-10-25 23:47:32', 49),
(12315, 1, 18408, NULL, 10.3, 1, '', NULL, '2022-10-25 23:48:47', 49),
(12316, 0, 18412, NULL, 300.2, 1, '', NULL, '2022-10-25 23:49:38', 49),
(12317, 1, 18412, NULL, 10.5, 1, '', NULL, '2022-10-25 23:49:59', 49),
(12318, 0, 18402, NULL, 300.2, 1, '', NULL, '2022-10-25 23:50:36', 49),
(12319, 1, 18402, NULL, 9.8, 1, '', NULL, '2022-10-25 23:50:57', 49),
(12320, 0, 18410, NULL, 200.6, 1, '', NULL, '2022-10-25 23:51:29', 49),
(12321, 1, 18410, NULL, 10.1, 1, '', NULL, '2022-10-25 23:52:10', 49),
(12322, 0, 18409, NULL, 400, 1, '', NULL, '2022-10-25 23:53:13', 49),
(12323, 1, 18409, NULL, 10.2, 1, '', NULL, '2022-10-25 23:53:32', 49),
(12324, 0, 18411, NULL, 302, 1, '', NULL, '2022-10-25 23:54:10', 49),
(12325, 1, 18411, NULL, 10.3, 1, '', NULL, '2022-10-25 23:54:40', 49),
(12326, 0, 18407, NULL, 300.5, 1, '', NULL, '2022-10-25 23:55:15', 49),
(12327, 1, 18407, NULL, 9.8, 1, '', NULL, '2022-10-25 23:55:35', 49),
(12328, 1, 18413, NULL, 10.2, 1, '', NULL, '2022-10-26 02:05:48', 49),
(12329, 1, 18414, NULL, 9.9, 1, '', NULL, '2022-10-26 02:06:07', 49),
(12330, 1, 18415, NULL, 10.3, 1, '', NULL, '2022-10-26 02:06:23', 49),
(12331, 0, 18413, NULL, 200.5, 1, '', NULL, '2022-10-26 02:37:59', 49),
(12332, 0, 18414, NULL, 400.2, 1, '', NULL, '2022-10-26 02:38:17', 49),
(12333, 0, 18415, NULL, 400.2, 1, '', NULL, '2022-10-26 02:38:36', 49),
(12334, 0, 18418, NULL, 300, 1, '', NULL, '2022-10-26 04:31:29', 17),
(12335, 0, 18419, NULL, 300, 1, '', NULL, '2022-10-26 04:31:56', 17),
(12336, 1, 18419, NULL, 8.46, 1, '', NULL, '2022-10-26 04:35:06', 17),
(12337, 1, 18418, NULL, 10.16, 1, '', NULL, '2022-10-26 04:38:29', 17),
(12338, 0, 18417, NULL, 180.1, 1, '', NULL, '2022-10-26 07:30:14', 55),
(12339, 0, 18420, NULL, 190.2, 1, '', NULL, '2022-10-26 07:31:03', 55),
(12340, 0, 18416, NULL, 200.4, 1, '', NULL, '2022-10-26 07:31:31', 55),
(12341, 0, 18421, NULL, 242.5, 1, '', NULL, '2022-10-26 07:32:05', 55),
(12342, 1, 18420, NULL, 9.72, 1, '', NULL, '2022-10-26 07:32:39', 55),
(12343, 1, 18417, NULL, 9.44, 1, '', NULL, '2022-10-26 07:33:28', 55),
(12344, 1, 18421, NULL, 10.24, 1, '', NULL, '2022-10-26 07:34:11', 55),
(12345, 1, 18416, NULL, 10.1, 1, '', NULL, '2022-10-26 07:34:44', 55),
(12346, 0, 18422, NULL, 286.5, 1, '', NULL, '2022-10-26 09:45:05', 55),
(12347, 0, 18423, NULL, 256.3, 1, '', NULL, '2022-10-26 09:45:32', 55),
(12348, 1, 18422, NULL, 17.2, 1, '', NULL, '2022-10-26 09:46:45', 55),
(12349, 0, 18425, NULL, 180.1, 1, '', NULL, '2022-10-26 09:47:39', 55),
(12350, 1, 18423, NULL, 7.76, 1, '', NULL, '2022-10-26 09:48:32', 55),
(12351, 0, 18429, NULL, 334.7, 1, '', NULL, '2022-10-26 10:24:38', 55),
(12352, 0, 18427, NULL, 397.4, 1, '', NULL, '2022-10-26 10:25:03', 55),
(12353, 0, 18428, NULL, 262.1, 1, '', NULL, '2022-10-26 10:25:37', 55),
(12354, 0, 18426, NULL, 187.6, 1, '', NULL, '2022-10-26 10:26:09', 55),
(12355, 1, NULL, 69247, 18, 1, '', NULL, '2022-10-26 10:29:57', 55),
(12356, 0, 18433, NULL, 320.2, 1, '', NULL, '2022-10-26 10:40:45', 55),
(12357, 0, 18434, NULL, 212.2, 1, '', NULL, '2022-10-26 10:44:27', 55),
(12358, 0, 18439, NULL, 104, 1, '', NULL, '2022-10-26 11:13:28', 55),
(12359, 0, 18435, NULL, 241.8, 1, '', NULL, '2022-10-26 11:38:11', 55),
(12360, 0, 18442, NULL, 256.4, 1, '', NULL, '2022-10-26 11:52:16', 55),
(12361, 0, 18440, NULL, 369.2, 1, '', NULL, '2022-10-26 12:01:09', 55),
(12362, 0, 18441, NULL, 315.2, 1, '', NULL, '2022-10-26 12:02:00', 55),
(12363, 0, 18431, NULL, 321.2, 1, '', NULL, '2022-10-26 12:04:06', 55),
(12364, 0, 18438, NULL, 369.4, 1, '', NULL, '2022-10-26 12:04:36', 55),
(12365, 0, 18437, NULL, 325.1, 1, '', NULL, '2022-10-26 12:05:19', 55),
(12366, 0, 18432, NULL, 357.9, 1, '', NULL, '2022-10-26 12:05:57', 55),
(12367, 0, 18436, NULL, 346.8, 1, '', NULL, '2022-10-26 12:06:27', 55),
(12368, 0, 18430, NULL, 325.8, 1, '', NULL, '2022-10-26 12:27:30', 55),
(12369, 1, 18434, NULL, 9.18, 1, '', NULL, '2022-10-26 12:34:22', 55),
(12370, 1, 18433, NULL, 9.62, 1, '', NULL, '2022-10-26 12:34:51', 55),
(12371, 1, 18435, NULL, 10.24, 1, '', NULL, '2022-10-26 12:35:30', 55),
(12372, 1, 18436, NULL, 21.24, 1, '', NULL, '2022-10-26 12:36:14', 55),
(12373, 1, 18431, NULL, 21.24, 1, '', NULL, '2022-10-26 12:36:26', 55),
(12374, 1, 18432, NULL, 21.24, 1, '', NULL, '2022-10-26 12:36:37', 55),
(12375, 1, 18430, NULL, 21.24, 1, '', NULL, '2022-10-26 12:36:58', 55),
(12376, 1, NULL, 69290, 21.24, 1, '', NULL, '2022-10-26 12:38:23', 55),
(12377, 1, 18439, NULL, 14.12, 1, '', NULL, '2022-10-26 12:39:14', 55),
(12378, 1, 18437, NULL, 17.14, 1, '', NULL, '2022-10-26 12:40:29', 55),
(12379, 1, 18438, NULL, 17.14, 1, '', NULL, '2022-10-26 12:40:39', 55),
(12380, 1, 18440, NULL, 17.14, 1, '', NULL, '2022-10-26 12:41:06', 55),
(12381, 1, 18441, NULL, 17.14, 1, '', NULL, '2022-10-26 12:41:24', 55),
(12382, 1, NULL, 69292, 17.14, 1, '', NULL, '2022-10-26 12:42:30', 55),
(12383, 1, 18442, NULL, 8.5, 1, '', NULL, '2022-10-26 12:43:46', 55),
(12384, 1, 18425, NULL, 10.5, 1, '', NULL, '2022-10-26 13:58:26', 17),
(12385, 0, 18446, NULL, 383.8, 1, '', NULL, '2022-10-26 14:08:21', 54),
(12386, 0, 18448, NULL, 324.7, 1, '', NULL, '2022-10-26 14:09:01', 54),
(12387, 0, 18443, NULL, 390.5, 1, '', NULL, '2022-10-26 14:09:37', 54),
(12388, 0, 18447, NULL, 391.4, 1, '', NULL, '2022-10-26 14:10:08', 54),
(12389, 0, 18444, NULL, 194.1, 1, '', NULL, '2022-10-26 14:10:37', 54),
(12390, 0, 18455, NULL, 328.6, 1, '', NULL, '2022-10-26 15:18:14', 54),
(12391, 0, 18451, NULL, 269.5, 1, '', NULL, '2022-10-26 15:20:41', 54),
(12392, 0, 18449, NULL, 321.5, 1, '', NULL, '2022-10-26 15:21:08', 54),
(12393, 0, 18454, NULL, 359.2, 1, '', NULL, '2022-10-26 15:21:40', 54),
(12394, 0, 18450, NULL, 357.4, 1, '', NULL, '2022-10-26 15:22:27', 54),
(12395, 1, 18444, NULL, 13.38, 1, '', NULL, '2022-10-26 15:23:53', 54),
(12396, 1, 18446, NULL, 13.38, 1, '', NULL, '2022-10-26 15:24:11', 54),
(12397, 1, 18447, NULL, 13.38, 1, '', NULL, '2022-10-26 15:24:22', 54),
(12398, 1, 18448, NULL, 13.38, 1, '', NULL, '2022-10-26 15:24:31', 54),
(12399, 1, NULL, 69345, 13.38, 1, '', NULL, '2022-10-26 15:25:10', 54),
(12400, 1, 18449, NULL, 14.94, 1, '', NULL, '2022-10-26 15:26:04', 54),
(12401, 1, 18450, NULL, 14.94, 1, '', NULL, '2022-10-26 15:26:15', 54),
(12402, 1, 18451, NULL, 14.94, 1, '', NULL, '2022-10-26 15:26:24', 54),
(12403, 1, 18454, NULL, 14.94, 1, '', NULL, '2022-10-26 15:26:48', 54),
(12404, 1, NULL, 69346, 14.94, 1, '', NULL, '2022-10-26 15:27:33', 54),
(12405, 1, 18443, NULL, 5.5, 1, '', NULL, '2022-10-26 15:28:19', 54),
(12406, 0, 18457, NULL, 369.2, 1, '', NULL, '2022-10-26 16:05:14', 54),
(12407, 0, 18456, NULL, 365.2, 1, '', NULL, '2022-10-26 16:05:42', 54),
(12408, 1, 18452, NULL, 7.64, 1, '', NULL, '2022-10-26 16:37:41', 16),
(12409, 1, 18457, NULL, 14.4, 1, '', NULL, '2022-10-26 16:52:03', 54),
(12410, 1, 18460, NULL, 14.4, 1, '', NULL, '2022-10-26 16:52:22', 54),
(12411, 1, 18462, NULL, 14.4, 1, '', NULL, '2022-10-26 16:53:45', 54),
(12412, 1, NULL, 69367, 14.4, 1, '', NULL, '2022-10-26 16:55:47', 54),
(12413, 1, 18456, NULL, 10.64, 1, '', NULL, '2022-10-26 16:56:33', 54),
(12414, 1, 18455, NULL, 8.42, 1, '', NULL, '2022-10-26 16:57:10', 54),
(12415, 0, 18460, NULL, 321.5, 1, '', NULL, '2022-10-26 17:35:40', 54),
(12416, 0, 18462, NULL, 369.2, 1, '', NULL, '2022-10-26 17:36:06', 54),
(12417, 0, 18463, NULL, 268.5, 1, '', NULL, '2022-10-26 17:39:28', 54),
(12418, 0, 18465, NULL, 269.1, 1, '', NULL, '2022-10-26 17:40:00', 54),
(12419, 0, 18464, NULL, 369.4, 1, '', NULL, '2022-10-26 17:40:27', 54),
(12420, 0, 18466, NULL, 369.5, 1, '', NULL, '2022-10-26 17:40:51', 54),
(12421, 1, 18459, NULL, 7.52, 1, '', NULL, '2022-10-26 17:50:00', 54),
(12422, 1, 18458, NULL, 7.12, 1, '', NULL, '2022-10-26 17:53:15', 54),
(12423, 1, 18463, NULL, 21.22, 1, '', NULL, '2022-10-26 18:13:47', 54),
(12424, 1, 18464, NULL, 21.22, 1, '', NULL, '2022-10-26 18:14:03', 54),
(12425, 1, 18465, NULL, 21.22, 1, '', NULL, '2022-10-26 18:14:20', 54),
(12426, 1, 18466, NULL, 21.22, 1, '', NULL, '2022-10-26 18:14:31', 54),
(12427, 1, NULL, 69402, 21.22, 1, '', NULL, '2022-10-26 18:15:04', 54),
(12428, 0, 18453, NULL, 195.4, 1, '', NULL, '2022-10-26 18:39:45', 54),
(12429, 0, 18469, NULL, 369.5, 1, '', NULL, '2022-10-26 18:48:56', 54),
(12430, 0, 18470, NULL, 365.2, 1, '', NULL, '2022-10-26 18:49:20', 54),
(12431, 0, 18471, NULL, 258.4, 1, '', NULL, '2022-10-26 18:50:15', 54),
(12432, 0, 18468, NULL, 268.2, 1, '', NULL, '2022-10-26 18:50:41', 54),
(12433, 0, 18452, NULL, 400, 1, '', NULL, '2022-10-26 19:50:46', 49),
(12434, 1, 18467, NULL, 8.54, 1, '', NULL, '2022-10-26 20:07:55', 49),
(12435, 1, 18453, NULL, 15.5, 1, '', NULL, '2022-10-26 20:30:06', 49),
(12436, 1, NULL, 69421, 21.4, 1, '', NULL, '2022-10-26 20:31:34', 49),
(12437, 0, 18472, NULL, 200, 1, '', NULL, '2022-10-26 21:10:13', 49),
(12438, 0, 18473, NULL, 240, 1, '', NULL, '2022-10-26 21:10:27', 49),
(12439, 1, 18472, NULL, 10.1, 1, '', NULL, '2022-10-26 21:10:54', 49),
(12440, 1, 18473, NULL, 11.2, 1, '', NULL, '2022-10-26 21:11:07', 49),
(12441, 0, 18474, NULL, 220.5, 1, '', NULL, '2022-10-26 22:11:11', 49),
(12442, 1, 18474, NULL, 10.18, 1, '', NULL, '2022-10-26 22:11:30', 49),
(12443, 0, 18475, NULL, 330, 1, '', NULL, '2022-10-26 22:39:04', 49),
(12444, 0, 18476, NULL, 8.94, 1, '', NULL, '2022-10-27 00:32:36', 49),
(12445, 1, 18476, NULL, 8.94, 1, '', NULL, '2022-10-27 01:16:52', 54),
(12446, 1, 18475, NULL, 8.34, 1, '', NULL, '2022-10-27 02:29:21', 49),
(12447, 1, 18477, NULL, 7.9, 1, '', NULL, '2022-10-27 02:32:47', 49),
(12448, 1, 18478, NULL, 8.54, 1, '', NULL, '2022-10-27 02:34:41', 49),
(12449, 1, 18479, NULL, 9.6, 1, '', NULL, '2022-10-27 04:01:27', 49),
(12450, 1, 18480, NULL, 9.8, 1, '', NULL, '2022-10-27 04:01:35', 49),
(12451, 1, 18481, NULL, 10.12, 1, '', NULL, '2022-10-27 05:58:03', 17),
(12452, 0, 18486, NULL, 245.2, 1, '', NULL, '2022-10-27 07:56:38', 19),
(12453, 1, 18482, NULL, 7.04, 1, '', NULL, '2022-10-27 08:07:23', 55),
(12454, 1, 18484, NULL, 7.18, 1, '', NULL, '2022-10-27 08:07:55', 55),
(12455, 1, 18485, NULL, 8.16, 1, '', NULL, '2022-10-27 08:08:37', 55),
(12456, 1, 18483, NULL, 10.32, 1, '', NULL, '2022-10-27 08:09:04', 55),
(12457, 0, 18485, NULL, 200.2, 1, '', NULL, '2022-10-27 09:16:26', 19),
(12458, 1, 18486, NULL, 9.7, 1, '', NULL, '2022-10-27 09:17:17', 19),
(12459, 1, 18488, NULL, 11.5, 1, '', NULL, '2022-10-27 09:17:39', 19),
(12460, 1, 18489, NULL, 8.1, 1, '', NULL, '2022-10-27 10:22:48', 54),
(12461, 1, 18490, NULL, 6.54, 1, '', NULL, '2022-10-27 10:23:59', 54),
(12462, 1, 18495, NULL, 8.78, 1, '', NULL, '2022-10-27 10:25:48', 54),
(12463, 1, 18491, NULL, 6.02, 1, '', NULL, '2022-10-27 10:27:09', 54),
(12464, 1, 18492, NULL, 6.35, 1, '', NULL, '2022-10-27 11:17:54', 17),
(12465, 1, 18494, NULL, 6.54, 1, '', NULL, '2022-10-27 11:18:49', 17),
(12466, 1, 18497, NULL, 6.58, 1, '', NULL, '2022-10-27 11:24:00', 54),
(12467, 1, 18496, NULL, 11.7, 1, '', NULL, '2022-10-27 11:24:30', 54),
(12468, 1, 18498, NULL, 17.12, 1, '', NULL, '2022-10-27 11:27:33', 54),
(12469, 1, 18499, NULL, 17.2, 1, '', NULL, '2022-10-27 11:27:51', 54),
(12470, 1, 18500, NULL, 17.12, 1, '', NULL, '2022-10-27 11:28:06', 54),
(12471, 1, 18501, NULL, 17.12, 1, '', NULL, '2022-10-27 11:28:34', 54),
(12472, 1, NULL, 69560, 17.12, 1, '', NULL, '2022-10-27 11:30:08', 54),
(12473, 1, 18503, NULL, 16.36, 1, '', NULL, '2022-10-27 11:44:49', 54),
(12474, 1, 18505, NULL, 16.36, 1, '', NULL, '2022-10-27 11:45:03', 54),
(12475, 1, 18507, NULL, 16.36, 1, '', NULL, '2022-10-27 11:45:17', 54),
(12476, 1, 18508, NULL, 16.36, 1, '', NULL, '2022-10-27 11:45:30', 54),
(12477, 1, NULL, 69578, 16.36, 1, '', NULL, '2022-10-27 11:46:04', 54),
(12478, 1, 18514, NULL, 10.2, 1, '', NULL, '2022-10-27 13:57:30', 55),
(12479, 1, 18509, NULL, 10.3, 1, '', NULL, '2022-10-27 13:58:32', 55),
(12480, 1, 18513, NULL, 10.5, 1, '', NULL, '2022-10-27 13:59:19', 55),
(12481, 1, 18502, NULL, 9.81, 1, '', NULL, '2022-10-27 14:00:10', 55),
(12482, 1, 18512, NULL, 11.6, 1, '', NULL, '2022-10-27 14:01:37', 55),
(12483, 1, 18493, NULL, 7.62, 1, '', NULL, '2022-10-27 14:57:26', 55),
(12484, 1, 18517, NULL, 12.42, 1, '1V', NULL, '2022-10-27 15:26:15', 55),
(12485, 1, NULL, 69665, 17.6, 1, '', NULL, '2022-10-27 15:28:04', 55),
(12486, 0, 18477, NULL, 180.1, 1, '', NULL, '2022-10-27 15:35:52', 55),
(12487, 0, 18478, NULL, 235.1, 1, '', NULL, '2022-10-27 15:37:09', 55),
(12488, 0, 18479, NULL, 250.3, 1, '', NULL, '2022-10-27 15:37:21', 55),
(12489, 0, 18480, NULL, 160.2, 1, '', NULL, '2022-10-27 15:37:35', 55),
(12490, 0, 18481, NULL, 310.3, 1, '', NULL, '2022-10-27 15:37:45', 55),
(12491, 0, 18482, NULL, 200.1, 1, '', NULL, '2022-10-27 15:37:56', 55),
(12492, 0, 18484, NULL, 150.4, 1, '', NULL, '2022-10-27 15:38:09', 55),
(12493, 0, 18483, NULL, 230.1, 1, '', NULL, '2022-10-27 15:38:28', 55),
(12494, 0, 18488, NULL, 180.4, 1, '', NULL, '2022-10-27 15:38:43', 55),
(12495, 0, 18490, NULL, 150.6, 1, '', NULL, '2022-10-27 15:38:52', 55),
(12496, 0, 18492, NULL, 195.2, 1, '', NULL, '2022-10-27 15:39:03', 55),
(12497, 0, 18491, NULL, 206.58, 1, '', NULL, '2022-10-27 15:39:18', 55),
(12498, 0, 18493, NULL, 192.3, 1, '', NULL, '2022-10-27 15:39:38', 55),
(12499, 0, 18494, NULL, 203.1, 1, '', NULL, '2022-10-27 15:39:55', 55),
(12500, 0, 18495, NULL, 197.1, 1, '', NULL, '2022-10-27 15:40:19', 55),
(12501, 0, 18497, NULL, 240.1, 1, '', NULL, '2022-10-27 15:40:30', 55),
(12502, 0, 18496, NULL, 200.2, 1, '', NULL, '2022-10-27 15:40:47', 55),
(12503, 0, 18499, NULL, 163.2, 1, '', NULL, '2022-10-27 15:41:04', 55),
(12504, 0, 18498, NULL, 185.4, 1, '', NULL, '2022-10-27 15:41:46', 55),
(12505, 0, 18501, NULL, 187.3, 1, '', NULL, '2022-10-27 15:42:05', 55),
(12506, 0, 18500, NULL, 115.1, 1, '', NULL, '2022-10-27 15:42:22', 55),
(12507, 0, 18502, NULL, 260.2, 1, '', NULL, '2022-10-27 15:42:31', 55),
(12508, 0, 18503, NULL, 184.6, 1, '', NULL, '2022-10-27 15:42:43', 55),
(12509, 0, 18505, NULL, 200.14, 1, '', NULL, '2022-10-27 15:43:00', 55),
(12510, 0, 18507, NULL, 150.2, 1, '', NULL, '2022-10-27 15:43:17', 55),
(12511, 0, 18526, NULL, 180.2, 1, '', NULL, '2022-10-27 15:43:32', 55),
(12512, 0, 18523, NULL, 200.3, 1, '', NULL, '2022-10-27 15:43:50', 55),
(12513, 0, 18524, NULL, 150.2, 1, '', NULL, '2022-10-27 15:44:07', 55),
(12514, 0, 18525, NULL, 200.6, 1, '', NULL, '2022-10-27 15:44:24', 55),
(12515, 0, 18506, NULL, 201.2, 1, '', NULL, '2022-10-27 15:44:39', 55),
(12516, 0, 18508, NULL, 150.4, 1, '', NULL, '2022-10-27 15:44:55', 55),
(12517, 0, 18509, NULL, 180.4, 1, '', NULL, '2022-10-27 15:45:06', 55),
(12518, 0, 18510, NULL, 200.5, 1, '', NULL, '2022-10-27 15:45:20', 55),
(12519, 0, 18512, NULL, 180.6, 1, '', NULL, '2022-10-27 15:45:30', 55),
(12520, 0, 18514, NULL, 160.8, 1, '', NULL, '2022-10-27 15:45:44', 55),
(12521, 0, 18513, NULL, 200.8, 1, '', NULL, '2022-10-27 15:45:55', 55),
(12522, 0, 18516, NULL, 170.4, 1, '', NULL, '2022-10-27 15:46:07', 55),
(12523, 0, 18517, NULL, 190.4, 1, '', NULL, '2022-10-27 15:46:20', 55),
(12524, 0, 18518, NULL, 192.8, 1, '', NULL, '2022-10-27 15:46:27', 55),
(12525, 0, 18519, NULL, 176.4, 1, '', NULL, '2022-10-27 15:46:38', 55),
(12526, 0, 18520, NULL, 150.8, 1, '', NULL, '2022-10-27 15:46:53', 55),
(12527, 0, 18521, NULL, 176.4, 1, '', NULL, '2022-10-27 15:47:04', 55),
(12528, 0, 18522, NULL, 200.8, 1, '', NULL, '2022-10-27 15:47:27', 55),
(12529, 1, 18511, NULL, 9.02, 1, '', NULL, '2022-10-27 15:49:17', 55),
(12530, 1, 18525, NULL, 8.78, 1, '', NULL, '2022-10-27 16:26:04', 54),
(12531, 1, 18522, NULL, 8.78, 1, '', NULL, '2022-10-27 16:27:31', 54),
(12532, 1, 18520, NULL, 11.46, 1, '', NULL, '2022-10-27 16:28:57', 54),
(12533, 1, 18519, NULL, 11.46, 1, '', NULL, '2022-10-27 16:29:07', 54),
(12534, 1, 18521, NULL, 11.46, 1, '', NULL, '2022-10-27 16:29:21', 54),
(12535, 1, 18523, NULL, 11.46, 1, '', NULL, '2022-10-27 16:29:33', 54),
(12536, 1, NULL, 69694, 11.46, 1, '', NULL, '2022-10-27 16:31:44', 54),
(12537, 0, 18533, NULL, 369.2, 1, '', NULL, '2022-10-27 17:36:51', 54),
(12538, 0, 18531, NULL, 358.1, 1, '', NULL, '2022-10-27 17:37:05', 54),
(12539, 0, 18528, NULL, 222.3, 1, '', NULL, '2022-10-27 17:37:40', 54),
(12540, 0, 18530, NULL, 312.5, 1, '', NULL, '2022-10-27 17:38:08', 54),
(12541, 0, 18529, NULL, 225.1, 1, '', NULL, '2022-10-27 17:38:32', 54),
(12542, 0, 18527, NULL, 320.7, 1, '', NULL, '2022-10-27 17:38:49', 54),
(12543, 0, 18538, NULL, 238.1, 1, '', NULL, '2022-10-27 17:39:07', 54),
(12544, 0, 18539, NULL, 343.2, 1, '', NULL, '2022-10-27 17:39:27', 54),
(12545, 1, 18529, NULL, 13.16, 1, '', NULL, '2022-10-27 17:47:56', 54),
(12546, 1, 18524, NULL, 13.16, 1, '', NULL, '2022-10-27 17:48:10', 54),
(12547, 1, 18526, NULL, 13.16, 1, '', NULL, '2022-10-27 17:48:19', 54),
(12548, 1, 18527, NULL, 13.16, 1, '', NULL, '2022-10-27 17:48:33', 54),
(12549, 1, NULL, 69710, 13.16, 1, '', NULL, '2022-10-27 17:49:28', 54),
(12550, 1, 18538, NULL, 11.96, 1, '', NULL, '2022-10-27 17:50:51', 54),
(12551, 1, 18531, NULL, 7.6, 1, '', NULL, '2022-10-27 17:52:54', 54),
(12552, 1, 18533, NULL, 7.6, 1, '', NULL, '2022-10-27 17:53:03', 54),
(12553, 1, 18539, NULL, 7.6, 1, '', NULL, '2022-10-27 17:53:26', 54),
(12554, 1, NULL, 69711, 7.6, 1, '', NULL, '2022-10-27 17:54:04', 54),
(12555, 1, 18528, NULL, 9.08, 1, '', NULL, '2022-10-27 17:55:49', 54),
(12556, 1, 18530, NULL, 9.08, 1, '', NULL, '2022-10-27 17:55:57', 54),
(12557, 1, NULL, 69712, 9.08, 1, '', NULL, '2022-10-27 17:56:55', 54),
(12558, 0, 18548, NULL, 320.4, 1, '', NULL, '2022-10-27 18:56:49', 54),
(12559, 0, 18552, NULL, 254.6, 1, '', NULL, '2022-10-27 18:57:06', 54),
(12560, 0, 18551, NULL, 236.6, 1, '', NULL, '2022-10-27 18:57:19', 54),
(12561, 0, 18540, NULL, 241.8, 1, '', NULL, '2022-10-27 18:57:38', 54),
(12562, 0, 18549, NULL, 228.4, 1, '', NULL, '2022-10-27 18:57:55', 54),
(12563, 0, 18556, NULL, 284.6, 1, '', NULL, '2022-10-27 18:58:06', 54),
(12564, 0, 18557, NULL, 224.8, 1, '', NULL, '2022-10-27 19:01:10', 54),
(12565, 1, 18557, NULL, 7.82, 1, '', NULL, '2022-10-27 19:58:38', 54),
(12566, 1, NULL, 69736, 10.38, 1, '', NULL, '2022-10-27 20:01:01', 54),
(12567, 1, NULL, 69737, 11.7, 1, '', NULL, '2022-10-27 20:03:08', 54),
(12568, 1, NULL, 69757, 12.3, 1, '', NULL, '2022-10-27 22:00:55', 49),
(12569, 1, 18598, NULL, 9.8, 1, '', NULL, '2022-10-27 23:38:33', 49),
(12570, 0, 18598, NULL, 300.2, 1, '', NULL, '2022-10-27 23:39:04', 49),
(12571, 0, 18600, NULL, 325.6, 1, '', NULL, '2022-10-28 01:46:25', 54),
(12572, 1, 18600, NULL, 10.04, 1, '', NULL, '2022-10-28 02:23:33', 54),
(12573, 0, 18601, NULL, 300.2, 1, '', NULL, '2022-10-28 05:29:35', 49),
(12574, 0, 18602, NULL, 200.4, 1, '', NULL, '2022-10-28 07:00:05', 54),
(12575, 0, 18603, NULL, 200, 1, '', NULL, '2022-10-28 07:00:16', 54),
(12576, 0, 18604, NULL, 300, 1, '', NULL, '2022-10-28 07:00:27', 54),
(12577, 1, 18601, NULL, 9.9, 1, '', NULL, '2022-10-28 07:00:51', 54),
(12578, 1, 18602, NULL, 8.46, 1, '', NULL, '2022-10-28 07:01:11', 54),
(12579, 1, 18603, NULL, 9.56, 1, '', NULL, '2022-10-28 07:01:37', 54),
(12580, 1, 18604, NULL, 9.74, 1, '', NULL, '2022-10-28 07:01:45', 54),
(12581, 0, 18605, NULL, 150.4, 1, '', NULL, '2022-10-28 07:30:48', 55),
(12582, 0, 18606, NULL, 210.6, 1, '', NULL, '2022-10-28 08:44:54', 55),
(12583, 0, 18607, NULL, 189.3, 1, '', NULL, '2022-10-28 08:45:25', 55),
(12584, 0, 18608, NULL, 144.7, 1, '', NULL, '2022-10-28 09:01:15', 55),
(12585, 0, 18609, NULL, 159.7, 1, '', NULL, '2022-10-28 09:01:38', 55),
(12586, 1, 18610, NULL, 7.46, 1, '', NULL, '2022-10-28 09:28:06', 55),
(12587, 1, 18612, NULL, 7.46, 1, '', NULL, '2022-10-28 09:29:33', 55),
(12588, 0, 18612, NULL, 210.3, 1, '', NULL, '2022-10-28 09:29:52', 55),
(12589, 0, 18611, NULL, 156.2, 1, '', NULL, '2022-10-28 09:30:50', 55),
(12590, 1, 18611, NULL, 6.42, 1, '', NULL, '2022-10-28 09:31:11', 55),
(12591, 1, 18607, NULL, 7.7, 1, '', NULL, '2022-10-28 09:32:07', 55),
(12592, 1, 18606, NULL, 7.8, 1, '', NULL, '2022-10-28 09:32:36', 55),
(12593, 0, 18616, NULL, 359.6, 1, '', NULL, '2022-10-28 10:00:35', 55),
(12594, 0, 18610, NULL, 200.1, 1, '', NULL, '2022-10-28 10:05:37', 55),
(12595, 1, 18615, NULL, 8.44, 1, '', NULL, '2022-10-28 11:19:42', 55),
(12596, 1, 18613, NULL, 9.26, 1, '', NULL, '2022-10-28 11:20:14', 55),
(12597, 0, 18617, NULL, 139, 1, '', NULL, '2022-10-28 11:22:27', 55),
(12598, 0, 18618, NULL, 214.2, 1, '', NULL, '2022-10-28 11:23:01', 55),
(12599, 0, 18623, NULL, 198.4, 1, '', NULL, '2022-10-28 11:24:15', 55),
(12600, 1, 18620, NULL, 246.2, 1, '', NULL, '2022-10-28 11:25:42', 55),
(12601, 0, 18620, NULL, 248.4, 1, '', NULL, '2022-10-28 11:26:27', 55),
(12602, 0, 18621, NULL, 188.8, 1, '', NULL, '2022-10-28 11:27:53', 55),
(12603, 0, 18627, NULL, 202.4, 1, '', NULL, '2022-10-28 11:28:33', 55),
(12604, 0, 18624, NULL, 186.4, 1, '', NULL, '2022-10-28 11:29:02', 55),
(12605, 0, 18622, NULL, 202.8, 1, '', NULL, '2022-10-28 11:29:26', 55),
(12606, 0, 18625, NULL, 302.8, 1, '', NULL, '2022-10-28 11:30:08', 55),
(12607, 0, 18626, NULL, 208.4, 1, '', NULL, '2022-10-28 11:31:01', 55),
(12608, 0, 18619, NULL, 322.4, 1, '', NULL, '2022-10-28 11:32:57', 55),
(12609, 1, NULL, 69879, 12.6, 1, '', NULL, '2022-10-28 11:37:20', 55),
(12610, 1, 18624, NULL, 7.7, 1, '', NULL, '2022-10-28 11:38:25', 55),
(12611, 1, NULL, 69881, 11.38, 1, '', NULL, '2022-10-28 11:40:08', 55),
(12612, 1, 18628, NULL, 11.4, 1, '', NULL, '2022-10-28 12:01:30', 55),
(12613, 0, 18633, NULL, 222.6, 1, '', NULL, '2022-10-28 12:03:19', 55),
(12614, 0, 18630, NULL, 12.02, 1, '', NULL, '2022-10-28 12:06:11', 55),
(12615, 0, 18629, NULL, 286.4, 1, '', NULL, '2022-10-28 12:07:34', 55),
(12616, 1, 18630, NULL, 12.02, 1, '', NULL, '2022-10-28 12:08:06', 55),
(12617, 0, 18632, NULL, 267.4, 1, '', NULL, '2022-10-28 12:21:15', 55),
(12618, 1, 18631, NULL, 8.64, 1, '', NULL, '2022-10-28 12:29:57', 55),
(12619, 1, 18621, NULL, 10.04, 1, '', NULL, '2022-10-28 12:42:46', 55),
(12620, 1, 18629, NULL, 10.04, 1, '', NULL, '2022-10-28 12:43:01', 55),
(12621, 1, 18632, NULL, 10.04, 1, '', NULL, '2022-10-28 12:43:11', 55),
(12622, 1, NULL, 69912, 10.04, 1, '', NULL, '2022-10-28 12:44:12', 55),
(12623, 1, 18608, NULL, 9.66, 1, '', NULL, '2022-10-28 13:01:09', 55),
(12624, 1, 18609, NULL, 10.96, 1, '', NULL, '2022-10-28 13:01:19', 55),
(12625, 0, 18634, NULL, 228.6, 1, '', NULL, '2022-10-28 13:03:05', 55),
(12626, 0, 18635, NULL, 220.8, 1, '', NULL, '2022-10-28 13:03:38', 55),
(12628, 1, 18634, NULL, 8.74, 1, '', NULL, '2022-10-28 13:21:04', 22),
(12629, 1, 18635, NULL, 9.74, 1, '', NULL, '2022-10-28 13:21:19', 22),
(12630, 1, 18633, NULL, 9.7, 1, '', NULL, '2022-10-28 13:51:50', 55),
(12631, 1, 18616, NULL, 4.44, 1, '', NULL, '2022-10-28 14:33:04', 55),
(12632, 0, 18645, NULL, 228.1, 1, '', NULL, '2022-10-28 15:02:59', 55),
(12633, 0, 18640, NULL, 258.1, 1, '', NULL, '2022-10-28 15:06:00', 55),
(12634, 0, 18642, NULL, 369.2, 1, '', NULL, '2022-10-28 15:06:53', 55),
(12635, 0, 18638, NULL, 258.1, 1, '', NULL, '2022-10-28 15:07:20', 55),
(12636, 0, 18644, NULL, 258.4, 1, '', NULL, '2022-10-28 15:08:11', 55),
(12637, 0, 18641, NULL, 259.4, 1, '', NULL, '2022-10-28 15:08:42', 55),
(12638, 0, 18643, NULL, 369.8, 1, '', NULL, '2022-10-28 15:09:08', 55),
(12639, 1, 18639, NULL, 7.1, 1, '', NULL, '2022-10-28 15:15:51', 55),
(12640, 1, 18642, NULL, 14.58, 1, '', NULL, '2022-10-28 15:21:17', 55),
(12641, 1, 18638, NULL, 14.58, 1, '', NULL, '2022-10-28 15:21:28', 55),
(12642, 1, 18640, NULL, 14.58, 1, '', NULL, '2022-10-28 15:21:36', 55),
(12643, 1, 18641, NULL, 14.58, 1, '', NULL, '2022-10-28 15:21:44', 55),
(12644, 1, 18643, NULL, 9.1, 1, '', NULL, '2022-10-28 15:22:10', 55),
(12645, 1, 18644, NULL, 9.1, 1, '', NULL, '2022-10-28 15:22:22', 55),
(12646, 1, NULL, 69949, 9.1, 1, '', NULL, '2022-10-28 15:23:24', 55),
(12647, 1, NULL, 69950, 14.58, 1, '', NULL, '2022-10-28 15:24:21', 55),
(12648, 1, 18645, NULL, 9.58, 1, '', NULL, '2022-10-28 15:35:41', 55),
(12649, 0, 18647, NULL, 228.8, 1, '', NULL, '2022-10-28 16:18:30', 55),
(12651, 1, 18605, NULL, 8.64, 1, '', NULL, '2022-10-28 16:40:17', 16),
(12652, 1, 18647, NULL, 6.1, 1, '', NULL, '2022-10-28 16:52:44', 55),
(12653, 1, 18646, NULL, 10.12, 1, '', NULL, '2022-10-28 16:54:11', 55),
(12654, 0, 18649, NULL, 227.9, 1, '', NULL, '2022-10-28 20:55:23', 49),
(12655, 1, 18649, NULL, 11.34, 1, '', NULL, '2022-10-28 20:55:44', 49),
(12656, 0, 18650, NULL, 200, 1, '', NULL, '2022-10-29 03:50:10', 49),
(12657, 0, 18651, NULL, 300, 1, '', NULL, '2022-10-29 03:50:55', 49),
(12658, 0, 18652, NULL, 400.2, 1, '', NULL, '2022-10-29 03:51:05', 49),
(12659, 1, 18650, NULL, 10.2, 1, '', NULL, '2022-10-29 04:01:54', 49),
(12660, 1, 18651, NULL, 9.9, 1, '', NULL, '2022-10-29 04:02:14', 49),
(12661, 1, 18652, NULL, 10.1, 1, '', NULL, '2022-10-29 04:02:29', 49),
(12662, 0, 18653, NULL, 300, 1, '', NULL, '2022-10-29 05:30:51', 49),
(12663, 0, 18654, NULL, 231.5, 1, '', NULL, '2022-10-29 06:08:50', 49),
(12664, 0, 18655, NULL, 183.2, 1, '', NULL, '2022-10-29 06:51:33', 49),
(12665, 0, 18656, NULL, 144.2, 1, '', NULL, '2022-10-29 07:46:07', 16),
(12666, 1, 18656, NULL, 11.12, 1, '', NULL, '2022-10-29 08:15:20', 16),
(12667, 1, 18654, NULL, 7.94, 1, '', NULL, '2022-10-29 08:15:54', 16),
(12668, 1, 18653, NULL, 9.18, 1, '', NULL, '2022-10-29 08:16:28', 16),
(12669, 1, 18655, NULL, 12.1, 1, '', NULL, '2022-10-29 08:17:07', 16),
(12670, 0, 18657, NULL, 109.3, 1, '', NULL, '2022-10-29 08:36:50', 55),
(12671, 1, 18657, NULL, 7.3, 1, '', NULL, '2022-10-29 09:42:34', 55),
(12672, 1, 18659, NULL, 7.62, 1, '', NULL, '2022-10-29 10:10:46', 55),
(12673, 0, 18659, NULL, 195.6, 1, '', NULL, '2022-10-29 10:26:49', 55),
(12674, 1, 18660, NULL, 7.94, 1, '', NULL, '2022-10-29 10:51:31', 55),
(12675, 1, 18661, NULL, 8.18, 1, '', NULL, '2022-10-29 10:52:15', 55),
(12676, 0, 18661, NULL, 224, 1, '', NULL, '2022-10-29 10:53:11', 55),
(12677, 0, 18660, NULL, 226.8, 1, '', NULL, '2022-10-29 10:53:36', 55),
(12678, 0, 18663, NULL, 104.2, 1, '', NULL, '2022-10-29 11:05:27', 55),
(12679, 1, 18663, NULL, 8.61, 1, '', NULL, '2022-10-29 12:04:25', 55),
(12680, 0, 18666, NULL, 321.3, 1, '', NULL, '2022-10-29 13:22:14', 54),
(12681, 0, 18668, NULL, 356.2, 1, '', NULL, '2022-10-29 14:31:30', 17),
(12682, 1, 18666, NULL, 10.16, 1, '', NULL, '2022-10-29 14:39:10', 17),
(12683, 1, 18665, NULL, 8.6, 1, '', NULL, '2022-10-29 15:27:18', 54),
(12684, 1, 18664, NULL, 10.32, 1, '', NULL, '2022-10-29 15:48:45', 54),
(12685, 1, 18668, NULL, 9.22, 1, '', NULL, '2022-10-29 15:49:10', 54),
(12686, 0, 18669, NULL, 369.2, 1, '', NULL, '2022-10-29 15:52:21', 54),
(12687, 1, 18669, NULL, 9.44, 1, '', NULL, '2022-10-29 16:38:58', 54),
(12688, 0, 18670, NULL, 225.2, 1, '', NULL, '2022-10-29 22:07:55', 54),
(12689, 0, 18671, NULL, 330, 1, '', NULL, '2022-10-29 22:46:09', 54),
(12690, 1, 18670, NULL, 9.02, 1, 'UNIDAD ESPERO ACEPTACION PARA DESCARGAR', NULL, '2022-10-29 23:23:36', 54),
(12691, 1, 18671, NULL, 10.08, 1, '', NULL, '2022-10-30 00:08:27', 54),
(12692, 0, 18672, NULL, 466, 1, '', NULL, '2022-10-30 06:40:34', 54),
(12693, 1, 18672, NULL, 11.46, 1, '', NULL, '2022-10-30 07:02:39', 54),
(12694, 0, 18673, NULL, 187, 1, '', NULL, '2022-10-30 08:03:59', 20),
(12695, 0, 18674, NULL, 149.9, 1, '', NULL, '2022-10-30 08:34:14', 16),
(12696, 1, 18674, NULL, 9.4, 1, '', NULL, '2022-10-30 08:46:07', 16),
(12697, 0, 18675, NULL, 107.2, 1, '', NULL, '2022-10-30 09:03:59', 16),
(12699, 0, 18676, NULL, 146.2, 1, '', NULL, '2022-10-30 09:13:14', 16),
(12700, 1, 18673, NULL, 8.64, 1, '', NULL, '2022-10-30 09:53:29', 16),
(12701, 1, 18675, NULL, 9.84, 1, 'DEMORA EN REGISTRO ,ACEPTACION DE CARAGA', NULL, '2022-10-30 11:13:40', 16),
(12702, 1, 18676, NULL, 9.64, 1, 'DEMORA EN REGISTRO , ACEPTACION DE LA CARGA', NULL, '2022-10-30 11:14:16', 16),
(12703, 0, 18677, NULL, 120.8, 1, '', NULL, '2022-10-30 14:20:44', 16),
(12709, 1, 18677, NULL, 9.74, 1, 'DESCARGA  MANUAL', NULL, '2022-10-30 15:37:29', 16),
(12710, 1, 18678, NULL, 8.6, 1, '', NULL, '2022-10-30 16:42:52', 6),
(12711, 0, 18678, NULL, 346.2, 1, '', NULL, '2022-10-30 17:20:15', 16),
(12712, 0, 18679, NULL, 206.7, 1, '', NULL, '2022-10-31 08:09:46', 49),
(12713, 1, 18679, NULL, 10.04, 1, '', NULL, '2022-10-31 08:38:51', 49),
(12714, 1, 18681, NULL, 12.5, 1, '', NULL, '2022-10-31 11:25:11', 49),
(12715, 1, 18682, NULL, 11.78, 1, '', NULL, '2022-10-31 11:25:19', 49),
(12716, 0, 18681, NULL, 200.3, 1, '', NULL, '2022-10-31 11:25:50', 49),
(12717, 0, 18682, NULL, 300.4, 1, '', NULL, '2022-10-31 11:26:05', 49),
(12718, 0, 18686, NULL, 369.5, 1, '', NULL, '2022-10-31 20:23:18', 54),
(12719, 1, 18686, NULL, 8.3, 1, '', NULL, '2022-10-31 20:23:48', 54),
(12720, 0, 18687, NULL, 310.4, 1, '', NULL, '2022-10-31 20:40:07', 54),
(12721, 1, 18687, NULL, 8.5, 1, '', NULL, '2022-10-31 20:45:52', 21),
(12722, 0, 18688, NULL, 325.1, 1, '', NULL, '2022-11-01 00:20:52', 54),
(12723, 1, 18688, NULL, 9.56, 1, '', NULL, '2022-11-01 01:25:20', 54),
(12724, 0, 18689, NULL, 349.8, 1, '', NULL, '2022-11-01 02:02:14', 54),
(12725, 1, 18689, NULL, 7.52, 1, '', NULL, '2022-11-01 02:03:26', 54),
(12726, 0, 18691, NULL, 258.6, 1, '', NULL, '2022-11-01 03:29:19', 54),
(12727, 0, 18692, NULL, 365.4, 1, '', NULL, '2022-11-01 03:30:22', 54),
(12728, 1, 18691, NULL, 8.45, 1, '', NULL, '2022-11-01 03:31:32', 54),
(12729, 1, 18692, NULL, 7.58, 1, '', NULL, '2022-11-01 03:31:47', 54),
(12730, 0, 18690, NULL, 340.2, 1, '', NULL, '2022-11-01 07:43:28', 17),
(12731, 1, 18690, NULL, 11.44, 1, '', NULL, '2022-11-01 07:46:21', 17),
(12732, 0, 18693, NULL, 282.4, 1, '', NULL, '2022-11-01 08:32:10', 17);
INSERT INTO `Preparacion_RecepcionMuestras` (`Id`, `is_general`, `cod_peso`, `id_analisismuestra`, `peso_muestra`, `cod_detalleenvase`, `observacion`, `cod_usuariotomamuestra`, `fecha_registro`, `usuario_registro`) VALUES
(12733, 1, 18693, NULL, 7.92, 1, '', NULL, '2022-11-01 08:32:31', 17),
(12734, 0, 18695, NULL, 89, 1, '', NULL, '2022-11-01 10:33:20', 55),
(12735, 1, 18698, NULL, 7.22, 1, '', NULL, '2022-11-01 10:57:57', 55),
(12736, 0, 18698, NULL, 210.5, 1, '', NULL, '2022-11-01 10:58:31', 10),
(12737, 1, 18695, NULL, 8.18, 1, '', NULL, '2022-11-01 10:58:37', 55),
(12738, 0, 18697, NULL, 214.2, 1, '', NULL, '2022-11-01 10:58:43', 10),
(12739, 0, 18696, NULL, 216.4, 1, '', NULL, '2022-11-01 10:59:01', 10),
(12740, 1, 18696, NULL, 6.24, 1, '', NULL, '2022-11-01 11:00:15', 55),
(12741, 1, 18697, NULL, 6.48, 1, 'DTM:6.46', NULL, '2022-11-01 11:00:34', 55),
(12742, 0, 18694, NULL, 248.4, 1, '', NULL, '2022-11-01 11:36:31', 55),
(12743, 1, 18694, NULL, 7.46, 1, '', NULL, '2022-11-01 11:36:58', 55),
(12744, 0, 18699, NULL, 200.1, 1, '', NULL, '2022-11-01 15:14:06', 55),
(12745, 1, 18699, NULL, 6.84, 1, '', NULL, '2022-11-01 15:17:02', 55),
(12746, 0, 18700, NULL, 192.4, 1, '', NULL, '2022-11-01 17:52:30', 55),
(12747, 0, 18702, NULL, 180.4, 1, '', NULL, '2022-11-01 18:35:43', 55),
(12748, 0, 18701, NULL, 320.4, 1, '', NULL, '2022-11-01 18:36:13', 55),
(12749, 1, 18700, NULL, 6.9, 1, '', NULL, '2022-11-01 20:26:45', 54),
(12750, 1, 18702, NULL, 7.64, 1, '', NULL, '2022-11-01 20:27:10', 54),
(12751, 1, 18701, NULL, 6.94, 1, '', NULL, '2022-11-01 20:27:35', 54),
(12752, 1, 18704, NULL, 8.82, 1, '', NULL, '2022-11-01 20:28:09', 54),
(12753, 1, 18709, NULL, 6.8, 1, '', NULL, '2022-11-01 20:28:32', 54),
(12754, 1, 18703, NULL, 6.84, 1, '', NULL, '2022-11-01 20:28:56', 54),
(12755, 1, 18710, NULL, 7.56, 1, '', NULL, '2022-11-01 20:29:23', 54),
(12756, 1, 18707, NULL, 7.88, 1, '', NULL, '2022-11-01 20:29:49', 54),
(12757, 1, 18708, NULL, 6.4, 1, '', NULL, '2022-11-01 20:30:16', 54),
(12758, 1, 18706, NULL, 6.84, 1, '', NULL, '2022-11-01 20:30:35', 54),
(12759, 0, 18709, NULL, 369.2, 1, '', NULL, '2022-11-01 20:35:29', 54),
(12760, 0, 18708, NULL, 321.6, 1, '', NULL, '2022-11-01 20:36:20', 54),
(12761, 0, 18710, NULL, 357.9, 1, '', NULL, '2022-11-01 20:37:19', 54),
(12762, 0, 18704, NULL, 368.1, 1, '', NULL, '2022-11-01 20:38:34', 54),
(12763, 0, 18705, NULL, 359.4, 1, '', NULL, '2022-11-01 20:46:42', 54),
(12764, 0, 18707, NULL, 431.7, 1, '', NULL, '2022-11-01 20:47:24', 54),
(12765, 0, 18706, NULL, 369.4, 1, '', NULL, '2022-11-01 20:47:34', 54),
(12766, 0, 18703, NULL, 369.4, 1, '', NULL, '2022-11-01 20:47:51', 54),
(12767, 1, 18711, NULL, 8.16, 1, '', NULL, '2022-11-01 21:04:01', 54),
(12768, 0, 18711, NULL, 359.1, 1, '', NULL, '2022-11-01 21:06:03', 54),
(12769, 1, 18705, NULL, 7.72, 1, '', NULL, '2022-11-01 23:34:54', 54),
(12770, 1, 18712, NULL, 7.1, 1, '', NULL, '2022-11-01 23:37:14', 54),
(12771, 0, 18712, NULL, 369.2, 1, '', NULL, '2022-11-01 23:37:37', 54),
(12772, 0, 18713, NULL, 369.5, 1, '', NULL, '2022-11-01 23:39:03', 54),
(12773, 1, 18713, NULL, 5.94, 1, '', NULL, '2022-11-01 23:41:43', 54),
(12774, 1, 18714, NULL, 6.06, 1, '', NULL, '2022-11-01 23:43:04', 54),
(12775, 0, 18714, NULL, 365.2, 1, '', NULL, '2022-11-01 23:43:48', 54),
(12776, 0, 18715, NULL, 326.1, 1, '', NULL, '2022-11-02 05:44:28', 54),
(12777, 1, 18715, NULL, 6.86, 1, '', NULL, '2022-11-02 05:46:17', 54),
(12778, 0, 18716, NULL, 349.2, 1, '', NULL, '2022-11-02 07:43:02', 49),
(12779, 1, 18716, NULL, 10.48, 1, 'DTM: 9.62', NULL, '2022-11-02 08:25:35', 17),
(12780, 0, 18719, NULL, 367.7, 1, '', NULL, '2022-11-02 10:01:24', 49),
(12781, 0, 18718, NULL, 466.1, 1, '', NULL, '2022-11-02 10:02:30', 49),
(12782, 1, 18720, NULL, 10.35, 1, '', NULL, '2022-11-02 11:40:46', 55),
(12783, 0, 18720, NULL, 220.1, 1, '', NULL, '2022-11-02 11:41:37', 55),
(12784, 0, 18722, NULL, 224.3, 1, '', NULL, '2022-11-02 11:42:07', 55),
(12785, 1, 18722, NULL, 8.74, 1, '', NULL, '2022-11-02 11:42:44', 55),
(12786, 0, 18726, NULL, 344.2, 1, '', NULL, '2022-11-02 11:59:51', 55),
(12787, 1, 18718, NULL, 12.4, 1, '', NULL, '2022-11-02 12:40:01', 55),
(12788, 1, 18719, NULL, 10.4, 1, '', NULL, '2022-11-02 12:43:06', 55),
(12789, 0, 18728, NULL, 241.8, 1, '', NULL, '2022-11-02 12:57:10', 55),
(12790, 0, 18727, NULL, 392.9, 1, '', NULL, '2022-11-02 12:59:09', 55),
(12791, 0, 18725, NULL, 330.1, 1, '', NULL, '2022-11-02 12:59:51', 55),
(12792, 0, 18729, NULL, 309.8, 1, '', NULL, '2022-11-02 13:00:31', 55),
(12793, 0, 18723, NULL, 213.7, 1, '', NULL, '2022-11-02 13:01:27', 55),
(12794, 0, 18724, NULL, 267.8, 1, '', NULL, '2022-11-02 13:02:20', 55),
(12795, 1, NULL, 70359, 11.7, 1, '', NULL, '2022-11-02 13:07:43', 55),
(12796, 1, 18726, NULL, 9.76, 1, '', NULL, '2022-11-02 13:08:22', 55),
(12797, 1, NULL, 70361, 11.32, 1, '', NULL, '2022-11-02 13:09:38', 55),
(12798, 1, NULL, 70363, 10.3, 1, '', NULL, '2022-11-02 13:10:20', 55),
(12799, 0, 18731, NULL, 307.2, 1, '', NULL, '2022-11-02 13:34:27', 55),
(12800, 0, 18730, NULL, 236.2, 1, '', NULL, '2022-11-02 13:35:06', 55),
(12801, 1, NULL, 70368, 9.14, 1, '', NULL, '2022-11-02 13:42:59', 55),
(12802, 0, 18734, NULL, 180.1, 1, '', NULL, '2022-11-02 16:06:40', 55),
(12803, 1, 18739, NULL, 11.06, 1, '', NULL, '2022-11-02 16:48:49', 55),
(12804, 1, 18738, NULL, 10.58, 1, '', NULL, '2022-11-02 16:49:32', 55),
(12805, 0, 18739, NULL, 201.6, 1, '', NULL, '2022-11-02 17:07:49', 55),
(12806, 0, 18738, NULL, 254.3, 1, '', NULL, '2022-11-02 17:08:18', 55),
(12807, 0, 18737, NULL, 198.5, 1, '', NULL, '2022-11-02 17:08:37', 55),
(12808, 0, 18735, NULL, 154.2, 1, '', NULL, '2022-11-02 17:09:12', 55),
(12809, 0, 18745, NULL, 198.2, 1, '', NULL, '2022-11-02 17:19:55', 55),
(12810, 1, NULL, 70414, 11.36, 1, '', NULL, '2022-11-02 17:44:11', 55),
(12811, 1, NULL, 70415, 13.64, 1, '', NULL, '2022-11-02 17:45:15', 55),
(12812, 1, 18745, NULL, 6.8, 1, '', NULL, '2022-11-02 17:46:06', 55),
(12813, 1, 18734, NULL, 10.02, 1, '', NULL, '2022-11-02 18:32:24', 55),
(12814, 0, 18740, NULL, 180.2, 1, '', NULL, '2022-11-02 18:57:39', 55),
(12815, 0, 18742, NULL, 190.4, 1, '', NULL, '2022-11-02 18:58:16', 55),
(12816, 0, 18743, NULL, 300.1, 1, '', NULL, '2022-11-02 18:59:19', 55),
(12817, 0, 18744, NULL, 150.2, 1, '', NULL, '2022-11-02 18:59:58', 55),
(12818, 0, 18741, NULL, 150.6, 1, '', NULL, '2022-11-02 19:00:29', 55),
(12819, 0, 18746, NULL, 300.2, 1, '', NULL, '2022-11-02 19:01:47', 55),
(12820, 0, 18747, NULL, 300.4, 1, '', NULL, '2022-11-02 19:06:32', 55),
(12821, 0, 18748, NULL, 3001, 1, '', NULL, '2022-11-02 19:10:18', 55),
(12822, 0, 18749, NULL, 150.2, 1, '', NULL, '2022-11-02 19:10:46', 55),
(12823, 0, 18750, NULL, 180.4, 1, '', NULL, '2022-11-02 19:11:11', 55),
(12824, 1, 18750, NULL, 7.8, 1, '', NULL, '2022-11-02 19:27:55', 55),
(12825, 1, 18749, NULL, 9.04, 1, '', NULL, '2022-11-02 19:44:38', 55),
(12826, 1, NULL, 70437, 12.94, 1, '', NULL, '2022-11-02 19:46:10', 55),
(12827, 0, 18753, NULL, 219.7, 1, '', NULL, '2022-11-02 21:29:12', 54),
(12828, 0, 18755, NULL, 157.4, 1, '', NULL, '2022-11-02 21:29:48', 54),
(12829, 0, 18752, NULL, 157.7, 1, '', NULL, '2022-11-02 21:30:18', 54),
(12830, 0, 18751, NULL, 264.6, 1, '', NULL, '2022-11-02 21:30:50', 54),
(12831, 0, 18754, NULL, 181.3, 1, '', NULL, '2022-11-02 21:31:37', 54),
(12832, 0, 18756, NULL, 204.7, 1, '', NULL, '2022-11-02 21:32:09', 54),
(12833, 1, NULL, 70467, 8.74, 1, '', NULL, '2022-11-02 21:36:34', 54),
(12834, 1, NULL, 70468, 8.12, 1, '', NULL, '2022-11-02 21:37:46', 54),
(12835, 1, 18752, NULL, 7.34, 1, '', NULL, '2022-11-02 21:38:30', 54),
(12836, 1, 18751, NULL, 8.54, 1, '', NULL, '2022-11-02 21:39:25', 54),
(12837, 0, 18757, NULL, 324.5, 1, '', NULL, '2022-11-02 22:29:10', 54),
(12838, 1, 18757, NULL, 6.98, 1, '', NULL, '2022-11-02 22:58:50', 54),
(12840, 0, 18758, NULL, 203.9, 1, '', NULL, '2022-11-02 23:31:59', 21),
(12841, 1, 18758, NULL, 8.16, 1, '', NULL, '2022-11-02 23:32:25', 21),
(12842, 0, 18759, NULL, 102.7, 1, '', NULL, '2022-11-03 00:03:12', 21),
(12843, 1, 18759, NULL, 6.36, 1, '', NULL, '2022-11-03 02:30:41', 54),
(12844, 0, 18763, NULL, 149.5, 1, '', NULL, '2022-11-03 04:55:18', 54),
(12845, 0, 18765, NULL, 136.7, 1, '', NULL, '2022-11-03 04:55:52', 54),
(12846, 0, 18761, NULL, 156.8, 1, '', NULL, '2022-11-03 04:56:30', 54),
(12847, 0, 18760, NULL, 119.4, 1, '', NULL, '2022-11-03 04:57:02', 54),
(12848, 0, 18762, NULL, 178.4, 1, '', NULL, '2022-11-03 04:57:33', 54),
(12849, 0, 18764, NULL, 133.8, 1, '', NULL, '2022-11-03 04:58:03', 54),
(12850, 1, 18761, NULL, 6.56, 1, '', NULL, '2022-11-03 06:19:20', 54),
(12851, 1, 18762, NULL, 7.68, 1, '', NULL, '2022-11-03 06:19:57', 54),
(12852, 1, 18760, NULL, 5.8, 1, '', NULL, '2022-11-03 06:20:39', 54),
(12853, 1, 18763, NULL, 6.68, 1, '', NULL, '2022-11-03 06:21:24', 54),
(12854, 1, 18764, NULL, 6.38, 1, '', NULL, '2022-11-03 06:22:17', 54),
(12855, 1, 18765, NULL, 7.24, 1, '', NULL, '2022-11-03 06:23:05', 54),
(12856, 1, 18767, NULL, 6.8, 1, '', NULL, '2022-11-03 07:21:20', 49),
(12857, 1, 18768, NULL, 6.46, 1, '', NULL, '2022-11-03 07:22:30', 49),
(12858, 0, 18767, NULL, 300.2, 1, '', NULL, '2022-11-03 07:32:56', 49),
(12859, 0, 18768, NULL, 250.1, 1, '', NULL, '2022-11-03 07:33:41', 49),
(12860, 0, 18770, NULL, 250.35, 1, '', NULL, '2022-11-03 08:00:35', 49),
(12861, 1, 18770, NULL, 6.02, 1, '', NULL, '2022-11-03 08:29:12', 49),
(12862, 0, 18773, NULL, 264.4, 1, '', NULL, '2022-11-03 09:44:01', 49),
(12863, 0, 18774, NULL, 228.4, 1, '', NULL, '2022-11-03 09:54:29', 49),
(12864, 1, 18772, NULL, 7.62, 1, '', NULL, '2022-11-03 10:10:17', 49),
(12865, 0, 18772, NULL, 300.2, 1, '', NULL, '2022-11-03 10:16:10', 49),
(12866, 1, 18774, NULL, 6.78, 1, '', NULL, '2022-11-03 10:48:51', 49),
(12867, 0, 18777, NULL, 200, 1, '', NULL, '2022-11-03 11:25:17', 49),
(12868, 0, 18778, NULL, 320.2, 1, '', NULL, '2022-11-03 11:25:51', 49),
(12869, 1, 18777, NULL, 8.56, 1, '', NULL, '2022-11-03 11:32:08', 55),
(12871, 1, 18778, NULL, 8.46, 1, 'DTM 8.32', NULL, '2022-11-03 11:33:52', 55),
(12872, 1, 18775, NULL, 7.54, 1, '', NULL, '2022-11-03 11:34:22', 55),
(12873, 0, 18780, NULL, 110.85, 1, '', NULL, '2022-11-03 12:31:43', 49),
(12874, 0, 18781, NULL, 88.96, 1, '', NULL, '2022-11-03 12:31:54', 49),
(12875, 1, 18780, NULL, 6.4, 1, '', NULL, '2022-11-03 12:42:39', 49),
(12876, 1, 18781, NULL, 6.82, 1, '', NULL, '2022-11-03 12:43:54', 49),
(12878, 1, 18783, NULL, 10.66, 1, '', NULL, '2022-11-03 14:16:11', 49),
(12879, 1, 18784, NULL, 8.88, 1, '', NULL, '2022-11-03 14:39:22', 49),
(12880, 0, 18784, NULL, 300.2, 1, '', NULL, '2022-11-03 15:51:05', 49),
(12881, 0, 18783, NULL, 300, 1, '', NULL, '2022-11-03 15:52:34', 49),
(12882, 0, 18775, NULL, 300.5, 1, '', NULL, '2022-11-03 15:53:26', 49),
(12883, 0, 18787, NULL, 180.2, 1, '', NULL, '2022-11-03 18:04:06', 55),
(12884, 1, 18790, NULL, 6.7, 1, '', NULL, '2022-11-03 19:37:10', 54),
(12885, 0, 18790, NULL, 202.8, 1, '', NULL, '2022-11-03 19:37:44', 54),
(12886, 0, 18792, NULL, 465.7, 1, '', NULL, '2022-11-03 20:50:07', 54),
(12887, 0, 18791, NULL, 425.5, 1, '', NULL, '2022-11-03 20:50:44', 54),
(12888, 1, 18791, NULL, 7.56, 1, '', NULL, '2022-11-03 21:00:23', 54),
(12889, 0, 18789, NULL, 183.6, 1, '', NULL, '2022-11-03 21:37:31', 54),
(12890, 0, 18788, NULL, 189.7, 1, '', NULL, '2022-11-03 21:38:20', 54),
(12891, 1, 18788, NULL, 9.12, 1, '', NULL, '2022-11-03 21:40:49', 54),
(12892, 1, 18789, NULL, 9.08, 1, '', NULL, '2022-11-03 21:41:28', 54),
(12893, 1, 18787, NULL, 9.06, 1, '', NULL, '2022-11-03 21:42:07', 54),
(12894, 1, 18792, NULL, 6.14, 1, '', NULL, '2022-11-03 22:46:25', 54),
(12895, 1, 18793, NULL, 6.08, 1, '', NULL, '2022-11-03 22:47:09', 54),
(12896, 0, 18793, NULL, 452.6, 1, '', NULL, '2022-11-03 22:53:11', 54),
(12897, 0, 18794, NULL, 329.4, 1, '', NULL, '2022-11-04 01:22:20', 54),
(12898, 1, 18794, NULL, 5.94, 1, '', NULL, '2022-11-04 04:43:37', 54),
(12899, 0, 18795, NULL, 180.4, 1, '', NULL, '2022-11-04 07:19:54', 55),
(12900, 1, 18795, NULL, 6.6, 1, '', NULL, '2022-11-04 07:25:18', 55),
(12903, 0, 18796, NULL, 379.8, 1, '', NULL, '2022-11-04 08:08:40', 55),
(12904, 0, 18798, NULL, 230.3, 1, '', NULL, '2022-11-04 08:08:58', 55),
(12906, 1, 18796, NULL, 6.2, 1, 'DTM 5.8', NULL, '2022-11-04 08:10:39', 55),
(12907, 0, 18801, NULL, 158.8, 1, '', NULL, '2022-11-04 08:53:46', 55),
(12909, 0, 18800, NULL, 202.2, 1, '', NULL, '2022-11-04 09:18:41', 55),
(12910, 1, 18801, NULL, 9.9, 1, '', NULL, '2022-11-04 09:19:22', 55),
(12911, 1, 18800, NULL, 7.2, 1, '', NULL, '2022-11-04 09:19:58', 55),
(12912, 0, 18803, NULL, 202.1, 1, '', NULL, '2022-11-04 10:19:28', 55),
(12914, 0, 18802, NULL, 180.2, 1, '', NULL, '2022-11-04 10:20:35', 55),
(12921, 0, 18804, NULL, 228.9, 1, '', NULL, '2022-11-04 10:31:29', 1),
(12923, 1, 18798, NULL, 7.3, 1, '', NULL, '2022-11-04 10:35:05', 1),
(12924, 1, 18803, NULL, 6.9, 1, '', 15, '2022-11-04 10:58:15', 55),
(12925, 1, 18806, NULL, 5.98, 1, '', 15, '2022-11-04 10:59:00', 55),
(12926, 0, 18806, NULL, 180.4, 1, '', 55, '2022-11-04 11:03:59', 55),
(12928, 1, 18807, NULL, 9.2, 1, 'JJ 1V', 48, '2022-11-04 11:11:29', 55),
(12929, 1, 18804, NULL, 9.22, 1, '', 48, '2022-11-04 11:12:07', 55),
(12930, 0, 18808, NULL, 221.1, 1, '', 56, '2022-11-04 11:28:21', 55),
(12931, 0, 18809, NULL, 286.2, 1, '', 56, '2022-11-04 11:28:45', 55),
(12932, 0, 18807, NULL, 240.4, 1, '', 56, '2022-11-04 11:29:03', 55),
(12933, 1, 18808, NULL, 6.2, 1, '', 56, '2022-11-04 11:30:10', 55),
(12934, 1, 18809, NULL, 6.84, 1, '', 56, '2022-11-04 11:30:35', 55),
(12935, 0, 18812, NULL, 320.4, 1, '', 48, '2022-11-04 12:12:55', 55),
(12936, 1, 18811, NULL, 5.18, 1, '', 55, '2022-11-04 13:09:18', 55),
(12937, 1, 18802, NULL, 5.12, 1, '', 55, '2022-11-04 13:09:51', 55),
(12939, 0, 18814, NULL, 352, 1, '', 15, '2022-11-04 13:34:11', 55),
(12940, 1, 18814, NULL, 8.96, 1, '', 15, '2022-11-04 13:34:24', 55),
(12941, 0, 18815, NULL, 321.5, 1, '', 16, '2022-11-04 14:20:57', 55),
(12942, 1, 18812, NULL, 9.82, 1, '', 16, '2022-11-04 14:44:16', 6),
(12943, 1, 18816, NULL, 8.5, 1, '', 48, '2022-11-04 14:59:20', 17),
(12944, 1, 18815, NULL, 7.96, 1, '', 16, '2022-11-04 15:30:15', 49),
(12945, 1, 18817, NULL, 7.76, 1, '', 16, '2022-11-04 15:31:05', 49),
(12946, 0, 18820, NULL, 173.1, 1, '', 48, '2022-11-04 15:32:00', 49),
(12947, 1, 18820, NULL, 6.04, 1, '', 49, '2022-11-04 16:23:32', 49),
(12948, 1, 18823, NULL, 8.32, 1, 'JJ 2V', 49, '2022-11-04 16:24:40', 49),
(12949, 1, 18822, NULL, 9.14, 1, 'JJ 2V', 49, '2022-11-04 16:26:41', 49),
(12950, 1, 18821, NULL, 9.24, 1, 'JJ 2V', 49, '2022-11-04 16:29:38', 49),
(12951, 0, 18824, NULL, 200, 1, '', 49, '2022-11-04 16:57:20', 49),
(12952, 0, 18826, NULL, 165.8, 1, '', 56, '2022-11-04 17:17:35', 49),
(12953, 1, 18824, NULL, 5.32, 1, '', 49, '2022-11-04 17:37:41', 49),
(12954, 1, 18826, NULL, 5.6, 1, '', 49, '2022-11-04 18:02:15', 49),
(12955, 0, 18829, NULL, 265.4, 1, '', 21, '2022-11-04 21:13:12', 54),
(12956, 0, 18831, NULL, 211.4, 1, '', 21, '2022-11-04 21:22:54', 54),
(12957, 0, 18830, NULL, 244.6, 1, '', 21, '2022-11-04 21:23:32', 54),
(12958, 1, 18832, NULL, 6.32, 1, '', 21, '2022-11-04 21:51:27', 54),
(12959, 1, 18830, NULL, 7.5, 1, '', 21, '2022-11-04 21:52:33', 54),
(12960, 1, 18831, NULL, 7.28, 1, '', 21, '2022-11-04 21:53:04', 54),
(12961, 1, 18828, NULL, 7.34, 1, '', 21, '2022-11-04 21:53:34', 54),
(12962, 0, 18828, NULL, 326.5, 1, '', 21, '2022-11-04 22:19:06', 54),
(12963, 0, 18832, NULL, 357.1, 1, '', 21, '2022-11-04 22:19:53', 54),
(12964, 1, 18829, NULL, 7.64, 1, '', 21, '2022-11-04 22:25:24', 54),
(12965, 0, 18833, NULL, 395.2, 1, '', 21, '2022-11-05 01:43:25', 54),
(12966, 0, 18834, NULL, 326.2, 1, '', 21, '2022-11-05 02:54:13', 54),
(12967, 1, 18834, NULL, 7.48, 1, '', 21, '2022-11-05 02:56:08', 54),
(12968, 0, 18835, NULL, 369.5, 1, '', 21, '2022-11-05 03:10:13', 54),
(12969, 1, 18835, NULL, 6.44, 1, '', 21, '2022-11-05 03:27:42', 54),
(12970, 1, 18833, NULL, 7.1, 1, '', 21, '2022-11-05 05:18:57', 21),
(12971, 0, 18838, NULL, 330.5, 1, '', 16, '2022-11-05 09:49:16', 49),
(12972, 1, 18838, NULL, 9.64, 1, '', 56, '2022-11-05 09:51:44', 16),
(12973, 0, 18841, NULL, 284.2, 1, '', 16, '2022-11-05 10:05:06', 49),
(12974, 0, 18842, NULL, 250.4, 1, '', 16, '2022-11-05 10:13:48', 49),
(12975, 0, 18843, NULL, 364.5, 1, '', 16, '2022-11-05 10:19:38', 49),
(12976, 1, 18841, NULL, 6.82, 1, '', 56, '2022-11-05 11:02:22', 49),
(12977, 1, 18843, NULL, 7.28, 1, '', 56, '2022-11-05 11:04:11', 49),
(12978, 1, 18839, NULL, 6.56, 1, '', 56, '2022-11-05 11:05:07', 49),
(12979, 1, 18840, NULL, 5.8, 1, '', 56, '2022-11-05 11:05:56', 49),
(12980, 0, 18840, NULL, 284.5, 1, '', 56, '2022-11-05 11:08:22', 49),
(12981, 0, 18839, NULL, 284.6, 1, '', 56, '2022-11-05 11:08:56', 49),
(12982, 0, 18846, NULL, 265.5, 1, '', 48, '2022-11-05 11:14:33', 49),
(12983, 1, 18846, NULL, 5.6, 1, '', 22, '2022-11-05 11:36:08', 49),
(12984, 0, 18848, NULL, 166.3, 1, '', 16, '2022-11-05 12:49:49', 16),
(12985, 1, 18848, NULL, 8.76, 1, '', 56, '2022-11-05 13:40:14', 17),
(12986, 0, 18852, NULL, 264.3, 1, '', 55, '2022-11-05 14:14:56', 17),
(12987, 1, 18844, NULL, 8.26, 1, 'CONTRAMUESTRA 8.20 KG', 22, '2022-11-05 14:29:26', 17),
(12988, 0, 18854, NULL, 200.3, 1, '', 48, '2022-11-05 14:51:11', 17),
(12989, 1, 18853, NULL, 7.54, 1, '', 16, '2022-11-05 15:10:28', 17),
(12990, 0, 18853, NULL, 120.4, 1, '', 16, '2022-11-05 15:10:59', 17),
(12991, 0, 18855, NULL, 120.4, 1, '', 16, '2022-11-05 15:25:10', 17),
(12992, 1, 18852, NULL, 9.64, 1, '', 56, '2022-11-05 15:26:00', 17),
(12993, 1, 18854, NULL, 9.36, 1, '', 56, '2022-11-05 15:26:22', 17),
(12994, 1, 18855, NULL, 7.14, 1, '', 56, '2022-11-05 16:05:52', 17),
(12995, 0, 18857, NULL, 215.4, 1, '', 48, '2022-11-05 18:00:29', 17),
(12996, 0, 18858, NULL, 280.5, 1, '', 48, '2022-11-05 18:00:54', 17),
(12997, 0, 18859, NULL, 250.6, 1, '', 48, '2022-11-05 18:01:11', 17),
(12998, 1, 18857, NULL, 5.42, 1, '', 48, '2022-11-05 18:36:17', 17),
(12999, 1, 18858, NULL, 5.98, 1, '', 48, '2022-11-05 18:36:43', 17),
(13000, 1, 18859, NULL, 6.1, 1, '', 48, '2022-11-05 18:37:08', 17),
(13001, 0, 18861, NULL, 242.6, 1, '', 5, '2022-11-05 19:56:51', 54),
(13002, 0, 18862, NULL, 288.6, 1, '', 5, '2022-11-05 19:57:10', 54),
(13003, 1, 18862, NULL, 6.92, 1, '', 5, '2022-11-05 20:15:37', 54),
(13004, 1, 18861, NULL, 7.22, 1, '', 5, '2022-11-05 20:20:32', 54),
(13005, 0, 18863, NULL, 244.4, 1, '', 5, '2022-11-05 20:57:32', 54),
(13006, 1, 18863, NULL, 7.48, 1, '', 5, '2022-11-05 20:58:05', 54),
(13007, 0, 18864, NULL, 365.2, 1, '', 5, '2022-11-05 23:29:01', 54),
(13008, 1, 18864, NULL, 6.24, 1, '', 5, '2022-11-05 23:54:21', 54),
(13009, 0, 18865, NULL, 266.4, 1, '', 5, '2022-11-06 04:30:59', 54),
(13010, 0, 18866, NULL, 302.4, 1, '', 5, '2022-11-06 04:48:13', 54),
(13011, 1, 18866, NULL, 6.98, 1, '', 5, '2022-11-06 04:49:24', 54),
(13012, 1, 18865, NULL, 8.2, 1, '', 56, '2022-11-06 07:25:56', 17),
(13013, 0, 18868, NULL, 155.8, 1, '', 20, '2022-11-06 08:53:44', 20),
(13014, 0, 18869, NULL, 103.6, 1, '', 20, '2022-11-06 08:54:36', 20),
(13015, 1, 18868, NULL, 6.02, 1, '', 20, '2022-11-06 08:56:54', 20),
(13016, 1, 18869, NULL, 10.6, 1, '', 14, '2022-11-06 08:57:25', 20),
(13017, 1, 18876, NULL, 7.72, 1, 'CONTRAMUESTRA: 8.02', 48, '2022-11-06 15:48:03', 17),
(13018, 1, 18870, NULL, 6.36, 1, '', 48, '2022-11-06 23:46:17', 55),
(13019, 0, 18870, NULL, 200.2, 1, '', 48, '2022-11-06 23:46:37', 55),
(13020, 1, 18878, NULL, 8.6, 1, '', 56, '2022-11-07 00:18:58', 55),
(13021, 0, 18878, NULL, 239.1, 1, '', 5, '2022-11-07 00:28:05', 5),
(13022, 1, 18880, NULL, 7.38, 1, '', 56, '2022-11-07 02:59:36', 55),
(13023, 1, 18879, NULL, 7.46, 1, '', 56, '2022-11-07 02:59:59', 55),
(13024, 0, 18880, NULL, 200.2, 1, '', 56, '2022-11-07 03:00:17', 55),
(13025, 0, 18879, NULL, 240.2, 1, '', 56, '2022-11-07 03:00:31', 55),
(13027, 0, 18882, NULL, 300.4, 1, '', 48, '2022-11-07 10:54:19', 17),
(13028, 1, 18882, NULL, 6.16, 1, '', 22, '2022-11-07 11:00:01', 17),
(13029, 0, 18885, NULL, 425.3, 1, '', 22, '2022-11-07 14:52:49', 54),
(13030, 1, 18885, NULL, 8.62, 1, '', 48, '2022-11-07 15:07:44', 54),
(13031, 0, 18898, NULL, 200.2, 1, '', 48, '2022-11-07 19:27:08', 55),
(13032, 0, 18890, NULL, 180.6, 1, '', 48, '2022-11-07 19:27:59', 55),
(13033, 0, 18903, NULL, 184.2, 1, '', 48, '2022-11-07 19:28:36', 55),
(13034, 0, 18893, NULL, 185.4, 1, '', 48, '2022-11-07 19:29:04', 55),
(13035, 0, 18888, NULL, 150.3, 1, '', 48, '2022-11-07 19:29:42', 55),
(13036, 0, 18896, NULL, 189.2, 1, '', 48, '2022-11-07 19:30:31', 55),
(13037, 0, 18902, NULL, 184.3, 1, '', 48, '2022-11-07 19:31:07', 55),
(13038, 0, 18897, NULL, 200.45, 1, '', 48, '2022-11-07 19:31:35', 55),
(13039, 0, 18894, NULL, 186.2, 1, '', 48, '2022-11-07 19:32:34', 55),
(13040, 0, 18887, NULL, 187.2, 1, '', 48, '2022-11-07 19:33:09', 55),
(13041, 0, 18891, NULL, 180.4, 1, '', 48, '2022-11-07 19:33:36', 55),
(13042, 0, 18889, NULL, 185.6, 1, '', 48, '2022-11-07 19:34:05', 55),
(13043, 0, 18899, NULL, 260.2, 1, '', 48, '2022-11-07 19:34:41', 55),
(13044, 0, 18900, NULL, 195.2, 1, '', 48, '2022-11-07 19:35:13', 55),
(13045, 0, 18901, NULL, 150.6, 1, '', 48, '2022-11-07 19:35:47', 55),
(13046, 0, 18892, NULL, 180.1, 1, '', 48, '2022-11-07 19:36:22', 55),
(13047, 0, 18904, NULL, 166.2, 1, '', 48, '2022-11-07 19:37:05', 55),
(13048, 1, 18904, NULL, 7.8, 1, '', 56, '2022-11-07 19:55:39', 55),
(13049, 1, 18902, NULL, 6.84, 1, '', 22, '2022-11-07 19:56:15', 55),
(13050, 1, 18903, NULL, 6.62, 1, '', 48, '2022-11-07 19:57:01', 55),
(13051, 1, NULL, 71012, 11.5, 1, '', 48, '2022-11-07 19:58:42', 55),
(13052, 1, NULL, 71013, 7.52, 1, '', 48, '2022-11-07 19:59:48', 55),
(13053, 1, NULL, 71014, 10.54, 1, '', 48, '2022-11-07 20:01:16', 55),
(13055, 1, NULL, 71015, 10.48, 1, '', 48, '2022-11-07 20:02:17', 55),
(13056, 1, NULL, 71016, 10.34, 1, '', 48, '2022-11-07 20:04:15', 55),
(13057, 1, 18906, NULL, 7, 1, '', 56, '2022-11-07 20:05:25', 55),
(13058, 1, 18905, NULL, 7.02, 1, '', 56, '2022-11-07 20:06:08', 55),
(13059, 0, 18905, NULL, 200.1, 1, '', 56, '2022-11-07 20:06:40', 55),
(13060, 0, 18906, NULL, 300.1, 1, '', 56, '2022-11-07 20:07:05', 55),
(13061, 0, NULL, 71023, 200.1, 1, '', 22, '2022-11-07 20:35:58', 55),
(13062, 0, NULL, 71027, 180.1, 1, '', 48, '2022-11-07 20:40:24', 55),
(13063, 0, NULL, 71028, 184.2, 1, '', 48, '2022-11-07 20:42:51', 55),
(13064, 0, NULL, 71029, 320.2, 1, '', 48, '2022-11-07 20:45:35', 55),
(13065, 0, NULL, 71030, 200.3, 1, '', 48, '2022-11-07 20:48:14', 55),
(13066, 0, 18907, NULL, 200.1, 1, '', 15, '2022-11-08 04:35:53', 55),
(13067, 1, 18907, NULL, 8.4, 1, '', 15, '2022-11-08 04:53:36', 55),
(13068, 0, 18908, NULL, 369.5, 1, '', 14, '2022-11-08 07:37:20', 54),
(13069, 1, 18908, NULL, 7.62, 1, '', 17, '2022-11-08 07:54:39', 54),
(13071, 0, 18909, NULL, 369.5, 1, '', 17, '2022-11-08 08:04:58', 54),
(13072, 1, 18909, NULL, 8.2, 1, '', 17, '2022-11-08 08:05:32', 54),
(13073, 0, 18911, NULL, 209.6, 1, '', 17, '2022-11-08 08:10:30', 54),
(13074, 0, 18912, NULL, 246.2, 1, '', 16, '2022-11-08 09:02:51', 54),
(13075, 1, 18911, NULL, 6.36, 1, '', 16, '2022-11-08 09:15:08', 54),
(13076, 1, 18913, NULL, 5.54, 1, '', 10, '2022-11-08 10:05:25', 54),
(13077, 0, 18913, NULL, 224.4, 1, '', 10, '2022-11-08 10:05:55', 54),
(13078, 1, 18912, NULL, 6.3, 1, '', 20, '2022-11-08 10:14:58', 54),
(13080, 1, NULL, 71132, 8.32, 1, '', 10, '2022-11-08 11:55:49', 54),
(13082, 1, NULL, 71130, 8.84, 1, '', 10, '2022-11-08 11:57:14', 54),
(13083, 1, NULL, 71129, 9.26, 1, '', 10, '2022-11-08 11:58:14', 54),
(13084, 1, NULL, 71128, 8.88, 1, '', 10, '2022-11-08 11:58:51', 54),
(13085, 0, NULL, 71138, 246.8, 1, '', 10, '2022-11-08 12:23:14', 54),
(13086, 0, NULL, 71139, 298, 1, '', 10, '2022-11-08 12:23:29', 54),
(13087, 0, NULL, 71140, 240, 1, '', 10, '2022-11-08 12:23:47', 54),
(13088, 0, NULL, 71141, 222.8, 1, '', 10, '2022-11-08 12:24:03', 54),
(13089, 0, NULL, 71142, 268.2, 1, '', 10, '2022-11-08 12:24:22', 54),
(13091, 1, 18924, NULL, 6.84, 1, '', 10, '2022-11-08 13:00:45', 54),
(13092, 0, 18924, NULL, 222, 1, '', 10, '2022-11-08 13:01:33', 54),
(13093, 0, 18926, NULL, 336.4, 1, '', 54, '2022-11-08 14:17:21', 54),
(13094, 1, 18926, NULL, 6.74, 1, '', 16, '2022-11-08 14:42:05', 54),
(13095, 0, 18927, NULL, 236.5, 1, '', 16, '2022-11-08 17:13:04', 54),
(13096, 0, 18928, NULL, 302.2, 1, '', 15, '2022-11-08 20:33:26', 55),
(13097, 1, 18928, NULL, 8.92, 1, '', 15, '2022-11-08 20:33:57', 55),
(13098, 0, 18929, NULL, 134.9, 1, '', 15, '2022-11-08 20:44:07', 55),
(13099, 1, 18927, NULL, 0.02, 1, 'RECHAZADO', 15, '2022-11-08 21:16:54', 55),
(13100, 1, 18929, NULL, 8.58, 1, '', 15, '2022-11-08 21:17:08', 55),
(13101, 1, 18930, NULL, 8.42, 1, '', 15, '2022-11-08 22:48:54', 55),
(13102, 0, 18930, NULL, 214.6, 1, '', 15, '2022-11-08 22:49:20', 55),
(13103, 0, 18931, NULL, 220, 1, '', 15, '2022-11-09 01:01:49', 16),
(13104, 0, 18932, NULL, 221, 1, '', 15, '2022-11-09 01:02:05', 16),
(13105, 1, 18931, NULL, 7.88, 1, '', 15, '2022-11-09 01:02:22', 16),
(13106, 1, 18932, NULL, 8.52, 1, '', 15, '2022-11-09 01:02:39', 16),
(13107, 0, 18933, NULL, 214.5, 1, '', 15, '2022-11-09 01:53:57', 16),
(13108, 0, 18935, NULL, 170.2, 1, '', 56, '2022-11-09 02:55:19', 55),
(13109, 0, 18934, NULL, 188.6, 1, '', 56, '2022-11-09 02:55:50', 55),
(13110, 1, 18934, NULL, 7.7, 1, '', 56, '2022-11-09 03:18:30', 56),
(13111, 1, 18935, NULL, 6.46, 1, '', 56, '2022-11-09 03:19:16', 56),
(13112, 0, 18936, NULL, 115.6, 1, '', 15, '2022-11-09 05:31:14', 55),
(13113, 1, 18936, NULL, 7.3, 1, '', 15, '2022-11-09 05:31:41', 55),
(13114, 1, 18933, NULL, 9.28, 1, '', 56, '2022-11-09 06:18:50', 55),
(13115, 0, 18937, NULL, 167, 1, '', 56, '2022-11-09 06:40:21', 55),
(13117, 1, 18937, NULL, 7.86, 1, '', 15, '2022-11-09 07:23:24', 54),
(13118, 0, 18938, NULL, 369.5, 1, '', 15, '2022-11-09 07:25:16', 54),
(13119, 0, 18939, NULL, 357.4, 1, '', 22, '2022-11-09 07:26:59', 54),
(13120, 1, 18938, NULL, 8.26, 1, '', 15, '2022-11-09 07:36:06', 54),
(13121, 0, 18940, NULL, 326.2, 1, '', 48, '2022-11-09 07:48:14', 54),
(13127, 0, 18941, NULL, 359.4, 1, '', 10, '2022-11-09 08:08:57', 54),
(13128, 1, 18941, NULL, 7.58, 1, '', 10, '2022-11-09 08:22:18', 54),
(13129, 1, 18940, NULL, 7.56, 1, '', 16, '2022-11-09 08:29:13', 54),
(13130, 1, 18939, NULL, 8.02, 1, '', 16, '2022-11-09 08:40:45', 54),
(13131, 1, 18942, NULL, 6, 1, '', 10, '2022-11-09 10:27:55', 17),
(13132, 0, 18942, NULL, 228.4, 1, '', 10, '2022-11-09 10:28:37', 17),
(13134, 1, NULL, 71131, 9.22, 1, '', 10, '2022-11-09 12:18:58', 1),
(13135, 0, 18945, NULL, 365.8, 1, '', 22, '2022-11-09 14:09:38', 49),
(13136, 0, 18946, NULL, 359.4, 1, '', 48, '2022-11-09 14:13:03', 49),
(13137, 1, 18944, NULL, 9.06, 1, '', 21, '2022-11-09 14:45:50', 49),
(13138, 0, 18944, NULL, 268.2, 1, '', 21, '2022-11-09 14:46:41', 49),
(13139, 1, 18945, NULL, 9.86, 1, '', 21, '2022-11-09 14:47:43', 49),
(13140, 0, 18947, NULL, 200.8, 1, '', 48, '2022-11-09 14:48:46', 49),
(13141, 0, 18948, NULL, 357.4, 1, '', 21, '2022-11-09 15:56:27', 49),
(13142, 1, 18947, NULL, 11.74, 1, '', 21, '2022-11-09 15:57:37', 49),
(13143, 1, 18948, NULL, 9.46, 1, '', 21, '2022-11-09 15:57:58', 49),
(13144, 0, 18949, NULL, 288.4, 1, '', 21, '2022-11-09 16:24:28', 49),
(13145, 1, 18949, NULL, 9.16, 1, '', 21, '2022-11-09 16:34:42', 49),
(13146, 1, 18946, NULL, 10.42, 1, '', 21, '2022-11-09 16:38:05', 49),
(13147, 1, 18951, NULL, 7, 1, 'CONTRAMUESTRA 7.28', 21, '2022-11-09 17:33:50', 49),
(13148, 0, 18952, NULL, 240.8, 1, '', 21, '2022-11-09 18:30:40', 49),
(13149, 0, 18953, NULL, 299.6, 1, '', 22, '2022-11-09 19:43:46', 49),
(13150, 1, 18952, NULL, 9.82, 1, '', 21, '2022-11-09 19:47:08', 55),
(13151, 1, 18953, NULL, 7.24, 1, '', 21, '2022-11-09 19:47:55', 55),
(13152, 0, 18954, NULL, 203.4, 1, '', 15, '2022-11-09 20:15:52', 55),
(13153, 1, 18954, NULL, 8.4, 1, '', 15, '2022-11-09 20:18:22', 55),
(13154, 0, 18955, NULL, 195.2, 1, '', 15, '2022-11-09 20:55:33', 55),
(13155, 1, 18955, NULL, 9.02, 1, '', 15, '2022-11-09 20:56:26', 55),
(13156, 0, 18956, NULL, 196.3, 1, '', 15, '2022-11-09 22:17:21', 55),
(13157, 0, 18957, NULL, 165.3, 1, '', 15, '2022-11-09 22:17:39', 55),
(13158, 0, 18958, NULL, 200.5, 1, '', 15, '2022-11-09 22:39:47', 55),
(13159, 1, 18958, NULL, 6.98, 1, '', 15, '2022-11-09 22:42:34', 55),
(13160, 1, 18957, NULL, 7.92, 1, '', 15, '2022-11-09 22:43:06', 55),
(13161, 0, 18959, NULL, 215.3, 1, '', 15, '2022-11-09 23:19:24', 55),
(13162, 1, 18956, NULL, 10.02, 1, '', 15, '2022-11-09 23:24:07', 55),
(13163, 1, 18959, NULL, 7.6, 1, '', 15, '2022-11-09 23:48:52', 55),
(13164, 0, 18960, NULL, 178.9, 1, '', 56, '2022-11-10 02:04:11', 55),
(13165, 1, 18960, NULL, 10.04, 1, '', 56, '2022-11-10 02:38:50', 55),
(13166, 0, 18961, NULL, 225, 1, '', 15, '2022-11-10 04:16:14', 54),
(13167, 1, 18961, NULL, 8.74, 1, '', 15, '2022-11-10 04:16:38', 54),
(13168, 0, 18962, NULL, 200.4, 1, '', 56, '2022-11-10 06:23:15', 55),
(13169, 1, 18962, NULL, 10.82, 1, '', 16, '2022-11-10 07:39:53', 54),
(13170, 0, 18963, NULL, 210.2, 1, '', 5, '2022-11-10 07:43:41', 54),
(13172, 0, 18964, NULL, 326.2, 1, '', 48, '2022-11-10 09:53:47', 54),
(13173, 1, 18965, NULL, 8.2, 1, 'CONTRAMUESTRA 8.16KG', 49, '2022-11-10 10:08:39', 54),
(13174, 1, 18963, NULL, 9.78, 1, '', 16, '2022-11-10 10:19:47', 54),
(13175, 1, 18964, NULL, 6.02, 1, '', 16, '2022-11-10 10:22:28', 54),
(13176, 1, 18967, NULL, 5.68, 1, 'DUPLICADO 4.80KG', 49, '2022-11-10 12:01:37', 54),
(13177, 0, 18967, NULL, 200.3, 1, '', 49, '2022-11-10 12:02:41', 54),
(13185, 1, 18969, NULL, 7.2, 1, 'CONTRAMUESTRA 7.96', 22, '2022-11-10 14:37:34', 54),
(13186, 0, 18970, NULL, 359.4, 1, '', 48, '2022-11-10 14:45:18', 54),
(13187, 1, 18970, NULL, 11.06, 1, '', 16, '2022-11-10 15:12:11', 49),
(13197, 0, 18971, NULL, 300, 1, '', 48, '2022-11-10 15:13:20', 49),
(13198, 0, 18973, NULL, 320.4, 1, '', 21, '2022-11-10 15:51:35', 54),
(13199, 1, 18971, NULL, 6.46, 1, '', 10, '2022-11-10 15:57:44', 54),
(13200, 1, 18972, NULL, 6.9, 1, 'CONTRAMUESTRA 6.66', 48, '2022-11-10 15:59:31', 54),
(13201, 1, 18973, NULL, 5.96, 1, '', 21, '2022-11-10 16:35:23', 54),
(13202, 0, 18974, NULL, 180.2, 1, '', 21, '2022-11-10 19:18:28', 55),
(13203, 1, 18974, NULL, 8.3, 1, '', 21, '2022-11-10 19:20:43', 55),
(13204, 0, 18975, NULL, 184.6, 1, '', 15, '2022-11-10 22:52:20', 55),
(13205, 1, 18975, NULL, 8.24, 1, '', 15, '2022-11-10 23:16:12', 55),
(13206, 1, 18976, NULL, 7.88, 1, '', 15, '2022-11-10 23:16:22', 55),
(13207, 0, 18976, NULL, 225.2, 1, '', 15, '2022-11-10 23:16:57', 55),
(13208, 0, 18977, NULL, 250.4, 1, '', 15, '2022-11-10 23:29:47', 55),
(13209, 1, 18977, NULL, 8.5, 1, '', 15, '2022-11-10 23:30:05', 55),
(13210, 0, 18978, NULL, 200.1, 1, '', 15, '2022-11-11 00:47:43', 55),
(13211, 1, 18978, NULL, 7.64, 1, '', 15, '2022-11-11 00:48:02', 55),
(13212, 0, 18979, NULL, 200.3, 1, '', 56, '2022-11-11 02:33:08', 55),
(13213, 0, 18980, NULL, 150.2, 1, '', 56, '2022-11-11 02:55:20', 55),
(13214, 1, 18979, NULL, 7.48, 1, '', 56, '2022-11-11 02:56:38', 55),
(13215, 1, 18980, NULL, 7.2, 1, '', 56, '2022-11-11 02:57:24', 55),
(13216, 0, 18982, NULL, 180.2, 1, '', 56, '2022-11-11 03:21:36', 55),
(13217, 1, 18982, NULL, 7.5, 1, '', 56, '2022-11-11 03:44:58', 55),
(13218, 1, 18981, NULL, 7.62, 1, '', 15, '2022-11-11 03:52:07', 55),
(13219, 0, 18981, NULL, 330, 1, '', 15, '2022-11-11 03:54:12', 55),
(13220, 0, 18983, NULL, 300.2, 1, '', 16, '2022-11-11 07:29:17', 54),
(13221, 1, 18983, NULL, 9.12, 1, 'DUPLICADO 8.56', 21, '2022-11-11 07:48:02', 54),
(13222, 0, 18985, NULL, 304.8, 1, '', 21, '2022-11-11 07:59:57', 54),
(13223, 0, 18987, NULL, 328.2, 1, '', 21, '2022-11-11 08:26:48', 54),
(13224, 0, 18986, NULL, 327.1, 1, '', 21, '2022-11-11 08:27:31', 54),
(13225, 0, 18988, NULL, 377.2, 1, '', 21, '2022-11-11 08:44:00', 54),
(13226, 0, 18984, NULL, 325.3, 1, '', 21, '2022-11-11 08:44:17', 54),
(13227, 1, 18984, NULL, 5.94, 1, '', 21, '2022-11-11 08:48:07', 54),
(13228, 1, 18985, NULL, 8.88, 1, '', 21, '2022-11-11 08:48:37', 54),
(13229, 1, 18987, NULL, 7.34, 1, '', 10, '2022-11-11 09:06:12', 54),
(13230, 1, 18986, NULL, 6.94, 1, '', 21, '2022-11-11 09:06:47', 54),
(13231, 0, 18994, NULL, 116.7, 1, '', 14, '2022-11-11 09:37:37', 54),
(13232, 0, 18991, NULL, 224.6, 1, '', 21, '2022-11-11 09:39:22', 54),
(13233, 0, 18989, NULL, 200.4, 1, '', 21, '2022-11-11 09:39:50', 54),
(13234, 0, 18990, NULL, 304.6, 1, '', 21, '2022-11-11 09:41:48', 54),
(13235, 1, 18990, NULL, 7.2, 1, '', 21, '2022-11-11 09:43:03', 54),
(13236, 1, 18991, NULL, 7.86, 1, '', 21, '2022-11-11 09:44:00', 54),
(13237, 1, 18989, NULL, 8.12, 1, '', 21, '2022-11-11 09:45:45', 54),
(13238, 1, 18988, NULL, 10.2, 1, '', 21, '2022-11-11 10:24:39', 54),
(13239, 1, 18992, NULL, 7.24, 1, 'CONTRAMUESTRA 7.26KG', 21, '2022-11-11 10:27:29', 54),
(13240, 0, 18995, NULL, 300.2, 1, '', 16, '2022-11-11 10:36:23', 54),
(13241, 0, 18996, NULL, 183.9, 1, '', 16, '2022-11-11 10:43:48', 54),
(13242, 1, 18994, NULL, 8.06, 1, '', 16, '2022-11-11 10:46:56', 54),
(13243, 1, 18995, NULL, 9.6, 1, '', 16, '2022-11-11 11:42:59', 54),
(13244, 0, 18997, NULL, 250.6, 1, '', 16, '2022-11-11 11:43:46', 54),
(13245, 0, 18998, NULL, 210.8, 1, '', 16, '2022-11-11 12:04:31', 54),
(13246, 1, 18996, NULL, 10.02, 1, '', 49, '2022-11-11 12:31:56', 54),
(13247, 1, 18997, NULL, 9.76, 1, '', 49, '2022-11-11 12:43:46', 54),
(13248, 1, 18998, NULL, 7.9, 1, '', 10, '2022-11-11 13:43:05', 54),
(13249, 1, 18999, NULL, 8.72, 1, '', 21, '2022-11-11 14:50:35', 54),
(13250, 0, 18999, NULL, 300, 1, '', 21, '2022-11-11 14:51:01', 54),
(13251, 0, 19001, NULL, 192.8, 1, '', 16, '2022-11-11 15:53:53', 54),
(13252, 1, 19001, NULL, 10.56, 1, '', 16, '2022-11-11 16:36:30', 54),
(13253, 0, 19003, NULL, 300.2, 1, '', 48, '2022-11-11 17:42:35', 49),
(13254, 0, 19002, NULL, 300, 1, '', 48, '2022-11-11 18:23:35', 49),
(13255, 1, 19002, NULL, 8.02, 1, '', 48, '2022-11-11 18:24:14', 49),
(13256, 1, 19003, NULL, 9.5, 1, '', 48, '2022-11-11 18:24:55', 49),
(13257, 0, 19004, NULL, 250.2, 1, '', 15, '2022-11-11 21:43:36', 54),
(13258, 1, 19004, NULL, 7.32, 1, '', 15, '2022-11-11 21:43:57', 54),
(13259, 0, 19005, NULL, 180.2, 1, '', 56, '2022-11-11 21:50:24', 54),
(13260, 1, 19005, NULL, 7.5, 1, '', 15, '2022-11-11 22:25:21', 55),
(13261, 0, 19006, NULL, 184.2, 1, '', 56, '2022-11-11 22:40:56', 55),
(13262, 0, 19007, NULL, 170.3, 1, '', 56, '2022-11-11 23:13:34', 55),
(13263, 0, 19008, NULL, 200.4, 1, '', 56, '2022-11-11 23:16:27', 55),
(13264, 0, 19009, NULL, 196.8, 1, '', 56, '2022-11-11 23:17:47', 55),
(13265, 1, 19009, NULL, 7.52, 1, '', 56, '2022-11-11 23:23:03', 55),
(13266, 1, 19008, NULL, 9.4, 1, '', 56, '2022-11-11 23:23:33', 55),
(13267, 1, 19007, NULL, 6.88, 1, '', 15, '2022-11-11 23:46:37', 55),
(13268, 1, 19006, NULL, 7.4, 1, '', 15, '2022-11-11 23:47:33', 55),
(13269, 0, 19010, NULL, 206.4, 1, '', 15, '2022-11-12 00:24:36', 55),
(13270, 1, 19010, NULL, 7.96, 1, '', 15, '2022-11-12 00:25:13', 55),
(13271, 0, 19011, NULL, 200.1, 1, '', 15, '2022-11-12 02:02:00', 55),
(13272, 1, 19011, NULL, 7.14, 1, '', 56, '2022-11-12 02:33:05', 55),
(13273, 0, 19012, NULL, 200, 1, '', 15, '2022-11-12 05:29:32', 54),
(13274, 1, 19012, NULL, 9.22, 1, '', 15, '2022-11-12 05:29:51', 54),
(13275, 0, 19013, NULL, 94.8, 1, '', 16, '2022-11-12 07:29:18', 55),
(13276, 0, 19017, NULL, 300.4, 1, '', 48, '2022-11-12 08:53:13', 54),
(13277, 0, 19018, NULL, 258.6, 1, '', 16, '2022-11-12 09:48:59', 54),
(13278, 0, 19019, NULL, 206.2, 1, '', 16, '2022-11-12 09:49:33', 54),
(13279, 1, 19014, NULL, 6.76, 1, '', 10, '2022-11-12 09:52:35', 54),
(13280, 1, 19016, NULL, 6.36, 1, '', 10, '2022-11-12 09:53:26', 54),
(13281, 1, 19013, NULL, 7.38, 1, '', 10, '2022-11-12 09:54:10', 54),
(13282, 1, 19015, NULL, 8.12, 1, '', 10, '2022-11-12 09:54:50', 54),
(13283, 1, 19017, NULL, 8.98, 1, '', 10, '2022-11-12 09:55:28', 54),
(13284, 1, 19019, NULL, 7.82, 1, '', 10, '2022-11-12 10:29:42', 54),
(13285, 1, 19018, NULL, 6.5, 1, '', 10, '2022-11-12 10:37:18', 54),
(13286, 0, 19022, NULL, 321.5, 1, '', 16, '2022-11-12 10:43:18', 54),
(13287, 0, 19023, NULL, 240.6, 1, '', 10, '2022-11-12 10:51:38', 54),
(13288, 1, 19020, NULL, 8.08, 1, 'CONTRAMUESTRA 8.04', 10, '2022-11-12 10:53:34', 54),
(13289, 1, 19024, NULL, 7.38, 1, 'CONTRAMUESTRA 7.28', 21, '2022-11-12 11:44:36', 54),
(13290, 1, 19022, NULL, 6.6, 1, '', 10, '2022-11-12 11:53:12', 54),
(13291, 1, 19023, NULL, 6, 1, '', 10, '2022-11-12 11:54:27', 54),
(13292, 0, 19026, NULL, 321.8, 1, '', 10, '2022-11-12 12:36:39', 54),
(13293, 0, 19029, NULL, 230.4, 1, '', 48, '2022-11-12 13:29:58', 17),
(13294, 1, 19028, NULL, 8.38, 1, 'CONTRAMUESTRA 7.50', 21, '2022-11-12 14:19:39', 54),
(13295, 0, 19030, NULL, 150, 1, '', 21, '2022-11-12 14:22:53', 54),
(13296, 1, 19025, NULL, 8.76, 1, 'CONTRAMUESTRA 9.10', 21, '2022-11-12 14:26:06', 54),
(13297, 1, 19027, NULL, 8.92, 1, 'CONTRAMUESTRA 8.74', 21, '2022-11-12 14:28:50', 54),
(13298, 1, 19029, NULL, 6.28, 1, '', 21, '2022-11-12 14:36:38', 54),
(13299, 0, 19032, NULL, 200, 1, '', 16, '2022-11-12 15:25:10', 54),
(13300, 1, 19030, NULL, 9.2, 1, '', 10, '2022-11-12 15:36:48', 6),
(13301, 1, 19031, NULL, 8.2, 1, '', 10, '2022-11-12 15:37:15', 6),
(13302, 1, 19032, NULL, 8.24, 1, '', 10, '2022-11-12 15:54:18', 16),
(13303, 1, 19026, NULL, 8.48, 1, '', 21, '2022-11-12 15:55:10', 16),
(13304, 0, 19031, NULL, 326.5, 1, '', 54, '2022-11-12 16:42:12', 54),
(13305, 0, 19033, NULL, 365.4, 1, '', 54, '2022-11-12 17:06:11', 54),
(13306, 1, 19033, NULL, 9.4, 1, '', 21, '2022-11-12 17:11:40', 54),
(13307, 0, 19034, NULL, 220, 1, '', 15, '2022-11-12 19:54:18', 16),
(13308, 1, 19034, NULL, 8.4, 1, '', 15, '2022-11-12 19:54:36', 16),
(13309, 0, 19016, NULL, 220, 1, '', 15, '2022-11-12 20:51:58', 54),
(13310, 1, 19035, NULL, 8.62, 1, '', 16, '2022-11-13 08:04:30', 16),
(13312, 0, 19035, NULL, 200.2, 1, '', 16, '2022-11-13 08:10:42', 54),
(13313, 0, 19036, NULL, 230.4, 1, '', 16, '2022-11-13 08:43:00', 54),
(13314, 0, 19037, NULL, 102.4, 1, '', 16, '2022-11-13 09:11:05', 54),
(13315, 1, 19037, NULL, 8.64, 1, '', 16, '2022-11-13 09:52:43', 16),
(13316, 0, 19038, NULL, 120.4, 1, '', 16, '2022-11-13 10:28:22', 54),
(13317, 0, 19039, NULL, 200.4, 1, '', 16, '2022-11-13 10:29:57', 54),
(13318, 1, 19038, NULL, 7.82, 1, '', 16, '2022-11-13 10:38:29', 16),
(13319, 1, 19039, NULL, 8.1, 1, '', 16, '2022-11-13 10:51:51', 54),
(13320, 1, 18901, NULL, 7.8, 1, '', 16, '2022-11-14 11:18:14', 19),
(13321, 1, NULL, 71710, 13.84, 1, '', 22, '2022-11-14 11:20:20', 19),
(13322, 1, NULL, 71711, 10.4, 1, '', 22, '2022-11-14 11:21:53', 19),
(13323, 1, 18892, NULL, 7.14, 1, '', 22, '2022-11-14 11:22:54', 19),
(13324, 1, 19041, NULL, 8.08, 1, 'DTM 8.44', 21, '2022-11-14 12:19:13', 55),
(13325, 1, 19042, NULL, 7.3, 1, 'CONTRAMUESTRA 7.30', 21, '2022-11-14 15:28:59', 55),
(13326, 1, 19044, NULL, 8.62, 1, 'CONTRAMUESTRA 8.64', 21, '2022-11-14 15:29:57', 55),
(13327, 0, 19046, NULL, 321.5, 1, '', 10, '2022-11-14 19:46:48', 54),
(13328, 0, 19047, NULL, 321.8, 1, '', 10, '2022-11-14 19:47:04', 54),
(13329, 1, 19046, NULL, 8.2, 1, '', 10, '2022-11-14 19:52:22', 54),
(13330, 1, 19047, NULL, 10.02, 1, '', 10, '2022-11-14 19:52:34', 54),
(13331, 0, 19048, NULL, 326.5, 1, '', 10, '2022-11-14 20:07:47', 54),
(13332, 1, 19048, NULL, 7.68, 1, '', 10, '2022-11-14 21:21:39', 16),
(13333, 0, 19049, NULL, 357.2, 1, '', 10, '2022-11-15 00:24:18', 54),
(13334, 1, 19049, NULL, 8.46, 1, '', 10, '2022-11-15 00:24:38', 54),
(13335, 0, 19050, NULL, 300.2, 1, '', 10, '2022-11-15 01:57:49', 54),
(13336, 0, 19051, NULL, 250, 1, '', 10, '2022-11-15 06:01:10', 54),
(13337, 1, 19050, NULL, 9.1, 1, '', 10, '2022-11-15 06:01:44', 54),
(13338, 1, 19051, NULL, 9.54, 1, '', 10, '2022-11-15 06:08:19', 10),
(13339, 1, 19052, NULL, 7.54, 1, 'd.t.m. 7.45', 21, '2022-11-15 09:44:10', 54),
(13340, 0, 19052, NULL, 120.4, 1, '', 16, '2022-11-15 10:01:17', 54),
(13341, 0, 19053, NULL, 140.2, 1, '', 16, '2022-11-15 10:01:34', 54),
(13342, 0, 19054, NULL, 100.8, 1, '', 16, '2022-11-15 10:01:54', 54),
(13343, 0, 19056, NULL, 102.2, 1, '', 21, '2022-11-15 10:06:43', 54),
(13344, 0, 19057, NULL, 124.2, 1, '', 56, '2022-11-15 10:11:51', 54),
(13345, 1, 19056, NULL, 10.12, 1, '', 16, '2022-11-15 10:33:31', 54),
(13346, 0, 19058, NULL, 156.3, 1, '', 22, '2022-11-15 10:45:54', 54),
(13347, 1, 19057, NULL, 7.38, 1, '', 56, '2022-11-15 10:59:31', 55),
(13348, 1, 19054, NULL, 8.32, 1, '', 16, '2022-11-15 11:44:51', 54),
(13349, 0, 19059, NULL, 120.4, 1, '', 48, '2022-11-15 11:53:53', 55),
(13350, 0, 19060, NULL, 154.7, 1, '', 48, '2022-11-15 12:05:41', 55),
(13351, 1, 19053, NULL, 7.2, 1, '', 48, '2022-11-15 12:09:01', 55),
(13352, 1, 19060, NULL, 5.16, 1, '', 48, '2022-11-15 12:29:07', 55),
(13353, 1, 19058, NULL, 10.2, 1, '', 15, '2022-11-15 12:58:08', 55),
(13354, 1, 19059, NULL, 7.28, 1, '', 21, '2022-11-15 14:26:39', 55),
(13355, 1, 19061, NULL, 9.52, 1, 'CONTRAMUESTRA 9.78', 56, '2022-11-15 16:10:11', 55),
(13356, 0, 19067, NULL, 214, 1, '', 15, '2022-11-15 16:59:42', 55),
(13357, 0, 19066, NULL, 192.5, 1, '', 15, '2022-11-15 17:03:58', 54),
(13358, 1, 19066, NULL, 10.78, 1, '', 56, '2022-11-15 17:59:30', 55),
(13359, 1, 19067, NULL, 9.58, 1, '', 56, '2022-11-15 17:59:47', 55),
(13360, 1, 19068, NULL, 8.76, 1, '', 56, '2022-11-15 18:13:56', 55),
(13361, 0, 19068, NULL, 200.2, 1, '', 56, '2022-11-15 18:22:07', 55),
(13362, 1, 19064, NULL, 7.82, 1, '', 56, '2022-11-15 18:35:56', 55),
(13363, 1, 19065, NULL, 7.18, 1, '', 56, '2022-11-15 18:36:28', 55),
(13364, 1, 19063, NULL, 7.74, 1, '', 56, '2022-11-15 18:36:57', 55),
(13365, 0, 19063, NULL, 196.5, 1, '', 56, '2022-11-15 18:44:21', 55),
(13366, 0, 19064, NULL, 256.3, 1, '', 56, '2022-11-15 18:44:50', 55),
(13367, 0, 19065, NULL, 245.6, 1, '', 56, '2022-11-15 18:45:10', 55),
(13368, 0, 19070, NULL, 300.2, 1, '', 15, '2022-11-15 19:13:54', 55),
(13369, 0, 19071, NULL, 200.6, 1, '', 10, '2022-11-15 19:14:49', 55),
(13370, 1, 19070, NULL, 6.54, 1, '', 10, '2022-11-15 19:54:19', 54),
(13371, 1, 19071, NULL, 7.54, 1, '', 10, '2022-11-15 19:54:38', 54),
(13372, 0, 19072, NULL, 300.2, 1, '', 10, '2022-11-15 20:48:16', 54),
(13373, 0, 19073, NULL, 320.2, 1, '', 10, '2022-11-15 20:48:34', 54),
(13374, 0, 19074, NULL, 400.2, 1, '', 10, '2022-11-15 20:48:50', 54),
(13375, 1, 19069, NULL, 7.58, 1, 'CONTRAMUESTRA 7.54KG', 10, '2022-11-15 20:50:24', 54),
(13376, 1, 19072, NULL, 6.2, 1, '', 10, '2022-11-15 21:21:38', 54),
(13377, 1, 19073, NULL, 6.9, 1, '', 10, '2022-11-15 21:21:51', 54),
(13378, 1, 19074, NULL, 10.26, 1, '', 10, '2022-11-15 23:08:25', 54),
(13379, 0, 19075, NULL, 365.1, 1, '', 10, '2022-11-15 23:51:46', 54),
(13380, 1, 19075, NULL, 7.12, 1, '', 10, '2022-11-16 00:17:03', 54),
(13381, 0, 19076, NULL, 300, 1, '', 10, '2022-11-16 01:19:41', 49),
(13382, 1, 19076, NULL, 8.9, 1, '', 10, '2022-11-16 01:35:08', 54),
(13383, 0, 19077, NULL, 300, 1, '', 10, '2022-11-16 02:03:14', 54),
(13384, 0, 19078, NULL, 248.4, 1, '', 49, '2022-11-16 02:17:47', 54),
(13385, 1, 19077, NULL, 8.94, 1, '', 10, '2022-11-16 02:25:48', 10),
(13386, 1, 19078, NULL, 5.24, 1, '', 10, '2022-11-16 02:58:12', 54),
(13387, 0, 19079, NULL, 326.5, 1, '', 10, '2022-11-16 03:11:26', 54),
(13388, 0, 19080, NULL, 365.9, 1, '', 10, '2022-11-16 03:11:46', 54),
(13389, 1, 19080, NULL, 6.48, 1, '', 10, '2022-11-16 03:31:40', 54),
(13390, 1, 19079, NULL, 8.46, 1, '', 10, '2022-11-16 03:35:53', 54),
(13391, 1, 19081, NULL, 6.48, 1, '', 10, '2022-11-16 04:49:43', 10),
(13392, 0, 19081, NULL, 354.1, 1, '', 10, '2022-11-16 05:00:42', 54),
(13393, 0, 19082, NULL, 326.5, 1, '', 10, '2022-11-16 05:55:12', 54),
(13394, 1, 19082, NULL, 8.56, 1, '', 10, '2022-11-16 06:00:52', 54),
(13395, 0, 19083, NULL, 325.2, 1, '', 10, '2022-11-16 06:45:15', 54),
(13396, 1, 19083, NULL, 8.9, 1, '', 10, '2022-11-16 06:53:29', 54),
(13397, 0, 19085, NULL, 120.4, 1, '', 17, '2022-11-16 07:58:43', 54),
(13398, 0, 19086, NULL, 100.2, 1, '', 56, '2022-11-16 08:43:56', 54),
(13399, 0, 19087, NULL, 200.4, 1, '', 15, '2022-11-16 09:04:28', 54),
(13400, 1, 19094, NULL, 7.9, 1, 'CONTRAMUESTRA 7.92', 48, '2022-11-16 16:35:39', 54),
(13401, 1, 19087, NULL, 9.42, 1, '', 21, '2022-11-16 16:53:14', 54),
(13402, 1, 19084, NULL, 8.64, 1, '', 21, '2022-11-16 16:55:13', 54),
(13403, 1, 19088, NULL, 8.76, 1, '', 21, '2022-11-16 16:55:58', 54),
(13404, 1, 19095, NULL, 8.8, 1, '', 21, '2022-11-16 16:56:37', 54),
(13405, 1, 19086, NULL, 8.52, 1, '', 21, '2022-11-16 16:57:09', 54),
(13406, 1, 19085, NULL, 6.58, 1, 'D.t.m 7.78', 21, '2022-11-16 16:58:22', 54),
(13407, 1, 19091, NULL, 7.4, 1, 'CONTRAMUESTRA 7.36', 21, '2022-11-16 17:01:08', 54),
(13408, 1, 19090, NULL, 7.42, 1, 'CONTRAMUESTRA 7.28', 21, '2022-11-16 17:02:08', 54),
(13409, 1, 19096, NULL, 6.74, 1, 'CONTRAMUESTRA 6.74', 48, '2022-11-16 17:33:55', 54),
(13410, 1, 19097, NULL, 6.94, 1, 'CONTRAMUESTRA 6.90', 48, '2022-11-16 17:35:34', 54),
(13411, 1, 19099, NULL, 9.08, 1, '', 17, '2022-11-16 17:36:28', 54),
(13412, 1, 19098, NULL, 7, 1, 'CONTRAMUESTRA 7.14', 21, '2022-11-16 17:46:22', 54),
(13413, 0, 19100, NULL, 300, 1, '', 10, '2022-11-16 19:45:02', 54),
(13414, 0, 19101, NULL, 248.4, 1, '', 10, '2022-11-16 20:03:13', 54),
(13415, 1, 19100, NULL, 5.52, 1, '', 10, '2022-11-16 20:23:15', 54),
(13416, 1, 19101, NULL, 5.3, 1, '', 10, '2022-11-16 20:39:14', 54),
(13417, 0, 19104, NULL, 326.5, 1, '', 10, '2022-11-16 21:38:01', 54),
(13418, 0, 19102, NULL, 320, 1, '', 10, '2022-11-16 21:45:27', 54),
(13419, 0, 19103, NULL, 320.1, 1, '', 10, '2022-11-16 21:45:45', 54),
(13420, 1, 19102, NULL, 4.82, 1, '', 10, '2022-11-16 21:46:22', 54),
(13421, 1, 19103, NULL, 6.28, 1, '', 10, '2022-11-16 21:54:21', 54),
(13422, 1, 19104, NULL, 7.5, 1, '', 10, '2022-11-16 22:24:48', 54),
(13423, 0, 19105, NULL, 300.2, 1, '', 10, '2022-11-17 01:59:50', 49),
(13425, 0, 19106, NULL, 326.5, 1, '', 10, '2022-11-17 03:35:24', 49),
(13427, 0, 19107, NULL, 320.5, 1, '', 10, '2022-11-17 04:37:04', 49),
(13429, 0, 19108, NULL, 185.2, 1, '', 15, '2022-11-17 07:30:56', 55),
(13436, 0, 19109, NULL, 200.2, 1, '', 15, '2022-11-17 09:40:04', 55),
(13437, 0, 19110, NULL, 192.5, 1, '', 15, '2022-11-17 09:40:48', 55),
(13438, 1, 19105, NULL, 6.1, 1, '', 10, '2022-11-17 10:02:51', 54),
(13439, 1, 19106, NULL, 5.84, 1, '', 10, '2022-11-17 10:03:00', 54),
(13440, 1, 19107, NULL, 5.9, 1, '', 10, '2022-11-17 10:03:08', 54),
(13441, 1, 19108, NULL, 6.08, 1, '', 15, '2022-11-17 10:03:23', 54),
(13443, 1, 19109, NULL, 5.4, 1, 'DUPLICADO 5.08', 15, '2022-11-17 10:03:41', 54),
(13444, 1, 19110, NULL, 6.12, 1, '', 15, '2022-11-17 10:03:52', 54),
(13445, 1, 19113, NULL, 9.42, 1, '', 16, '2022-11-17 10:53:20', 22),
(13446, 1, 19114, NULL, 7.44, 1, '', 56, '2022-11-17 11:19:12', 22),
(13447, 1, 19115, NULL, 6.7, 1, '', 56, '2022-11-17 11:20:18', 22),
(13448, 0, 19113, NULL, 185.1, 1, '', 56, '2022-11-17 11:23:48', 22),
(13449, 0, 19115, NULL, 160.1, 1, '', 56, '2022-11-17 11:25:33', 22),
(13450, 0, 19114, NULL, 198.5, 1, '', 56, '2022-11-17 11:29:25', 22),
(13451, 1, 19116, NULL, 9.64, 1, '', 16, '2022-11-17 13:50:25', 16),
(13452, 0, 19116, NULL, 196.3, 1, '', 16, '2022-11-17 14:32:04', 55),
(13453, 0, 19118, NULL, 383.2, 1, '', 15, '2022-11-17 15:28:36', 55),
(13454, 1, 19118, NULL, 8.2, 1, '', 16, '2022-11-17 15:55:34', 16),
(13455, 0, 19122, NULL, 326.5, 1, '', 10, '2022-11-17 19:36:23', 54),
(13456, 0, 19120, NULL, 326.4, 1, '', 10, '2022-11-17 19:36:42', 54),
(13457, 0, 19121, NULL, 369.4, 1, '', 10, '2022-11-17 19:37:02', 54),
(13458, 0, 19123, NULL, 326.5, 1, '', 54, '2022-11-17 19:59:00', 54),
(13459, 1, 19119, NULL, 8.14, 1, '', 10, '2022-11-17 20:29:48', 54),
(13460, 1, 19121, NULL, 5.36, 1, '', 10, '2022-11-17 20:30:20', 54),
(13461, 1, 19120, NULL, 5.46, 1, '', 10, '2022-11-17 20:30:49', 54),
(13462, 1, 19123, NULL, 6.64, 1, '', 10, '2022-11-17 20:31:22', 54),
(13464, 1, 19112, NULL, 5.74, 1, '', 10, '2022-11-17 20:34:51', 54),
(13465, 1, 19122, NULL, 5.72, 1, '', 54, '2022-11-17 22:04:11', 54),
(13466, 0, 19119, NULL, 357.5, 1, '', 54, '2022-11-17 22:05:14', 54),
(13467, 0, 19125, NULL, 326.1, 1, '', 54, '2022-11-18 00:13:38', 54),
(13468, 0, 19124, NULL, 324.8, 1, '', 54, '2022-11-18 00:15:23', 54),
(13469, 1, 19124, NULL, 6.54, 1, '', 54, '2022-11-18 01:13:18', 54),
(13470, 1, 19125, NULL, 5.64, 1, '', 54, '2022-11-18 01:13:35', 54),
(13471, 0, 19126, NULL, 326.8, 1, '', 54, '2022-11-18 02:41:02', 54),
(13472, 1, 19126, NULL, 9.56, 1, '', 54, '2022-11-18 02:41:18', 54),
(13473, 0, 19127, NULL, 357.4, 1, '', 10, '2022-11-18 06:07:19', 54),
(13474, 1, 19127, NULL, 10.06, 1, '', 54, '2022-11-18 06:48:11', 54),
(13475, 1, 19128, NULL, 6.14, 1, '', 54, '2022-11-18 06:49:24', 54),
(13476, 0, 19128, NULL, 113, 1, '', 10, '2022-11-18 07:24:26', 54),
(13478, 0, 19129, NULL, 120.4, 1, '', 16, '2022-11-18 07:55:29', 54),
(13479, 1, 19129, NULL, 7.4, 1, '', 16, '2022-11-18 07:55:44', 54),
(13480, 1, 19130, NULL, 7.7, 1, 'D.t.m. 7.52', 21, '2022-11-18 09:04:13', 54),
(13481, 0, 19130, NULL, 117, 1, '', 21, '2022-11-18 10:22:50', 54),
(13482, 0, 19134, NULL, 235.6, 1, '', 21, '2022-11-18 11:03:50', 54),
(13483, 0, 19135, NULL, 246.2, 1, '', 48, '2022-11-18 11:22:35', 54),
(13484, 1, 19134, NULL, 7.72, 1, '', 16, '2022-11-18 11:31:57', 54),
(13485, 1, 19135, NULL, 8.2, 1, '', 21, '2022-11-18 12:01:35', 54),
(13487, 1, 19132, NULL, 6.9, 1, 'CONTRAMUESTRA 6.92', 56, '2022-11-18 12:22:33', 54),
(13488, 1, 19133, NULL, 6.96, 1, 'CONTRAMUESTRA 7.08', 56, '2022-11-18 12:31:54', 55),
(13489, 0, 19136, NULL, 346.1, 1, '', 48, '2022-11-18 12:40:50', 55),
(13490, 0, 19137, NULL, 189.2, 1, '', 48, '2022-11-18 13:00:05', 55),
(13491, 1, 19137, NULL, 5.4, 1, '', 48, '2022-11-18 13:03:35', 55),
(13492, 0, 19140, NULL, 120, 1, '', 21, '2022-11-18 14:09:25', 55),
(13493, 0, 19139, NULL, 124.6, 1, '', 21, '2022-11-18 14:09:36', 55),
(13494, 0, 19143, NULL, 184, 1, '', 56, '2022-11-18 14:38:06', 55),
(13495, 1, 19140, NULL, 6.58, 1, '', 56, '2022-11-18 14:55:47', 55),
(13496, 1, 19136, NULL, 7.36, 1, '', 56, '2022-11-18 14:57:10', 55),
(13497, 1, 19139, NULL, 7.82, 1, '', 56, '2022-11-18 14:58:13', 55),
(13498, 0, 19144, NULL, 256.3, 1, '', 56, '2022-11-18 15:02:32', 55),
(13499, 1, 19145, NULL, 7.02, 1, '', 21, '2022-11-18 15:47:46', 55),
(13500, 1, 19143, NULL, 7.96, 1, '', 21, '2022-11-18 15:48:17', 55),
(13501, 1, 19144, NULL, 8.3, 1, '', 56, '2022-11-18 16:58:19', 55),
(13502, 1, 19142, NULL, 8.5, 1, 'DUPLICADO 8.7', 56, '2022-11-18 16:58:52', 55),
(13503, 1, 19146, NULL, 6.12, 1, 'CONTRAMUESTRA 5.84', 48, '2022-11-18 17:27:59', 19),
(13504, 0, 19145, NULL, 185.2, 1, '', 56, '2022-11-18 18:02:28', 54),
(13505, 0, 19147, NULL, 200.1, 1, '', 56, '2022-11-18 18:02:39', 54),
(13506, 1, 19147, NULL, 5.5, 1, '', 56, '2022-11-18 18:02:59', 54),
(13507, 0, 19148, NULL, 346.8, 1, '', 48, '2022-11-18 18:38:45', 54),
(13508, 0, 19149, NULL, 324.1, 1, '', 22, '2022-11-18 19:39:19', 54),
(13509, 1, 19148, NULL, 8.84, 1, '', 48, '2022-11-18 20:24:23', 54),
(13510, 1, 19149, NULL, 9.12, 1, '', 10, '2022-11-18 20:25:03', 54),
(13511, 0, 19150, NULL, 456.2, 1, '', 54, '2022-11-18 20:38:22', 54),
(13512, 0, 19151, NULL, 300.2, 1, '', 10, '2022-11-18 21:13:46', 54),
(13513, 1, 19150, NULL, 7.88, 1, '', 49, '2022-11-18 21:14:41', 54),
(13514, 1, 19151, NULL, 7.88, 1, '', 49, '2022-11-18 21:17:32', 54),
(13515, 0, 19152, NULL, 254.2, 1, '', 49, '2022-11-18 21:24:54', 54),
(13516, 1, 19152, NULL, 8.26, 1, '', 54, '2022-11-18 22:14:21', 54),
(13517, 1, 19153, NULL, 6.54, 1, '', 54, '2022-11-18 22:14:49', 54),
(13518, 0, 19153, NULL, 359.4, 1, '', 54, '2022-11-18 22:16:23', 54);
INSERT INTO `Preparacion_RecepcionMuestras` (`Id`, `is_general`, `cod_peso`, `id_analisismuestra`, `peso_muestra`, `cod_detalleenvase`, `observacion`, `cod_usuariotomamuestra`, `fecha_registro`, `usuario_registro`) VALUES
(13519, 0, 19154, NULL, 300.2, 1, '', 49, '2022-11-18 22:59:35', 54),
(13520, 0, 19155, NULL, 320.5, 1, '', 49, '2022-11-18 23:00:02', 54),
(13521, 1, 19154, NULL, 6.16, 1, '', 49, '2022-11-18 23:02:51', 54),
(13522, 0, 19157, NULL, 350.2, 1, '', 49, '2022-11-18 23:19:39', 54),
(13523, 0, 19156, NULL, 348.1, 1, '', 49, '2022-11-18 23:34:19', 54),
(13524, 1, 19157, NULL, 6.36, 1, '', 49, '2022-11-18 23:45:17', 54),
(13525, 1, 19156, NULL, 6.44, 1, '', 49, '2022-11-18 23:45:56', 54),
(13526, 1, 19155, NULL, 6.76, 1, '', 49, '2022-11-19 00:18:12', 54),
(13527, 0, 19158, NULL, 265.4, 1, '', 10, '2022-11-19 00:23:29', 54),
(13528, 0, 19159, NULL, 365.2, 1, '', 10, '2022-11-19 00:24:05', 54),
(13529, 0, 19160, NULL, 369.5, 1, '', 10, '2022-11-19 00:24:42', 54),
(13530, 0, 19161, NULL, 265.2, 1, '', 10, '2022-11-19 00:25:20', 54),
(13531, 1, 19158, NULL, 7.2, 1, '', 49, '2022-11-19 01:46:40', 54),
(13532, 1, 19161, NULL, 6.8, 1, '', 49, '2022-11-19 01:46:52', 54),
(13533, 0, 19162, NULL, 321.5, 1, '', 54, '2022-11-19 02:52:52', 54),
(13534, 1, 19162, NULL, 6.84, 1, '', 54, '2022-11-19 02:54:58', 54),
(13535, 0, 19163, NULL, 348, 1, '', 49, '2022-11-19 03:31:54', 54),
(13536, 0, 19164, NULL, 326, 1, '', 49, '2022-11-19 03:32:18', 54),
(13537, 0, 19165, NULL, 326.5, 1, '', 54, '2022-11-19 03:49:40', 54),
(13538, 1, 19159, NULL, 6.58, 1, '', 54, '2022-11-19 03:50:52', 54),
(13539, 1, 19160, NULL, 9.12, 1, '', 54, '2022-11-19 03:51:11', 54),
(13540, 1, 19164, NULL, 7.54, 1, '', 54, '2022-11-19 03:54:09', 54),
(13541, 1, 19163, NULL, 7.84, 1, '', 54, '2022-11-19 03:54:27', 54),
(13542, 1, 19165, NULL, 8.26, 1, '', 54, '2022-11-19 04:08:48', 54),
(13543, 0, 19166, NULL, 326.5, 1, '', 54, '2022-11-19 04:30:28', 54),
(13544, 0, 19167, NULL, 359.2, 1, '', 54, '2022-11-19 04:31:35', 54),
(13545, 1, 19166, NULL, 6.54, 1, '', 54, '2022-11-19 05:44:22', 54),
(13546, 1, 19167, NULL, 8.02, 1, '', 54, '2022-11-19 05:44:38', 54),
(13547, 0, 19168, NULL, 120.4, 1, '', 16, '2022-11-19 07:54:21', 54),
(13548, 1, 19168, NULL, 7.1, 1, 'DTM2 7.24', 16, '2022-11-19 07:55:35', 54),
(13549, 0, 19175, NULL, 120.6, 1, '', 48, '2022-11-19 09:52:25', 17),
(13550, 0, 19169, NULL, 200.4, 1, '', 48, '2022-11-19 09:53:23', 17),
(13551, 0, 19170, NULL, 146.8, 1, '', 48, '2022-11-19 09:54:10', 17),
(13552, 0, 19176, NULL, 356.1, 1, '', 22, '2022-11-19 10:02:33', 17),
(13553, 0, 19177, NULL, 423.6, 1, '', 48, '2022-11-19 10:03:04', 17),
(13554, 0, 19178, NULL, 220, 3, '', 15, '2022-11-19 10:19:58', 17),
(13555, 1, 19172, NULL, 7.52, 1, '', 15, '2022-11-19 10:59:38', 17),
(13556, 1, 19175, NULL, 7.44, 1, '', 15, '2022-11-19 11:11:53', 17),
(13557, 0, 19172, NULL, 236.5, 1, '', 15, '2022-11-19 11:13:15', 17),
(13558, 0, 19179, NULL, 240.6, 1, '', 5, '2022-11-19 11:16:09', 17),
(13559, 1, 19171, NULL, 7.24, 3, '', 15, '2022-11-19 11:24:39', 17),
(13560, 0, 19171, NULL, 220, 3, '', 15, '2022-11-19 11:25:01', 17),
(13561, 1, 19169, NULL, 8, 1, '', 15, '2022-11-19 11:26:56', 17),
(13562, 1, 19176, NULL, 8.68, 3, '', 15, '2022-11-19 11:27:28', 17),
(13563, 1, 19177, NULL, 7.08, 3, '', 15, '2022-11-19 11:27:58', 17),
(13564, 1, 19170, NULL, 8.24, 3, '', 15, '2022-11-19 11:28:35', 17),
(13565, 1, 19174, NULL, 7.14, 3, 'CONTRAMUESTRA 7.36 KG', 15, '2022-11-19 11:29:20', 17),
(13566, 1, 19179, NULL, 9.64, 1, '', 15, '2022-11-19 13:55:41', 16),
(13567, 1, 19183, NULL, 8.42, 1, '', 15, '2022-11-19 13:56:10', 16),
(13568, 1, 19184, NULL, 7.48, 1, '', 16, '2022-11-19 13:56:28', 16),
(13569, 0, 19185, NULL, 140.2, 1, '', 16, '2022-11-19 15:00:02', 17),
(13570, 0, 19184, NULL, 124.6, 1, '', 15, '2022-11-19 15:02:22', 17),
(13571, 0, 19183, NULL, 244.2, 1, '', 15, '2022-11-19 15:02:44', 17),
(13572, 1, 19181, NULL, 9.04, 1, 'contramuestra 8.32', 56, '2022-11-19 15:29:18', 17),
(13573, 1, 19182, NULL, 7.9, 1, 'contramuestra 7.66', 56, '2022-11-19 15:29:52', 17),
(13574, 1, 19185, NULL, 6.88, 1, '', 56, '2022-11-19 16:27:24', 17),
(13575, 1, 19178, NULL, 6.88, 1, '', 56, '2022-11-19 18:38:01', 17),
(13576, 1, 19187, NULL, 8.24, 1, '', 56, '2022-11-19 19:16:48', 54),
(13577, 1, 19188, NULL, 6.1, 1, '', 56, '2022-11-19 19:17:18', 54),
(13578, 0, 19187, NULL, 256.3, 1, '', 56, '2022-11-19 19:18:14', 54),
(13579, 0, 19188, NULL, 243.5, 1, '', 56, '2022-11-19 19:18:30', 54),
(13580, 0, 19189, NULL, 235.1, 1, '', 56, '2022-11-19 20:41:12', 54),
(13581, 1, 19189, NULL, 9.28, 1, '', 56, '2022-11-19 20:44:35', 54),
(13582, 0, 19190, NULL, 257.2, 1, '', 9, '2022-11-19 22:02:25', 54),
(13583, 1, 19190, NULL, 6.72, 1, '', 9, '2022-11-19 22:03:41', 54),
(13584, 1, 19191, NULL, 7.38, 1, '', 9, '2022-11-20 01:05:51', 54),
(13585, 1, 19192, NULL, 7.76, 1, '', 9, '2022-11-20 01:07:34', 54),
(13586, 1, 19193, NULL, 7.88, 1, '', 9, '2022-11-20 01:08:33', 54),
(13587, 0, 19191, NULL, 287.3, 1, '', 9, '2022-11-20 01:09:56', 54),
(13588, 0, 19192, NULL, 309.8, 1, '', 9, '2022-11-20 01:10:30', 54),
(13589, 0, 19193, NULL, 265.2, 1, '', 9, '2022-11-20 01:11:43', 54),
(13590, 0, 19194, NULL, 215.2, 1, '', 9, '2022-11-20 03:42:51', 54),
(13591, 1, 19194, NULL, 7.42, 1, '', 9, '2022-11-20 03:43:13', 54),
(13592, 0, 19195, NULL, 253.3, 1, '', 9, '2022-11-20 05:42:22', 54),
(13593, 1, 19195, NULL, 6.68, 1, '', 9, '2022-11-20 05:43:28', 54),
(13594, 0, 19196, NULL, 244.6, 1, '', 21, '2022-11-20 08:44:29', 54),
(13595, 0, 19197, NULL, 222.22, 1, '', 21, '2022-11-20 08:45:20', 54),
(13596, 1, 19197, NULL, 6.3, 1, '', 56, '2022-11-20 09:53:23', 54),
(13597, 1, 19196, NULL, 5.62, 1, '', 56, '2022-11-20 09:54:12', 54),
(13598, 0, 19198, NULL, 238.66, 1, '', 21, '2022-11-20 15:59:38', 54),
(13599, 1, 19198, NULL, 5.68, 1, '', 56, '2022-11-20 19:38:10', 55),
(13600, 0, 19199, NULL, 200.1, 1, '', 56, '2022-11-20 21:53:59', 55),
(13602, 1, 19199, NULL, 9.42, 1, '', 15, '2022-11-20 22:18:24', 55),
(13603, 0, 19200, NULL, 220, 3, '', 15, '2022-11-21 06:51:06', 54),
(13604, 1, 19200, NULL, 7.52, 1, 'CONTRAMUESTRA - 10.84', 56, '2022-11-21 09:27:25', 54),
(13605, 0, 19204, NULL, 342.6, 1, '', 48, '2022-11-21 09:47:04', 54),
(13606, 0, 19203, NULL, 236.1, 1, '', 22, '2022-11-21 09:48:02', 54),
(13607, 0, 19205, NULL, 124.6, 1, '', 10, '2022-11-21 10:42:35', 54),
(13608, 1, 19201, NULL, 7.4, 1, '', 56, '2022-11-21 11:18:46', 54),
(13609, 1, 19204, NULL, 7.6, 1, '', 56, '2022-11-21 11:19:33', 54),
(13610, 0, 19206, NULL, 300.2, 1, '', 56, '2022-11-21 11:42:08', 54),
(13611, 0, 19207, NULL, 320.2, 1, '', 56, '2022-11-21 12:29:29', 54),
(13612, 1, 18074, NULL, 8.6, 1, '', 48, '2022-11-21 13:20:52', 6),
(13613, 1, 18076, NULL, 8.42, 1, '', 48, '2022-11-21 13:21:01', 6),
(13614, 1, 18077, NULL, 7.44, 1, 'CONTRAMUESTRA: 7.44', 48, '2022-11-21 13:21:10', 6),
(13615, 0, 19209, NULL, 218.4, 1, '', 54, '2022-11-21 13:34:12', 54),
(13616, 0, 19208, NULL, 529.7, 1, '', 54, '2022-11-21 13:34:54', 54),
(13617, 0, 19211, NULL, 348.7, 1, '', 54, '2022-11-21 13:56:03', 54),
(13618, 1, 19209, NULL, 6.96, 1, '', 56, '2022-11-21 14:10:10', 54),
(13619, 1, 19207, NULL, 7.16, 1, '', 56, '2022-11-21 14:10:44', 54),
(13620, 1, 19205, NULL, 5.74, 1, '', 56, '2022-11-21 14:11:49', 54),
(13621, 1, 19203, NULL, 8.02, 1, '', 56, '2022-11-21 14:12:37', 54),
(13622, 1, 19206, NULL, 8.2, 1, '', 56, '2022-11-21 14:29:18', 54),
(13623, 1, 19211, NULL, 7.4, 1, '', 56, '2022-11-21 14:37:46', 54),
(13624, 1, 19208, NULL, 7.38, 1, '', 56, '2022-11-21 15:52:12', 54),
(13625, 1, 19212, NULL, 7.12, 1, '', 56, '2022-11-21 16:00:02', 54),
(13626, 0, 19212, NULL, 350.12, 1, '', 21, '2022-11-21 19:13:24', 54),
(13627, 0, 19213, NULL, 185.2, 1, '', 21, '2022-11-21 20:34:50', 55),
(13628, 0, 19201, NULL, 220, 3, '', 55, '2022-11-21 20:44:13', 55),
(13629, 1, 19213, NULL, 12.18, 3, '', 21, '2022-11-21 20:44:35', 55),
(13630, 0, 19214, NULL, 189.2, 1, '', 21, '2022-11-21 21:20:53', 55),
(13631, 1, 19214, NULL, 8.9, 1, '', 21, '2022-11-21 21:21:22', 55),
(13632, 0, 19215, NULL, 360.22, 1, '', 21, '2022-11-21 23:03:21', 54),
(13633, 1, 19215, NULL, 8.6, 1, '', 21, '2022-11-21 23:27:08', 54),
(13634, 0, 19216, NULL, 184.2, 1, '', 21, '2022-11-21 23:59:12', 54),
(13635, 1, 19216, NULL, 7.62, 1, '', 21, '2022-11-21 23:59:42', 54),
(13636, 0, 19217, NULL, 150.1, 1, '', 21, '2022-11-22 00:28:39', 54),
(13637, 1, 19217, NULL, 7.4, 1, '', 21, '2022-11-22 00:45:30', 54),
(13638, 0, 19218, NULL, 215.3, 1, '', 21, '2022-11-22 03:23:56', 54),
(13639, 0, 19219, NULL, 256.1, 1, '', 21, '2022-11-22 03:24:07', 54),
(13640, 1, 19218, NULL, 6.68, 1, '', 21, '2022-11-22 04:30:34', 54),
(13641, 1, 19219, NULL, 6.82, 1, '', 21, '2022-11-22 04:31:31', 54),
(13642, 0, 19220, NULL, 216.5, 1, '', 21, '2022-11-22 06:32:14', 55),
(13643, 1, 19220, NULL, 7.34, 1, '', 21, '2022-11-22 06:44:32', 55),
(13644, 0, 19223, NULL, 359.4, 1, '', 56, '2022-11-22 09:26:49', 54),
(13645, 0, 19222, NULL, 359.2, 1, '', 56, '2022-11-22 09:29:23', 54),
(13646, 0, 19224, NULL, 359.5, 1, '', 56, '2022-11-22 10:08:42', 54),
(13647, 0, 19225, NULL, 326.5, 1, '', 56, '2022-11-22 10:11:35', 54),
(13648, 0, 19227, NULL, 326.5, 1, '', 56, '2022-11-22 12:16:05', 54),
(13649, 0, 19228, NULL, 357.9, 1, '', 56, '2022-11-22 12:16:25', 54),
(13650, 1, 19227, NULL, 7.54, 1, '', 16, '2022-11-22 12:43:48', 16),
(13651, 1, 19228, NULL, 8, 1, '', 16, '2022-11-22 14:06:56', 54),
(13652, 1, 19222, NULL, 7.6, 1, '', 56, '2022-11-22 14:10:04', 54),
(13653, 1, 19223, NULL, 7.6, 1, '', 56, '2022-11-22 14:10:20', 54),
(13654, 1, 19224, NULL, 7.8, 1, '', 56, '2022-11-22 14:10:48', 54),
(13655, 1, 19225, NULL, 8.1, 1, '', 56, '2022-11-22 14:11:04', 54),
(13656, 0, 19229, NULL, 300, 1, '', 16, '2022-11-22 16:34:26', 54),
(13657, 1, 19229, NULL, 6.82, 1, '', 16, '2022-11-22 16:54:43', 22),
(13658, 0, 19231, NULL, 8.1, 1, '', 21, '2022-11-22 20:28:38', 16),
(13659, 1, 19231, NULL, 8.62, 1, '', 21, '2022-11-22 20:39:22', 55),
(13660, 0, 19234, NULL, 236.4, 1, '', 21, '2022-11-22 21:40:57', 55),
(13661, 0, 19232, NULL, 215.6, 1, '', 21, '2022-11-22 21:43:02', 55),
(13662, 1, 19234, NULL, 6.24, 1, '', 21, '2022-11-22 21:46:31', 55),
(13663, 1, 19232, NULL, 6.56, 1, '', 21, '2022-11-22 21:46:46', 55),
(13664, 1, 19233, NULL, 8.38, 1, '', 21, '2022-11-22 21:50:07', 54),
(13665, 0, 19233, NULL, 284.1, 1, '', 21, '2022-11-22 21:50:47', 54),
(13666, 1, 19235, NULL, 8.06, 1, '', 21, '2022-11-23 00:01:19', 21),
(13667, 0, 19235, NULL, 180.1, 1, '', 21, '2022-11-23 00:22:00', 55),
(13668, 0, 19236, NULL, 235.4, 1, '', 21, '2022-11-23 07:31:05', 54),
(13669, 1, 19236, NULL, 6.52, 1, '', 21, '2022-11-23 07:31:39', 54),
(13670, 1, 19237, NULL, 8.2, 1, 'DUPLUICADO - 7.90', 56, '2022-11-23 08:02:46', 54),
(13671, 0, 19237, NULL, 268.9, 1, '', 56, '2022-11-23 08:03:17', 54),
(13672, 1, 19221, NULL, 7.1, 1, '', 48, '2022-11-23 08:52:15', 19),
(13673, 0, 19238, NULL, 342.6, 1, '', 48, '2022-11-23 09:14:42', 54),
(13674, 0, 19239, NULL, 423.1, 1, '', 48, '2022-11-23 09:15:05', 54),
(13675, 1, 19238, NULL, 4.9, 1, '', 22, '2022-11-23 09:29:55', 54),
(13676, 1, 19239, NULL, 4.7, 1, '', 22, '2022-11-23 09:30:14', 54),
(13677, 0, 19240, NULL, 326.4, 1, '', 48, '2022-11-23 10:06:02', 54),
(13678, 0, 19241, NULL, 364.2, 1, '', 48, '2022-11-23 10:06:17', 54),
(13679, 0, 19242, NULL, 263.9, 1, '', 22, '2022-11-23 10:06:32', 54),
(13680, 0, 19243, NULL, 367.1, 1, '', 48, '2022-11-23 10:06:45', 54),
(13681, 1, 19240, NULL, 6.78, 1, '', 48, '2022-11-23 10:45:03', 54),
(13682, 1, 19243, NULL, 5.54, 1, '', 48, '2022-11-23 10:46:07', 54),
(13683, 1, 19241, NULL, 6.14, 1, '', 48, '2022-11-23 10:46:41', 54),
(13684, 1, 19242, NULL, 7.92, 1, '', 48, '2022-11-23 10:47:13', 54),
(13685, 0, 19245, NULL, 236.5, 1, '', 48, '2022-11-23 11:49:21', 54),
(13686, 0, 19246, NULL, 362.1, 1, '', 48, '2022-11-23 11:51:38', 54),
(13687, 1, 19246, NULL, 4.68, 1, '', 48, '2022-11-23 14:46:57', 54),
(13688, 1, 19247, NULL, 6.72, 1, '', 22, '2022-11-23 14:48:09', 54),
(13689, 1, 19245, NULL, 7.3, 1, '', 48, '2022-11-23 14:49:45', 54),
(13690, 0, 19247, NULL, 200, 1, '', 22, '2022-11-23 14:53:11', 54),
(13692, 0, 19248, NULL, 300.4, 1, '', 54, '2022-11-23 15:13:14', 54),
(13693, 1, 19248, NULL, 7.46, 1, '', 48, '2022-11-23 15:13:35', 54),
(13694, 0, 19249, NULL, 210.2, 1, '', 49, '2022-11-23 18:14:07', 54),
(13695, 0, 19251, NULL, 214.2, 1, '', 49, '2022-11-23 18:14:29', 54),
(13696, 0, 19250, NULL, 253.1, 1, '', 49, '2022-11-23 18:14:51', 54),
(13697, 0, 19253, NULL, 230.2, 1, '', 54, '2022-11-23 19:00:59', 54),
(13698, 0, 19254, NULL, 236.5, 1, '', 21, '2022-11-23 20:02:00', 55),
(13699, 0, 19252, NULL, 196.4, 1, '', 21, '2022-11-23 20:02:17', 55),
(13700, 0, 19255, NULL, 185.2, 1, '', 21, '2022-11-23 21:28:01', 54),
(13701, 1, 19255, NULL, 8.1, 1, '', 21, '2022-11-23 21:32:10', 54),
(13702, 0, 19256, NULL, 213.5, 1, '', 21, '2022-11-23 23:26:35', 54),
(13703, 1, 19256, NULL, 8.25, 1, '', 21, '2022-11-23 23:32:42', 54),
(13704, 0, 19257, NULL, 184.2, 1, '', 21, '2022-11-24 00:48:34', 54),
(13705, 1, 19257, NULL, 8.06, 1, '', 21, '2022-11-24 00:58:55', 21),
(13706, 1, 19258, NULL, 7.88, 1, '', 21, '2022-11-24 03:55:26', 21),
(13707, 0, 19258, NULL, 234.8, 1, '', 21, '2022-11-24 03:55:31', 55),
(13708, 1, 19259, NULL, 8, 1, '', 21, '2022-11-24 07:11:12', 54),
(13709, 0, 19259, NULL, 326.5, 1, '', 21, '2022-11-24 07:15:04', 54),
(13710, 1, 19251, NULL, 7.58, 1, '', 56, '2022-11-24 07:17:37', 19),
(13711, 1, 19250, NULL, 7.9, 1, '', 56, '2022-11-24 07:18:33', 19),
(13712, 1, 19249, NULL, 8.1, 1, '', 56, '2022-11-24 07:19:29', 19),
(13713, 1, 19253, NULL, 8.26, 1, '', 56, '2022-11-24 07:21:45', 19),
(13714, 1, 19254, NULL, 8.6, 1, '', 22, '2022-11-24 07:23:01', 19),
(13715, 1, 19252, NULL, 6.98, 1, '', 48, '2022-11-24 07:23:15', 19),
(13716, 0, 19260, NULL, 326.4, 1, '', 16, '2022-11-24 07:57:38', 54),
(13717, 0, 19261, NULL, 326.5, 1, '', 16, '2022-11-24 07:58:05', 54),
(13718, 1, 19261, NULL, 8.02, 1, '', 16, '2022-11-24 08:00:55', 54),
(13719, 1, 19260, NULL, 7.56, 1, '', 16, '2022-11-24 08:01:12', 54),
(13720, 1, 19263, NULL, 9.12, 1, '', 16, '2022-11-24 08:06:25', 54),
(13721, 0, 19263, NULL, 235.4, 1, '', 16, '2022-11-24 08:06:49', 54),
(13723, 1, 19262, NULL, 10.46, 1, '', 48, '2022-11-24 08:36:43', 54),
(13724, 0, 19262, NULL, 269.8, 1, '', 48, '2022-11-24 08:36:58', 54),
(13725, 0, 19264, NULL, 326.5, 1, '', 16, '2022-11-24 09:10:17', 54),
(13726, 1, 19264, NULL, 8.2, 1, '', 16, '2022-11-24 09:12:42', 54),
(13727, 0, 19266, NULL, 126.4, 1, '', 48, '2022-11-24 10:26:50', 54),
(13728, 0, 19268, NULL, 128.2, 1, '', 10, '2022-11-24 10:38:12', 54),
(13729, 1, 19268, NULL, 6.88, 1, '', 10, '2022-11-24 10:52:27', 54),
(13730, 0, 19271, NULL, 320.2, 1, '', 54, '2022-11-24 11:01:05', 54),
(13731, 0, 19265, NULL, 220.2, 1, '', 56, '2022-11-24 11:02:35', 54),
(13732, 1, 19266, NULL, 9.58, 1, '', 56, '2022-11-24 11:03:13', 54),
(13733, 1, 19265, NULL, 9.4, 1, '', 56, '2022-11-24 11:03:42', 54),
(13734, 1, 19271, NULL, 6.32, 1, '', 48, '2022-11-24 11:04:26', 54),
(13735, 0, 19272, NULL, 236.5, 1, '', 48, '2022-11-24 11:24:55', 54),
(13736, 1, 19272, NULL, 6.44, 1, '', 22, '2022-11-24 11:29:52', 54),
(13737, 1, 19273, NULL, 7.54, 1, '', 10, '2022-11-24 11:35:19', 16),
(13738, 0, 19274, NULL, 324.6, 1, '', 48, '2022-11-24 12:08:22', 54),
(13739, 1, 19274, NULL, 7.84, 1, '', 10, '2022-11-24 12:56:39', 16),
(13740, 0, 19273, NULL, 369.5, 1, '', 48, '2022-11-24 14:50:38', 54),
(13741, 0, 19276, NULL, 226.9, 1, '', 56, '2022-11-24 14:50:57', 54),
(13744, 1, 19270, NULL, 7.3, 1, 'contramuestras - 6.96 kg', 56, '2022-11-24 14:53:23', 54),
(13745, 1, 19269, NULL, 7, 1, 'contramuestra- 7.00 kg', 56, '2022-11-24 14:53:33', 54),
(13746, 1, 19276, NULL, 7.3, 1, '', 10, '2022-11-24 16:24:30', 54),
(13747, 0, 19277, NULL, 124, 1, '', 10, '2022-11-24 16:54:22', 54),
(13748, 0, 19278, NULL, 200.4, 1, '', 10, '2022-11-24 17:07:30', 54),
(13749, 1, 19277, NULL, 7.4, 1, '', 21, '2022-11-24 20:27:47', 55),
(13751, 1, 19278, NULL, 7.64, 1, '', 21, '2022-11-24 20:30:47', 55),
(13752, 1, 19279, NULL, 8.12, 1, '', 21, '2022-11-24 20:32:14', 55),
(13753, 0, 19281, NULL, 216.3, 1, '', 21, '2022-11-24 20:33:43', 55),
(13754, 0, 19282, NULL, 215.4, 1, '', 21, '2022-11-24 20:34:02', 55),
(13755, 0, 19280, NULL, 215.4, 1, '', 21, '2022-11-24 20:36:59', 55),
(13756, 0, 19279, NULL, 236.8, 1, '', 21, '2022-11-24 20:37:18', 55),
(13757, 1, 19280, NULL, 6.96, 1, '', 21, '2022-11-24 20:39:17', 55),
(13758, 1, 19281, NULL, 8.16, 1, '', 21, '2022-11-24 20:56:48', 55),
(13759, 1, 19282, NULL, 7.56, 1, '', 21, '2022-11-24 20:57:24', 55),
(13760, 0, 19284, NULL, 185.2, 1, '', 21, '2022-11-24 21:11:51', 55),
(13761, 0, 19283, NULL, 196.3, 1, '', 21, '2022-11-24 21:13:52', 55),
(13762, 0, 19285, NULL, 220.1, 1, '', 21, '2022-11-24 21:15:02', 55),
(13763, 1, 19283, NULL, 9.4, 1, '', 21, '2022-11-24 21:17:08', 55),
(13764, 1, 19285, NULL, 8.6, 1, '', 21, '2022-11-24 21:17:27', 55),
(13765, 1, 19284, NULL, 9.42, 1, '', 21, '2022-11-24 21:17:55', 55),
(13766, 0, 19286, NULL, 184.4, 1, '', 21, '2022-11-25 01:22:36', 54),
(13767, 0, 19287, NULL, 202.1, 1, '', 21, '2022-11-25 01:23:07', 54),
(13768, 1, 19286, NULL, 8.42, 1, '', 21, '2022-11-25 01:23:32', 54),
(13769, 1, 19287, NULL, 9.22, 1, '', 21, '2022-11-25 01:23:48', 54),
(13770, 0, 19288, NULL, 326.5, 1, '', 21, '2022-11-25 07:30:51', 54),
(13771, 1, 19288, NULL, 8.46, 1, '', 21, '2022-11-25 07:31:18', 54),
(13773, 1, 19289, NULL, 6.1, 1, '', 48, '2022-11-25 07:54:34', 54),
(13774, 0, 19289, NULL, 345.1, 1, '', 48, '2022-11-25 07:54:47', 54),
(13775, 0, 19291, NULL, 264.3, 1, '', 48, '2022-11-25 07:55:08', 54),
(13776, 1, 19291, NULL, 5.9, 1, '', 48, '2022-11-25 07:55:33', 54),
(13777, 0, 19294, NULL, 326.4, 1, '', 48, '2022-11-25 09:09:39', 54),
(13778, 0, 19290, NULL, 235.9, 1, '', 54, '2022-11-25 09:10:12', 54),
(13779, 0, 19292, NULL, 326.4, 1, '', 22, '2022-11-25 09:13:29', 54),
(13780, 1, 19293, NULL, 7.99, 1, '', 54, '2022-11-25 09:23:30', 54),
(13781, 1, 19290, NULL, 5.54, 1, 'duplicado: 7.54 kg', 22, '2022-11-25 09:24:29', 54),
(13782, 1, 19294, NULL, 6.33, 1, '', 48, '2022-11-25 09:25:22', 54),
(13783, 0, 19293, NULL, 245.9, 1, '', 48, '2022-11-25 09:25:42', 54),
(13784, 0, 19295, NULL, 326.5, 1, '', 22, '2022-11-25 09:30:04', 54),
(13785, 1, 19295, NULL, 6.54, 1, '', 54, '2022-11-25 09:33:45', 54),
(13786, 0, 19296, NULL, 326.5, 1, '', 48, '2022-11-25 09:48:12', 54),
(13787, 1, 19292, NULL, 9.21, 1, '', 22, '2022-11-25 09:50:34', 54),
(13788, 1, 19296, NULL, 7.84, 1, '', 48, '2022-11-25 09:50:58', 54),
(13789, 0, 19297, NULL, 265.2, 1, '', 48, '2022-11-25 09:53:35', 54),
(13790, 1, 19297, NULL, 8.13, 1, '', 22, '2022-11-25 09:56:26', 54),
(13792, 0, 19300, NULL, 332.5, 1, '', 56, '2022-11-25 12:58:52', 54),
(13793, 0, 19301, NULL, 369.5, 1, '', 56, '2022-11-25 12:59:24', 54),
(13794, 0, 19299, NULL, 259.4, 1, '', 56, '2022-11-25 12:59:51', 54),
(13795, 0, 19303, NULL, 500.2, 1, '', 56, '2022-11-25 13:12:54', 54),
(13796, 0, 19302, NULL, 300.2, 1, '', 10, '2022-11-25 13:13:21', 54),
(13797, 1, 19299, NULL, 8.24, 1, '', 10, '2022-11-25 13:24:40', 16),
(13798, 1, 19300, NULL, 7.8, 1, '', 10, '2022-11-25 13:25:03', 16),
(13799, 1, 19301, NULL, 7.36, 1, '', 10, '2022-11-25 13:25:20', 16),
(13800, 1, 19303, NULL, 8.2, 1, '', 10, '2022-11-25 13:25:36', 16),
(13801, 1, 19302, NULL, 7.64, 1, '', 10, '2022-11-25 13:25:51', 16),
(13802, 0, 19304, NULL, 326.1, 1, '', 48, '2022-11-25 14:28:34', 54),
(13803, 1, 19304, NULL, 7.6, 1, '', 48, '2022-11-25 14:37:03', 54),
(13804, 0, 19305, NULL, 369.5, 1, '', 56, '2022-11-25 14:57:17', 54),
(13805, 0, 19307, NULL, 321.5, 1, '', 56, '2022-11-25 14:57:59', 54),
(13806, 0, 19308, NULL, 326.5, 1, '', 56, '2022-11-25 15:35:57', 54),
(13807, 0, 19306, NULL, 326.5, 1, '', 56, '2022-11-25 15:36:33', 54),
(13808, 1, 19305, NULL, 6.5, 1, '', 56, '2022-11-25 15:39:50', 54),
(13809, 1, 19307, NULL, 6.49, 1, '', 56, '2022-11-25 15:41:05', 54),
(13810, 1, 19308, NULL, 6.6, 1, '', 56, '2022-11-25 15:41:33', 54),
(13811, 1, 19306, NULL, 6.58, 1, '', 56, '2022-11-25 15:41:59', 54),
(13812, 0, 19312, NULL, 265.5, 1, '', 22, '2022-11-25 17:33:20', 54),
(13813, 0, 19313, NULL, 234.9, 1, '', 54, '2022-11-25 17:33:55', 54),
(13814, 0, 19314, NULL, 326.5, 1, '', 54, '2022-11-25 17:34:34', 54),
(13815, 1, 19312, NULL, 6.9, 1, '', 10, '2022-11-25 17:46:57', 49),
(13816, 1, 19313, NULL, 7.02, 1, '', 10, '2022-11-25 17:47:09', 49),
(13817, 1, 19314, NULL, 7.1, 1, '', 10, '2022-11-25 17:47:28', 49),
(13818, 1, 19310, NULL, 5.44, 1, '', 10, '2022-11-25 17:52:13', 54),
(13819, 1, 19311, NULL, 6.93, 1, '', 10, '2022-11-25 17:53:03', 54),
(13820, 0, 19315, NULL, 185.2, 1, '', 21, '2022-11-25 20:07:23', 54),
(13821, 0, 19316, NULL, 320.2, 1, '', 21, '2022-11-25 20:07:36', 54),
(13822, 0, 19317, NULL, 196.2, 1, '', 21, '2022-11-25 20:08:23', 54),
(13823, 0, 19318, NULL, 170.6, 1, '', 21, '2022-11-25 20:08:44', 54),
(13824, 1, 19316, NULL, 6.68, 1, '', 21, '2022-11-25 20:28:30', 54),
(13825, 1, 19315, NULL, 7.4, 1, '', 21, '2022-11-25 20:28:55', 54),
(13826, 1, 19318, NULL, 7.5, 1, '', 21, '2022-11-25 20:29:30', 54),
(13827, 1, 19317, NULL, 9.4, 1, '', 21, '2022-11-25 20:29:53', 54),
(13828, 1, 19319, NULL, 6.48, 1, '', 21, '2022-11-25 20:30:39', 54),
(13829, 0, 19319, NULL, 180.4, 1, '', 21, '2022-11-25 20:31:12', 54),
(13830, 1, 19320, NULL, 7.88, 1, '', 21, '2022-11-25 21:06:38', 21),
(13831, 1, 19321, NULL, 8.1, 1, '', 21, '2022-11-25 21:06:56', 21),
(13832, 0, 19321, NULL, 180.1, 1, '', 21, '2022-11-25 21:22:34', 54),
(13833, 0, 19320, NULL, 200.32, 1, '', 21, '2022-11-25 21:22:59', 54),
(13834, 1, 19322, NULL, 7.44, 1, '', 21, '2022-11-25 21:53:07', 54),
(13835, 1, 19323, NULL, 6.84, 1, '', 21, '2022-11-25 21:53:32', 54),
(13836, 0, 19322, NULL, 220.1, 1, '', 21, '2022-11-25 21:53:59', 54),
(13837, 0, 19323, NULL, 218.2, 1, '', 21, '2022-11-25 21:54:27', 54),
(13838, 0, 19324, NULL, 215.3, 1, '', 21, '2022-11-25 23:27:29', 54),
(13839, 1, 19324, NULL, 9.4, 1, '', 21, '2022-11-26 00:03:23', 54),
(13840, 0, 19325, NULL, 224.36, 1, '', 21, '2022-11-26 00:16:37', 54),
(13841, 1, 19325, NULL, 7.84, 1, '', 21, '2022-11-26 00:41:13', 54),
(13842, 0, 19326, NULL, 254.1, 1, '', 21, '2022-11-26 01:16:32', 54),
(13843, 0, 19327, NULL, 212.1, 1, '', 21, '2022-11-26 02:07:27', 54),
(13844, 0, 19328, NULL, 247.3, 1, '', 21, '2022-11-26 02:07:55', 54),
(13845, 1, 19326, NULL, 8.4, 1, '', 21, '2022-11-26 02:08:49', 54),
(13846, 1, 19327, NULL, 7.82, 1, '', 21, '2022-11-26 02:27:39', 54),
(13847, 1, 19328, NULL, 7.7, 1, '', 21, '2022-11-26 02:28:02', 54),
(13848, 0, 19330, NULL, 326.5, 1, '', 56, '2022-11-26 07:59:13', 54),
(13849, 0, 19329, NULL, 326.2, 1, '', 56, '2022-11-26 08:44:47', 54),
(13850, 0, 19332, NULL, 326.5, 1, '', 56, '2022-11-26 08:45:21', 54),
(13851, 0, 19331, NULL, 236.8, 1, '', 56, '2022-11-26 08:51:33', 54),
(13852, 0, 19333, NULL, 268.5, 1, '', 56, '2022-11-26 08:51:49', 54),
(13853, 1, 19337, NULL, 7.05, 1, '', 48, '2022-11-26 10:09:54', 54),
(13854, 0, 19337, NULL, 220.2, 1, '', 48, '2022-11-26 10:10:39', 54),
(13855, 0, 19336, NULL, 124.2, 1, '', 48, '2022-11-26 10:11:29', 54),
(13857, 1, 19336, NULL, 6.53, 1, 'D.T.M. 5.78', 48, '2022-11-26 10:12:41', 54),
(13858, 1, 19332, NULL, 5.75, 1, '', 48, '2022-11-26 10:13:40', 54),
(13859, 1, 19331, NULL, 7.26, 1, '', 48, '2022-11-26 10:14:44', 54),
(13860, 1, 19330, NULL, 7.33, 1, '', 16, '2022-11-26 10:18:57', 54),
(13861, 1, 19333, NULL, 6.43, 1, '', 16, '2022-11-26 10:20:59', 54),
(13862, 1, 19338, NULL, 6.4, 1, '', 16, '2022-11-26 10:22:02', 54),
(13863, 1, 19329, NULL, 5.95, 1, '', 16, '2022-11-26 10:22:51', 54),
(13864, 0, 19338, NULL, 250.6, 1, '', 48, '2022-11-26 10:27:09', 54),
(13865, 0, 19339, NULL, 300.2, 1, '', 48, '2022-11-26 10:33:53', 54),
(13866, 1, 19339, NULL, 5.53, 1, '', 49, '2022-11-26 10:36:53', 54),
(13867, 1, 19340, NULL, 6.69, 1, '', 54, '2022-11-26 11:34:13', 54),
(13868, 0, 19340, NULL, 235.5, 1, '', 54, '2022-11-26 11:34:38', 54),
(13869, 0, 19342, NULL, 265.4, 1, '', 54, '2022-11-26 11:35:12', 54),
(13870, 0, 19343, NULL, 265.4, 1, '', 54, '2022-11-26 11:35:28', 54),
(13871, 0, 19345, NULL, 265.9, 1, '', 54, '2022-11-26 11:59:42', 54),
(13872, 1, 19345, NULL, 6.26, 1, '', 56, '2022-11-26 12:53:01', 54),
(13873, 1, 19342, NULL, 6.59, 1, '', 56, '2022-11-26 12:53:42', 54),
(13874, 1, 19343, NULL, 6.27, 1, '', 56, '2022-11-26 12:54:35', 54),
(13875, 0, 19351, NULL, 400.2, 1, '', 10, '2022-11-26 14:42:34', 54),
(13876, 1, 19351, NULL, 8.64, 1, '', 10, '2022-11-26 14:57:28', 16),
(13877, 0, 19354, NULL, 265.4, 1, '', 54, '2022-11-26 15:10:36', 54),
(13878, 0, 19356, NULL, 254.8, 1, '', 54, '2022-11-26 15:35:06', 54),
(13879, 1, 19354, NULL, 5.53, 1, '', 56, '2022-11-26 15:51:09', 54),
(13880, 1, 19356, NULL, 6.71, 1, '', 56, '2022-11-26 15:52:21', 54),
(13882, 1, 19348, NULL, 7.95, 1, 'contramuesrtra - 8.02', 56, '2022-11-26 15:55:14', 54),
(13883, 0, 19358, NULL, 200, 1, '', 56, '2022-11-26 16:37:17', 54),
(13884, 1, 19358, NULL, 7.84, 1, '', 56, '2022-11-26 16:37:49', 54),
(13885, 1, 19357, NULL, 7.22, 1, '', 56, '2022-11-26 16:38:20', 54),
(13886, 0, 19357, NULL, 144.6, 1, '', 56, '2022-11-26 16:38:45', 54),
(13887, 0, 19359, NULL, 124.6, 1, '', 10, '2022-11-26 17:05:33', 54),
(13888, 0, 19360, NULL, 200, 1, '', 10, '2022-11-26 17:05:55', 54),
(13889, 1, 19335, NULL, 6.5, 1, 'CONTRAMUESTRA 5.90KG', 56, '2022-11-26 17:11:39', 49),
(13890, 1, 19346, NULL, 6.2, 1, 'CONTRAMUESTRA  5.86KG', 56, '2022-11-26 17:12:14', 49),
(13891, 1, 19347, NULL, 7.94, 1, 'CONTRAMUESTRA 7.89KG', 10, '2022-11-26 17:12:54', 49),
(13892, 1, 19355, NULL, 8.62, 1, 'CONTRA MUESTRA 8.51 KG', 48, '2022-11-26 17:14:04', 49),
(13893, 1, 19352, NULL, 8.88, 1, 'CONTRAMUESTRA  8.19KG', 48, '2022-11-26 17:14:29', 49),
(13894, 1, 19349, NULL, 6.81, 1, 'CONTRAMUESTRA 7.12KG', 10, '2022-11-26 17:15:02', 49),
(13895, 1, 19359, NULL, 6.88, 1, '', 10, '2022-11-26 17:18:11', 54),
(13896, 1, 19360, NULL, 6.83, 1, '', 10, '2022-11-26 17:18:59', 54),
(13897, 1, 19361, NULL, 8.16, 1, '', 21, '2022-11-26 20:21:40', 54),
(13898, 1, 19362, NULL, 7.16, 1, '', 21, '2022-11-27 03:07:58', 21),
(13899, 1, 19363, NULL, 8.1, 1, '', 21, '2022-11-27 03:08:15', 21),
(13900, 0, 19361, NULL, 220.14, 1, '', 21, '2022-11-27 04:30:44', 21),
(13901, 0, 19362, NULL, 198.12, 1, '', 21, '2022-11-27 04:31:18', 21),
(13902, 0, 19363, NULL, 250.4, 1, '', 21, '2022-11-27 04:31:51', 21),
(13903, 1, 19364, NULL, 6.65, 1, '', 16, '2022-11-27 07:53:47', 16),
(13904, 0, 19364, NULL, 120.8, 1, '', 16, '2022-11-27 07:54:54', 16),
(13905, 0, 19365, NULL, 120.4, 1, '', 16, '2022-11-27 08:07:10', 16),
(13906, 1, 19365, NULL, 7.48, 1, '', 16, '2022-11-27 09:26:20', 16),
(13907, 1, 19366, NULL, 8.64, 1, '', 49, '2022-11-27 12:03:58', 16),
(13908, 0, 19366, NULL, 500, 1, '', 49, '2022-11-27 12:35:59', 49),
(13909, 1, 19367, NULL, 8.2, 1, '', 16, '2022-11-27 16:47:24', 16),
(13910, 0, 19367, NULL, 236.5, 1, '', 49, '2022-11-27 19:36:50', 54),
(13911, 1, 19368, NULL, 6.99, 1, '', 56, '2022-11-28 03:17:46', 54),
(13912, 0, 19368, NULL, 326.5, 1, '', 56, '2022-11-28 03:23:52', 54),
(13913, 0, 19369, NULL, 216.4, 1, '', 56, '2022-11-28 07:19:25', 54),
(13914, 1, 19369, NULL, 6.45, 1, '', 56, '2022-11-28 07:19:58', 54),
(13915, 0, 19370, NULL, 235.4, 1, '', 16, '2022-11-28 07:54:36', 54),
(13916, 1, 19370, NULL, 7.4, 1, '', 16, '2022-11-28 08:03:06', 16),
(13917, 1, 19372, NULL, 7.22, 1, '', 16, '2022-11-28 09:42:58', 54),
(13918, 1, 19373, NULL, 7.2, 1, '', 16, '2022-11-28 09:43:11', 54),
(13919, 1, 19374, NULL, 7.82, 1, '', 16, '2022-11-28 09:43:24', 54),
(13920, 0, 19372, NULL, 245.6, 1, '', 16, '2022-11-28 09:44:46', 54),
(13921, 0, 19373, NULL, 216.3, 1, '', 16, '2022-11-28 09:45:06', 54),
(13922, 0, 19374, NULL, 198.2, 1, '', 16, '2022-11-28 09:45:28', 54),
(13923, 1, 19377, NULL, 8.48, 1, '', 16, '2022-11-28 10:16:18', 16),
(13924, 1, 19376, NULL, 8.2, 1, '', 16, '2022-11-28 10:16:36', 16),
(13925, 0, 19377, NULL, 300, 1, '', 16, '2022-11-28 10:16:37', 49),
(13926, 0, 19376, NULL, 400.3, 1, '', 16, '2022-11-28 10:16:48', 49),
(13927, 0, 19378, NULL, 216.5, 1, '', 16, '2022-11-28 11:36:19', 49),
(13928, 1, 19378, NULL, 8.2, 1, '', 16, '2022-11-28 11:44:41', 16),
(13929, 0, 19380, NULL, 300.2, 1, '', 48, '2022-11-28 12:55:43', 49),
(13930, 0, 19381, NULL, 360.2, 1, '', 48, '2022-11-28 12:56:04', 49),
(13931, 1, 19380, NULL, 5.51, 1, '', 16, '2022-11-28 13:27:09', 49),
(13932, 1, 19381, NULL, 6.82, 1, '', 16, '2022-11-28 13:27:37', 49),
(13933, 1, 19383, NULL, 7.64, 1, '', 10, '2022-11-28 14:57:34', 16),
(13934, 0, 19383, NULL, 155.6, 1, '', 16, '2022-11-28 15:02:02', 49),
(13935, 0, 19384, NULL, 300.2, 1, '', 10, '2022-11-28 16:12:32', 54),
(13936, 1, 19384, NULL, 8.2, 1, '', 16, '2022-11-28 16:20:42', 54),
(13937, 0, 19392, NULL, 326.5, 1, '', 48, '2022-11-28 19:53:47', 54),
(13938, 1, 19392, NULL, 5.27, 1, '', 48, '2022-11-28 19:54:19', 54),
(13939, 0, 19395, NULL, 231.5, 1, '', 48, '2022-11-28 19:55:26', 54),
(13940, 1, 19395, NULL, 7.42, 1, '', 22, '2022-11-28 19:55:47', 54),
(13941, 1, 19394, NULL, 7.07, 1, '', 22, '2022-11-28 20:18:18', 54),
(13942, 0, 19394, NULL, 235.5, 1, '', 48, '2022-11-28 20:18:59', 54),
(13943, 0, 19387, NULL, 235.4, 1, '', 22, '2022-11-28 20:20:41', 54),
(13944, 0, 19386, NULL, 235.4, 1, '', 48, '2022-11-28 20:21:39', 54),
(13945, 0, 19390, NULL, 235.1, 1, '', 22, '2022-11-28 20:22:51', 54),
(13946, 1, 19393, NULL, 6.54, 1, '', 22, '2022-11-28 20:23:47', 54),
(13947, 0, 19393, NULL, 235.4, 1, '', 22, '2022-11-28 20:24:11', 54),
(13948, 1, 19391, NULL, 6.78, 1, '', 21, '2022-11-28 21:23:01', 54),
(13949, 1, 19396, NULL, 8.42, 1, '', 21, '2022-11-28 21:23:40', 54),
(13950, 0, 19391, NULL, 235.2, 1, '', 21, '2022-11-28 21:24:22', 54),
(13951, 0, 19396, NULL, 235.2, 1, '', 21, '2022-11-28 21:24:41', 54),
(13952, 1, 19397, NULL, 6.48, 1, '', 56, '2022-11-28 21:51:25', 54),
(13953, 0, 19397, NULL, 224, 1, '', 21, '2022-11-28 21:52:08', 54),
(13954, 1, 19386, NULL, 4.67, 1, '', 48, '2022-11-28 22:24:54', 54),
(13955, 1, 19390, NULL, 5.9, 1, '', 48, '2022-11-28 22:25:30', 54),
(13956, 1, 19387, NULL, 5.82, 1, '', 48, '2022-11-28 22:27:25', 54),
(13957, 1, 19385, NULL, 7.35, 1, '', 48, '2022-11-28 22:28:03', 54),
(13958, 0, 19385, NULL, 235.5, 1, '', 48, '2022-11-28 22:30:07', 54),
(13959, 1, 19400, NULL, 7.5, 1, '', 21, '2022-11-28 23:28:11', 21),
(13960, 1, 19399, NULL, 7.8, 1, '', 21, '2022-11-28 23:28:29', 21),
(13961, 0, 19399, NULL, 220, 1, '', 21, '2022-11-28 23:31:41', 54),
(13962, 0, 19400, NULL, 120.4, 1, '', 21, '2022-11-28 23:31:52', 54),
(13963, 1, 19401, NULL, 7.22, 1, '', 21, '2022-11-29 01:45:21', 54),
(13964, 0, 19401, NULL, 188.6, 1, '', 21, '2022-11-29 01:45:52', 54),
(13965, 1, 19402, NULL, 6.56, 1, '', 21, '2022-11-29 07:25:15', 54),
(13966, 0, 19402, NULL, 157.8, 1, '', 21, '2022-11-29 07:26:23', 54),
(13967, 1, 19398, NULL, 6.2, 1, '', 22, '2022-11-29 08:30:56', 19),
(13968, 1, 19408, NULL, 7.24, 1, '', 10, '2022-11-29 09:20:49', 16),
(13969, 0, 19410, NULL, 320.2, 1, '', 10, '2022-11-29 09:41:44', 54),
(13970, 0, 19408, NULL, 240.6, 1, '', 10, '2022-11-29 09:42:25', 54),
(13971, 0, 19406, NULL, 166.5, 1, '', 5, '2022-11-29 09:43:33', 54),
(13972, 0, 19405, NULL, 245.8, 1, '', 5, '2022-11-29 09:43:44', 54),
(13973, 0, 19407, NULL, 215.3, 1, '', 5, '2022-11-29 09:44:19', 54),
(13974, 1, 19407, NULL, 6.95, 1, '', 10, '2022-11-29 09:45:02', 54),
(13975, 1, 19410, NULL, 5.3, 1, '', 10, '2022-11-29 09:45:59', 54),
(13976, 0, 19411, NULL, 154.2, 1, '', 10, '2022-11-29 10:12:18', 54),
(13977, 1, 19411, NULL, 8.22, 1, '', 49, '2022-11-29 10:20:50', 16),
(13978, 0, 19412, NULL, 194.6, 1, '', 10, '2022-11-29 10:27:23', 54),
(13979, 1, 19412, NULL, 7.44, 1, '', 10, '2022-11-29 10:27:27', 16),
(13980, 0, 19413, NULL, 214.5, 1, '', 10, '2022-11-29 10:27:35', 54),
(13981, 0, 19414, NULL, 198.7, 1, '', 10, '2022-11-29 10:29:33', 54),
(13982, 1, 19413, NULL, 6.78, 1, '', 10, '2022-11-29 10:30:54', 16),
(13983, 1, 19409, NULL, 7.36, 1, 'CONTRAMUESTRA 7.37', 10, '2022-11-29 10:35:51', 54),
(13984, 1, 19388, NULL, 8.34, 1, 'CONTRAMUESTRA 8.06KG', 48, '2022-11-29 10:39:23', 54),
(13985, 1, 19389, NULL, 8.94, 1, 'CONTRA MUESTRA 8.78KG', 48, '2022-11-29 10:39:55', 54),
(13986, 1, 19406, NULL, 9.33, 1, '', 16, '2022-11-29 11:31:13', 54),
(13987, 1, 19414, NULL, 6.87, 1, '', 16, '2022-11-29 11:32:50', 54),
(13988, 0, 19416, NULL, 180.1, 1, '', 16, '2022-11-29 11:34:17', 54),
(13989, 0, 19417, NULL, 196.2, 1, '', 16, '2022-11-29 11:34:36', 54),
(13990, 0, 19418, NULL, 220.2, 1, '', 16, '2022-11-29 11:34:55', 54),
(13991, 0, NULL, 73525, 320.2, 1, '', 16, '2022-11-29 11:37:51', 54),
(13992, 1, NULL, 73527, 8.76, 1, '', 16, '2022-11-29 11:38:46', 54),
(13993, 0, 19419, NULL, 150.2, 1, '', 49, '2022-11-29 11:52:58', 54),
(13994, 0, 19420, NULL, 160.4, 1, '', 49, '2022-11-29 11:53:17', 54),
(13995, 0, 19421, NULL, 194.4, 1, '', 49, '2022-11-29 11:53:29', 54),
(13996, 0, 19422, NULL, 198.6, 1, '', 49, '2022-11-29 11:53:43', 54),
(13997, 0, NULL, 73535, 380.4, 1, '', 49, '2022-11-29 11:54:45', 54),
(13998, 1, NULL, 73537, 7.02, 1, '', 49, '2022-11-29 11:55:59', 54),
(13999, 0, 19423, NULL, 300, 1, '', 10, '2022-11-29 11:59:15', 54),
(14000, 1, 19423, NULL, 8.1, 1, '', 10, '2022-11-29 11:59:58', 54),
(14001, 0, NULL, 73554, 350.2, 1, '', 16, '2022-11-29 12:23:24', 54),
(14002, 0, NULL, 73555, 350.4, 1, '', 16, '2022-11-29 12:24:03', 54),
(14003, 1, NULL, 73556, 9.8, 1, '', 16, '2022-11-29 12:25:05', 54),
(14004, 1, NULL, 73557, 8.48, 1, '', 16, '2022-11-29 12:25:21', 54),
(14005, 0, 19432, NULL, 120.4, 1, '', 16, '2022-11-29 12:36:17', 54),
(14006, 0, NULL, 73574, 300.2, 1, '', 48, '2022-11-29 12:42:48', 54),
(14007, 1, NULL, 73575, 8.73, 1, '', 48, '2022-11-29 12:43:42', 54),
(14008, 1, 19405, NULL, 8.02, 1, '', 16, '2022-11-29 12:44:34', 54),
(14009, 1, NULL, 73576, 6.92, 1, '', 48, '2022-11-29 12:45:16', 54),
(14010, 0, NULL, 73577, 500.2, 1, '', 48, '2022-11-29 12:46:04', 54),
(14011, 1, 19432, NULL, 6.2, 1, '', 10, '2022-11-29 12:51:08', 54),
(14013, 0, 19445, NULL, 164.3, 1, '', 10, '2022-11-29 14:00:56', 54),
(14014, 0, 19444, NULL, 215.3, 1, '', 10, '2022-11-29 14:01:27', 54),
(14015, 1, NULL, 73600, 9.44, 1, '', 48, '2022-11-29 14:05:27', 54),
(14016, 0, NULL, 73607, 214.6, 1, '', 10, '2022-11-29 14:18:07', 54),
(14017, 1, NULL, 73608, 10.2, 1, '', 10, '2022-11-29 14:20:40', 54),
(14018, 0, NULL, 73610, 215.4, 1, '', 10, '2022-11-29 14:21:41', 54),
(14019, 1, NULL, 73612, 9.21, 1, '', 10, '2022-11-29 14:24:16', 54),
(14020, 1, NULL, 73614, 7.91, 1, '', 10, '2022-11-29 14:25:21', 54),
(14021, 0, NULL, 73615, 216.2, 1, '', 10, '2022-11-29 14:26:16', 54),
(14022, 0, NULL, 73616, 145.3, 1, '', 10, '2022-11-29 14:27:01', 54),
(14023, 0, NULL, 73617, 264.2, 1, '', 10, '2022-11-29 14:28:48', 17),
(14024, 1, NULL, 73618, 7.76, 1, '', 10, '2022-11-29 14:29:38', 17),
(14025, 1, NULL, 73639, 6.43, 1, '', 5, '2022-11-29 14:55:47', 54),
(14026, 0, NULL, 73656, 430.2, 1, '', 5, '2022-11-29 14:56:54', 54),
(14027, 0, 19435, NULL, 241, 1, '', 48, '2022-11-29 14:57:37', 54),
(14028, 0, NULL, 73664, 350.2, 1, '', 49, '2022-11-29 15:10:55', 54),
(14029, 1, NULL, 73665, 7.69, 1, '', 49, '2022-11-29 15:12:28', 54),
(14030, 1, 19456, NULL, 4.34, 1, '', 49, '2022-11-29 15:17:56', 54),
(14031, 0, 19456, NULL, 246.2, 1, '', 48, '2022-11-29 15:19:07', 54),
(14035, 1, 19463, NULL, 7.08, 1, 'CONTRAMUESTRA  7.01KG', 10, '2022-11-29 15:53:34', 54),
(14038, 1, 19435, NULL, 6.5, 1, '', 48, '2022-11-29 17:01:39', 54),
(14040, 1, NULL, 73674, 8.16, 1, 'JJ2V', 49, '2022-11-29 17:03:26', 54),
(14041, 1, NULL, 73694, 8.54, 1, 'JJ2V', 10, '2022-11-29 17:03:40', 54),
(14042, 1, NULL, 73718, 8.03, 1, 'JJ2V', 48, '2022-11-29 17:03:50', 54),
(14044, 0, NULL, 73671, 500.2, 1, 'JJ 2V', 22, '2022-11-29 17:05:50', 54),
(14045, 0, NULL, 73701, 450.2, 1, 'JJ 2V', 10, '2022-11-29 17:06:03', 54),
(14046, 0, NULL, 73720, 452.2, 1, 'JJ 2V', 48, '2022-11-29 17:06:11', 54),
(14048, 1, NULL, 73725, 7.82, 1, 'JJ 2V', 48, '2022-11-29 17:12:18', 54),
(14049, 0, NULL, 73723, 500.2, 1, 'JJ 2V', 22, '2022-11-29 17:12:41', 54),
(14052, 1, NULL, 73727, 6.79, 1, 'JJ 2V', 22, '2022-11-29 17:14:15', 54),
(14054, 0, NULL, 73726, 460.3, 1, 'JJ 2V', 22, '2022-11-29 17:15:09', 54),
(14055, 0, NULL, 73729, 460.2, 1, 'JJ 2V', 48, '2022-11-29 17:15:18', 54),
(14056, 1, NULL, 73730, 6.82, 1, 'JJ 2V', 22, '2022-11-29 17:15:50', 54),
(14057, 1, 19473, NULL, 7.66, 1, '', 48, '2022-11-29 17:16:26', 54),
(14058, 0, 19474, NULL, 500.2, 1, '', 48, '2022-11-29 17:44:53', 54),
(14059, 0, 19492, NULL, 300.2, 1, '', 22, '2022-11-29 18:05:45', 54),
(14060, 1, NULL, 73775, 6.8, 1, 'JJ 2V', 48, '2022-11-29 18:24:01', 54),
(14061, 1, NULL, 73776, 6.9, 1, 'JJ 2V', 48, '2022-11-29 18:24:31', 54),
(14062, 1, NULL, 73777, 6.96, 1, 'JJ 2V', 48, '2022-11-29 18:24:54', 54),
(14063, 0, NULL, 73771, 360.2, 1, 'JJ 2V', 22, '2022-11-29 18:25:31', 54),
(14064, 0, NULL, 73772, 400, 1, 'JJ 2V', 48, '2022-11-29 18:25:47', 54),
(14065, 0, NULL, 73773, 630.2, 1, 'JJ 2V', 48, '2022-11-29 18:26:02', 54),
(14066, 1, 19474, NULL, 7.9, 1, '', 48, '2022-11-29 18:26:29', 54),
(14067, 1, 19492, NULL, 8.02, 1, '', 48, '2022-11-29 18:26:59', 54),
(14068, 0, NULL, 73782, 520.2, 1, 'JJ 2V', 22, '2022-11-29 18:31:26', 54),
(14069, 1, NULL, 73784, 8.2, 1, 'JJ 2V', 48, '2022-11-29 18:32:13', 54),
(14070, 0, NULL, 73788, 520.2, 1, 'JJ 2V', 22, '2022-11-29 18:38:51', 54),
(14071, 1, NULL, 73790, 8.2, 1, 'JJ 2V', 22, '2022-11-29 18:39:29', 54),
(14072, 0, NULL, 73803, 400.2, 1, 'JJ 3V', 48, '2022-11-29 18:55:30', 54),
(14073, 1, NULL, 73804, 8.2, 1, 'JJ 3V', 22, '2022-11-29 18:57:25', 54),
(14074, 1, 19504, NULL, 4.2, 1, 'JJ 3V', 48, '2022-11-29 18:58:12', 54),
(14075, 1, 19479, NULL, 6.2, 1, '', 22, '2022-11-29 19:00:40', 54),
(14076, 1, 19498, NULL, 6.2, 1, '', 48, '2022-11-29 19:00:55', 54),
(14077, 1, NULL, 73806, 9.6, 1, 'JJ 2V', 48, '2022-11-29 19:02:22', 54),
(14078, 1, NULL, 73807, 9.2, 1, 'JJ 3V', 48, '2022-11-29 19:03:49', 54),
(14079, 0, NULL, 73808, 8.2, 1, 'JJ 2V', 48, '2022-11-29 19:05:35', 54),
(14080, 0, NULL, 73809, 460.3, 1, 'JJ 2V', 22, '2022-11-29 19:06:57', 54),
(14081, 0, 19505, NULL, 222, 1, '', 48, '2022-11-29 20:02:47', 54),
(14082, 0, 19504, NULL, 220, 1, '', 48, '2022-11-29 20:03:17', 54),
(14083, 1, 19505, NULL, 6.84, 1, '', 22, '2022-11-29 20:05:00', 54),
(14084, 0, 19473, NULL, 240.2, 1, '', 21, '2022-11-29 20:26:45', 51),
(14085, 0, 19506, NULL, 236.5, 1, '', 21, '2022-11-29 21:34:16', 54),
(14086, 1, 19506, NULL, 8.21, 1, '', 21, '2022-11-29 21:34:39', 54),
(14087, 0, 19507, NULL, 326.5, 1, '', 21, '2022-11-29 21:47:10', 54),
(14088, 1, 19507, NULL, 8.45, 1, '', 21, '2022-11-29 22:25:47', 54),
(14089, 0, 19508, NULL, 212.4, 1, '', 21, '2022-11-30 00:55:02', 54),
(14090, 1, 19508, NULL, 10.2, 1, '', 21, '2022-11-30 00:55:22', 54),
(14091, 0, 19509, NULL, 202.2, 1, '', 21, '2022-11-30 01:18:33', 54),
(14092, 1, 19509, NULL, 9.86, 1, '', 21, '2022-11-30 01:18:56', 54),
(14093, 0, 19510, NULL, 228.3, 1, '', 21, '2022-11-30 02:24:06', 54),
(14094, 0, 19511, NULL, 144.6, 1, '', 21, '2022-11-30 02:24:24', 54),
(14095, 1, 19510, NULL, 8.12, 1, '', 21, '2022-11-30 02:24:48', 54),
(14096, 1, 19511, NULL, 9.78, 1, '', 21, '2022-11-30 02:25:07', 54),
(14097, 0, 19512, NULL, 235.2, 1, '', 21, '2022-11-30 02:51:29', 54),
(14098, 0, 19513, NULL, 265, 1, '', 21, '2022-11-30 02:51:47', 54),
(14099, 1, 19512, NULL, 6.54, 1, '', 21, '2022-11-30 02:52:08', 54),
(14100, 1, 19513, NULL, 7.54, 1, '', 21, '2022-11-30 02:52:26', 54),
(14101, 0, 19514, NULL, 231, 1, '', 21, '2022-11-30 04:48:38', 54),
(14102, 1, 19514, NULL, 8.3, 1, '', 21, '2022-11-30 04:49:01', 54),
(14103, 0, 19515, NULL, 213.4, 1, '', 5, '2022-11-30 07:47:14', 54),
(14104, 1, 19515, NULL, 7.34, 1, '', 5, '2022-11-30 07:47:42', 54),
(14105, 0, 19517, NULL, 215.4, 1, '', 5, '2022-11-30 08:06:44', 54),
(14106, 0, 19518, NULL, 184.2, 1, '', 5, '2022-11-30 08:07:02', 54),
(14107, 1, 19517, NULL, 8.2, 1, '', 5, '2022-11-30 08:33:16', 54),
(14108, 1, 19518, NULL, 9.02, 1, '', 5, '2022-11-30 08:51:25', 54),
(14109, 0, 19520, NULL, 260.2, 1, '', 5, '2022-11-30 09:16:23', 54),
(14110, 0, 19521, NULL, 280.6, 1, '', 5, '2022-11-30 09:17:22', 54),
(14111, 1, 19520, NULL, 6.2, 1, '', 5, '2022-11-30 09:17:47', 54),
(14112, 1, 19521, NULL, 6.78, 1, '', 5, '2022-11-30 09:18:08', 54),
(14113, 0, 19523, NULL, 324.2, 1, '', 5, '2022-11-30 09:28:04', 54),
(14114, 1, 19523, NULL, 8.1, 1, '', 5, '2022-11-30 09:39:20', 54),
(14115, 0, 19522, NULL, 200.2, 1, '', 16, '2022-11-30 10:25:36', 49),
(14116, 1, 19522, NULL, 7.2, 1, '', 22, '2022-11-30 10:59:31', 49),
(14117, 0, NULL, 73963, 300.2, 1, 'JJ 1V', 48, '2022-11-30 11:26:44', 49),
(14118, 0, NULL, 73964, 400.2, 1, 'JJ 1V', 48, '2022-11-30 11:27:00', 49),
(14119, 0, NULL, 73965, 360.2, 1, 'JJ 1V', 48, '2022-11-30 11:27:14', 49),
(14120, 0, NULL, 73966, 401.2, 1, 'JJ 1V', 48, '2022-11-30 11:27:29', 49),
(14121, 0, 19533, NULL, 350.2, 1, '', 48, '2022-11-30 11:27:48', 49),
(14122, 1, NULL, 73970, 8.34, 1, 'JJ 1V', 48, '2022-11-30 11:29:36', 49),
(14123, 1, NULL, 73969, 8.11, 1, 'JJ 1V', 22, '2022-11-30 11:30:03', 49),
(14124, 1, NULL, 73968, 8.6, 1, 'JJ 1V', 48, '2022-11-30 11:30:31', 49),
(14125, 1, NULL, 73967, 8.2, 1, 'JJ 1V', 22, '2022-11-30 11:31:02', 49),
(14126, 1, 19533, NULL, 6.5, 1, '', 48, '2022-11-30 11:31:22', 49),
(14127, 1, NULL, 73990, 7.04, 1, '', 49, '2022-11-30 11:57:20', 49),
(14128, 1, NULL, 73991, 8.07, 1, '', 49, '2022-11-30 11:58:22', 49),
(14129, 0, NULL, 73993, 198.4, 1, '', 49, '2022-11-30 12:00:15', 49),
(14130, 0, NULL, 73994, 210, 1, '', 49, '2022-11-30 12:00:49', 49),
(14131, 1, NULL, 74002, 8.2, 1, '', 49, '2022-11-30 12:03:39', 49),
(14132, 0, NULL, 74039, 220.2, 1, '', 49, '2022-11-30 12:53:19', 49),
(14133, 1, NULL, 74040, 7.71, 1, '', 49, '2022-11-30 12:54:02', 49),
(14134, 0, NULL, 74042, 300.1, 1, '', 49, '2022-11-30 12:55:07', 49),
(14135, 1, NULL, 74043, 7.47, 1, '', 49, '2022-11-30 12:55:43', 49),
(14136, 0, NULL, 74044, 185.4, 1, '', 49, '2022-11-30 12:56:39', 49),
(14137, 1, NULL, 74045, 7.28, 1, '', 49, '2022-11-30 12:57:08', 49),
(14138, 0, NULL, 74046, 320.4, 1, '', 49, '2022-11-30 12:58:17', 49),
(14139, 1, NULL, 74047, 7.1, 1, '', 49, '2022-11-30 12:58:47', 49),
(14140, 0, 19562, NULL, 266.2, 1, '', 49, '2022-11-30 13:01:22', 49),
(14141, 0, NULL, 74063, 200.4, 1, '', 48, '2022-11-30 13:12:59', 49),
(14142, 1, NULL, 74066, 7.1, 1, '', 48, '2022-11-30 13:13:30', 49),
(14144, 0, NULL, 74090, 215.6, 1, '', 22, '2022-11-30 13:58:54', 49),
(14145, 0, 19566, NULL, 217.3, 1, '', 22, '2022-11-30 13:59:04', 49),
(14146, 1, 19566, NULL, 6.84, 1, '', 48, '2022-11-30 13:59:21', 49),
(14147, 1, NULL, 74091, 8.18, 1, '', 48, '2022-11-30 13:59:57', 49),
(14148, 1, 19562, NULL, 6.98, 1, '', 48, '2022-11-30 14:08:43', 49),
(14149, 0, 19569, NULL, 198.2, 1, '', 48, '2022-11-30 14:24:16', 49),
(14150, 0, 19570, NULL, 216.3, 1, '', 48, '2022-11-30 14:24:39', 49),
(14151, 0, 19572, NULL, 248.1, 1, '', 48, '2022-11-30 14:32:22', 49),
(14152, 1, 19570, NULL, 6.1, 1, '', 22, '2022-11-30 15:11:19', 49),
(14153, 1, 19569, NULL, 5.98, 1, '', 48, '2022-11-30 15:11:58', 49),
(14154, 1, 19568, NULL, 6.73, 1, '', 48, '2022-11-30 15:12:33', 49),
(14155, 1, 19572, NULL, 6.09, 1, '', 48, '2022-11-30 15:13:57', 49),
(14156, 1, 19576, NULL, 6.04, 1, '', 22, '2022-11-30 15:22:24', 49),
(14157, 0, NULL, 74164, 200.12, 1, '', 48, '2022-11-30 15:56:21', 49),
(14158, 1, NULL, 74165, 7.22, 1, '', 48, '2022-11-30 15:56:58', 49),
(14159, 0, NULL, 74166, 320.4, 1, '', 22, '2022-11-30 15:58:07', 49),
(14160, 1, NULL, 74167, 8.69, 1, '', 48, '2022-11-30 15:58:49', 49),
(14161, 0, NULL, 74168, 280.4, 1, '', 22, '2022-11-30 15:59:51', 49),
(14162, 1, NULL, 74169, 7.83, 1, '', 48, '2022-11-30 16:01:38', 49),
(14163, 0, 19589, NULL, 220.2, 1, '', 48, '2022-11-30 16:02:15', 49),
(14164, 0, NULL, 74170, 189.4, 1, '', 48, '2022-11-30 16:03:03', 49),
(14165, 1, NULL, 74171, 8.73, 1, '', 48, '2022-11-30 16:03:45', 49),
(14166, 1, NULL, 74172, 7.94, 1, '', 48, '2022-11-30 16:04:45', 49),
(14167, 0, NULL, 74174, 300.4, 1, '', 48, '2022-11-30 16:05:40', 49),
(14168, 1, 19589, NULL, 5.26, 1, '', 48, '2022-11-30 16:23:52', 49),
(14169, 0, 19601, NULL, 326.5, 1, '', 48, '2022-11-30 16:44:32', 49),
(14170, 0, 19602, NULL, 436.1, 1, '', 48, '2022-11-30 16:44:50', 49),
(14171, 0, 19606, NULL, 326.5, 1, '', 48, '2022-11-30 16:51:11', 49),
(14172, 0, NULL, 74250, 200.2, 1, '', 48, '2022-11-30 18:06:52', 54),
(14173, 1, NULL, 74251, 8.42, 1, '', 48, '2022-11-30 18:07:26', 54),
(14174, 1, NULL, 74252, 7.85, 1, '', 48, '2022-11-30 18:08:23', 54),
(14175, 0, NULL, 74253, 250.4, 1, '', 48, '2022-11-30 18:09:22', 54),
(14176, 0, NULL, 74254, 258.6, 1, '', 22, '2022-11-30 18:10:27', 54),
(14177, 1, NULL, 74256, 8.48, 1, '', 48, '2022-11-30 18:14:38', 54),
(14178, 0, NULL, 74260, 346.2, 1, '', 48, '2022-11-30 18:15:46', 54),
(14179, 1, NULL, 74261, 9.05, 1, '', 48, '2022-11-30 18:16:26', 54),
(14180, 0, NULL, 74262, 342.2, 1, '', 22, '2022-11-30 18:17:32', 54),
(14181, 1, NULL, 74263, 7.68, 1, '', 48, '2022-11-30 18:18:09', 54),
(14182, 0, 19616, NULL, 189.4, 1, '', 48, '2022-11-30 18:21:56', 54),
(14183, 0, NULL, 74264, 288.4, 1, '', 22, '2022-11-30 18:25:10', 54),
(14184, 1, NULL, 74265, 6.92, 1, '', 48, '2022-11-30 18:25:38', 54),
(14185, 1, 19610, NULL, 3.56, 1, '', 48, '2022-11-30 18:26:34', 54),
(14186, 1, 19613, NULL, 5.9, 1, '', 48, '2022-11-30 18:31:57', 54),
(14187, 1, 19606, NULL, 5.35, 1, '', 48, '2022-11-30 18:32:28', 54),
(14188, 1, 19602, NULL, 3.85, 1, '', 48, '2022-11-30 18:32:57', 54),
(14189, 1, 19609, NULL, 5.3, 1, '', 48, '2022-11-30 18:33:36', 54),
(14190, 0, 19610, NULL, 235, 1, '', 48, '2022-11-30 19:59:28', 54),
(14191, 1, 19616, NULL, 8.12, 1, '', 48, '2022-11-30 20:07:30', 54),
(14193, 0, 19618, NULL, 265.4, 1, '', 21, '2022-11-30 20:08:41', 54),
(14194, 1, 19618, NULL, 6.45, 1, '', 21, '2022-11-30 20:08:56', 54),
(14195, 1, 19619, NULL, 213, 1, '', 21, '2022-11-30 20:09:19', 54),
(14196, 0, 19619, NULL, 8.78, 1, '', 21, '2022-11-30 20:09:35', 54),
(14197, 0, 19617, NULL, 356, 1, '', 21, '2022-11-30 20:10:15', 54),
(14198, 1, 19617, NULL, 9.01, 1, '', 21, '2022-11-30 20:10:33', 54),
(14199, 0, 19609, NULL, 200, 1, '', 21, '2022-11-30 20:12:04', 54),
(14200, 0, 19613, NULL, 265.8, 1, '', 21, '2022-11-30 20:35:34', 54),
(14201, 0, 19620, NULL, 365.4, 1, '', 21, '2022-11-30 20:39:17', 54),
(14202, 1, 19620, NULL, 9.54, 1, '', 21, '2022-11-30 20:39:44', 54),
(14203, 0, 19567, NULL, 235.2, 1, '', 21, '2022-11-30 20:53:55', 54),
(14204, 0, 19621, NULL, 265.5, 1, '', 21, '2022-11-30 21:16:42', 54),
(14205, 1, 19621, NULL, 6.84, 1, '', 21, '2022-11-30 21:19:21', 54),
(14206, 0, 19622, NULL, 349, 1, '', 53, '2022-11-30 21:50:02', 54),
(14207, 1, 19622, NULL, 8.65, 1, '', 21, '2022-11-30 22:11:53', 54),
(14208, 1, 19623, NULL, 9.32, 1, '', 21, '2022-11-30 22:12:10', 54),
(14209, 0, 19623, NULL, 298, 1, '', 21, '2022-11-30 22:12:39', 54),
(14210, 1, 19567, NULL, 9.54, 1, '', 21, '2022-11-30 23:58:27', 54),
(14211, 1, 19624, NULL, 7.46, 1, '', 21, '2022-12-01 00:14:10', 54),
(14212, 1, 19625, NULL, 8.02, 1, '', 21, '2022-12-01 00:14:26', 54),
(14213, 0, 19624, NULL, 126.1, 1, '', 21, '2022-12-01 00:14:51', 54),
(14214, 0, 19625, NULL, 244.2, 1, '', 21, '2022-12-01 00:15:10', 54),
(14215, 0, 19626, NULL, 224.2, 1, '', 56, '2022-12-01 04:16:21', 54),
(14216, 1, 19626, NULL, 8.2, 1, '', 56, '2022-12-01 04:16:40', 54),
(14217, 0, 19627, NULL, 265.1, 1, '', 56, '2022-12-01 06:00:04', 54),
(14218, 1, 19627, NULL, 9.45, 1, '', 56, '2022-12-01 06:06:32', 54),
(14219, 1, 19628, NULL, 6.63, 1, '', 56, '2022-12-01 07:26:32', 16),
(14220, 1, 19629, NULL, 5.83, 1, '', 56, '2022-12-01 07:26:45', 16),
(14221, 0, 19630, NULL, 181.8, 1, '', 16, '2022-12-01 07:27:08', 16),
(14222, 0, 19631, NULL, 168.8, 1, '', 16, '2022-12-01 07:33:49', 16),
(14224, 1, 19630, NULL, 6.42, 1, '', 56, '2022-12-01 07:59:35', 54),
(14225, 0, 19633, NULL, 180.2, 1, '', 16, '2022-12-01 08:12:07', 16),
(14226, 1, 19631, NULL, 6.5, 1, '', 16, '2022-12-01 08:25:37', 16),
(14227, 0, 19632, NULL, 120.4, 1, '', 16, '2022-12-01 08:29:53', 16),
(14228, 1, 19632, NULL, 6.48, 1, '', 16, '2022-12-01 08:30:19', 16),
(14229, 0, 19628, NULL, 120.3, 1, '', 16, '2022-12-01 08:33:58', 16),
(14230, 0, 19629, NULL, 123.5, 1, '', 16, '2022-12-01 08:35:25', 16),
(14231, 1, 19633, NULL, 7.97, 1, '', 16, '2022-12-01 08:54:38', 16),
(14232, 0, 19635, NULL, 236.8, 1, '', 16, '2022-12-01 09:12:16', 16),
(14233, 1, 19635, NULL, 8.2, 1, '', 16, '2022-12-01 09:12:40', 16),
(14234, 0, 19638, NULL, 317.5, 1, '', 10, '2022-12-01 10:50:00', 49),
(14235, 0, 19637, NULL, 231.7, 1, '', 48, '2022-12-01 10:52:13', 49),
(14236, 0, 19641, NULL, 196.4, 1, '', 48, '2022-12-01 11:14:57', 49),
(14237, 0, 19642, NULL, 163.4, 1, '', 48, '2022-12-01 11:15:29', 49),
(14238, 0, NULL, 74415, 320.4, 1, '', 48, '2022-12-01 11:25:02', 49),
(14239, 1, NULL, 74416, 8, 1, '', 48, '2022-12-01 11:25:29', 49),
(14240, 1, 19638, NULL, 5.2, 1, '', 48, '2022-12-01 11:26:06', 49),
(14241, 1, 19636, NULL, 8.59, 1, '', 48, '2022-12-01 11:26:42', 49),
(14242, 0, NULL, 74426, 250.4, 1, '', 48, '2022-12-01 11:40:34', 49),
(14243, 1, NULL, 74427, 8.41, 1, '', 48, '2022-12-01 11:40:59', 49),
(14244, 1, 19641, NULL, 7.82, 1, '', 22, '2022-12-01 12:09:00', 16),
(14245, 1, 19642, NULL, 7.37, 1, '', 48, '2022-12-01 12:12:13', 49),
(14246, 0, 19649, NULL, 351.2, 1, '', 48, '2022-12-01 12:31:44', 49),
(14247, 0, NULL, 74449, 225.4, 1, '', 48, '2022-12-01 12:56:55', 49),
(14248, 1, NULL, 74450, 5.91, 1, '', 48, '2022-12-01 12:57:29', 49),
(14249, 1, 19649, NULL, 7.44, 1, '', 16, '2022-12-01 13:45:45', 49),
(14250, 0, 19654, NULL, 351.2, 1, '', 48, '2022-12-01 14:58:51', 49),
(14251, 0, 19655, NULL, 423.6, 1, '', 48, '2022-12-01 14:59:07', 49),
(14252, 1, 19654, NULL, 5.89, 1, '', 48, '2022-12-01 15:23:59', 49),
(14253, 1, 19653, NULL, 7.09, 1, '', 48, '2022-12-01 15:24:28', 49),
(14254, 1, 19652, NULL, 6.44, 1, '', 48, '2022-12-01 15:26:00', 49),
(14255, 0, 19657, NULL, 200, 1, '', 22, '2022-12-01 15:29:28', 49),
(14256, 1, 19655, NULL, 5.18, 1, '', 22, '2022-12-01 15:51:13', 49),
(14257, 1, 19661, NULL, 5.47, 1, '', 22, '2022-12-01 15:53:58', 49),
(14258, 0, 19664, NULL, 230, 1, '', 22, '2022-12-01 16:20:49', 49),
(14259, 0, 19663, NULL, 280.6, 1, '', 48, '2022-12-01 16:21:06', 49),
(14260, 0, NULL, 74509, 310.2, 1, '', 22, '2022-12-01 16:25:10', 49),
(14261, 1, NULL, 74510, 8.6, 1, '', 48, '2022-12-01 16:25:46', 49),
(14262, 1, NULL, 74511, 6.85, 1, '', 48, '2022-12-01 16:38:11', 49),
(14263, 0, NULL, 74512, 302.1, 1, '', 48, '2022-12-01 16:38:47', 49),
(14264, 0, NULL, 74513, 310.5, 1, '', 48, '2022-12-01 16:48:22', 49),
(14265, 1, NULL, 74514, 8.46, 1, '', 48, '2022-12-01 16:48:50', 49),
(14266, 1, 19657, NULL, 5.68, 1, '', 48, '2022-12-01 16:58:05', 49),
(14267, 0, 19667, NULL, 356.1, 1, '', 48, '2022-12-01 17:05:51', 49),
(14268, 1, 19667, NULL, 5.9, 1, '', 48, '2022-12-01 17:43:34', 49),
(14269, 0, 19668, NULL, 230.6, 1, '', 48, '2022-12-01 18:59:27', 49),
(14270, 0, 19669, NULL, 320.2, 1, '', 48, '2022-12-01 19:05:41', 49),
(14271, 1, 19668, NULL, 8.1, 1, '', 21, '2022-12-01 20:22:17', 54),
(14273, 0, 19670, NULL, 354.9, 1, '', 21, '2022-12-01 20:48:32', 54),
(14274, 1, 19670, NULL, 10.02, 1, '', 56, '2022-12-01 20:49:19', 54),
(14275, 0, 19672, NULL, 326.4, 1, '', 21, '2022-12-01 22:29:51', 54);
INSERT INTO `Preparacion_RecepcionMuestras` (`Id`, `is_general`, `cod_peso`, `id_analisismuestra`, `peso_muestra`, `cod_detalleenvase`, `observacion`, `cod_usuariotomamuestra`, `fecha_registro`, `usuario_registro`) VALUES
(14276, 1, 19672, NULL, 9.32, 1, '', 21, '2022-12-01 22:31:33', 54),
(14277, 1, 19671, NULL, 6.54, 1, '', 21, '2022-12-01 22:32:27', 54),
(14278, 0, 19671, NULL, 2651, 1, '', 21, '2022-12-01 22:32:46', 54),
(14279, 0, 19675, NULL, 265.4, 1, '', 21, '2022-12-01 22:33:47', 54),
(14280, 1, 19675, NULL, 8.02, 1, '', 21, '2022-12-01 22:34:16', 54),
(14281, 0, 19676, NULL, 261.3, 1, '', 21, '2022-12-01 22:35:47', 54),
(14282, 1, 19676, NULL, 8.65, 1, '', 21, '2022-12-01 22:36:02', 54),
(14283, 0, 19673, NULL, 265, 1, '', 21, '2022-12-01 22:37:23', 54),
(14284, 1, 19673, NULL, 6.98, 1, '', 21, '2022-12-01 22:37:38', 54),
(14285, 0, 19677, NULL, 239, 1, '', 21, '2022-12-01 22:40:02', 54),
(14286, 1, 19677, NULL, 9.65, 1, '', 21, '2022-12-01 22:40:17', 54),
(14288, 0, 19674, NULL, 265.7, 1, '', 21, '2022-12-01 22:42:36', 54),
(14289, 1, 19674, NULL, 8.75, 1, '', 21, '2022-12-01 22:42:59', 54),
(14290, 1, 19669, NULL, 6.2, 1, '', 21, '2022-12-02 01:58:14', 54),
(14291, 0, 19678, NULL, 2654, 1, '', 21, '2022-12-02 02:00:22', 54),
(14292, 1, 19678, NULL, 8.48, 1, '', 21, '2022-12-02 02:00:45', 54),
(14293, 1, 19681, NULL, 6.95, 1, '', 21, '2022-12-02 02:01:44', 54),
(14294, 0, 19681, NULL, 269.1, 1, '', 21, '2022-12-02 02:02:12', 54),
(14296, 0, 19680, NULL, 258.4, 1, '', 21, '2022-12-02 02:04:19', 54),
(14297, 1, 19680, NULL, 8.66, 1, '', 21, '2022-12-02 02:04:41', 54),
(14300, 1, 19679, NULL, 9.1, 1, '', 21, '2022-12-02 02:06:49', 54),
(14301, 0, 19679, NULL, 246, 1, '', 21, '2022-12-02 02:07:11', 54),
(14302, 1, 19682, NULL, 9.26, 1, '', 56, '2022-12-02 03:16:33', 54),
(14304, 0, 19682, NULL, 326.1, 1, '', 56, '2022-12-02 03:17:07', 54),
(14305, 0, 19683, NULL, 264.8, 1, '', 21, '2022-12-02 06:22:35', 54),
(14306, 1, 19683, NULL, 8.46, 1, '', 21, '2022-12-02 06:22:53', 54),
(14307, 0, 19684, NULL, 156.2, 1, '', 16, '2022-12-02 07:46:51', 54),
(14308, 1, 19637, NULL, 6.84, 1, '', 48, '2022-12-02 08:05:16', 19),
(14309, 0, 19687, NULL, 160.7, 1, '', 16, '2022-12-02 08:06:35', 54),
(14310, 0, 19686, NULL, 260.8, 1, '', 10, '2022-12-02 08:26:00', 54),
(14311, 1, 19684, NULL, 8.25, 1, '', 9, '2022-12-02 08:32:11', 54),
(14312, 1, 19686, NULL, 8.49, 1, '', 9, '2022-12-02 08:32:31', 54),
(14313, 1, 19687, NULL, 7.98, 1, '', 16, '2022-12-02 09:16:14', 54),
(14314, 0, 19690, NULL, 186.7, 1, '', 10, '2022-12-02 09:34:53', 54),
(14315, 0, 19689, NULL, 246.3, 1, '', 10, '2022-12-02 09:35:05', 54),
(14316, 1, 19690, NULL, 6.84, 1, '', 10, '2022-12-02 09:35:56', 54),
(14317, 1, 19689, NULL, 6.16, 1, '', 10, '2022-12-02 09:37:04', 54),
(14318, 0, 19692, NULL, 250.5, 1, '', 16, '2022-12-02 10:04:44', 54),
(14319, 0, 19693, NULL, 184.4, 1, '', 48, '2022-12-02 10:18:03', 54),
(14320, 1, 19692, NULL, 7.8, 1, '', 16, '2022-12-02 11:07:09', 54),
(14321, 1, 19693, NULL, 8.7, 1, '', 16, '2022-12-02 11:15:03', 54),
(14322, 0, NULL, 74674, 220.22, 1, '', 49, '2022-12-02 11:37:18', 54),
(14324, 1, NULL, 74676, 8.2, 1, 'BALTAZAR', 49, '2022-12-02 11:50:53', 54),
(14325, 1, NULL, 74684, 5.78, 1, 'JJ 1V', 10, '2022-12-02 11:51:21', 54),
(14326, 0, 19702, NULL, 300.2, 1, '', 5, '2022-12-02 12:03:24', 54),
(14327, 0, 19710, NULL, 300.2, 1, '', 5, '2022-12-02 12:03:53', 54),
(14328, 1, 19710, NULL, 6.07, 1, '', 5, '2022-12-02 12:19:51', 54),
(14329, 1, 19702, NULL, 7.3, 1, '', 5, '2022-12-02 12:21:33', 54),
(14330, 1, NULL, 74699, 5.75, 1, 'JJ 1V', 10, '2022-12-02 12:29:16', 49),
(14331, 0, NULL, 74714, 300.2, 1, 'BALTAZAR', 10, '2022-12-02 12:52:52', 49),
(14332, 1, NULL, 74716, 6.5, 1, 'BALTAZAR', 10, '2022-12-02 12:53:32', 49),
(14333, 0, NULL, 74736, 198.2, 1, '', 48, '2022-12-02 13:43:44', 49),
(14334, 0, NULL, 74737, 245.2, 1, '', 48, '2022-12-02 13:44:00', 49),
(14335, 0, NULL, 74739, 148.3, 1, '', 48, '2022-12-02 13:44:08', 49),
(14336, 1, NULL, 74740, 5.56, 1, '', 22, '2022-12-02 13:45:38', 49),
(14337, 1, NULL, 74742, 10.57, 1, '', 22, '2022-12-02 13:46:19', 49),
(14338, 1, NULL, 74741, 10.17, 1, '', 22, '2022-12-02 13:46:52', 49),
(14339, 0, 19727, NULL, 214.6, 1, '', 48, '2022-12-02 14:52:44', 49),
(14340, 0, 19726, NULL, 196.2, 1, '', 48, '2022-12-02 14:53:01', 49),
(14341, 0, 19728, NULL, 236.4, 1, '', 48, '2022-12-02 14:54:00', 49),
(14342, 0, 19729, NULL, 300.5, 1, '', 10, '2022-12-02 15:10:16', 49),
(14343, 0, 19730, NULL, 350.2, 1, '', 10, '2022-12-02 15:11:21', 49),
(14344, 0, 19731, NULL, 340.2, 1, '', 10, '2022-12-02 15:11:58', 49),
(14345, 1, 19724, NULL, 5.85, 1, '', 22, '2022-12-02 15:18:25', 49),
(14346, 1, 19726, NULL, 7.2, 1, '', 48, '2022-12-02 15:18:56', 49),
(14347, 1, 19727, NULL, 7.95, 1, '', 22, '2022-12-02 15:19:24', 49),
(14348, 1, 19725, NULL, 6.86, 1, '', 48, '2022-12-02 15:19:54', 49),
(14349, 0, NULL, 74781, 422.1, 1, 'jj 1v', 48, '2022-12-02 15:22:36', 49),
(14350, 1, NULL, 74785, 8.51, 1, 'jj 1v', 22, '2022-12-02 15:23:08', 49),
(14351, 1, 19728, NULL, 7.56, 1, '', 5, '2022-12-02 15:30:34', 49),
(14352, 1, 19729, NULL, 7.63, 1, '', 5, '2022-12-02 15:32:21', 49),
(14353, 1, 19730, NULL, 7.29, 1, '', 48, '2022-12-02 15:32:55', 49),
(14354, 1, 19731, NULL, 6.05, 1, '', 48, '2022-12-02 15:35:44', 49),
(14355, 0, NULL, 74806, 250.4, 1, '', 48, '2022-12-02 16:16:03', 49),
(14356, 1, NULL, 74807, 8.91, 1, '', 48, '2022-12-02 16:16:32', 49),
(14357, 1, NULL, 74808, 5.74, 1, '', 22, '2022-12-02 16:17:32', 49),
(14358, 0, NULL, 74810, 220.4, 1, '', 48, '2022-12-02 16:21:48', 49),
(14359, 1, 19734, NULL, 7.13, 1, 'contramuestra 7.40', 48, '2022-12-02 17:29:08', 49),
(14360, 0, NULL, 74860, 258.4, 1, '', 48, '2022-12-02 18:02:11', 49),
(14361, 1, NULL, 74861, 7.67, 1, '', 22, '2022-12-02 18:02:44', 49),
(14362, 1, NULL, 74863, 5.67, 1, '', 48, '2022-12-02 18:03:39', 49),
(14363, 0, NULL, 74864, 300.4, 1, '', 48, '2022-12-02 18:05:27', 49),
(14364, 0, NULL, 74865, 250.8, 1, '', 48, '2022-12-02 18:06:14', 49),
(14365, 1, NULL, 74866, 7.92, 1, '', 48, '2022-12-02 18:06:50', 49),
(14366, 1, NULL, 74868, 608, 1, 'baltazar', 22, '2022-12-02 18:07:57', 49),
(14367, 0, NULL, 74869, 198.4, 1, 'baltazar', 48, '2022-12-02 18:08:47', 49),
(14368, 1, NULL, 74886, 8.58, 1, '', 48, '2022-12-02 18:49:56', 49),
(14369, 0, NULL, 74887, 320.2, 1, '', 48, '2022-12-02 18:50:46', 49),
(14370, 0, NULL, 74888, 310.2, 1, '', 48, '2022-12-02 18:55:00', 49),
(14371, 1, NULL, 74889, 9.54, 1, '', 48, '2022-12-02 18:55:33', 49),
(14372, 1, 19762, NULL, 6.2, 1, '', 48, '2022-12-02 19:00:05', 49),
(14373, 0, 19762, NULL, 310.2, 1, '', 48, '2022-12-02 19:00:49', 49),
(14374, 0, 19764, NULL, 265.4, 1, '', 56, '2022-12-02 20:27:54', 54),
(14375, 0, 19765, NULL, 325.2, 1, '', 56, '2022-12-02 22:46:07', 54),
(14376, 0, 19766, NULL, 326.1, 1, '', 56, '2022-12-02 22:46:22', 54),
(14377, 0, 19767, NULL, 258, 1, '', 56, '2022-12-02 22:46:36', 54),
(14378, 0, 19763, NULL, 267.2, 1, '', 56, '2022-12-02 22:47:03', 54),
(14379, 0, 19776, NULL, 264.5, 1, '', 21, '2022-12-02 22:49:02', 54),
(14380, 0, 19777, NULL, 265.2, 1, '', 21, '2022-12-02 22:49:19', 54),
(14381, 0, 19768, NULL, 267.1, 1, '', 21, '2022-12-02 22:49:52', 54),
(14382, 0, 19773, NULL, 365.1, 1, '', 21, '2022-12-02 22:51:12', 54),
(14383, 1, 19775, NULL, 6.75, 1, '', 56, '2022-12-03 01:20:59', 54),
(14384, 1, 19759, NULL, 8.12, 1, '', 56, '2022-12-03 01:21:48', 54),
(14385, 1, 19768, NULL, 8.64, 1, '', 56, '2022-12-03 01:25:12', 54),
(14386, 1, 19776, NULL, 8.45, 1, '', 56, '2022-12-03 01:26:01', 54),
(14387, 1, 19777, NULL, 9.12, 1, '', 56, '2022-12-03 01:26:34', 54),
(14388, 1, 19781, NULL, 9.64, 1, '', 56, '2022-12-03 01:27:42', 54),
(14389, 1, 19748, NULL, 9.32, 1, '', 56, '2022-12-03 01:31:34', 54),
(14390, 1, 19760, NULL, 8.55, 1, '', 56, '2022-12-03 01:32:13', 54),
(14391, 1, 19773, NULL, 9.44, 1, '', 56, '2022-12-03 01:33:02', 54),
(14392, 1, 19771, NULL, 9.12, 1, '', 56, '2022-12-03 01:36:31', 54),
(14393, 1, NULL, 74948, 8.12, 1, '', 56, '2022-12-03 01:41:12', 54),
(14394, 1, 19774, NULL, 9.84, 1, '', 56, '2022-12-03 01:42:06', 54),
(14395, 1, NULL, 74949, 9.64, 1, '', 56, '2022-12-03 01:42:36', 54),
(14396, 1, 19763, NULL, 9.45, 1, '', 56, '2022-12-03 01:44:15', 54),
(14397, 1, 19764, NULL, 8.54, 1, '', 56, '2022-12-03 01:44:25', 54),
(14398, 1, 19765, NULL, 8.64, 1, '', 56, '2022-12-03 01:44:37', 54),
(14399, 1, 19766, NULL, 9.64, 1, '', 56, '2022-12-03 01:44:49', 54),
(14400, 1, 19767, NULL, 9.12, 1, '', 56, '2022-12-03 01:45:06', 54),
(14401, 0, 19781, NULL, 326.5, 1, '', 56, '2022-12-03 02:17:35', 54),
(14402, 0, 19770, NULL, 326.2, 1, '', 56, '2022-12-03 02:18:45', 54),
(14403, 0, 19771, NULL, 265.4, 1, '', 56, '2022-12-03 02:19:09', 54),
(14404, 0, NULL, 74950, 326.5, 1, '', 56, '2022-12-03 02:19:50', 54),
(14405, 0, 19775, NULL, 326.5, 1, '', 56, '2022-12-03 02:20:23', 54),
(14406, 0, 19774, NULL, 265.4, 1, '', 56, '2022-12-03 02:20:39', 54),
(14407, 0, NULL, 74951, 326.5, 1, '', 56, '2022-12-03 02:21:04', 54),
(14408, 0, 19759, NULL, 249.7, 1, '', 56, '2022-12-03 02:21:19', 54),
(14409, 0, 19760, NULL, 255, 1, '', 56, '2022-12-03 02:22:21', 54),
(14410, 0, 19748, NULL, 266.8, 1, '', 56, '2022-12-03 02:22:34', 54),
(14411, 0, 19782, NULL, 235.7, 1, '', 21, '2022-12-03 02:52:53', 54),
(14412, 1, 19782, NULL, 6.87, 1, '', 21, '2022-12-03 02:53:15', 54),
(14413, 1, 19779, NULL, 8.33, 1, '', 21, '2022-12-03 02:56:46', 54),
(14414, 0, 19779, NULL, 264.1, 1, '', 21, '2022-12-03 02:57:14', 54),
(14415, 1, 19778, NULL, 6.54, 1, '', 21, '2022-12-03 03:00:46', 54),
(14416, 0, 19778, NULL, 246, 1, '', 21, '2022-12-03 03:01:04', 54),
(14417, 1, 19780, NULL, 6.98, 1, '', 21, '2022-12-03 03:03:54', 54),
(14418, 0, 19780, NULL, 222.2, 1, '', 21, '2022-12-03 03:04:13', 54),
(14419, 1, 19783, NULL, 9.54, 1, '', 56, '2022-12-03 04:03:31', 54),
(14420, 0, 19783, NULL, 265.1, 1, '', 56, '2022-12-03 04:04:00', 54),
(14421, 0, 19784, NULL, 326.1, 1, '', 56, '2022-12-03 04:04:19', 54),
(14422, 1, 19784, NULL, 9.54, 1, '', 56, '2022-12-03 04:04:37', 54),
(14423, 0, 19772, NULL, 235.6, 1, '', 56, '2022-12-03 04:49:55', 54),
(14424, 1, 19772, NULL, 8.45, 1, '', 56, '2022-12-03 04:50:21', 54),
(14425, 0, 19785, NULL, 235, 1, '', 56, '2022-12-03 04:59:02', 54),
(14426, 1, 19785, NULL, 6.77, 1, '', 56, '2022-12-03 04:59:31', 54),
(14427, 0, 19786, NULL, 265, 1, '', 21, '2022-12-03 06:10:10', 54),
(14428, 0, 19787, NULL, 326.1, 1, '', 21, '2022-12-03 06:10:27', 54),
(14429, 1, 19787, NULL, 5.58, 1, '', 56, '2022-12-03 07:50:26', 54),
(14430, 1, 19786, NULL, 5.73, 1, '', 56, '2022-12-03 07:51:15', 54),
(14431, 0, 19789, NULL, 182, 1, '', 16, '2022-12-03 08:33:08', 54),
(14432, 1, 19769, NULL, 6.5, 1, '', 48, '2022-12-03 08:35:35', 19),
(14433, 0, 19791, NULL, 210, 1, '', 10, '2022-12-03 08:51:56', 54),
(14434, 0, 19788, NULL, 205, 1, '', 10, '2022-12-03 08:52:43', 54),
(14435, 1, 19792, NULL, 8.16, 1, '', 16, '2022-12-03 08:54:27', 54),
(14436, 1, 19788, NULL, 8.57, 1, '', 10, '2022-12-03 08:56:22', 54),
(14438, 1, 19791, NULL, 8.26, 1, '', 10, '2022-12-03 08:57:40', 54),
(14439, 1, 19789, NULL, 7.73, 1, '', 10, '2022-12-03 08:58:37', 54),
(14440, 0, 19792, NULL, 182.4, 1, '', 16, '2022-12-03 09:04:04', 54),
(14441, 1, 19761, NULL, 7.01, 1, 'CONTRAMUESTRA: 6.02', 48, '2022-12-03 09:10:59', 19),
(14442, 1, NULL, 75076, 8.45, 1, 'BALTAZAR', 16, '2022-12-03 09:26:22', 54),
(14443, 0, NULL, 75077, 250.6, 1, '', 16, '2022-12-03 09:26:56', 54),
(14444, 0, 19797, NULL, 264.2, 1, '', 48, '2022-12-03 09:55:25', 54),
(14445, 1, 19797, NULL, 6.29, 1, '', 48, '2022-12-03 10:05:32', 60),
(14446, 0, NULL, 75098, 220, 1, '', 10, '2022-12-03 10:52:04', 19),
(14447, 1, NULL, 75099, 9.93, 1, '', 10, '2022-12-03 10:53:56', 19),
(14448, 0, NULL, 75112, 189.2, 1, '', 48, '2022-12-03 11:45:18', 60),
(14449, 1, NULL, 75113, 9.19, 1, '', 48, '2022-12-03 11:46:02', 60),
(14450, 0, 19808, NULL, 240.6, 1, '', 16, '2022-12-03 12:03:32', 60),
(14451, 0, 19809, NULL, 189.4, 1, '', 16, '2022-12-03 12:03:58', 60),
(14452, 0, 19810, NULL, 220, 1, '', 48, '2022-12-03 12:08:54', 60),
(14453, 1, 19808, NULL, 7.24, 1, '', 16, '2022-12-03 12:13:27', 49),
(14455, 1, 19809, NULL, 7.45, 1, '', 16, '2022-12-03 12:14:30', 60),
(14456, 0, 19813, NULL, 300.2, 1, '', 48, '2022-12-03 12:17:02', 60),
(14457, 0, NULL, 75121, 420.2, 1, '', 10, '2022-12-03 12:18:24', 60),
(14458, 1, NULL, 75122, 12.02, 1, '', 10, '2022-12-03 12:18:49', 60),
(14459, 1, 19799, NULL, 8.4, 1, 'CONTRAMUESTRA: 8.52', 48, '2022-12-03 12:48:18', 60),
(14460, 1, 19813, NULL, 6.43, 1, '', 48, '2022-12-03 12:51:18', 60),
(14461, 1, NULL, 75141, 11.56, 1, '', 48, '2022-12-03 12:53:22', 60),
(14462, 0, NULL, 75143, 230.2, 1, '', 48, '2022-12-03 12:54:53', 60),
(14463, 1, NULL, 75146, 10.17, 1, '', 48, '2022-12-03 12:57:25', 60),
(14464, 0, NULL, 75144, 321.1, 1, '', 48, '2022-12-03 12:57:54', 60),
(14465, 0, NULL, 75156, 220.4, 1, '', 48, '2022-12-03 13:17:18', 17),
(14466, 1, NULL, 75157, 9.54, 1, '', 48, '2022-12-03 13:17:49', 17),
(14467, 0, NULL, 75159, 250.2, 1, '', 48, '2022-12-03 13:27:03', 17),
(14468, 1, NULL, 75160, 7.98, 1, '', 22, '2022-12-03 13:27:35', 17),
(14469, 1, 19810, NULL, 6.78, 1, '', 48, '2022-12-03 13:30:46', 17),
(14470, 0, NULL, 75177, 350.2, 1, '', 10, '2022-12-03 13:46:46', 17),
(14471, 1, NULL, 75178, 11.34, 1, '', 10, '2022-12-03 13:47:21', 17),
(14473, 0, NULL, 75180, 230.78, 1, '', 10, '2022-12-03 13:49:14', 17),
(14474, 1, NULL, 75179, 8.51, 1, 'BALTAZAR', 10, '2022-12-03 13:56:35', 17),
(14475, 1, 19834, NULL, 7.62, 1, 'CONTRAMUESTRA  7.77', 10, '2022-12-03 14:51:31', 17),
(14476, 0, 19843, NULL, 300, 1, '', 49, '2022-12-03 15:10:29', 49),
(14477, 0, 19844, NULL, 400, 1, '', 49, '2022-12-03 15:10:53', 49),
(14479, 0, 19836, NULL, 156.2, 1, '', 48, '2022-12-03 15:33:11', 49),
(14480, 1, 19836, NULL, 7.48, 1, '', 48, '2022-12-03 15:33:29', 49),
(14481, 1, 19844, NULL, 7.36, 1, '', 48, '2022-12-03 16:00:10', 49),
(14482, 1, 19843, NULL, 6.98, 1, '', 48, '2022-12-03 16:00:43', 49),
(14483, 1, NULL, 75242, 11.71, 1, '', 48, '2022-12-03 16:02:24', 49),
(14484, 0, NULL, 75246, 500.2, 1, '', 48, '2022-12-03 16:17:38', 49),
(14485, 0, 19852, NULL, 300.2, 1, '', 48, '2022-12-03 16:36:00', 49),
(14486, 1, NULL, 75275, 9.06, 1, '', 48, '2022-12-03 17:04:35', 49),
(14487, 1, NULL, 75276, 8.78, 1, '', 48, '2022-12-03 17:05:03', 49),
(14488, 1, NULL, 75277, 9.2, 1, '', 22, '2022-12-03 17:05:28', 49),
(14489, 1, NULL, 75278, 9.09, 1, '', 48, '2022-12-03 17:05:58', 49),
(14490, 1, NULL, 75279, 9.54, 1, '', 48, '2022-12-03 17:07:55', 49),
(14491, 1, 19852, NULL, 7.24, 1, '', 48, '2022-12-03 17:11:29', 49),
(14492, 0, NULL, 75310, 300.2, 1, '', 10, '2022-12-03 18:07:59', 54),
(14493, 0, NULL, 75312, 500, 1, '', 10, '2022-12-03 18:09:30', 54),
(14494, 1, NULL, 75313, 11.45, 1, '', 10, '2022-12-03 18:09:58', 54),
(14495, 1, NULL, 75314, 11.5, 1, '', 10, '2022-12-03 18:11:06', 54),
(14496, 0, NULL, 75271, 300.2, 1, '', 48, '2022-12-03 18:11:56', 54),
(14497, 0, NULL, 75272, 400.2, 1, '', 10, '2022-12-03 18:12:07', 54),
(14498, 0, NULL, 75273, 400.2, 1, '', 10, '2022-12-03 18:12:18', 54),
(14499, 0, NULL, 75274, 400.2, 1, '', 48, '2022-12-03 18:12:33', 54),
(14500, 0, NULL, 75315, 500.2, 1, '', 10, '2022-12-03 18:12:45', 54),
(14501, 0, 19869, NULL, 300.2, 1, '', 48, '2022-12-03 18:21:15', 54),
(14502, 1, 19869, NULL, 8.2, 1, '', 48, '2022-12-03 18:50:26', 54),
(14503, 0, 19874, NULL, 265.5, 1, '', 54, '2022-12-03 20:23:24', 54),
(14504, 0, 19875, NULL, 265.1, 1, '', 54, '2022-12-03 20:23:46', 54),
(14505, 0, 19876, NULL, 254, 1, '', 54, '2022-12-03 20:24:23', 54),
(14506, 0, NULL, 75346, 500.6, 1, '', 54, '2022-12-03 20:29:59', 54),
(14507, 1, 19876, NULL, 6.54, 1, '', 54, '2022-12-03 20:30:51', 54),
(14508, 1, 19875, NULL, 6.54, 1, '', 54, '2022-12-03 20:31:03', 54),
(14509, 1, 19874, NULL, 6.54, 1, '', 54, '2022-12-03 20:31:18', 54),
(14510, 1, NULL, 75347, 6.54, 1, '', 54, '2022-12-03 20:31:57', 54),
(14511, 0, 19878, NULL, 326.5, 1, '', 21, '2022-12-03 20:33:20', 54),
(14512, 1, 19878, NULL, 9.65, 1, '', 21, '2022-12-03 20:33:42', 54),
(14513, 0, 19870, NULL, 326.5, 1, '', 22, '2022-12-03 20:36:51', 54),
(14514, 0, 19871, NULL, 326.5, 1, '', 22, '2022-12-03 20:37:10', 54),
(14515, 0, NULL, 75349, 326.5, 1, '', 48, '2022-12-03 20:37:48', 54),
(14516, 1, 19870, NULL, 6.98, 1, '', 48, '2022-12-03 20:38:15', 54),
(14517, 1, 19871, NULL, 6.98, 1, '', 48, '2022-12-03 20:38:27', 54),
(14518, 1, NULL, 75350, 6.98, 1, '', 48, '2022-12-03 20:38:51', 54),
(14519, 1, 19873, NULL, 8.65, 1, '', 21, '2022-12-03 20:41:07', 54),
(14520, 0, 19873, NULL, 312, 1, '', 21, '2022-12-03 20:42:05', 54),
(14521, 1, 19877, NULL, 6.54, 1, '', 21, '2022-12-03 20:43:41', 54),
(14522, 0, 19877, NULL, 326.5, 1, '', 21, '2022-12-03 20:44:21', 54),
(14523, 0, 19879, NULL, 326.5, 1, '', 21, '2022-12-03 20:46:24', 54),
(14524, 0, 19880, NULL, 328.4, 1, '', 21, '2022-12-03 20:46:41', 54),
(14525, 0, 19820, NULL, 265, 1, '', 48, '2022-12-03 20:53:28', 54),
(14527, 0, 19823, NULL, 326.5, 1, '', 22, '2022-12-03 20:53:38', 54),
(14528, 0, 19872, NULL, 326.2, 1, '', 48, '2022-12-03 20:53:50', 54),
(14529, 0, NULL, 75351, 326.5, 1, '', 48, '2022-12-03 20:57:06', 54),
(14530, 1, 19820, NULL, 6.54, 1, '', 22, '2022-12-03 20:57:19', 54),
(14531, 1, 19819, NULL, 354.5, 1, '', 21, '2022-12-03 20:57:33', 54),
(14532, 1, 19823, NULL, 625.4, 1, '', 21, '2022-12-03 20:57:45', 54),
(14533, 1, NULL, 75352, 6.54, 1, '', 48, '2022-12-03 20:58:16', 54),
(14534, 0, NULL, 75356, 321.2, 1, '', 21, '2022-12-03 21:14:30', 54),
(14535, 1, 19879, NULL, 6.54, 1, '', 21, '2022-12-03 21:14:54', 54),
(14536, 1, 19880, NULL, 3.65, 1, '', 21, '2022-12-03 21:15:04', 54),
(14537, 1, NULL, 75357, 6.54, 1, '', 21, '2022-12-03 21:15:25', 54),
(14538, 0, 19881, NULL, 326.5, 1, '', 21, '2022-12-03 22:02:22', 54),
(14539, 0, 19882, NULL, 326.5, 1, '', 21, '2022-12-03 22:02:38', 54),
(14540, 1, 19881, NULL, 9.65, 1, '', 21, '2022-12-03 22:03:04', 54),
(14541, 1, 19882, NULL, 9.65, 1, '', 21, '2022-12-03 22:03:15', 54),
(14542, 1, NULL, 75374, 9.68, 1, '', 21, '2022-12-03 22:04:20', 54),
(14543, 0, NULL, 75375, 326.5, 1, '', 21, '2022-12-03 22:04:47', 54),
(14544, 0, 19883, NULL, 235.1, 1, '', 54, '2022-12-03 23:12:26', 54),
(14545, 1, 19883, NULL, 9.54, 1, '', 54, '2022-12-03 23:12:54', 54),
(14546, 1, 19872, NULL, 9.21, 1, '', 54, '2022-12-03 23:34:22', 54),
(14547, 0, 19885, NULL, 326.5, 1, '', 54, '2022-12-04 01:23:56', 54),
(14548, 1, 19885, NULL, 6.54, 1, '', 54, '2022-12-04 01:24:16', 54),
(14549, 1, 19884, NULL, 7.54, 1, '', 54, '2022-12-04 01:24:33', 54),
(14550, 0, 19884, NULL, 396, 1, '', 54, '2022-12-04 01:24:55', 54),
(14551, 0, 19886, NULL, 265.3, 1, '', 55, '2022-12-04 07:34:56', 54),
(14552, 0, 19888, NULL, 185.4, 1, '', 55, '2022-12-04 08:40:17', 54),
(14553, 0, 19890, NULL, 194.4, 1, '', 55, '2022-12-04 08:40:28', 54),
(14554, 1, 19886, NULL, 6.8, 1, '', 55, '2022-12-04 08:47:00', 54),
(14555, 1, 19888, NULL, 6.2, 1, '', 55, '2022-12-04 08:58:37', 54),
(14556, 1, 19890, NULL, 7.4, 1, '', 55, '2022-12-04 09:01:47', 54),
(14557, 0, 19891, NULL, 188.8, 1, '', 10, '2022-12-04 09:09:43', 54),
(14558, 1, 19891, NULL, 7.8, 1, '', 10, '2022-12-04 10:28:50', 54),
(14559, 0, 19900, NULL, 163.2, 1, '', 56, '2022-12-04 19:55:22', 60),
(14560, 1, 19900, NULL, 6.34, 1, '', 56, '2022-12-04 19:55:40', 60),
(14561, 0, 19901, NULL, 200.2, 1, '', 56, '2022-12-05 00:04:57', 49),
(14562, 1, 19901, NULL, 6.93, 1, '', 56, '2022-12-05 00:05:20', 49),
(14563, 0, 19903, NULL, 230.4, 1, '', 56, '2022-12-05 07:41:08', 54),
(14564, 1, 19903, NULL, 8.58, 1, '', 5, '2022-12-05 08:01:30', 54),
(14565, 0, 19902, NULL, 230.5, 1, '', 5, '2022-12-05 10:15:48', 17),
(14566, 1, 19902, NULL, 7.38, 1, '', 5, '2022-12-05 10:16:02', 17),
(14567, 1, 19905, NULL, 6.44, 1, '', 5, '2022-12-05 10:18:46', 17),
(14568, 1, 19906, NULL, 7.16, 1, '', 5, '2022-12-05 10:24:05', 17),
(14569, 0, 19906, NULL, 250.2, 1, '', 5, '2022-12-05 10:24:32', 17),
(14570, 0, 19905, NULL, 250.6, 1, '', 5, '2022-12-05 10:24:44', 17),
(14571, 1, 19910, NULL, 6.42, 1, 'CONTRAMUESTRA 6.31', 22, '2022-12-05 11:32:40', 54),
(14572, 0, 19913, NULL, 303.8, 1, '', 55, '2022-12-05 11:55:25', 54),
(14574, 0, 19915, NULL, 3.89, 1, '', 48, '2022-12-05 14:10:53', 54),
(14576, 0, 19920, NULL, 200.2, 1, '', 22, '2022-12-05 14:12:45', 54),
(14577, 0, 19907, NULL, 180.4, 1, '', 48, '2022-12-05 14:13:00', 54),
(14579, 1, NULL, 75499, 8.12, 1, '', 48, '2022-12-05 14:14:11', 54),
(14580, 0, NULL, 75500, 350.4, 1, '', 48, '2022-12-05 14:14:44', 54),
(14581, 1, 19907, NULL, 7.34, 1, '', 48, '2022-12-05 14:15:55', 54),
(14582, 1, 19915, NULL, 3.9, 1, '', 48, '2022-12-05 14:16:24', 54),
(14583, 1, 19920, NULL, 7.43, 1, '', 22, '2022-12-05 14:17:02', 54),
(14584, 1, 19921, NULL, 5.89, 1, '', 48, '2022-12-05 14:34:57', 54),
(14585, 0, 19936, NULL, 320.3, 1, '', 55, '2022-12-05 17:08:09', 54),
(14586, 0, NULL, 75532, 200.34, 1, '', 48, '2022-12-05 17:14:59', 54),
(14587, 1, NULL, 75535, 10.45, 1, '', 48, '2022-12-05 17:15:52', 54),
(14588, 1, 19934, NULL, 5.79, 1, '', 48, '2022-12-05 17:17:06', 54),
(14589, 1, 19914, NULL, 5, 1, '', 48, '2022-12-05 17:17:58', 54),
(14590, 1, 19916, NULL, 4.42, 1, '', 48, '2022-12-05 17:18:53', 54),
(14591, 1, 19929, NULL, 3.89, 1, '', 48, '2022-12-05 17:20:07', 54),
(14592, 1, 19932, NULL, 3.17, 1, '', 48, '2022-12-05 17:21:01', 54),
(14593, 1, 19936, NULL, 5.51, 1, '', 48, '2022-12-05 17:22:23', 54),
(14594, 1, NULL, 75536, 10.99, 1, '', 48, '2022-12-05 17:23:26', 54),
(14595, 0, NULL, 75537, 300.2, 1, '', 48, '2022-12-05 17:24:10', 54),
(14596, 0, NULL, 75538, 250.8, 1, '', 48, '2022-12-05 17:25:54', 54),
(14597, 1, NULL, 75539, 6.1, 1, '', 48, '2022-12-05 17:26:24', 54),
(14598, 1, 19913, NULL, 7.05, 1, '', 9, '2022-12-05 20:17:43', 17),
(14599, 1, 19945, NULL, 5.87, 1, '', 9, '2022-12-05 20:20:24', 17),
(14600, 1, 19944, NULL, 3.2, 1, '', 9, '2022-12-05 20:21:29', 17),
(14601, 1, 19942, NULL, 6.75, 1, '', 9, '2022-12-05 20:22:57', 17),
(14602, 1, 19947, NULL, 6.13, 1, '', 56, '2022-12-05 20:23:44', 17),
(14603, 1, 19941, NULL, 6.18, 1, '', 56, '2022-12-05 20:24:39', 17),
(14604, 1, 19940, NULL, 6.68, 1, '', 9, '2022-12-05 21:27:47', 54),
(14605, 0, 19940, NULL, 241, 1, '', 9, '2022-12-05 21:28:10', 54),
(14606, 1, 19943, NULL, 5.58, 1, '', 56, '2022-12-05 21:33:24', 54),
(14607, 0, 19944, NULL, 165.9, 1, '', 56, '2022-12-05 21:34:06', 54),
(14608, 0, 19945, NULL, 236.3, 1, '', 56, '2022-12-05 21:34:27', 54),
(14609, 1, 19946, NULL, 7.74, 1, '', 56, '2022-12-05 21:35:28', 54),
(14610, 1, 19949, NULL, 6.14, 1, '', 56, '2022-12-05 21:36:14', 54),
(14611, 1, 19948, NULL, 5.43, 1, '', 56, '2022-12-05 21:37:52', 54),
(14612, 1, NULL, 75581, 6.66, 1, '', 56, '2022-12-05 21:39:03', 54),
(14613, 0, NULL, 75583, 163.5, 1, '', 56, '2022-12-05 21:39:57', 54),
(14614, 0, 19948, NULL, 213.2, 1, '', 56, '2022-12-05 21:49:20', 54),
(14615, 0, 19947, NULL, 163.2, 1, '', 56, '2022-12-05 21:49:38', 54),
(14616, 0, 19949, NULL, 196.2, 1, '', 56, '2022-12-05 21:49:54', 54),
(14617, 0, 19942, NULL, 216.3, 1, '', 56, '2022-12-05 21:52:51', 54),
(14618, 0, 19932, NULL, 163.2, 1, '', 56, '2022-12-05 21:54:35', 54),
(14619, 0, 19943, NULL, 213.5, 1, '', 56, '2022-12-05 22:05:08', 54),
(14620, 0, 19946, NULL, 163.5, 1, '', 56, '2022-12-05 22:05:25', 54),
(14621, 0, 19950, NULL, 300.2, 1, '', 56, '2022-12-06 01:49:05', 49),
(14622, 1, 19950, NULL, 7.2, 1, '', 56, '2022-12-06 01:49:41', 49),
(14623, 0, 19951, NULL, 216.3, 1, '', 56, '2022-12-06 02:20:13', 49),
(14624, 1, 19951, NULL, 7.25, 1, '', 56, '2022-12-06 02:20:38', 49),
(14625, 0, 19952, NULL, 256.5, 1, '', 56, '2022-12-06 07:28:05', 54),
(14626, 1, 19952, NULL, 9.12, 1, '', 56, '2022-12-06 07:28:26', 54),
(14627, 0, 19954, NULL, 200.2, 1, '', 48, '2022-12-06 08:56:25', 54),
(14628, 0, 19959, NULL, 352.6, 1, '', 48, '2022-12-06 09:26:56', 54),
(14629, 1, 19954, NULL, 8.15, 1, '', 48, '2022-12-06 09:33:02', 54),
(14630, 0, 19955, NULL, 326.5, 1, '', 48, '2022-12-06 09:33:35', 54),
(14631, 0, 19956, NULL, 265, 1, '', 48, '2022-12-06 09:34:00', 54),
(14632, 0, 19957, NULL, 326.4, 1, '', 48, '2022-12-06 09:34:20', 54),
(14633, 1, 19955, NULL, 9.54, 1, '', 48, '2022-12-06 09:41:10', 54),
(14634, 1, 19956, NULL, 8.54, 1, '', 48, '2022-12-06 09:41:30', 54),
(14635, 1, 19957, NULL, 9.65, 1, '', 48, '2022-12-06 09:41:44', 54),
(14636, 1, 19959, NULL, 6.99, 1, '', 48, '2022-12-06 10:10:05', 54),
(14637, 0, 19960, NULL, 321.2, 1, '', 48, '2022-12-06 10:25:19', 54),
(14638, 1, 19960, NULL, 7.96, 1, '', 48, '2022-12-06 11:56:22', 54),
(14639, 0, 19961, NULL, 326.5, 1, '', 48, '2022-12-06 12:01:56', 54),
(14640, 0, 19962, NULL, 523.1, 1, '', 48, '2022-12-06 12:02:14', 54),
(14641, 0, 19965, NULL, 220.12, 1, '', 48, '2022-12-06 14:24:02', 54),
(14642, 0, 19964, NULL, 350.4, 1, '', 48, '2022-12-06 14:24:31', 54),
(14643, 0, 19966, NULL, 234.5, 1, '', 48, '2022-12-06 14:37:14', 54),
(14644, 1, 19961, NULL, 6.5, 1, '', 48, '2022-12-06 14:47:21', 54),
(14645, 1, 19962, NULL, 7.02, 1, '', 48, '2022-12-06 14:47:41', 54),
(14646, 1, 19966, NULL, 6.84, 1, '', 48, '2022-12-06 15:11:52', 54),
(14647, 0, 19974, NULL, 326.5, 1, '', 5, '2022-12-06 16:42:49', 54),
(14648, 1, 19974, NULL, 6.54, 1, '', 5, '2022-12-06 16:43:19', 54),
(14649, 1, 19973, NULL, 6.89, 1, '', 5, '2022-12-06 16:43:52', 54),
(14650, 0, 19973, NULL, 324, 1, '', 5, '2022-12-06 16:44:08', 54),
(14651, 1, 19965, NULL, 6.91, 1, '', 5, '2022-12-06 16:45:22', 54),
(14652, 1, 19964, NULL, 7.6, 1, '', 5, '2022-12-06 16:45:49', 54),
(14653, 1, 19971, NULL, 6.8, 1, '', 48, '2022-12-06 17:04:44', 54),
(14654, 0, 19976, NULL, 324.8, 1, '', 48, '2022-12-06 17:08:46', 54),
(14656, 0, 19970, NULL, 250.2, 1, '', 48, '2022-12-06 17:11:16', 54),
(14657, 1, 19970, NULL, 7.2, 1, '', 48, '2022-12-06 17:11:33', 54),
(14658, 1, 19969, NULL, 7.54, 1, '', 5, '2022-12-06 17:16:02', 54),
(14659, 1, 19968, NULL, 6.54, 1, '', 5, '2022-12-06 17:18:19', 54),
(14661, 1, 19977, NULL, 7.08, 1, '', 48, '2022-12-06 17:33:46', 54),
(14662, 1, 19975, NULL, 6.5, 1, 'CONTRAMUESTRA: 6.16', 48, '2022-12-06 17:39:56', 54),
(14663, 0, 19977, NULL, 354.1, 1, '', 48, '2022-12-06 18:02:31', 54),
(14664, 0, 19979, NULL, 364.1, 1, '', 48, '2022-12-06 18:02:45', 54),
(14665, 0, 19978, NULL, 426.3, 1, '', 48, '2022-12-06 18:08:10', 54),
(14666, 1, 19978, NULL, 6.45, 1, '', 22, '2022-12-06 18:15:30', 54),
(14667, 1, 19976, NULL, 8.65, 1, '', 48, '2022-12-06 18:16:04', 54),
(14668, 0, 19983, NULL, 300.2, 1, '', 48, '2022-12-06 19:31:33', 49),
(14669, 0, 19982, NULL, 300.2, 1, '', 48, '2022-12-06 19:32:00', 49),
(14670, 0, 19981, NULL, 400.2, 1, '', 22, '2022-12-06 19:32:30', 49),
(14671, 0, 19980, NULL, 400.1, 1, '', 48, '2022-12-06 19:32:57', 49),
(14672, 1, NULL, 75746, 7.53, 1, '', 22, '2022-12-06 20:01:18', 49),
(14673, 1, 19982, NULL, 7.01, 1, '', 48, '2022-12-06 20:01:53', 49),
(14674, 1, 19979, NULL, 5.81, 1, '', 48, '2022-12-06 20:02:29', 49),
(14675, 1, 19983, NULL, 6.77, 1, '', 56, '2022-12-06 20:03:03', 49),
(14676, 0, NULL, 75747, 163.2, 1, '', 48, '2022-12-06 20:04:04', 49),
(14677, 0, 19987, NULL, 253.3, 1, '', 56, '2022-12-06 20:45:27', 60),
(14678, 1, 19987, NULL, 6.54, 1, '', 56, '2022-12-06 20:46:03', 60),
(14679, 0, 19990, NULL, 165.2, 1, '', 56, '2022-12-06 20:46:55', 60),
(14680, 1, 19990, NULL, 5.52, 1, '', 56, '2022-12-06 20:47:24', 60),
(14681, 1, 19989, NULL, 8.08, 1, '', 56, '2022-12-06 20:48:02', 60),
(14682, 0, 19989, NULL, 214.6, 1, '', 56, '2022-12-06 20:48:19', 60),
(14683, 0, 19986, NULL, 198.5, 1, '', 56, '2022-12-06 20:48:55', 60),
(14684, 1, 19986, NULL, 6.95, 1, '', 56, '2022-12-06 20:49:15', 60),
(14685, 1, 19984, NULL, 6.53, 1, '', 56, '2022-12-06 20:49:59', 60),
(14686, 0, 19984, NULL, 235.2, 1, '', 56, '2022-12-06 20:50:18', 60),
(14687, 0, 19988, NULL, 215.4, 1, '', 56, '2022-12-06 20:51:29', 60),
(14688, 1, 19988, NULL, 7.29, 1, '', 56, '2022-12-06 20:52:02', 60),
(14689, 1, 19985, NULL, 5.8, 1, '', 56, '2022-12-06 20:52:36', 60),
(14690, 0, 19985, NULL, 184.5, 1, '', 56, '2022-12-06 20:52:54', 60),
(14691, 0, 19991, NULL, 300, 1, '', 56, '2022-12-06 23:40:44', 54),
(14692, 1, 19991, NULL, 7.2, 1, '', 56, '2022-12-06 23:41:15', 54),
(14693, 0, 19992, NULL, 320.2, 1, '', 16, '2022-12-07 07:44:41', 54),
(14694, 0, 19993, NULL, 280.9, 1, '', 16, '2022-12-07 07:45:11', 54),
(14695, 1, 19992, NULL, 8.2, 1, '', 16, '2022-12-07 07:57:07', 54),
(14696, 1, 19993, NULL, 7.24, 1, '', 16, '2022-12-07 08:24:53', 54),
(14697, 0, 19994, NULL, 326.1, 1, '', 10, '2022-12-07 08:54:16', 54),
(14698, 1, 19994, NULL, 7.48, 1, '', 10, '2022-12-07 09:11:15', 6),
(14699, 0, 19995, NULL, 324, 1, '', 10, '2022-12-07 09:36:39', 54),
(14700, 1, 19995, NULL, 7.64, 1, '', 10, '2022-12-07 10:02:34', 6),
(14701, 0, 19998, NULL, 423.1, 1, '', 48, '2022-12-07 12:50:49', 54),
(14702, 1, 19998, NULL, 7.82, 1, '', 16, '2022-12-07 14:51:35', 16),
(14703, 1, 19999, NULL, 6.82, 1, '', 16, '2022-12-07 14:51:56', 16),
(14704, 1, 20000, NULL, 7.64, 1, '', 16, '2022-12-07 14:52:10', 16),
(14705, 1, 20001, NULL, 7.86, 1, '', 16, '2022-12-07 14:52:26', 16),
(14706, 1, 20002, NULL, 8.42, 1, '', 16, '2022-12-07 14:52:40', 16),
(14707, 0, 20003, NULL, 214.7, 1, '', 16, '2022-12-07 14:59:46', 16),
(14708, 0, 20001, NULL, 5.58, 1, '', 48, '2022-12-07 15:13:42', 16),
(14709, 1, 19996, NULL, 8.45, 1, 'DUPLICADO 8.02', 22, '2022-12-07 15:36:20', 16),
(14710, 1, 19997, NULL, 8.35, 1, '', 48, '2022-12-07 15:42:47', 16),
(14711, 1, 20003, NULL, 6.34, 1, '', 20, '2022-12-07 16:07:57', 16),
(14712, 1, 20004, NULL, 6.74, 1, 'CONTRAMUESTRA: 6.77', 16, '2022-12-07 16:17:35', 16),
(14713, 0, 20013, NULL, 300.2, 1, '', 48, '2022-12-07 20:30:00', 49),
(14714, 0, 20016, NULL, 300, 1, '', 49, '2022-12-07 20:52:48', 49),
(14715, 0, 20014, NULL, 300.2, 1, '', 49, '2022-12-07 20:53:14', 49),
(14716, 0, 20015, NULL, 400.2, 1, '', 49, '2022-12-07 20:53:39', 49),
(14717, 1, 20008, NULL, 5.36, 1, '', 48, '2022-12-07 20:58:09', 49),
(14718, 1, 20005, NULL, 4.64, 1, '', 48, '2022-12-07 20:58:50', 49),
(14719, 1, 20009, NULL, 7.01, 1, '', 49, '2022-12-07 21:01:34', 49),
(14720, 0, 20009, NULL, 200.2, 1, '', 49, '2022-12-07 21:02:04', 49),
(14721, 1, 20013, NULL, 7.43, 1, '', 49, '2022-12-07 21:04:28', 49),
(14722, 1, 20012, NULL, 6.64, 1, '', 49, '2022-12-07 21:06:17', 49),
(14723, 0, 20012, NULL, 300.2, 1, '', 49, '2022-12-07 21:06:48', 49),
(14724, 0, 20010, NULL, 300.2, 1, '', 49, '2022-12-07 22:21:43', 49),
(14725, 0, 20011, NULL, 300.2, 1, '', 49, '2022-12-07 22:22:06', 49),
(14726, 1, 20007, NULL, 6.68, 1, 'CONTRAMUESTRA 7.01 KG', 56, '2022-12-07 22:23:06', 49),
(14727, 0, 20017, NULL, 215.2, 1, '', 56, '2022-12-07 23:51:30', 49),
(14728, 1, 20014, NULL, 6.57, 1, '', 56, '2022-12-08 00:06:36', 49),
(14729, 1, 20015, NULL, 6.38, 1, '', 56, '2022-12-08 00:07:47', 49),
(14730, 1, 20016, NULL, 6.35, 1, '', 56, '2022-12-08 00:10:08', 49),
(14731, 1, 20017, NULL, 8.57, 1, '', 56, '2022-12-08 00:10:52', 49),
(14732, 1, 20010, NULL, 6.58, 1, '', 56, '2022-12-08 00:11:42', 49),
(14733, 1, 20011, NULL, 6.5, 1, '', 56, '2022-12-08 00:12:03', 49),
(14734, 0, NULL, 75923, 500.2, 1, '', 56, '2022-12-08 00:15:13', 49),
(14735, 1, NULL, 75926, 7.56, 1, '', 56, '2022-12-08 00:28:57', 49),
(14736, 1, 20020, NULL, 6.77, 1, '', 56, '2022-12-08 02:44:22', 49),
(14737, 1, 20018, NULL, 7.42, 1, '', 56, '2022-12-08 02:45:37', 49),
(14738, 1, 20019, NULL, 6.83, 1, '', 56, '2022-12-08 02:46:40', 49),
(14739, 0, 20019, NULL, 310, 1, '', 56, '2022-12-08 03:11:13', 49),
(14740, 0, 20018, NULL, 300.5, 1, '', 56, '2022-12-08 03:12:36', 49),
(14741, 0, 20020, NULL, 300.6, 1, '', 56, '2022-12-08 03:13:25', 49),
(14742, 0, 20023, NULL, 320.5, 1, '', 20, '2022-12-08 09:45:16', 54),
(14743, 0, 20024, NULL, 326.5, 1, '', 20, '2022-12-08 09:45:34', 54),
(14744, 1, 20023, NULL, 6.59, 1, '', 20, '2022-12-08 09:45:54', 54),
(14745, 1, 20024, NULL, 7.54, 1, '', 20, '2022-12-08 09:46:11', 54),
(14746, 0, 20021, NULL, 326.5, 1, '', 54, '2022-12-08 10:01:58', 54),
(14747, 0, 20022, NULL, 377, 1, '', 54, '2022-12-08 10:02:18', 54),
(14748, 1, 20021, NULL, 8.21, 1, '', 54, '2022-12-08 10:02:37', 54),
(14749, 1, 20022, NULL, 6.54, 1, '', 54, '2022-12-08 10:03:03', 54),
(14750, 0, 20026, NULL, 326.5, 1, '', 14, '2022-12-08 11:02:03', 54),
(14751, 1, 20026, NULL, 8.54, 1, '', 20, '2022-12-08 11:35:15', 54),
(14753, 0, 20035, NULL, 326.5, 1, '', 54, '2022-12-08 15:34:03', 54),
(14754, 0, 20037, NULL, 326.5, 1, '', 54, '2022-12-08 16:38:57', 54),
(14755, 1, 20037, NULL, 6.5, 1, '', 54, '2022-12-08 16:39:39', 54),
(14756, 1, 20033, NULL, 11.18, 1, '', 20, '2022-12-08 16:40:25', 54),
(14757, 0, 20033, NULL, 369.5, 1, '', 20, '2022-12-08 16:40:49', 54),
(14758, 0, 20031, NULL, 321.2, 1, '', 54, '2022-12-08 16:41:30', 54),
(14759, 1, 20031, NULL, 11.66, 1, '', 54, '2022-12-08 16:41:52', 54),
(14760, 1, 20034, NULL, 8.54, 1, '', 20, '2022-12-08 16:42:32', 54),
(14761, 0, 20034, NULL, 322.1, 1, '', 14, '2022-12-08 16:42:53', 54),
(14762, 1, 20035, NULL, 6.89, 1, '', 54, '2022-12-08 16:43:32', 54),
(14763, 1, 20029, NULL, 19.55, 1, '', 14, '2022-12-08 16:44:40', 54),
(14764, 0, 20029, NULL, 235.2, 1, '', 20, '2022-12-08 16:45:03', 54),
(14766, 1, 20030, NULL, 11.6, 1, '', 20, '2022-12-08 16:46:51', 54),
(14767, 0, 20030, NULL, 322.6, 1, '', 20, '2022-12-08 16:47:17', 54),
(14768, 1, 20028, NULL, 16.34, 1, '', 20, '2022-12-08 16:48:30', 54),
(14769, 0, 20028, NULL, 320, 1, '', 20, '2022-12-08 16:49:00', 54),
(14770, 1, 20032, NULL, 9.03, 1, 'REMUESTREO : 9.95', 54, '2022-12-08 17:21:16', 54),
(14771, 0, 20038, NULL, 326.5, 1, '', 54, '2022-12-08 17:46:26', 54),
(14772, 1, 20041, NULL, 6.84, 1, '', 49, '2022-12-08 23:12:57', 49),
(14773, 1, 20043, NULL, 7.97, 1, '', 49, '2022-12-08 23:14:11', 49),
(14774, 1, 20044, NULL, 6.42, 1, 'PLACA REAL C7B-763', 49, '2022-12-08 23:16:19', 49),
(14775, 1, 20047, NULL, 6.06, 1, '', 49, '2022-12-08 23:17:43', 49),
(14776, 1, 20039, NULL, 5.26, 1, '', 49, '2022-12-08 23:18:43', 49),
(14777, 1, 20046, NULL, 8.51, 1, '', 49, '2022-12-08 23:20:11', 49),
(14778, 1, 20042, NULL, 6.95, 1, '', 49, '2022-12-08 23:21:07', 49),
(14779, 1, 20038, NULL, 7.58, 1, '', 49, '2022-12-08 23:22:12', 49),
(14780, 1, 20048, NULL, 7.07, 1, '', 49, '2022-12-08 23:23:07', 49),
(14781, 1, 20040, NULL, 8.47, 1, '', 49, '2022-12-08 23:24:15', 49),
(14783, 0, 20040, NULL, 348.2, 1, '', 49, '2022-12-08 23:33:48', 49),
(14784, 0, 20041, NULL, 349.25, 1, '', 49, '2022-12-08 23:34:31', 49),
(14785, 0, 20042, NULL, 287.26, 1, '', 49, '2022-12-08 23:35:04', 49),
(14786, 0, 20043, NULL, 317.5, 1, '', 49, '2022-12-08 23:35:43', 49),
(14787, 0, 20044, NULL, 369.5, 1, '', 49, '2022-12-08 23:36:15', 49),
(14789, 0, 20045, NULL, 295.5, 1, '', 49, '2022-12-08 23:37:06', 49),
(14790, 0, 20046, NULL, 315, 1, '', 49, '2022-12-08 23:37:38', 49),
(14791, 0, 20047, NULL, 375, 1, '', 49, '2022-12-08 23:38:07', 49),
(14792, 0, 20048, NULL, 280.5, 1, '', 49, '2022-12-08 23:38:38', 49),
(14793, 0, 20049, NULL, 396.5, 1, '', 49, '2022-12-08 23:39:09', 49),
(14794, 0, 20039, NULL, 210, 1, '', 49, '2022-12-08 23:39:56', 49),
(14795, 0, 20050, NULL, 300.2, 1, '', 49, '2022-12-09 01:17:21', 49),
(14796, 1, 20049, NULL, 6.5, 1, '', 49, '2022-12-09 01:18:12', 49),
(14797, 1, 20050, NULL, 6.5, 1, '', 49, '2022-12-09 01:20:23', 49),
(14798, 1, 20053, NULL, 6.01, 1, '', 49, '2022-12-09 04:37:21', 49),
(14799, 1, 20051, NULL, 6, 1, '', 49, '2022-12-09 04:37:58', 49),
(14800, 1, 20052, NULL, 7.11, 1, '', 49, '2022-12-09 04:38:28', 49),
(14801, 0, 20051, NULL, 300.2, 1, '', 49, '2022-12-09 04:39:01', 49),
(14802, 0, 20052, NULL, 410.3, 1, '', 49, '2022-12-09 04:39:20', 49),
(14803, 0, 20053, NULL, 320.1, 1, '', 49, '2022-12-09 04:39:38', 49),
(14804, 0, 20054, NULL, 350.2, 1, '', 49, '2022-12-09 05:29:47', 54),
(14805, 0, 20056, NULL, 380.7, 1, '', 49, '2022-12-09 05:30:23', 54),
(14806, 1, 20054, NULL, 8.02, 1, '', 49, '2022-12-09 06:39:32', 49),
(14807, 1, 20055, NULL, 7.1, 1, '', 49, '2022-12-09 06:39:46', 49),
(14808, 1, 20056, NULL, 6.9, 1, '', 49, '2022-12-09 06:40:01', 49),
(14809, 0, 20055, NULL, 300.2, 1, '', 49, '2022-12-09 06:46:49', 49),
(14810, 0, 20057, NULL, 324, 1, '', 10, '2022-12-09 07:41:02', 54),
(14811, 1, 20057, NULL, 5.68, 1, '', 10, '2022-12-09 09:35:36', 54),
(14812, 1, 20058, NULL, 6.86, 1, '', 10, '2022-12-09 09:36:02', 54),
(14813, 0, 20058, NULL, 320.2, 1, '', 10, '2022-12-09 11:25:12', 54),
(14814, 0, 20062, NULL, 220.4, 2, '', 10, '2022-12-09 14:55:26', 54),
(14815, 0, 20063, NULL, 310.2, 1, '', 10, '2022-12-09 14:55:50', 54),
(14816, 0, 20064, NULL, 280.6, 1, '', 10, '2022-12-09 14:56:21', 54),
(14817, 0, 20065, NULL, 260.6, 1, '', 10, '2022-12-09 14:56:40', 54),
(14818, 0, 20066, NULL, 255.6, 1, '', 10, '2022-12-09 14:56:57', 54),
(14820, 0, 20059, NULL, 222.2, 1, '', 10, '2022-12-09 15:09:22', 54),
(14821, 1, 20059, NULL, 6.78, 1, '', 10, '2022-12-09 15:09:49', 54),
(14822, 1, 20060, NULL, 5.96, 1, '', 10, '2022-12-09 15:14:34', 54),
(14823, 1, 20061, NULL, 8.3, 1, '', 10, '2022-12-09 15:15:01', 54),
(14824, 1, 20062, NULL, 7.88, 1, '', 10, '2022-12-09 15:19:33', 54),
(14825, 1, 20063, NULL, 7.24, 1, '', 10, '2022-12-09 15:19:51', 54),
(14826, 1, 20064, NULL, 6.24, 1, '', 10, '2022-12-09 15:20:11', 54),
(14827, 1, 20065, NULL, 6.98, 1, '', 10, '2022-12-09 15:20:29', 54),
(14828, 1, 20066, NULL, 7.2, 1, '', 10, '2022-12-09 15:20:45', 54),
(14829, 0, 20073, NULL, 220.6, 1, '', 17, '2022-12-09 17:32:58', 54),
(14830, 0, 20070, NULL, 300.4, 1, '', 56, '2022-12-09 20:44:08', 54),
(14831, 0, 20071, NULL, 300, 1, '', 56, '2022-12-09 20:45:58', 54),
(14832, 0, 20072, NULL, 300.5, 1, '', 56, '2022-12-09 20:48:31', 54),
(14833, 0, 20069, NULL, 300.4, 1, '', 56, '2022-12-09 20:49:58', 54),
(14834, 0, 20068, NULL, 300.6, 1, '', 56, '2022-12-09 20:51:54', 54),
(14835, 0, 20067, NULL, 300.2, 1, '', 56, '2022-12-09 20:54:21', 54),
(14836, 1, 20067, NULL, 7.25, 1, '', 9, '2022-12-09 21:10:30', 54),
(14837, 1, 20068, NULL, 6.5, 1, '', 9, '2022-12-09 21:15:32', 54),
(14838, 1, 20069, NULL, 8.35, 1, '', 56, '2022-12-09 21:18:55', 54),
(14839, 1, 20070, NULL, 7.54, 1, '', 56, '2022-12-09 21:20:31', 54),
(14840, 1, 20071, NULL, 6.85, 1, '', 56, '2022-12-09 21:21:14', 54),
(14841, 1, 20072, NULL, 6.75, 1, '', 56, '2022-12-09 21:21:49', 54),
(14842, 1, 20073, NULL, 7.35, 1, '', 56, '2022-12-09 21:28:47', 54),
(14843, 1, NULL, 76183, 7.81, 1, '', 56, '2022-12-09 21:35:21', 54),
(14844, 0, NULL, 76184, 315, 1, '', 56, '2022-12-09 21:44:22', 54),
(14845, 0, 20074, NULL, 200.8, 1, '', 9, '2022-12-09 22:02:06', 54),
(14846, 0, 20075, NULL, 324.1, 1, '', 9, '2022-12-09 22:03:01', 54),
(14847, 0, 20076, NULL, 236, 1, '', 9, '2022-12-09 22:03:17', 54),
(14848, 0, 20077, NULL, 214.1, 1, '', 9, '2022-12-09 22:03:37', 54),
(14849, 0, 20078, NULL, 265.3, 1, '', 9, '2022-12-09 22:03:55', 54),
(14850, 0, 20079, NULL, 231.5, 1, '', 9, '2022-12-09 22:04:14', 54),
(14851, 0, 20080, NULL, 211.3, 1, '', 9, '2022-12-09 22:04:31', 54),
(14852, 0, 20081, NULL, 241.2, 1, '', 9, '2022-12-09 22:04:49', 54),
(14853, 1, NULL, 76195, 7.89, 1, '', 9, '2022-12-09 22:08:31', 54),
(14854, 1, 20081, NULL, 6.85, 1, '', 56, '2022-12-09 22:09:22', 54),
(14855, 1, 20074, NULL, 7.41, 1, '', 56, '2022-12-09 22:09:52', 54),
(14856, 1, 20077, NULL, 6.35, 1, '', 56, '2022-12-09 22:10:18', 54),
(14857, 1, 20078, NULL, 6.42, 1, '', 56, '2022-12-09 22:10:41', 54),
(14858, 1, 20079, NULL, 6.82, 1, '', 9, '2022-12-09 22:10:59', 54),
(14859, 1, 20080, NULL, 7.22, 1, '', 9, '2022-12-09 22:11:19', 54),
(14860, 0, 20082, NULL, 214.2, 1, '', 56, '2022-12-09 22:11:58', 54),
(14861, 0, 20083, NULL, 210.3, 1, '', 56, '2022-12-09 22:12:32', 54),
(14862, 1, 20082, NULL, 6.51, 1, '', 9, '2022-12-09 22:12:58', 54),
(14863, 1, 20083, NULL, 7.62, 1, '', 9, '2022-12-09 22:13:14', 54),
(14864, 0, NULL, 76197, 214.3, 1, '', 9, '2022-12-09 22:16:26', 54),
(14865, 0, 20084, NULL, 300.1, 1, '', 56, '2022-12-10 00:32:44', 54),
(14866, 0, 20086, NULL, 300, 1, '', 56, '2022-12-10 00:33:31', 54),
(14867, 0, 20087, NULL, 300.5, 1, '', 56, '2022-12-10 00:34:28', 54),
(14868, 0, 20085, NULL, 300.7, 1, '', 56, '2022-12-10 00:35:08', 54),
(14869, 1, 20084, NULL, 5.6, 1, '', 56, '2022-12-10 00:36:16', 54),
(14870, 1, 20086, NULL, 6.8, 1, '', 56, '2022-12-10 00:36:46', 54),
(14871, 1, 20087, NULL, 6.35, 1, '', 56, '2022-12-10 00:37:26', 54),
(14872, 1, 20085, NULL, 7.8, 1, '', 56, '2022-12-10 00:37:52', 54),
(14873, 1, 20088, NULL, 6.84, 1, '', 56, '2022-12-10 02:54:04', 54),
(14874, 0, 20088, NULL, 200.6, 1, '', 56, '2022-12-10 02:54:37', 54),
(14875, 0, 20089, NULL, 205.6, 1, '', 56, '2022-12-10 04:21:29', 54),
(14876, 1, 20089, NULL, 7.14, 1, '', 56, '2022-12-10 04:21:49', 54),
(14877, 0, 20090, NULL, 251.3, 1, '', 56, '2022-12-10 05:35:17', 54),
(14878, 1, 20090, NULL, 7.1, 1, '', 56, '2022-12-10 05:35:43', 54),
(14879, 0, 20091, NULL, 250.5, 1, '', 48, '2022-12-10 08:16:36', 54),
(14880, 0, 20092, NULL, 260.4, 1, '', 21, '2022-12-10 08:25:51', 54),
(14881, 0, 20093, NULL, 280.6, 1, '', 21, '2022-12-10 08:26:09', 54),
(14882, 1, 20091, NULL, 4.3, 1, '', 56, '2022-12-10 08:28:38', 54),
(14883, 0, 20096, NULL, 185.4, 1, '', 21, '2022-12-10 09:19:47', 54),
(14884, 0, 20099, NULL, 158.4, 1, '', 22, '2022-12-10 09:20:18', 54),
(14885, 1, 20095, NULL, 8.51, 1, '', 21, '2022-12-10 09:22:18', 54),
(14886, 1, 20092, NULL, 7.88, 1, '', 21, '2022-12-10 09:23:31', 54),
(14887, 1, 20093, NULL, 10.08, 1, '', 21, '2022-12-10 09:24:44', 54),
(14889, 1, 20097, NULL, 361.2, 1, '', 48, '2022-12-10 09:31:13', 54),
(14890, 0, 20094, NULL, 7.84, 1, '', 21, '2022-12-10 09:33:47', 54),
(14891, 1, 20045, NULL, 8.98, 1, '', 21, '2022-12-10 10:04:32', 54),
(14892, 1, 20099, NULL, 7.07, 1, '', 21, '2022-12-10 10:14:35', 54),
(14893, 1, 20094, NULL, 8.2, 1, '', 21, '2022-12-10 10:18:20', 54),
(14894, 1, 20096, NULL, 9.39, 1, '', 21, '2022-12-10 10:19:52', 54),
(14895, 0, 20106, NULL, 326.5, 1, '', 16, '2022-12-10 11:35:30', 54),
(14896, 0, 20101, NULL, 326.5, 1, '', 21, '2022-12-10 11:56:32', 54),
(14897, 0, 20102, NULL, 256, 1, '', 21, '2022-12-10 11:57:28', 54),
(14898, 0, 20103, NULL, 325.2, 1, '', 21, '2022-12-10 11:59:15', 54),
(14899, 0, 20104, NULL, 325, 1, '', 21, '2022-12-10 11:59:45', 54),
(14900, 0, 20105, NULL, 213, 1, '', 21, '2022-12-10 12:00:27', 54),
(14901, 1, 20105, NULL, 9.07, 1, '', 21, '2022-12-10 12:06:18', 54),
(14902, 1, 20104, NULL, 9.07, 1, '', 21, '2022-12-10 12:06:38', 54),
(14903, 1, NULL, 76353, 9.07, 1, '', 21, '2022-12-10 12:07:07', 54),
(14904, 0, NULL, 76355, 300.12, 1, '', 21, '2022-12-10 12:13:11', 54),
(14905, 1, NULL, 76356, 7.04, 1, '', 21, '2022-12-10 12:13:39', 54),
(14906, 1, NULL, 76357, 9.22, 1, '', 21, '2022-12-10 12:15:34', 54),
(14907, 0, NULL, 76358, 250.8, 1, '', 21, '2022-12-10 12:16:28', 54),
(14908, 1, 20106, NULL, 6.5, 1, '', 21, '2022-12-10 12:17:04', 54),
(14909, 1, 20098, NULL, 5.77, 1, '', 48, '2022-12-10 12:18:00', 54),
(14910, 0, NULL, 76362, 250.8, 1, '', 21, '2022-12-10 12:25:39', 54),
(14911, 0, 20112, NULL, 195.2, 1, '', 21, '2022-12-10 15:06:54', 54),
(14912, 1, 20109, NULL, 9.6, 1, '', 21, '2022-12-10 15:09:10', 54),
(14913, 0, NULL, 76389, 3504, 1, '', 21, '2022-12-10 15:10:20', 54),
(14914, 1, NULL, 76390, 12.6, 1, '', 21, '2022-12-10 15:10:56', 54),
(14915, 1, 20107, NULL, 6.79, 1, '', 21, '2022-12-10 15:11:36', 54),
(14916, 1, 20112, NULL, 7.37, 1, '', 21, '2022-12-10 15:32:30', 54),
(14917, 0, 20114, NULL, 326.5, 1, '', 21, '2022-12-10 15:58:18', 54),
(14918, 0, 20113, NULL, 321.2, 1, '', 21, '2022-12-10 15:58:42', 54),
(14920, 0, NULL, 76407, 350.2, 1, '', 21, '2022-12-10 16:09:08', 54),
(14921, 1, NULL, 76408, 10.81, 1, '', 21, '2022-12-10 16:09:40', 54),
(14922, 0, 20118, NULL, 235.6, 1, '', 16, '2022-12-10 16:31:01', 54),
(14923, 1, 20121, NULL, 12.43, 1, '', 16, '2022-12-10 17:15:34', 54),
(14924, 1, 20115, NULL, 12.43, 1, '', 16, '2022-12-10 17:15:51', 54),
(14925, 1, 20119, NULL, 12.43, 1, '', 16, '2022-12-10 17:16:05', 54),
(14926, 1, 20120, NULL, 12.43, 1, '', 16, '2022-12-10 17:16:21', 54),
(14927, 1, 20116, NULL, 12.43, 1, '', 16, '2022-12-10 17:17:08', 54),
(14928, 1, NULL, 76420, 12.43, 1, '', 16, '2022-12-10 17:17:47', 54),
(14929, 0, NULL, 76421, 320.2, 1, '', 21, '2022-12-10 17:18:36', 54),
(14930, 1, 20117, NULL, 6.38, 1, '', 16, '2022-12-10 17:19:19', 54),
(14931, 1, 20118, NULL, 6.95, 1, '', 16, '2022-12-10 17:19:51', 54),
(14932, 0, 20122, NULL, 300, 1, '', 10, '2022-12-10 18:36:48', 54),
(14933, 0, 20123, NULL, 300, 1, '', 10, '2022-12-10 18:56:41', 54),
(14934, 1, 20124, NULL, 6.8, 1, '', 56, '2022-12-10 20:06:14', 54),
(14935, 1, 20123, NULL, 7.2, 1, '', 56, '2022-12-10 20:06:50', 54),
(14936, 1, 20122, NULL, 6.8, 1, '', 56, '2022-12-10 20:07:15', 54),
(14937, 0, 20124, NULL, 3005, 1, '', 56, '2022-12-10 20:17:35', 54),
(14938, 1, 20125, NULL, 7.5, 1, '', 56, '2022-12-10 22:21:55', 54),
(14939, 0, 20125, NULL, 300.5, 1, '', 56, '2022-12-10 22:22:46', 54),
(14940, 0, 20126, NULL, 300.5, 1, '', 56, '2022-12-11 05:31:26', 54),
(14941, 1, 20126, NULL, 7.5, 1, '', 56, '2022-12-11 05:31:55', 54),
(14942, 1, 20127, NULL, 6.73, 1, '', 16, '2022-12-11 08:49:34', 16),
(14944, 1, 20130, NULL, 6.64, 1, '', 16, '2022-12-11 09:47:24', 16),
(14945, 1, 20128, NULL, 6.48, 1, '', 16, '2022-12-11 10:19:54', 16),
(14946, 1, 20129, NULL, 7.2, 1, '', 16, '2022-12-11 10:29:32', 16),
(14947, 1, 20131, NULL, 6.82, 1, '', 16, '2022-12-11 10:29:48', 16),
(14948, 1, 20132, NULL, 6.48, 1, '', 16, '2022-12-11 10:31:34', 16),
(14949, 0, 20131, NULL, 326.5, 1, '', 16, '2022-12-11 19:59:48', 54),
(14950, 0, 20127, NULL, 326.5, 1, '', 16, '2022-12-11 20:00:28', 54),
(14951, 0, 20132, NULL, 325.1, 1, '', 16, '2022-12-11 20:00:59', 54),
(14952, 0, 20129, NULL, 265.4, 1, '', 16, '2022-12-11 20:01:42', 54),
(14953, 0, 20128, NULL, 265.9, 1, '', 16, '2022-12-11 20:04:21', 54),
(14954, 0, 20130, NULL, 268.9, 1, '', 16, '2022-12-11 20:04:52', 54),
(14955, 0, 20133, NULL, 189.4, 1, '', 10, '2022-12-12 00:29:49', 54),
(14956, 1, 20133, NULL, 7.2, 1, '', 10, '2022-12-12 01:56:40', 54),
(14957, 0, 20135, NULL, 326.1, 1, '', 48, '2022-12-12 07:59:20', 54),
(14958, 0, 20134, NULL, 423.6, 1, '', 48, '2022-12-12 07:59:33', 54),
(14959, 0, 20137, NULL, 241.2, 1, '', 49, '2022-12-12 10:00:15', 54),
(14960, 0, 20138, NULL, 300.2, 1, '', 16, '2022-12-12 10:31:51', 54),
(14961, 1, 20134, NULL, 5.97, 1, '', 49, '2022-12-12 10:46:25', 54),
(14962, 1, 20137, NULL, 7.67, 1, '', 49, '2022-12-12 10:47:24', 54),
(14963, 1, 20135, NULL, 5.5, 1, '', 49, '2022-12-12 10:47:57', 54),
(14964, 1, 20138, NULL, 8.2, 1, '', 21, '2022-12-12 10:58:23', 49),
(14965, 0, 20140, NULL, 230.5, 1, '', 48, '2022-12-12 12:12:19', 54),
(14966, 1, 20140, NULL, 7.4, 1, '', 21, '2022-12-12 13:40:48', 22),
(14967, 0, 20142, NULL, 250.5, 1, '', 21, '2022-12-12 16:18:23', 49),
(14968, 1, 20142, NULL, 8.19, 1, '', 61, '2022-12-12 16:21:00', 49),
(14969, 0, 20143, NULL, 326.5, 1, '', 21, '2022-12-12 19:16:25', 54),
(14970, 1, 20143, NULL, 6.54, 1, '', 21, '2022-12-12 19:39:17', 54),
(14971, 0, 20144, NULL, 326.5, 1, '', 54, '2022-12-12 20:14:30', 54),
(14972, 0, 20145, NULL, 320.5, 1, '', 10, '2022-12-12 20:20:54', 54),
(14973, 1, 20144, NULL, 6.54, 1, '', 54, '2022-12-12 20:26:11', 54),
(14974, 1, 20145, NULL, 8.12, 1, '', 54, '2022-12-12 20:28:54', 54),
(14975, 0, 20146, NULL, 264, 1, '', 54, '2022-12-12 21:34:06', 54),
(14976, 0, 20147, NULL, 220.2, 1, '', 55, '2022-12-12 21:58:17', 54),
(14977, 1, 20146, NULL, 6.54, 1, '', 56, '2022-12-12 22:33:25', 54),
(14978, 0, 20148, NULL, 300, 1, '', 10, '2022-12-12 23:38:46', 54),
(14979, 1, 20147, NULL, 6.58, 1, '', 54, '2022-12-13 01:46:51', 54),
(14980, 1, 20148, NULL, 7.21, 1, '', 54, '2022-12-13 01:47:47', 54),
(14983, 0, 20149, NULL, 300.5, 1, '', 56, '2022-12-13 08:40:47', 54),
(14984, 1, 20149, NULL, 7.07, 1, 'DUPLICADO 5.82 KG', 56, '2022-12-13 08:55:36', 54),
(14985, 0, 20153, NULL, 360, 1, '', 21, '2022-12-13 11:50:36', 49),
(14986, 1, 20153, NULL, 8.4, 1, '', 21, '2022-12-13 13:12:36', 60),
(14987, 0, 20154, NULL, 209.4, 1, '', 61, '2022-12-13 17:53:17', 61),
(14988, 1, 20154, NULL, 7.11, 1, '', 61, '2022-12-13 18:13:40', 61),
(14989, 0, 20155, NULL, 260.6, 1, '', 16, '2022-12-14 07:43:41', 54),
(14990, 0, 20156, NULL, 286.2, 1, '', 48, '2022-12-14 09:20:14', 54),
(14991, 1, 20155, NULL, 8.24, 1, '', 56, '2022-12-14 09:36:43', 16),
(14992, 1, 20156, NULL, 7.64, 1, '', 56, '2022-12-14 09:37:10', 16),
(14994, 1, 20157, NULL, 5.6, 1, 'DUPLICADO 5.15', 56, '2022-12-14 10:07:46', 54),
(14995, 0, 20157, NULL, 165.3, 1, '', 56, '2022-12-14 10:08:12', 54),
(14996, 0, 20159, NULL, 165.2, 1, '', 56, '2022-12-14 12:57:57', 60),
(14997, 0, 20158, NULL, 231.3, 1, '', 56, '2022-12-14 12:58:35', 60),
(14998, 1, 20158, NULL, 8.3, 1, '', 56, '2022-12-14 12:58:57', 60),
(14999, 1, 20159, NULL, 7.2, 1, '', 22, '2022-12-14 12:59:08', 60),
(15000, 0, 20167, NULL, 235.1, 1, '', 21, '2022-12-14 19:38:43', 54),
(15001, 0, 20166, NULL, 200.1, 1, '', 21, '2022-12-14 19:39:11', 54),
(15002, 0, 20160, NULL, 326.5, 1, '', 21, '2022-12-14 19:39:52', 54),
(15003, 0, 20168, NULL, 265.4, 1, '', 21, '2022-12-14 19:40:17', 54),
(15004, 0, 20161, NULL, 269.8, 1, '', 21, '2022-12-14 19:40:40', 54),
(15005, 1, 20164, NULL, 6.54, 1, '', 21, '2022-12-14 20:49:43', 54),
(15006, 0, 20164, NULL, 326.2, 1, '', 21, '2022-12-14 20:50:18', 54),
(15007, 1, 20160, NULL, 6.21, 1, '', 21, '2022-12-14 20:50:56', 54),
(15008, 1, 20162, NULL, 6.45, 1, '', 21, '2022-12-14 20:51:28', 54),
(15009, 0, 20162, NULL, 333.6, 1, '', 21, '2022-12-14 20:51:50', 54),
(15010, 1, 20163, NULL, 7.12, 1, '', 21, '2022-12-14 20:52:32', 54),
(15011, 0, 20163, NULL, 322.2, 1, '', 21, '2022-12-14 20:52:50', 54),
(15012, 1, 20161, NULL, 7.65, 1, '', 21, '2022-12-14 20:53:26', 54),
(15013, 1, 20167, NULL, 7.64, 1, '', 21, '2022-12-14 20:54:08', 54),
(15014, 1, 20165, NULL, 6.55, 1, '', 21, '2022-12-14 20:54:38', 54),
(15015, 0, 20165, NULL, 264.5, 1, '', 21, '2022-12-14 20:55:00', 54),
(15016, 1, 20168, NULL, 6.51, 1, '', 21, '2022-12-14 20:55:34', 54),
(15017, 1, 20166, NULL, 7.65, 1, '', 21, '2022-12-14 20:56:10', 54),
(15018, 1, 20169, NULL, 6.21, 1, '', 54, '2022-12-14 21:54:52', 54),
(15019, 0, 20169, NULL, 213.2, 1, '', 54, '2022-12-14 21:55:15', 54),
(15021, 0, 20170, NULL, 326.5, 1, '', 54, '2022-12-15 02:10:45', 54),
(15022, 1, 20170, NULL, 3.72, 1, '', 54, '2022-12-15 02:11:23', 54),
(15023, 0, 20172, NULL, 321.2, 1, '', 54, '2022-12-15 02:11:54', 54),
(15024, 1, 20172, NULL, 3.48, 1, '', 54, '2022-12-15 02:12:24', 54),
(15025, 0, 20171, NULL, 235.2, 1, '', 54, '2022-12-15 02:12:46', 54),
(15026, 1, 20171, NULL, 4.2, 1, '', 54, '2022-12-15 02:13:06', 54),
(15027, 0, 20173, NULL, 230.5, 1, '', 61, '2022-12-15 06:22:20', 54),
(15028, 0, 20175, NULL, 326.2, 1, '', 54, '2022-12-15 07:10:15', 54),
(15029, 0, 20174, NULL, 321.6, 1, '', 54, '2022-12-15 07:10:29', 54),
(15030, 0, 20176, NULL, 120.8, 1, '', 16, '2022-12-15 07:48:03', 54),
(15031, 0, 20177, NULL, 180.4, 1, '', 16, '2022-12-15 07:48:36', 54),
(15032, 1, 20174, NULL, 7.42, 1, '', 16, '2022-12-15 08:21:00', 22),
(15033, 1, 20173, NULL, 7.27, 1, '', 16, '2022-12-15 08:59:51', 49),
(15034, 1, 20175, NULL, 8.2, 1, '', 21, '2022-12-15 11:04:22', 49),
(15035, 1, 20176, NULL, 7.74, 1, 'DEMORA EN REGistro por aceptacion de la carga', 16, '2022-12-15 12:33:15', 16),
(15036, 1, 20177, NULL, 6.74, 1, 'DEMORA EN REGISTRO POR ACEPTACION DE LA CARGA', 16, '2022-12-15 12:33:37', 16),
(15037, 0, 20178, NULL, 212.3, 1, '', 61, '2022-12-15 15:36:13', 61);
INSERT INTO `Preparacion_RecepcionMuestras` (`Id`, `is_general`, `cod_peso`, `id_analisismuestra`, `peso_muestra`, `cod_detalleenvase`, `observacion`, `cod_usuariotomamuestra`, `fecha_registro`, `usuario_registro`) VALUES
(15038, 1, 20178, NULL, 7.8, 1, '', 21, '2022-12-15 15:38:00', 16),
(15039, 0, 20179, NULL, 280.6, 1, '', 21, '2022-12-15 15:50:32', 61),
(15040, 1, 20179, NULL, 8.2, 1, '', 21, '2022-12-15 16:25:37', 61),
(15041, 1, 20193, NULL, 8.82, 1, '', 16, '2022-12-16 09:42:19', 16),
(15042, 1, 20189, NULL, 7.64, 1, '', 16, '2022-12-16 09:42:53', 16),
(15043, 1, 20188, NULL, 7.82, 1, '', 16, '2022-12-16 09:44:50', 16),
(15044, 1, 20190, NULL, 7.62, 1, '', 56, '2022-12-16 09:45:08', 16),
(15045, 1, 20191, NULL, 8.36, 1, '', 56, '2022-12-16 09:45:36', 16),
(15046, 1, 20195, NULL, 7.48, 1, 'DTM2 7.20', 56, '2022-12-16 09:46:17', 16),
(15047, 1, 20187, NULL, 7.64, 1, '', 56, '2022-12-16 09:46:39', 16),
(15048, 1, 20194, NULL, 8.32, 1, '', 56, '2022-12-16 09:47:16', 16),
(15049, 1, 20192, NULL, 8.36, 1, '', 56, '2022-12-16 09:47:55', 16),
(15050, 1, 20203, NULL, 8.64, 1, '', 16, '2022-12-16 14:04:12', 16),
(15051, 1, 20198, NULL, 6.42, 1, '', 17, '2022-12-16 14:04:40', 16),
(15052, 1, 20206, NULL, 6.48, 1, '', 16, '2022-12-16 14:37:14', 16),
(15053, 0, 20203, NULL, 380.2, 1, '', 22, '2022-12-16 16:02:00', 17),
(15054, 0, 20193, NULL, 280.5, 1, '', 48, '2022-12-16 16:05:01', 17),
(15055, 0, 20189, NULL, 325.5, 1, '', 48, '2022-12-16 16:05:18', 17),
(15056, 0, 20188, NULL, 320.2, 1, '', 48, '2022-12-16 16:05:34', 17),
(15057, 0, 20190, NULL, 280.9, 1, '', 48, '2022-12-16 16:05:49', 17),
(15059, 0, 20191, NULL, 290.8, 1, '', 22, '2022-12-16 16:06:16', 17),
(15060, 0, 20195, NULL, 318.2, 1, '', 48, '2022-12-16 16:06:54', 17),
(15061, 0, 20187, NULL, 218.8, 1, '', 48, '2022-12-16 16:07:26', 17),
(15062, 0, 20194, NULL, 302.2, 1, '', 48, '2022-12-16 16:07:45', 17),
(15063, 0, 20192, NULL, 290.2, 1, '', 48, '2022-12-16 16:08:00', 17),
(15064, 0, 20198, NULL, 250.5, 1, '', 48, '2022-12-16 16:08:20', 17),
(15065, 0, 20206, NULL, 308.4, 1, '', 48, '2022-12-16 16:08:41', 17),
(15066, 0, 20207, NULL, 294.4, 1, '', 48, '2022-12-16 16:08:58', 17),
(15067, 0, 20208, NULL, 264.5, 1, '', 48, '2022-12-16 16:09:16', 17),
(15068, 0, 20180, NULL, 250.5, 1, '', 48, '2022-12-16 16:19:11', 17),
(15069, 0, 20182, NULL, 250.5, 1, '', 48, '2022-12-16 16:19:56', 17),
(15070, 0, 20183, NULL, 280.8, 1, '', 48, '2022-12-16 16:20:38', 17),
(15071, 0, 20181, NULL, 280.8, 1, '', 48, '2022-12-16 16:21:56', 17),
(15072, 0, 20184, NULL, 310.2, 1, '', 22, '2022-12-16 16:26:17', 17),
(15073, 0, 20186, NULL, 320.5, 1, '', 22, '2022-12-16 16:26:36', 17),
(15074, 0, 20185, NULL, 290.5, 1, '', 48, '2022-12-16 16:26:58', 17),
(15075, 1, 20184, NULL, 8.2, 1, '', 61, '2022-12-16 16:43:46', 17),
(15076, 1, 20185, NULL, 7.36, 1, '', 61, '2022-12-16 16:46:02', 17),
(15077, 1, 20182, NULL, 7.85, 1, '', 61, '2022-12-16 16:50:43', 17),
(15078, 1, 20180, NULL, 8.23, 1, '', 61, '2022-12-16 16:53:05', 17),
(15079, 1, 20186, NULL, 7.25, 1, '', 61, '2022-12-16 16:54:52', 17),
(15080, 1, 20208, NULL, 7.25, 1, '', 61, '2022-12-16 16:57:29', 17),
(15081, 1, 20207, NULL, 7.35, 1, '', 61, '2022-12-16 16:57:39', 17),
(15082, 1, 20181, NULL, 8.32, 1, '', 52, '2022-12-16 16:59:42', 17),
(15083, 1, 20183, NULL, 7.42, 1, '', 61, '2022-12-16 17:00:00', 17),
(15085, 1, 20197, NULL, 8.66, 1, 'contramuestra 9.07', 61, '2022-12-16 17:04:00', 17),
(15086, 1, 20199, NULL, 8.19, 1, 'contramuestra 8.24', 61, '2022-12-16 17:05:28', 17),
(15087, 1, 20204, NULL, 8.42, 1, 'contramuestra 8.63', 61, '2022-12-16 17:06:28', 17),
(15088, 1, 20200, NULL, 9.22, 1, 'contramuestra 9.50', 61, '2022-12-16 17:08:43', 17),
(15089, 1, 20205, NULL, 9.04, 1, 'contramuestra 9.12', 61, '2022-12-16 17:09:34', 17),
(15090, 1, 20201, NULL, 9.73, 1, 'contramuestra 9.29', 61, '2022-12-16 17:10:30', 17),
(15091, 0, 20209, NULL, 230.2, 1, '', 61, '2022-12-16 21:11:13', 54),
(15092, 0, 20210, NULL, 326.2, 1, '', 54, '2022-12-17 00:02:38', 54),
(15093, 0, 20212, NULL, 236.2, 1, '', 54, '2022-12-17 00:10:33', 54),
(15094, 0, 20211, NULL, 265.5, 1, '', 54, '2022-12-17 00:14:18', 54),
(15095, 1, 20210, NULL, 6.54, 1, '', 54, '2022-12-17 00:35:33', 54),
(15096, 1, 20209, NULL, 8.15, 1, '', 54, '2022-12-17 00:36:07', 54),
(15097, 1, 20211, NULL, 7.64, 1, '', 54, '2022-12-17 00:36:25', 54),
(15098, 0, 20213, NULL, 322.2, 1, '', 54, '2022-12-17 03:38:06', 54),
(15099, 0, 20214, NULL, 226.5, 1, '', 54, '2022-12-17 03:38:17', 54),
(15100, 0, 20215, NULL, 326.1, 1, '', 54, '2022-12-17 03:38:26', 54),
(15101, 1, 20240, NULL, 6.74, 1, '', 16, '2022-12-18 09:41:03', 16),
(15102, 1, 20239, NULL, 6.64, 1, '', 16, '2022-12-18 09:41:21', 16),
(15103, 1, 20217, NULL, 6.23, 1, '', 16, '2022-12-18 09:44:16', 16),
(15104, 1, 20229, NULL, 6.1, 1, '', 16, '2022-12-18 09:45:23', 16),
(15105, 1, 20222, NULL, 6.5, 1, '', 16, '2022-12-18 09:46:12', 16),
(15106, 1, 20233, NULL, 6.4, 1, '', 16, '2022-12-18 09:46:52', 16),
(15107, 1, 20218, NULL, 6.2, 1, '', 16, '2022-12-18 09:47:41', 16),
(15108, 1, 20228, NULL, 6.3, 1, '', 16, '2022-12-18 09:48:16', 16),
(15109, 1, 20223, NULL, 6, 1, '', 16, '2022-12-18 09:48:44', 16),
(15110, 1, 20216, NULL, 6.12, 1, '', 16, '2022-12-18 09:50:29', 16),
(15111, 1, 20220, NULL, 6.02, 1, '', 16, '2022-12-18 09:51:08', 16),
(15112, 1, 20224, NULL, 6.32, 1, '', 16, '2022-12-18 09:51:45', 16),
(15113, 1, 20227, NULL, 6.45, 1, '', 16, '2022-12-18 09:52:19', 16),
(15114, 1, 20235, NULL, 6.15, 1, '', 16, '2022-12-18 09:54:21', 16),
(15115, 1, 20234, NULL, 6.17, 1, '', 16, '2022-12-18 09:54:43', 16),
(15116, 1, 20237, NULL, 6.32, 1, '', 16, '2022-12-18 09:55:02', 16),
(15117, 1, 20238, NULL, 6.35, 1, '', 16, '2022-12-18 11:24:36', 54),
(15118, 1, 20236, NULL, 6.36, 1, '', 16, '2022-12-18 11:25:16', 54),
(15119, 1, 20221, NULL, 6.2, 1, '', 16, '2022-12-18 11:26:27', 54),
(15120, 1, 20225, NULL, 6.36, 1, '', 16, '2022-12-18 11:26:57', 54),
(15121, 1, 20232, NULL, 6.14, 1, '', 16, '2022-12-18 11:27:30', 54),
(15122, 1, 20226, NULL, 6.02, 1, '', 16, '2022-12-18 11:28:03', 54),
(15123, 1, 20230, NULL, 6.58, 1, '', 16, '2022-12-18 11:28:45', 54),
(15124, 1, 20215, NULL, 6.39, 1, '', 16, '2022-12-18 11:29:13', 54),
(15125, 1, 20219, NULL, 6.45, 1, '', 16, '2022-12-18 11:29:40', 54),
(15126, 1, 20231, NULL, 6.68, 1, '', 16, '2022-12-18 11:30:42', 54),
(15127, 0, 20241, NULL, 6.43, 1, '', 16, '2022-12-18 12:04:33', 54),
(15128, 1, 20241, NULL, 7.48, 1, '', 16, '2022-12-18 12:11:07', 16),
(15129, 1, 20242, NULL, 6.82, 1, '', 16, '2022-12-18 12:11:20', 16),
(15130, 1, 20213, NULL, 6.42, 1, '', 17, '2022-12-18 12:14:11', 16),
(15131, 1, 20214, NULL, 7.24, 1, '', 17, '2022-12-18 12:14:56', 16),
(15132, 1, 20243, NULL, 7.62, 1, '', 16, '2022-12-18 12:16:35', 16),
(15133, 0, 20242, NULL, 6.42, 1, '', 16, '2022-12-18 12:32:40', 54),
(15134, 0, 20243, NULL, 6.35, 1, '', 16, '2022-12-18 12:33:04', 54),
(15135, 1, 20244, NULL, 6.36, 1, '', 16, '2022-12-18 13:27:40', 16),
(15136, 0, 20244, NULL, 6.24, 1, '', 16, '2022-12-18 13:29:46', 54),
(15137, 1, 20246, NULL, 7.6, 1, '', 16, '2022-12-18 15:56:10', 16),
(15138, 1, 20245, NULL, 7.22, 1, '', 16, '2022-12-18 15:58:10', 16),
(15139, 1, 20247, NULL, 6.6, 1, '', 16, '2022-12-18 16:02:18', 54),
(15140, 1, 20248, NULL, 7.24, 1, '', 16, '2022-12-18 17:13:50', 16),
(15141, 0, 20247, NULL, 163.5, 1, '', 16, '2022-12-18 19:21:50', 60),
(15142, 0, 20245, NULL, 213.5, 1, '', 16, '2022-12-18 19:22:09', 60),
(15143, 0, 20246, NULL, 213.4, 1, '', 16, '2022-12-18 19:22:38', 60),
(15144, 1, 20212, NULL, 6.28, 1, '', 48, '2022-12-19 07:33:19', 17),
(15145, 0, 20249, NULL, 300, 1, '', 10, '2022-12-19 07:35:51', 60),
(15146, 0, 20250, NULL, 300, 1, '', 10, '2022-12-19 07:36:29', 60),
(15147, 1, 20250, NULL, 8.02, 1, '', 10, '2022-12-19 08:23:43', 60),
(15148, 1, 20249, NULL, 8.9, 1, '', 10, '2022-12-19 08:24:25', 60),
(15149, 0, 20251, NULL, 189.4, 1, '', 5, '2022-12-19 08:57:09', 60),
(15150, 0, 20252, NULL, 205.8, 1, '', 5, '2022-12-19 09:02:13', 60),
(15151, 1, 20252, NULL, 7.18, 1, '', 5, '2022-12-19 09:03:57', 60),
(15152, 1, 20251, NULL, 6.43, 1, '', 10, '2022-12-19 09:19:18', 60),
(15153, 0, 20253, NULL, 191.4, 1, '', 5, '2022-12-19 10:09:07', 55),
(15154, 0, 20254, NULL, 300, 1, '', 56, '2022-12-19 10:18:54', 55),
(15155, 1, 20254, NULL, 6.61, 1, '', 56, '2022-12-19 11:11:42', 55),
(15156, 1, 20253, NULL, 6.53, 1, '', 56, '2022-12-19 11:12:19', 55),
(15157, 0, 20258, NULL, 280.8, 1, '', 22, '2022-12-19 13:31:31', 55),
(15158, 0, 20259, NULL, 250.6, 1, '', 10, '2022-12-19 14:15:53', 55),
(15159, 1, 20258, NULL, 7.4, 1, '', 10, '2022-12-19 14:22:58', 55),
(15160, 0, 20260, NULL, 300, 1, '', 10, '2022-12-19 15:46:43', 55),
(15161, 1, 20259, NULL, 5.62, 1, '', 56, '2022-12-19 16:14:33', 55),
(15162, 0, 20255, NULL, 200.2, 1, '', 56, '2022-12-19 16:31:18', 55),
(15163, 1, 20255, NULL, 5.2, 1, 'CARBON BITUMINOSO', 5, '2022-12-19 17:07:46', 6),
(15164, 0, 20261, NULL, 230.3, 1, '', 56, '2022-12-19 17:27:23', 55),
(15165, 1, 20261, NULL, 8.35, 1, '', 56, '2022-12-19 17:27:54', 55),
(15166, 1, 20260, NULL, 7.8, 1, '', 56, '2022-12-19 17:28:32', 55),
(15167, 1, 20262, NULL, 8.6, 1, '', 56, '2022-12-19 19:05:35', 55),
(15168, 1, 20263, NULL, 8.1, 1, '', 56, '2022-12-19 19:05:57', 55),
(15169, 0, 20265, NULL, 235.2, 1, '', 54, '2022-12-19 20:25:17', 54),
(15170, 1, 20265, NULL, 6.54, 1, '', 21, '2022-12-19 20:30:31', 54),
(15171, 0, 20266, NULL, 222.2, 1, '', 21, '2022-12-19 20:57:53', 54),
(15172, 1, 20266, NULL, 6.21, 1, '', 21, '2022-12-19 20:58:13', 54),
(15173, 1, 20267, NULL, 7.54, 1, '', 21, '2022-12-19 20:58:32', 54),
(15174, 0, 20267, NULL, 326.5, 1, '', 21, '2022-12-19 20:58:49', 54),
(15175, 0, 20268, NULL, 325, 1, '', 54, '2022-12-19 21:37:25', 54),
(15176, 0, 20269, NULL, 312.2, 1, '', 54, '2022-12-19 21:37:47', 54),
(15177, 0, 20270, NULL, 312.2, 1, '', 54, '2022-12-19 21:38:02', 54),
(15178, 1, 20270, NULL, 6.21, 1, '', 21, '2022-12-19 22:06:12', 54),
(15179, 1, 20268, NULL, 7.65, 1, '', 21, '2022-12-19 22:29:33', 54),
(15180, 1, 20269, NULL, 7.33, 1, '', 21, '2022-12-19 23:16:23', 54),
(15181, 0, 20271, NULL, 245.2, 1, '', 21, '2022-12-19 23:56:06', 54),
(15182, 1, 20271, NULL, 8.56, 1, '', 21, '2022-12-19 23:56:32', 54),
(15183, 0, 20272, NULL, 152.3, 1, '', 21, '2022-12-20 01:04:44', 54),
(15184, 0, 20273, NULL, 332, 1, '', 21, '2022-12-20 01:43:14', 54),
(15185, 0, 20274, NULL, 333.3, 1, '', 21, '2022-12-20 01:43:32', 54),
(15186, 1, 20272, NULL, 7.46, 1, '', 21, '2022-12-20 01:43:52', 54),
(15187, 1, 20273, NULL, 6.66, 1, '', 21, '2022-12-20 01:44:12', 54),
(15188, 1, 20274, NULL, 7.21, 1, '', 21, '2022-12-20 01:44:21', 54),
(15189, 0, 20275, NULL, 328.5, 1, '', 21, '2022-12-20 02:01:30', 54),
(15190, 1, 20275, NULL, 6.84, 1, '', 21, '2022-12-20 02:15:01', 54),
(15191, 1, 20276, NULL, 7.65, 1, '', 21, '2022-12-20 02:29:50', 54),
(15192, 0, 20276, NULL, 265.2, 1, '', 21, '2022-12-20 02:30:11', 54),
(15193, 0, 20277, NULL, 164.3, 1, '', 21, '2022-12-20 03:49:23', 54),
(15194, 1, 20277, NULL, 7.54, 1, '', 21, '2022-12-20 03:49:46', 54),
(15195, 0, 20278, NULL, 280.8, 1, '', 10, '2022-12-20 07:34:03', 54),
(15196, 1, 20278, NULL, 7.8, 1, '', 10, '2022-12-20 08:12:03', 55),
(15197, 0, 20280, NULL, 320.5, 1, '', 61, '2022-12-20 08:18:37', 55),
(15198, 0, 20279, NULL, 320.4, 1, '', 61, '2022-12-20 08:19:57', 55),
(15199, 0, 20281, NULL, 330.4, 1, '', 16, '2022-12-20 08:25:51', 55),
(15200, 1, 20280, NULL, 8.2, 1, '', 10, '2022-12-20 08:48:13', 55),
(15201, 1, 20281, NULL, 8.2, 1, '', 10, '2022-12-20 08:48:30', 55),
(15202, 1, 20279, NULL, 6.48, 1, 'DEMORA EN REGISTRO POR ACEPTACION DE CARGA', 10, '2022-12-20 10:13:19', 16),
(15203, 0, 20285, NULL, 1.5, 1, '', 56, '2022-12-20 12:55:36', 55),
(15204, 1, 20288, NULL, 6.24, 1, '', 16, '2022-12-20 14:14:48', 16),
(15205, 1, 20287, NULL, 8.04, 1, 'CONTRAMUESTRA 8.41KG', 48, '2022-12-20 14:24:35', 49),
(15206, 0, 20288, NULL, 300, 1, '', 16, '2022-12-20 14:36:16', 49),
(15207, 0, 20290, NULL, 200.2, 1, '', 56, '2022-12-20 14:57:07', 49),
(15208, 1, 20290, NULL, 8.87, 1, '', 56, '2022-12-20 14:57:53', 49),
(15209, 0, 20291, NULL, 188.4, 1, '', 56, '2022-12-20 15:34:20', 49),
(15210, 0, 20292, NULL, 200.2, 1, '', 56, '2022-12-20 15:42:15', 49),
(15211, 1, 20292, NULL, 6.01, 1, '', 56, '2022-12-20 16:39:58', 49),
(15212, 1, 20291, NULL, 8.82, 1, '', 56, '2022-12-20 16:40:35', 49),
(15213, 0, 20294, NULL, 213.5, 1, '', 56, '2022-12-20 19:19:25', 60),
(15214, 0, 20293, NULL, 245.3, 1, '', 56, '2022-12-20 19:19:49', 60),
(15215, 1, 20293, NULL, 6.87, 1, '', 56, '2022-12-20 19:38:47', 60),
(15216, 1, 20294, NULL, 6.98, 1, '', 56, '2022-12-20 19:39:07', 60),
(15217, 0, 20295, NULL, 243.5, 1, '', 54, '2022-12-20 20:35:51', 60),
(15218, 0, 20296, NULL, 156.2, 1, '', 54, '2022-12-20 20:36:08', 60),
(15219, 0, 20297, NULL, 146.3, 1, '', 61, '2022-12-20 21:26:29', 60),
(15220, 1, 20296, NULL, 7.08, 1, '', 61, '2022-12-20 21:26:57', 60),
(15221, 1, 20295, NULL, 7.23, 1, '', 61, '2022-12-20 21:27:31', 60),
(15222, 1, 20297, NULL, 7.04, 1, '', 61, '2022-12-20 21:27:52', 60),
(15223, 0, 20298, NULL, 215.6, 1, '', 61, '2022-12-20 23:38:15', 60),
(15224, 0, 20299, NULL, 226.4, 1, '', 61, '2022-12-20 23:38:30', 60),
(15225, 1, 20298, NULL, 6.85, 1, '', 61, '2022-12-20 23:41:28', 60),
(15226, 1, 20299, NULL, 6.54, 1, '', 61, '2022-12-20 23:41:36', 60),
(15227, 0, 20300, NULL, 245.3, 1, '', 61, '2022-12-21 00:42:08', 60),
(15228, 0, 20301, NULL, 215.3, 1, '', 61, '2022-12-21 00:42:29', 60),
(15229, 0, 20304, NULL, 215.7, 1, '', 61, '2022-12-21 00:42:46', 60),
(15230, 0, 20303, NULL, 245.6, 1, '', 61, '2022-12-21 00:42:57', 60),
(15231, 0, 20302, NULL, 235.8, 1, '', 61, '2022-12-21 00:43:08', 60),
(15233, 0, 20305, NULL, 247.9, 1, '', 61, '2022-12-21 00:43:25', 60),
(15234, 1, 20300, NULL, 6.98, 1, '', 61, '2022-12-21 00:55:50', 60),
(15235, 1, 20301, NULL, 6.45, 1, '', 61, '2022-12-21 00:55:59', 60),
(15236, 1, 20304, NULL, 6.23, 1, '', 61, '2022-12-21 00:56:14', 60),
(15237, 1, 20303, NULL, 6.78, 1, '', 61, '2022-12-21 00:56:40', 60),
(15238, 1, 20302, NULL, 7.02, 1, '', 61, '2022-12-21 00:56:50', 60),
(15239, 1, 20305, NULL, 6.54, 1, '', 61, '2022-12-21 00:57:00', 60),
(15240, 0, 20307, NULL, 250.4, 1, '', 21, '2022-12-21 07:35:54', 54),
(15241, 0, 20310, NULL, 250.5, 1, '', 21, '2022-12-21 07:43:37', 54),
(15242, 0, 20311, NULL, 280.8, 1, '', 10, '2022-12-21 08:15:44', 54),
(15243, 0, 20312, NULL, 260.8, 1, '', 10, '2022-12-21 08:17:12', 54),
(15244, 0, 20313, NULL, 298.3, 1, '', 16, '2022-12-21 08:45:34', 54),
(15245, 0, 20306, NULL, 268.8, 1, '', 10, '2022-12-21 09:02:26', 54),
(15248, 1, 20286, NULL, 9.5, 1, '', 22, '2022-12-21 10:35:31', 54),
(15249, 1, 20285, NULL, 9.21, 1, '', 48, '2022-12-21 10:37:55', 54),
(15250, 1, 20284, NULL, 9.04, 1, '', 48, '2022-12-21 10:38:45', 54),
(15251, 0, 20323, NULL, 300.2, 1, '', 56, '2022-12-21 12:28:58', 54),
(15252, 0, 20317, NULL, 320.2, 1, '', 10, '2022-12-21 13:03:20', 54),
(15253, 0, 20320, NULL, 400.2, 1, '', 56, '2022-12-21 14:48:24', 55),
(15254, 0, 20325, NULL, 320.2, 1, '', 10, '2022-12-21 15:43:23', 55),
(15256, 1, 20323, NULL, 6.19, 1, '', 10, '2022-12-21 16:27:53', 55),
(15257, 1, 20326, NULL, 6.29, 1, '', 10, '2022-12-21 16:28:21', 55),
(15258, 1, 20314, NULL, 5.31, 1, '', 56, '2022-12-21 16:29:05', 55),
(15259, 1, 20321, NULL, 6.2, 1, '', 56, '2022-12-21 16:29:50', 55),
(15260, 1, 20307, NULL, 6.82, 1, '', 16, '2022-12-21 16:30:26', 55),
(15261, 1, 20306, NULL, 6.41, 1, '', 22, '2022-12-21 16:31:17', 55),
(15262, 1, 20310, NULL, 6.39, 1, '', 56, '2022-12-21 16:32:14', 55),
(15263, 1, 20312, NULL, 5.96, 1, '', 16, '2022-12-21 16:32:42', 55),
(15264, 0, 20326, NULL, 300.2, 1, '', 48, '2022-12-21 16:34:34', 55),
(15265, 1, 20316, NULL, 8.2, 1, '', 10, '2022-12-21 16:35:42', 55),
(15267, 1, 20319, NULL, 8.73, 1, '', 56, '2022-12-21 16:37:25', 55),
(15268, 1, 20325, NULL, 7.86, 1, '', 56, '2022-12-21 16:38:33', 55),
(15269, 1, 20318, NULL, 7.44, 1, 'DUPLICADO 7.30 KG', 56, '2022-12-21 16:39:08', 55),
(15270, 1, 20309, NULL, 5.32, 1, '', 56, '2022-12-21 16:40:07', 55),
(15271, 1, 20311, NULL, 7.15, 1, '', 10, '2022-12-21 16:40:35', 55),
(15272, 1, 20308, NULL, 5.88, 1, '', 10, '2022-12-21 16:41:14', 55),
(15276, 1, 20328, NULL, 5.62, 1, '', 48, '2022-12-21 18:00:41', 49),
(15277, 0, 20328, NULL, 453.2, 1, '', 48, '2022-12-21 18:05:36', 49),
(15278, 0, 20329, NULL, 326.5, 1, '', 21, '2022-12-21 20:26:04', 54),
(15279, 0, 20330, NULL, 322, 1, '', 21, '2022-12-21 20:26:24', 54),
(15280, 1, 20329, NULL, 6.54, 1, '', 21, '2022-12-21 21:06:07', 54),
(15281, 1, 20330, NULL, 7.21, 1, '', 21, '2022-12-21 21:06:20', 54),
(15282, 0, 20332, NULL, 263.5, 1, '', 21, '2022-12-21 21:29:07', 54),
(15283, 1, 20332, NULL, 6.21, 1, '', 21, '2022-12-21 21:41:17', 54),
(15284, 1, 20324, NULL, 7.8, 1, '', 56, '2022-12-21 21:54:04', 54),
(15285, 1, 20317, NULL, 7.58, 1, '', 56, '2022-12-21 21:54:51', 54),
(15286, 1, 20320, NULL, 7.37, 1, '', 56, '2022-12-21 21:55:24', 54),
(15287, 1, 20313, NULL, 7.06, 1, '', 16, '2022-12-21 21:55:59', 54),
(15289, 0, 20331, NULL, 265.5, 1, '', 21, '2022-12-21 23:36:43', 60),
(15290, 1, 20331, NULL, 6.78, 1, '', 21, '2022-12-21 23:37:15', 60),
(15291, 0, 20333, NULL, 196.4, 1, '', 21, '2022-12-21 23:37:50', 60),
(15292, 1, 20333, NULL, 6.45, 1, '', 21, '2022-12-21 23:38:08', 60),
(15293, 1, 20334, NULL, 6.12, 1, '', 21, '2022-12-21 23:38:38', 60),
(15294, 0, 20334, NULL, 256.3, 1, '', 21, '2022-12-21 23:38:56', 60),
(15295, 0, 20335, NULL, 263.5, 1, '', 21, '2022-12-21 23:40:08', 60),
(15296, 1, 20335, NULL, 7.02, 1, '', 21, '2022-12-21 23:41:28', 60),
(15297, 0, 20336, NULL, 254.2, 1, '', 21, '2022-12-21 23:42:45', 60),
(15298, 1, 20336, NULL, 6.84, 1, '', 21, '2022-12-21 23:43:17', 60),
(15299, 0, 20337, NULL, 216.3, 1, '', 21, '2022-12-22 00:13:59', 60),
(15301, 1, 20337, NULL, 6.25, 1, '', 21, '2022-12-22 00:14:32', 60),
(15302, 0, 20338, NULL, 326.2, 1, '', 21, '2022-12-22 01:46:06', 54),
(15303, 0, 20340, NULL, 321, 1, '', 21, '2022-12-22 01:46:26', 54),
(15304, 1, 20338, NULL, 6.55, 1, '', 21, '2022-12-22 01:46:47', 54),
(15305, 1, 20340, NULL, 8.21, 1, '', 21, '2022-12-22 01:47:03', 54),
(15306, 0, 20339, NULL, 215.4, 1, '', 21, '2022-12-22 05:00:57', 60),
(15307, 0, 20341, NULL, 236.5, 1, '', 21, '2022-12-22 05:01:08', 60),
(15308, 1, 20339, NULL, 6.87, 1, '', 21, '2022-12-22 05:01:30', 60),
(15309, 1, 20341, NULL, 7.05, 1, '', 21, '2022-12-22 05:01:45', 60),
(15310, 0, 20342, NULL, 245.1, 1, '', 21, '2022-12-22 05:48:20', 60),
(15311, 1, 20342, NULL, 6.36, 1, '', 21, '2022-12-22 06:02:18', 60),
(15312, 0, 20343, NULL, 254.6, 1, '', 21, '2022-12-22 06:26:55', 60),
(15313, 1, 20343, NULL, 6.94, 1, '', 21, '2022-12-22 06:29:48', 60),
(15314, 0, 20348, NULL, 290.5, 1, '', 5, '2022-12-22 08:39:20', 19),
(15315, 0, 20349, NULL, 220.4, 1, '', 55, '2022-12-22 08:55:26', 19),
(15316, 0, 20350, NULL, 258.5, 1, '', 17, '2022-12-22 09:21:46', 60),
(15317, 0, 20353, NULL, 248.8, 1, '', 17, '2022-12-22 09:31:59', 60),
(15318, 0, 20352, NULL, 235.44, 1, 'azufre', 20, '2022-12-22 09:35:08', 60),
(15320, 1, 20348, NULL, 7.49, 1, '', 5, '2022-12-22 09:39:36', 60),
(15322, 1, 20349, NULL, 7.42, 1, 'contramuestra: 7.13', 5, '2022-12-22 09:47:29', 19),
(15323, 0, 20354, NULL, 1287.7, 1, 'azufre', 20, '2022-12-22 10:09:22', 55),
(15324, 0, 20355, NULL, 196.9, 1, 'AZUFRE', 20, '2022-12-22 10:20:21', 55),
(15325, 1, 20350, NULL, 7.61, 1, '', 5, '2022-12-22 10:27:19', 55),
(15326, 1, 20353, NULL, 7.7, 1, '', 5, '2022-12-22 10:27:52', 55),
(15327, 1, 20352, NULL, 8.51, 1, '', 5, '2022-12-22 10:28:23', 55),
(15328, 1, 20355, NULL, 7.6, 1, '', 5, '2022-12-22 10:43:33', 55),
(15329, 0, 20356, NULL, 350, 1, '', 56, '2022-12-22 11:15:04', 55),
(15330, 0, 20357, NULL, 260.9, 1, '', 56, '2022-12-22 11:17:49', 55),
(15331, 0, 20358, NULL, 230.6, 1, '', 56, '2022-12-22 12:19:25', 55),
(15332, 1, 20354, NULL, 9.47, 1, '', 5, '2022-12-22 12:29:33', 55),
(15333, 1, 20358, NULL, 7.44, 1, '', 56, '2022-12-22 12:53:58', 55),
(15334, 0, 20359, NULL, 380.2, 1, '', 56, '2022-12-22 15:04:59', 55),
(15335, 0, 20361, NULL, 199.4, 1, '', 56, '2022-12-22 15:11:04', 55),
(15336, 1, 20356, NULL, 7.2, 1, '', 56, '2022-12-22 15:16:30', 55),
(15337, 1, 20361, NULL, 8.34, 1, '', 56, '2022-12-22 15:50:00', 55),
(15338, 0, 20362, NULL, 230.5, 1, '', 14, '2022-12-22 16:53:46', 55),
(15339, 1, 20357, NULL, 6.5, 1, '', 56, '2022-12-22 17:45:37', 49),
(15340, 1, 20359, NULL, 13.25, 1, '', 56, '2022-12-22 17:46:24', 49),
(15341, 1, 20362, NULL, 7.92, 1, '', 56, '2022-12-22 17:46:38', 49),
(15342, 0, 20363, NULL, 300, 2, '', 56, '2022-12-22 18:17:47', 49),
(15343, 0, 20364, NULL, 120.8, 1, '', 16, '2022-12-22 19:23:24', 60),
(15344, 0, 20365, NULL, 120.8, 1, '', 16, '2022-12-22 19:23:51', 60),
(15345, 0, 20366, NULL, 112.4, 1, '', 16, '2022-12-22 19:24:10', 60),
(15346, 1, 20363, NULL, 6.48, 1, '', 21, '2022-12-22 20:55:19', 61),
(15347, 1, 20364, NULL, 7.2, 1, '', 21, '2022-12-22 20:55:32', 61),
(15348, 1, 20365, NULL, 7.48, 1, '', 21, '2022-12-22 20:55:43', 61),
(15349, 1, 20366, NULL, 6.84, 1, '', 21, '2022-12-22 20:55:57', 61),
(15350, 0, 20367, NULL, 215.3, 1, '', 21, '2022-12-22 21:30:29', 60),
(15351, 1, 20367, NULL, 6.74, 1, '', 21, '2022-12-22 21:30:32', 52),
(15352, 1, 20368, NULL, 6.25, 1, '', 21, '2022-12-22 22:15:36', 60),
(15353, 0, 20368, NULL, 254.8, 1, '', 21, '2022-12-22 22:15:58', 60),
(15354, 1, 20369, NULL, 7.48, 1, '', 21, '2022-12-22 23:02:31', 54),
(15355, 1, 20370, NULL, 6.6, 1, '', 21, '2022-12-22 23:02:48', 54),
(15356, 1, 20371, NULL, 6.74, 1, '', 21, '2022-12-22 23:02:58', 54),
(15357, 0, 20369, NULL, 263.5, 1, '', 21, '2022-12-22 23:08:56', 60),
(15358, 0, 20370, NULL, 245.6, 1, '', 21, '2022-12-22 23:09:08', 60),
(15359, 0, 20371, NULL, 156.4, 1, '', 61, '2022-12-22 23:09:17', 60),
(15360, 0, 20372, NULL, 326.2, 1, '', 21, '2022-12-23 01:36:49', 54),
(15361, 1, 20372, NULL, 6.51, 1, '', 21, '2022-12-23 01:37:17', 54),
(15362, 0, 20375, NULL, 215.3, 1, '', 21, '2022-12-23 04:49:56', 60),
(15363, 0, 20374, NULL, 245.8, 1, '', 21, '2022-12-23 04:50:06', 60),
(15364, 1, 20375, NULL, 6.52, 1, '', 21, '2022-12-23 04:53:13', 60),
(15365, 1, 20374, NULL, 6.35, 1, '', 21, '2022-12-23 04:53:22', 60),
(15366, 0, 20376, NULL, 245.6, 1, '', 61, '2022-12-23 06:24:14', 60),
(15367, 0, 20377, NULL, 280.8, 1, '', 21, '2022-12-23 07:12:39', 60),
(15368, 0, 20378, NULL, 260.8, 1, '', 21, '2022-12-23 07:12:57', 60),
(15369, 0, 20379, NULL, 290.8, 1, '', 17, '2022-12-23 07:26:35', 60),
(15370, 1, 20378, NULL, 6.44, 1, '', 5, '2022-12-23 08:11:52', 55),
(15371, 1, 20377, NULL, 6.5, 1, '', 5, '2022-12-23 08:13:37', 55),
(15373, 1, 20376, NULL, 6.11, 1, '', 5, '2022-12-23 08:14:20', 55),
(15374, 1, 20373, NULL, 6.11, 1, '', 5, '2022-12-23 08:15:06', 55),
(15375, 1, 20379, NULL, 6.33, 1, '', 5, '2022-12-23 08:15:51', 55),
(15376, 0, 20380, NULL, 250.4, 1, '', 10, '2022-12-23 08:36:54', 55),
(15377, 0, 20381, NULL, 320.4, 1, '', 10, '2022-12-23 08:50:41', 55),
(15378, 1, 20380, NULL, 6.31, 1, 'DTM   7.34', 10, '2022-12-23 08:57:12', 55),
(15379, 1, 20381, NULL, 7.2, 1, '', 5, '2022-12-23 09:07:15', 55),
(15380, 0, 20383, NULL, 198.4, 1, '', 5, '2022-12-23 09:35:28', 55),
(15383, 0, 20384, NULL, 180.2, 1, '', 5, '2022-12-23 09:36:29', 55),
(15384, 0, 20386, NULL, 250.6, 1, '', 17, '2022-12-23 09:38:37', 55),
(15385, 1, 20384, NULL, 9.85, 1, '', 10, '2022-12-23 09:48:21', 55),
(15388, 1, 20383, NULL, 9.02, 1, '', 10, '2022-12-23 09:49:36', 55),
(15389, 1, 20385, NULL, 7.18, 1, 'CONTRAMUESTRA 7.21', 5, '2022-12-23 10:11:10', 55),
(15391, 0, 20387, NULL, 125.2, 1, 'AZUFRE', 20, '2022-12-23 10:14:23', 55),
(15392, 1, 20386, NULL, 8.2, 1, '', 56, '2022-12-23 10:53:07', 55),
(15393, 1, 20387, NULL, 7.6, 1, '', 5, '2022-12-23 11:14:49', 55),
(15394, 1, 20388, NULL, 7.87, 1, 'CONTRAMUESTRA 7.88KG', 56, '2022-12-23 11:19:25', 55),
(15395, 0, 20390, NULL, 354.6, 1, '', 48, '2022-12-23 11:54:38', 55),
(15396, 0, 20391, NULL, 320.12, 1, '', 55, '2022-12-23 14:30:26', 55),
(15397, 1, 20391, NULL, 7.8, 1, '', 56, '2022-12-23 14:45:31', 55),
(15398, 0, 20392, NULL, 256.8, 1, '', 56, '2022-12-23 15:40:22', 55),
(15399, 1, 20392, NULL, 5.65, 1, '', 22, '2022-12-23 16:15:40', 55),
(15400, 0, 20373, NULL, 456.3, 1, '', 61, '2022-12-23 16:42:41', 55),
(15401, 0, 20393, NULL, 265.9, 1, '', 48, '2022-12-23 16:42:57', 55),
(15402, 0, 20394, NULL, 300.2, 1, '', 22, '2022-12-23 16:59:12', 55),
(15403, 1, 20394, NULL, 5.26, 1, '', 48, '2022-12-23 17:28:25', 55),
(15404, 1, 20393, NULL, 6.13, 1, '', 48, '2022-12-23 17:28:44', 55),
(15405, 0, 20395, NULL, 359.2, 1, '', 48, '2022-12-23 17:29:21', 55),
(15407, 1, 20395, NULL, 6.31, 1, '', 22, '2022-12-23 19:34:34', 54),
(15408, 0, 20399, NULL, 325.6, 1, '', 61, '2022-12-23 20:22:28', 60),
(15409, 0, 20400, NULL, 236.5, 1, '', 61, '2022-12-23 20:22:37', 60),
(15410, 0, 20401, NULL, 198.5, 1, '', 21, '2022-12-23 20:40:14', 60),
(15411, 1, 20401, NULL, 6.54, 1, '', 21, '2022-12-23 20:53:55', 60),
(15412, 1, 20398, NULL, 7.45, 1, 'DUPLICADO: 7.45', 21, '2022-12-23 21:18:39', 60),
(15413, 1, 20397, NULL, 6.51, 1, 'DUPICADO:7.38', 21, '2022-12-23 21:23:37', 60),
(15414, 0, 20402, NULL, 326.2, 1, '', 21, '2022-12-23 21:32:11', 60),
(15415, 1, 20402, NULL, 6.95, 1, '', 21, '2022-12-23 21:34:19', 60),
(15416, 1, 20400, NULL, 7.32, 1, '', 21, '2022-12-23 21:34:48', 60),
(15417, 1, 20399, NULL, 6.21, 1, '', 21, '2022-12-23 21:37:26', 60),
(15418, 0, 20404, NULL, 321.2, 1, '', 21, '2022-12-23 22:34:53', 54),
(15419, 1, 20404, NULL, 6.24, 1, '', 21, '2022-12-23 22:35:25', 54),
(15420, 0, 20403, NULL, 324.5, 1, '', 21, '2022-12-23 22:35:42', 54),
(15421, 1, 20403, NULL, 6.54, 1, '', 21, '2022-12-23 22:35:58', 54),
(15422, 1, 20405, NULL, 7.21, 1, '', 21, '2022-12-23 22:36:15', 54),
(15423, 0, 20405, NULL, 328.9, 1, '', 21, '2022-12-23 22:36:30', 54),
(15424, 0, 20406, NULL, 224.2, 1, '', 21, '2022-12-23 22:36:52', 54),
(15425, 1, 20406, NULL, 8.02, 1, '', 21, '2022-12-23 22:37:08', 54),
(15426, 1, 20407, NULL, 7.32, 1, '', 21, '2022-12-23 22:37:26', 54),
(15427, 0, 20407, NULL, 294.2, 1, '', 21, '2022-12-23 22:37:42', 54),
(15428, 0, 20408, NULL, 236.5, 1, '', 21, '2022-12-24 00:34:18', 54),
(15429, 1, 20408, NULL, 6.42, 1, '', 21, '2022-12-24 01:02:12', 20),
(15430, 0, 20409, NULL, 236.2, 1, '', 61, '2022-12-24 05:50:01', 54),
(15431, 0, 20410, NULL, 163.5, 1, '', 61, '2022-12-24 05:50:12', 54),
(15432, 1, 20409, NULL, 6.2, 1, '', 21, '2022-12-24 07:21:20', 54),
(15433, 1, 20410, NULL, 6.8, 1, '', 21, '2022-12-24 07:21:51', 54),
(15434, 0, 20412, NULL, 250.6, 1, '', 48, '2022-12-24 10:30:54', 54),
(15435, 1, 20412, NULL, 5.27, 1, '', 48, '2022-12-24 11:19:22', 17),
(15436, 0, 20411, NULL, 360.2, 1, '', 48, '2022-12-24 11:22:45', 17),
(15437, 1, 20411, NULL, 6.98, 1, '', 48, '2022-12-24 11:23:09', 17),
(15438, 0, 20413, NULL, 314.2, 1, '', 22, '2022-12-24 12:11:11', 17),
(15439, 1, 20413, NULL, 7.5, 1, '', 48, '2022-12-24 12:40:33', 17),
(15440, 0, 20414, NULL, 364.3, 1, '', 48, '2022-12-24 14:14:18', 17),
(15441, 1, 20414, NULL, 6.5, 1, '', 48, '2022-12-24 14:45:36', 17),
(15442, 0, 20415, NULL, 294.3, 1, '', 48, '2022-12-24 14:54:18', 17),
(15443, 1, 20417, NULL, 8.67, 1, '', 10, '2022-12-25 09:37:15', 16),
(15447, 1, 20415, NULL, 6.22, 1, '', 48, '2022-12-25 09:38:04', 16),
(15452, 1, 20416, NULL, 6.2, 1, '', 10, '2022-12-25 09:38:26', 16),
(15453, 0, 20416, NULL, 326.5, 1, '', 48, '2022-12-26 08:09:11', 54),
(15454, 0, 20417, NULL, 326.5, 1, '', 22, '2022-12-26 08:45:03', 54),
(15455, 1, 20390, NULL, 6.5, 1, '', 22, '2022-12-26 08:58:55', 17),
(15462, 0, 20418, NULL, 326.2, 1, '', 54, '2022-12-26 09:43:34', 54),
(15464, 1, 20418, NULL, 8.74, 1, '', 21, '2022-12-26 10:51:12', 60),
(15481, 1, 20424, NULL, 8.1, 1, 'contramuestra 8.28', 16, '2022-12-26 10:52:33', 60),
(15495, 1, 20419, NULL, 7.1, 1, 'contramuestra 7.02', 16, '2022-12-26 10:53:37', 60),
(15504, 0, 20425, NULL, 234.5, 1, '', 16, '2022-12-26 11:39:13', 60),
(15507, 0, 20426, NULL, 322.4, 1, '', 54, '2022-12-26 11:51:11', 60),
(15508, 1, 20425, NULL, 8.41, 1, '', 61, '2022-12-26 13:04:50', 60),
(15509, 1, 20426, NULL, 6.72, 1, '', 21, '2022-12-26 14:35:17', 60),
(15510, 1, 20429, NULL, 8.35, 1, 'CONTRAMUESTRA 7.99', 61, '2022-12-26 14:55:40', 60),
(15511, 1, 20428, NULL, 7.46, 1, 'CONTRAMUESTRA 7.48', 61, '2022-12-26 14:57:36', 60),
(15513, 1, 20427, NULL, 5.48, 1, 'CONTRAMUESTRA 5.39', 61, '2022-12-26 15:06:46', 60),
(15514, 1, 20431, NULL, 7.4, 1, 'CONTRAMUESTRA 7.23', 61, '2022-12-26 15:52:44', 60),
(15515, 0, 20433, NULL, 198.4, 1, '', 56, '2022-12-26 19:19:26', 55),
(15516, 0, 20434, NULL, 300, 1, '', 56, '2022-12-26 20:19:10', 55),
(15517, 1, 20434, NULL, 7.8, 1, '', 56, '2022-12-26 20:37:18', 55),
(15518, 1, 20433, NULL, 7.4, 1, '', 56, '2022-12-26 20:38:18', 55),
(15519, 0, 20435, NULL, 300.4, 1, '', 56, '2022-12-26 22:35:37', 55),
(15520, 1, 20435, NULL, 7.12, 1, '', 56, '2022-12-26 22:46:19', 55),
(15521, 0, 20436, NULL, 300.5, 1, '', 56, '2022-12-27 00:42:03', 55),
(15522, 1, 20436, NULL, 7.04, 1, '', 56, '2022-12-27 00:42:47', 55),
(15523, 0, 20437, NULL, 300.4, 1, '', 56, '2022-12-27 04:31:12', 55),
(15524, 1, 20437, NULL, 7.31, 1, '', 56, '2022-12-27 04:31:46', 55),
(15525, 1, 20420, NULL, 6.8, 1, '', 16, '2022-12-27 07:35:26', 19),
(15526, 1, 20421, NULL, 6.2, 1, '', 16, '2022-12-27 07:35:38', 19),
(15527, 1, 20422, NULL, 7.1, 1, '', 16, '2022-12-27 07:35:50', 19),
(15528, 1, 20432, NULL, 6.88, 1, '', 16, '2022-12-27 07:36:05', 19),
(15529, 0, 20438, NULL, 320.2, 1, '', 5, '2022-12-27 07:44:01', 17),
(15530, 1, 20438, NULL, 7.39, 1, '', 16, '2022-12-27 08:10:14', 55),
(15532, 0, 20439, NULL, 250.8, 1, '', 16, '2022-12-27 08:33:25', 17),
(15533, 1, 20439, NULL, 5.43, 1, 'DTM: 5.83', 16, '2022-12-27 08:33:46', 17),
(15534, 0, 20440, NULL, 312.4, 1, '', 16, '2022-12-27 09:03:13', 17),
(15535, 1, 20440, NULL, 8.58, 1, '', 48, '2022-12-27 10:35:51', 17),
(15536, 1, 20441, NULL, 7, 1, 'CONTRAMUESTRA 6.78', 48, '2022-12-27 10:42:23', 17),
(15537, 0, 20442, NULL, 321.4, 1, '', 22, '2022-12-27 11:03:22', 17),
(15538, 0, 20443, NULL, 265.4, 1, '', 48, '2022-12-27 11:17:15', 17),
(15539, 0, 20444, NULL, 258.1, 1, '', 48, '2022-12-27 11:17:49', 17),
(15540, 0, 20445, NULL, 189.8, 1, '', 20, '2022-12-27 11:19:02', 17),
(15541, 0, 20446, NULL, 246.2, 1, '', 16, '2022-12-27 11:25:37', 17),
(15542, 0, 20447, NULL, 210.6, 1, '', 20, '2022-12-27 11:48:59', 17),
(15543, 1, 20448, NULL, 6.43, 1, 'CONTRAMUESTRA: 6.01', 61, '2022-12-27 13:19:56', 60),
(15544, 1, 20449, NULL, 5.33, 1, 'CONRAMUESTRA 5.18', 61, '2022-12-27 13:47:06', 60),
(15545, 1, 20442, NULL, 5.98, 1, '', 16, '2022-12-27 15:00:16', 60),
(15546, 1, 20443, NULL, 6.24, 1, '', 16, '2022-12-27 15:00:29', 60),
(15547, 0, 20453, NULL, 326.1, 1, '', 48, '2022-12-27 15:03:12', 60),
(15548, 1, 20451, NULL, 6.46, 1, 'CONTRAMUESTRA 6.32', 61, '2022-12-27 15:14:46', 60),
(15549, 1, 20452, NULL, 7.32, 1, 'CONTRAMUESTRA 6.96', 61, '2022-12-27 15:20:48', 60),
(15550, 0, 20454, NULL, 324.9, 1, '', 48, '2022-12-27 15:35:18', 60),
(15551, 1, 20444, NULL, 5.94, 1, '', 16, '2022-12-27 15:49:12', 60),
(15552, 1, 20445, NULL, 4.82, 1, '', 22, '2022-12-27 15:59:01', 60),
(15553, 1, 20446, NULL, 4.88, 1, '', 22, '2022-12-27 17:01:26', 60),
(15554, 1, 20454, NULL, 7.21, 1, '', 61, '2022-12-27 17:02:26', 60),
(15555, 1, 20453, NULL, 6.84, 1, '', 61, '2022-12-27 17:30:43', 60),
(15556, 1, 20447, NULL, 3.44, 1, '', 48, '2022-12-27 17:51:20', 60),
(15557, 1, 20455, NULL, 5.48, 1, '', 61, '2022-12-27 18:09:58', 60),
(15558, 0, 20455, NULL, 213.5, 1, '', 61, '2022-12-27 18:10:16', 60),
(15559, 0, 20456, NULL, 300, 1, '', 10, '2022-12-27 19:28:01', 54),
(15560, 0, 20457, NULL, 320.6, 1, '', 49, '2022-12-27 20:05:27', 49),
(15561, 1, 20457, NULL, 8, 1, '', 56, '2022-12-27 20:19:25', 49),
(15562, 1, 20456, NULL, 8.07, 1, '', 56, '2022-12-27 20:20:20', 49),
(15563, 0, 20459, NULL, 180.4, 1, '', 49, '2022-12-27 20:29:38', 49),
(15564, 1, 20458, NULL, 7.5, 1, '', 56, '2022-12-27 21:25:26', 49),
(15565, 1, 20459, NULL, 7.9, 1, '', 56, '2022-12-27 21:26:06', 49),
(15566, 0, 20458, NULL, 188.4, 1, '', 56, '2022-12-27 21:33:43', 49),
(15567, 0, 20460, NULL, 250.2, 1, '', 56, '2022-12-27 21:56:26', 49),
(15568, 1, 20460, NULL, 8.4, 1, '', 56, '2022-12-27 22:55:26', 49),
(15569, 0, 20461, NULL, 198.2, 1, '', 56, '2022-12-28 02:55:05', 49),
(15570, 1, 20461, NULL, 7.5, 1, '', 56, '2022-12-28 03:06:38', 49),
(15571, 0, 20463, NULL, 300.2, 1, '', 56, '2022-12-28 04:09:33', 49),
(15572, 0, 20462, NULL, 400, 1, '', 56, '2022-12-28 04:09:52', 49),
(15573, 0, 20464, NULL, 200.5, 1, '', 56, '2022-12-28 04:10:10', 49),
(15574, 1, 20462, NULL, 4.55, 1, '', 56, '2022-12-28 04:34:51', 49),
(15575, 1, 20463, NULL, 4.42, 1, '', 56, '2022-12-28 04:35:39', 49),
(15576, 0, 20465, NULL, 286, 1, '', 10, '2022-12-28 04:46:44', 49),
(15577, 1, 20465, NULL, 6.2, 1, '', 10, '2022-12-28 04:48:10', 49),
(15578, 1, 20464, NULL, 7.48, 1, '', 56, '2022-12-28 05:08:44', 49),
(15579, 0, 20466, NULL, 240.2, 1, '', 55, '2022-12-28 05:19:00', 49),
(15580, 0, 20467, NULL, 280.5, 1, '', 48, '2022-12-28 08:05:14', 17),
(15582, 0, 20468, NULL, 315.6, 1, '', 48, '2022-12-28 08:05:31', 17),
(15583, 1, 20466, NULL, 4.7, 1, '', 5, '2022-12-28 08:58:30', 17),
(15584, 1, 20468, NULL, 5.14, 1, '', 22, '2022-12-28 09:51:02', 17),
(15585, 0, 20469, NULL, 245.9, 1, '', 61, '2022-12-28 10:20:33', 17),
(15586, 1, 20470, NULL, 7.95, 1, 'DTM 7.95', 21, '2022-12-28 11:02:52', 17),
(15587, 1, 20469, NULL, 7.84, 1, '', 21, '2022-12-28 11:03:32', 17),
(15588, 0, 20472, NULL, 229.2, 1, '', 16, '2022-12-28 11:33:40', 17),
(15589, 0, 20471, NULL, 311.8, 1, '', 16, '2022-12-28 11:34:13', 17),
(15590, 0, 20475, NULL, 251.3, 1, '', 21, '2022-12-28 11:51:14', 17),
(15591, 0, 20474, NULL, 256.8, 1, '', 21, '2022-12-28 11:51:52', 17),
(15592, 0, 20476, NULL, 236.5, 1, '', 60, '2022-12-28 12:09:17', 61),
(15593, 1, 20475, NULL, 6.81, 1, '', 21, '2022-12-28 12:26:29', 61),
(15594, 1, 20474, NULL, 9.39, 1, '', 21, '2022-12-28 12:27:07', 61),
(15595, 1, 20476, NULL, 7.6, 1, '', 48, '2022-12-28 13:39:33', 61),
(15597, 0, 20478, NULL, 215.8, 1, '', 48, '2022-12-28 14:16:16', 61),
(15598, 1, 20478, NULL, 7.32, 1, '', 21, '2022-12-28 14:25:43', 61),
(15599, 1, 20471, NULL, 6.89, 1, '', 21, '2022-12-28 14:36:58', 61),
(15600, 1, 20472, NULL, 7.01, 1, '', 21, '2022-12-28 14:37:39', 61),
(15601, 0, 20479, NULL, 265.4, 1, '', 21, '2022-12-28 14:39:55', 61),
(15602, 0, 20480, NULL, 245.7, 1, '', 21, '2022-12-28 14:40:06', 61),
(15603, 0, 20481, NULL, 214.7, 1, '', 21, '2022-12-28 14:40:15', 61),
(15604, 1, 20479, NULL, 8.42, 1, '', 21, '2022-12-28 15:11:59', 61),
(15605, 1, 20480, NULL, 7.41, 1, '', 21, '2022-12-28 15:12:14', 61),
(15606, 1, 20481, NULL, 7.68, 1, '', 5, '2022-12-28 15:24:32', 61),
(15607, 1, 20482, NULL, 7.94, 1, '', 21, '2022-12-28 15:25:59', 61),
(15608, 0, 20482, NULL, 211.6, 1, '', 21, '2022-12-28 15:27:58', 61),
(15610, 0, 20485, NULL, 256.1, 1, '', 21, '2022-12-28 16:50:23', 61),
(15611, 1, 20485, NULL, 6.68, 1, '', 21, '2022-12-28 16:50:47', 61),
(15612, 1, 20486, NULL, 6.85, 1, '', 21, '2022-12-28 16:58:56', 61),
(15613, 0, 20486, NULL, 245.8, 1, '', 21, '2022-12-28 16:59:20', 61),
(15614, 0, 20488, NULL, 248.9, 1, '', 21, '2022-12-28 18:35:32', 61),
(15615, 1, 20488, NULL, 6.58, 1, '', 21, '2022-12-28 18:35:50', 61),
(15616, 1, 20489, NULL, 7.06, 1, '', 56, '2022-12-28 19:54:44', 55),
(15617, 0, 20490, NULL, 258.2, 1, '', 56, '2022-12-28 21:11:33', 55),
(15618, 1, 20490, NULL, 5.85, 1, '', 56, '2022-12-28 22:11:30', 55),
(15619, 0, 20491, NULL, 320.4, 1, '', 56, '2022-12-28 22:35:19', 55),
(15620, 1, 20491, NULL, 6.94, 1, '', 56, '2022-12-28 22:50:06', 55),
(15621, 0, 20492, NULL, 300.2, 1, '', 56, '2022-12-28 23:35:40', 55),
(15622, 1, 20492, NULL, 7.46, 1, '', 56, '2022-12-28 23:36:26', 55),
(15623, 0, 20494, NULL, 300, 1, '', 10, '2022-12-29 00:11:07', 55),
(15624, 1, 20493, NULL, 6.2, 1, '', 10, '2022-12-29 00:31:51', 55),
(15625, 0, 20493, NULL, 300.4, 1, '', 10, '2022-12-29 00:32:34', 55),
(15626, 0, 20489, NULL, 260, 1, '', 49, '2022-12-29 00:47:10', 16),
(15627, 1, 20494, NULL, 6.1, 1, '', 49, '2022-12-29 00:47:55', 16),
(15628, 0, 20495, NULL, 280.4, 1, '', 49, '2022-12-29 04:35:36', 55),
(15629, 0, 20496, NULL, 346.8, 1, '', 10, '2022-12-29 04:41:34', 55),
(15630, 1, 20496, NULL, 7.66, 1, '', 56, '2022-12-29 05:28:25', 55),
(15631, 1, 20495, NULL, 5.64, 1, '', 56, '2022-12-29 05:29:09', 55),
(15632, 0, 20497, NULL, 226.2, 1, '', 54, '2022-12-29 08:36:32', 54),
(15633, 0, 20499, NULL, 236.5, 1, '', 16, '2022-12-29 08:37:52', 54),
(15634, 0, 20498, NULL, 295.4, 1, '', 16, '2022-12-29 08:38:23', 54),
(15635, 1, 20497, NULL, 7.12, 1, '', 16, '2022-12-29 08:38:51', 54),
(15636, 1, 20498, NULL, 6.21, 1, '', 16, '2022-12-29 08:39:13', 54),
(15637, 1, 20499, NULL, 6.33, 1, '', 16, '2022-12-29 08:39:47', 54),
(15638, 0, 20500, NULL, 223.5, 1, '', 55, '2022-12-29 09:12:14', 54),
(15639, 0, 20501, NULL, 350.5, 1, '', 16, '2022-12-29 09:55:46', 54),
(15640, 0, 20503, NULL, 280.8, 1, '', 16, '2022-12-29 09:56:19', 54),
(15641, 1, 20503, NULL, 6.68, 1, '', 16, '2022-12-29 10:17:57', 54),
(15642, 1, 20500, NULL, 6.58, 1, '', 16, '2022-12-29 10:19:14', 54),
(15643, 1, 20501, NULL, 6.97, 1, '', 16, '2022-12-29 10:19:25', 54),
(15644, 0, 20504, NULL, 245.7, 1, '', 54, '2022-12-29 11:00:25', 54),
(15645, 0, 20505, NULL, 312.8, 1, '', 54, '2022-12-29 11:00:45', 54),
(15646, 0, 20507, NULL, 254.2, 1, '', 54, '2022-12-29 11:08:21', 54),
(15647, 0, 20508, NULL, 374.1, 1, '', 54, '2022-12-29 11:42:20', 54),
(15648, 1, 20505, NULL, 5.3, 1, '', 21, '2022-12-29 11:56:15', 54),
(15649, 1, 20504, NULL, 5.12, 1, '', 21, '2022-12-29 11:56:58', 54),
(15650, 1, 20510, NULL, 5, 1, '', 16, '2022-12-29 13:51:02', 54),
(15651, 1, 20512, NULL, 5.64, 1, '', 16, '2022-12-29 14:00:04', 16),
(15652, 0, 20510, NULL, 248.1, 1, '', 61, '2022-12-29 14:17:07', 54),
(15653, 0, 20512, NULL, 268.3, 1, '', 61, '2022-12-29 14:19:25', 54),
(15654, 0, 20509, NULL, 243.5, 1, '', 61, '2022-12-29 14:25:49', 54),
(15655, 1, 20509, NULL, 7.65, 1, '', 61, '2022-12-29 14:26:14', 54),
(15657, 1, 20508, NULL, 7.12, 1, '', 16, '2022-12-29 14:28:33', 54),
(15658, 0, 20514, NULL, 215.4, 1, '', 17, '2022-12-29 15:44:41', 61),
(15659, 1, 20513, NULL, 5.76, 1, '', 21, '2022-12-29 15:57:45', 61),
(15660, 0, 20513, NULL, 245.1, 1, '', 21, '2022-12-29 15:58:04', 61),
(15661, 1, 20514, NULL, 6.78, 1, '', 54, '2022-12-29 16:26:44', 61),
(15662, 0, 20515, NULL, 300.2, 1, '', 56, '2022-12-29 22:23:38', 55),
(15663, 1, 20515, NULL, 6.52, 1, '', 56, '2022-12-29 22:24:21', 55),
(15664, 0, 20516, NULL, 300.6, 1, '', 56, '2022-12-29 23:28:21', 55),
(15665, 1, 20516, NULL, 7.8, 1, '', 56, '2022-12-29 23:38:41', 55),
(15667, 0, 20517, NULL, 300.2, 1, '', 56, '2022-12-30 03:36:17', 55),
(15668, 1, 20517, NULL, 6.5, 1, '', 56, '2022-12-30 03:36:56', 55),
(15669, 0, 20518, NULL, 300, 1, '', 56, '2022-12-30 04:07:01', 55),
(15670, 0, 20519, NULL, 400.2, 1, '', 56, '2022-12-30 04:16:57', 55),
(15671, 0, 20520, NULL, 324.8, 1, '', 10, '2022-12-30 04:27:18', 55),
(15672, 1, 20518, NULL, 6.97, 1, '', 56, '2022-12-30 04:51:23', 55),
(15673, 1, 20519, NULL, 7.38, 1, '', 56, '2022-12-30 04:52:07', 55),
(15674, 1, 20520, NULL, 6.8, 1, '', 56, '2022-12-30 04:52:46', 55),
(15675, 0, 20522, NULL, 264.5, 1, '', 48, '2022-12-30 07:33:21', 17),
(15676, 0, 20524, NULL, 290.5, 1, '', 48, '2022-12-30 07:42:11', 17),
(15677, 1, 20521, NULL, 5.62, 1, '', 16, '2022-12-30 07:46:06', 16),
(15678, 0, 20521, NULL, 280.6, 1, '', 48, '2022-12-30 07:57:17', 17),
(15679, 0, 20525, NULL, 326.2, 1, '', 54, '2022-12-30 08:37:59', 54),
(15680, 0, 20526, NULL, 265.2, 1, '', 54, '2022-12-30 08:38:21', 54),
(15681, 0, 20523, NULL, 326.5, 1, '', 22, '2022-12-30 09:32:04', 54),
(15682, 1, 20523, NULL, 6.54, 1, '', 48, '2022-12-30 09:32:39', 54),
(15683, 1, 20525, NULL, 7.65, 1, '', 48, '2022-12-30 09:33:27', 54),
(15684, 1, 20522, NULL, 7.21, 1, '', 22, '2022-12-30 09:34:42', 54),
(15685, 1, 20524, NULL, 6.5, 1, '', 48, '2022-12-30 09:35:41', 54),
(15686, 0, 20528, NULL, 260.9, 1, '', 16, '2022-12-30 09:43:17', 54),
(15687, 0, 20527, NULL, 420.2, 1, '', 16, '2022-12-30 09:43:53', 54),
(15688, 0, 20532, NULL, 326.5, 1, '', 48, '2022-12-30 10:08:10', 54),
(15690, 1, 20532, NULL, 6.47, 1, '', 21, '2022-12-30 10:55:14', 54),
(15691, 1, 20530, NULL, 7.42, 1, '', 21, '2022-12-30 10:55:28', 54),
(15692, 1, 20531, NULL, 6.54, 1, '', 21, '2022-12-30 10:56:08', 54),
(15693, 0, 20530, NULL, 265.9, 1, '', 21, '2022-12-30 10:56:41', 54),
(15694, 0, 20531, NULL, 351.1, 1, '', 21, '2022-12-30 10:56:59', 54),
(15695, 1, 20529, NULL, 6.74, 1, '', 16, '2022-12-30 11:05:51', 54),
(15696, 0, 20529, NULL, 321.7, 1, '', 16, '2022-12-30 11:07:34', 54),
(15697, 0, 20533, NULL, 310.5, 1, '', 21, '2022-12-30 11:26:39', 54),
(15698, 0, 20534, NULL, 345.2, 1, '', 21, '2022-12-30 11:26:50', 54),
(15699, 1, 20527, NULL, 6.89, 1, '', 21, '2022-12-30 11:54:19', 54),
(15700, 1, 20528, NULL, 6.21, 1, '', 21, '2022-12-30 11:54:34', 54),
(15701, 1, 20533, NULL, 6.87, 1, '', 60, '2022-12-30 13:04:01', 60),
(15702, 1, 20534, NULL, 6.96, 1, '', 60, '2022-12-30 13:04:28', 60),
(15703, 0, 20535, NULL, 219.5, 1, '', 54, '2022-12-30 13:07:52', 60),
(15705, 1, 20535, NULL, 7.36, 1, '', 54, '2022-12-30 13:26:21', 60),
(15706, 0, 20536, NULL, 326.5, 1, '', 54, '2022-12-30 14:32:42', 60),
(15707, 1, 20536, NULL, 6.24, 1, '', 16, '2022-12-30 15:08:23', 60),
(15708, 0, 20537, NULL, 290.8, 1, '', 48, '2022-12-30 15:09:49', 60),
(15709, 1, 20537, NULL, 6.84, 1, '', 21, '2022-12-30 15:53:48', 61),
(15710, 0, 20539, NULL, 326.5, 1, '', 54, '2022-12-30 16:13:27', 61),
(15711, 1, 20539, NULL, 6.33, 1, '', 54, '2022-12-30 16:29:21', 61),
(15712, 1, 20540, NULL, 7.62, 1, '', 21, '2022-12-30 19:36:38', 55),
(15713, 0, 20541, NULL, 220.4, 1, '', 10, '2022-12-30 19:41:51', 55),
(15714, 0, 20540, NULL, 328.4, 1, '', 10, '2022-12-30 19:44:01', 55),
(15715, 1, 20541, NULL, 8.2, 1, '', 10, '2022-12-30 19:45:44', 55),
(15716, 0, 20542, NULL, 250.6, 1, '', 10, '2022-12-30 19:49:43', 55),
(15717, 1, 20542, NULL, 7.4, 1, '', 10, '2022-12-30 19:54:11', 55),
(15718, 1, 20545, NULL, 6.61, 1, '', 55, '2022-12-30 21:23:23', 55),
(15719, 1, 20543, NULL, 5.12, 1, '', 56, '2022-12-30 21:24:18', 55),
(15720, 1, 20544, NULL, 8.83, 1, '', 56, '2022-12-30 21:24:54', 55),
(15721, 1, 20546, NULL, 8.18, 1, '', 56, '2022-12-30 21:26:06', 55),
(15722, 0, 20545, NULL, 350.2, 1, '', 56, '2022-12-30 21:30:25', 55),
(15723, 0, 20546, NULL, 104.7, 1, '', 56, '2022-12-30 21:33:03', 55),
(15724, 0, 20544, NULL, 180.4, 1, '', 56, '2022-12-30 21:35:06', 55),
(15725, 0, 20543, NULL, 200.4, 1, '', 56, '2022-12-30 21:36:06', 55),
(15726, 0, 20547, NULL, 354.2, 1, '', 10, '2022-12-30 22:06:15', 55),
(15727, 1, 20547, NULL, 5.94, 1, '', 56, '2022-12-30 22:23:11', 55),
(15728, 0, 20548, NULL, 300.4, 1, '', 56, '2022-12-31 00:27:04', 55),
(15729, 1, 20548, NULL, 7.2, 1, '', 56, '2022-12-31 00:27:50', 55),
(15730, 0, 20549, NULL, 320, 1, '', 56, '2022-12-31 04:02:49', 55),
(15731, 1, 20549, NULL, 7.2, 1, '', 56, '2022-12-31 04:04:47', 55),
(15732, 0, 20550, NULL, 200.4, 1, '', 55, '2022-12-31 05:09:50', 55),
(15733, 1, 20550, NULL, 7.2, 1, '', 10, '2022-12-31 05:43:17', 55),
(15734, 0, 20551, NULL, 300, 1, '', 48, '2022-12-31 08:28:18', 49),
(15735, 0, 20552, NULL, 320.2, 1, '', 48, '2022-12-31 08:28:40', 49),
(15736, 1, 20551, NULL, 8.2, 1, '', 10, '2022-12-31 08:57:32', 49),
(15737, 1, 20552, NULL, 7.5, 1, '', 10, '2022-12-31 08:58:05', 49),
(15738, 0, 20553, NULL, 320.1, 1, '', 10, '2022-12-31 09:41:18', 49),
(15739, 1, 20553, NULL, 6.51, 1, '', 16, '2022-12-31 12:23:46', 54),
(15740, 0, 20555, NULL, 123.5, 1, '', 48, '2022-12-31 13:57:59', 54),
(15741, 0, 20556, NULL, 236.5, 1, '', 48, '2022-12-31 13:58:09', 54),
(15742, 0, 20557, NULL, 236.5, 1, '', 22, '2022-12-31 14:38:19', 54),
(15743, 0, 20558, NULL, 329.4, 1, '', 49, '2022-12-31 14:38:29', 54),
(15744, 1, 20555, NULL, 5.4, 1, '', 48, '2022-12-31 15:06:17', 22),
(15745, 1, 20556, NULL, 6.24, 1, '', 48, '2022-12-31 15:06:28', 22),
(15746, 1, 20557, NULL, 6.36, 1, '', 48, '2022-12-31 15:06:38', 22),
(15747, 1, 20558, NULL, 6.48, 1, '', 48, '2022-12-31 15:06:51', 22),
(15748, 1, 20559, NULL, 6.22, 1, '', 48, '2022-12-31 15:07:01', 22),
(15749, 0, 20559, NULL, 249.4, 1, '', 48, '2022-12-31 17:40:30', 22),
(15750, 0, 20562, NULL, 284.6, 1, '', 5, '2023-01-02 07:35:07', 17),
(15751, 1, 20562, NULL, 7.25, 1, '', 61, '2023-01-02 07:54:35', 61),
(15752, 1, 20561, NULL, 7.95, 1, '', 61, '2023-01-02 07:56:29', 61),
(15753, 0, 20561, NULL, 250.6, 1, '', 10, '2023-01-02 08:13:18', 19),
(15754, 0, 20563, NULL, 260.9, 1, '', 10, '2023-01-02 08:18:22', 19),
(15755, 1, 20563, NULL, 6.9, 1, '', 5, '2023-01-02 08:44:41', 19),
(15756, 0, 20566, NULL, 264.5, 1, '', 5, '2023-01-02 09:17:25', 61),
(15757, 1, 20565, NULL, 7.53, 1, 'CONTRAMUESTRA: 7.24', 10, '2023-01-02 09:46:16', 61),
(15758, 0, 20564, NULL, 300, 1, '', 54, '2023-01-02 10:17:46', 61),
(15759, 1, 20566, NULL, 6.5, 1, '', 10, '2023-01-02 11:05:20', 61),
(15760, 1, 20564, NULL, 6.09, 1, '', 10, '2023-01-02 11:06:35', 61),
(15761, 1, 20567, NULL, 6.98, 1, 'CONTRAMUESTRA: 6.21', 10, '2023-01-02 11:10:21', 61),
(15762, 1, 20568, NULL, 6.61, 1, 'CONTRAMUESTRA: 6.35', 10, '2023-01-02 11:11:07', 61),
(15763, 1, 20569, NULL, 7.72, 1, 'CONTRAMUESTRA: 7.44', 10, '2023-01-02 11:13:33', 61),
(15764, 0, 20560, NULL, 326.2, 1, '', 54, '2023-01-02 11:33:54', 61),
(15765, 1, 20560, NULL, 6.08, 1, '', 54, '2023-01-02 11:39:53', 61),
(15766, 0, 20571, NULL, 526.8, 1, '', 48, '2023-01-02 14:14:17', 61),
(15767, 0, 20572, NULL, 538.1, 1, '', 48, '2023-01-02 14:19:01', 61),
(15768, 0, 20573, NULL, 634.1, 1, '', 48, '2023-01-02 14:26:55', 61),
(15769, 1, 20571, NULL, 9.35, 1, '', 21, '2023-01-02 16:41:45', 61),
(15770, 1, 20572, NULL, 9.77, 1, '', 21, '2023-01-02 16:42:48', 61),
(15771, 1, 20573, NULL, 6.96, 1, '', 21, '2023-01-02 17:21:01', 49),
(15772, 1, 20570, NULL, 9.35, 1, '', 21, '2023-01-02 17:49:04', 49),
(15773, 1, 20576, NULL, 9.8, 1, '', 21, '2023-01-02 17:50:14', 49),
(15774, 0, 20577, NULL, 265.5, 1, '', 16, '2023-01-02 20:02:07', 60),
(15776, 0, 20578, NULL, 269.2, 1, '', 16, '2023-01-02 20:51:33', 60),
(15777, 1, 20578, NULL, 6.42, 1, '', 16, '2023-01-02 21:08:15', 16),
(15778, 1, 20577, NULL, 7.8, 1, '', 16, '2023-01-02 21:32:11', 55),
(15779, 0, 20579, NULL, 300.24, 1, '', 16, '2023-01-02 21:41:32', 60),
(15780, 1, 20579, NULL, 6.54, 1, '', 16, '2023-01-02 22:11:05', 16),
(15781, 0, 20580, NULL, 270.6, 1, '', 10, '2023-01-03 09:40:14', 61),
(15782, 1, 20580, NULL, 5.44, 1, '', 54, '2023-01-03 09:43:31', 61),
(15783, 0, 20581, NULL, 270.6, 1, '', 48, '2023-01-03 10:51:35', 61),
(15784, 0, 20582, NULL, 259.1, 1, '', 48, '2023-01-03 10:51:55', 61),
(15785, 1, 20581, NULL, 13.56, 1, '', 21, '2023-01-03 12:30:01', 61),
(15786, 1, 20582, NULL, 9.87, 1, '', 21, '2023-01-03 12:30:23', 61),
(15787, 0, 20583, NULL, 320.2, 1, '', 21, '2023-01-03 12:42:55', 61),
(15788, 0, 20584, NULL, 326.2, 1, '', 54, '2023-01-03 13:39:42', 61),
(15789, 1, 20583, NULL, 6.51, 1, '', 54, '2023-01-03 13:49:49', 61),
(15790, 1, 20584, NULL, 7.58, 1, '', 54, '2023-01-03 13:50:01', 61),
(15791, 0, 20585, NULL, 326.5, 1, '', 54, '2023-01-03 13:57:15', 61),
(15792, 0, 20586, NULL, 300.2, 1, '', 54, '2023-01-03 16:15:39', 61),
(15793, 1, 20585, NULL, 8.37, 1, '', 21, '2023-01-03 16:24:31', 61),
(15794, 1, 20586, NULL, 7.5, 1, '', 21, '2023-01-03 16:41:32', 61),
(15795, 0, 20587, NULL, 321.6, 1, '', 16, '2023-01-03 21:35:59', 60),
(15796, 1, 20587, NULL, 6.54, 1, '', 16, '2023-01-03 21:38:41', 16),
(15797, 0, 20588, NULL, 245.1, 1, '', 16, '2023-01-03 22:28:42', 60),
(15798, 0, 20589, NULL, 250.4, 1, '', 16, '2023-01-04 01:40:22', 60),
(15799, 1, 20589, NULL, 5.74, 1, '', 16, '2023-01-04 01:45:09', 16),
(15800, 1, 20588, NULL, 6.02, 1, '', 16, '2023-01-04 02:13:38', 60),
(15801, 0, 20590, NULL, 235.1, 1, '', 16, '2023-01-04 06:56:55', 60),
(15802, 0, 20591, NULL, 256.4, 1, '', 16, '2023-01-04 06:57:07', 60),
(15803, 0, 20593, NULL, 247.3, 1, '', 10, '2023-01-04 07:38:24', 61),
(15804, 0, 20592, NULL, 365.1, 1, '', 10, '2023-01-04 07:40:54', 61),
(15805, 0, 20594, NULL, 245.3, 1, '', 10, '2023-01-04 07:46:37', 61),
(15806, 0, 20595, NULL, 230.8, 1, '', 10, '2023-01-04 07:50:23', 61),
(15807, 1, 20593, NULL, 6.27, 1, '', 10, '2023-01-04 08:31:59', 61),
(15808, 1, 20594, NULL, 6.21, 1, '', 10, '2023-01-04 08:32:32', 61),
(15809, 1, 20595, NULL, 6.84, 1, '', 10, '2023-01-04 08:33:07', 61),
(15810, 1, 20590, NULL, 7.06, 1, '', 10, '2023-01-04 08:33:42', 61),
(15811, 1, 20591, NULL, 8.02, 1, '', 10, '2023-01-04 08:34:15', 61),
(15812, 0, 20597, NULL, 284.3, 1, '', 61, '2023-01-04 08:45:44', 61),
(15813, 0, 20598, NULL, 241.2, 1, '', 61, '2023-01-04 08:51:43', 61),
(15814, 1, 20598, NULL, 7.25, 1, '', 10, '2023-01-04 09:39:32', 61),
(15816, 1, 20597, NULL, 6.38, 1, '', 10, '2023-01-04 09:43:08', 61),
(15817, 1, 20596, NULL, 6, 1, '', 10, '2023-01-04 09:44:00', 61),
(15818, 0, 20596, NULL, 200.3, 1, '', 10, '2023-01-04 09:44:17', 61),
(15819, 0, 20600, NULL, 326.5, 1, '', 54, '2023-01-04 11:35:03', 61),
(15820, 0, 20599, NULL, 321.2, 1, '', 54, '2023-01-04 11:35:38', 61),
(15822, 1, 20600, NULL, 11.63, 1, '', 21, '2023-01-04 12:46:27', 61),
(15823, 1, 20599, NULL, 7.37, 1, '', 21, '2023-01-04 13:13:59', 61),
(15834, 0, 20601, NULL, 300.1, 1, '', 54, '2023-01-04 15:07:44', 61),
(15850, 0, 20602, NULL, 360, 1, '', 21, '2023-01-04 16:27:15', 49),
(15851, 1, 20601, NULL, 7.2, 1, '', 21, '2023-01-04 16:48:21', 54),
(15867, 1, 20602, NULL, 9.21, 1, '', 21, '2023-01-04 17:17:23', 61),
(15868, 0, 20603, NULL, 365.4, 1, '', 16, '2023-01-04 19:16:35', 60),
(15869, 0, 20604, NULL, 235.2, 1, '', 61, '2023-01-04 19:48:53', 60),
(15870, 1, 20604, NULL, 6.02, 1, '', 16, '2023-01-04 20:49:37', 60),
(15871, 0, 20605, NULL, 189.4, 1, '', 16, '2023-01-04 20:58:38', 60),
(15872, 1, 20605, NULL, 6.52, 1, '', 16, '2023-01-04 21:35:23', 60),
(15873, 1, 20603, NULL, 4.78, 1, '', 16, '2023-01-04 21:44:52', 60),
(15894, 1, 20606, NULL, 6.87, 1, '', 16, '2023-01-04 22:18:47', 60),
(15895, 0, 20606, NULL, 254.3, 1, '', 16, '2023-01-04 23:20:35', 60),
(15896, 0, 20607, NULL, 214.6, 1, '', 16, '2023-01-04 23:20:53', 60),
(15897, 1, 20607, NULL, 6.94, 1, '', 16, '2023-01-04 23:34:54', 60),
(15898, 0, 20608, NULL, 198.2, 1, '', 55, '2023-01-05 01:56:16', 54),
(15900, 1, 20608, NULL, 6.73, 1, '', 16, '2023-01-05 02:30:08', 60),
(15901, 1, 20609, NULL, 5.34, 1, '', 16, '2023-01-05 04:46:24', 60),
(15902, 0, 20609, NULL, 200.4, 1, '', 16, '2023-01-05 06:01:15', 54),
(15903, 0, 20610, NULL, 350.4, 1, '', 16, '2023-01-05 06:01:33', 54),
(15904, 1, 20610, NULL, 6.48, 1, '', 16, '2023-01-05 06:19:53', 16),
(15905, 1, 20611, NULL, 6, 1, '', 16, '2023-01-05 07:03:37', 60),
(15906, 0, 20611, NULL, 250.6, 1, '', 16, '2023-01-05 07:37:00', 54),
(15907, 0, 20612, NULL, 212.3, 1, '', 10, '2023-01-05 09:31:41', 61),
(15908, 1, 20612, NULL, 7.24, 1, '', 10, '2023-01-05 09:32:03', 61),
(15911, 0, 20615, NULL, 420.2, 1, '', 61, '2023-01-05 10:05:27', 61),
(15912, 0, 20614, NULL, 320.2, 1, '', 61, '2023-01-05 10:05:48', 61),
(15917, 0, 20616, NULL, 400, 1, '', 61, '2023-01-05 10:08:01', 61),
(15918, 0, 20613, NULL, 264.5, 1, '', 48, '2023-01-05 10:11:49', 61),
(15919, 1, 20616, NULL, 6.54, 1, '', 21, '2023-01-05 10:46:20', 61),
(15930, 1, 20614, NULL, 6.62, 1, '', 21, '2023-01-05 10:47:08', 61),
(15933, 1, 20615, NULL, 5.38, 1, 'duplicado: 5.55', 54, '2023-01-05 10:47:39', 61);
INSERT INTO `Preparacion_RecepcionMuestras` (`Id`, `is_general`, `cod_peso`, `id_analisismuestra`, `peso_muestra`, `cod_detalleenvase`, `observacion`, `cod_usuariotomamuestra`, `fecha_registro`, `usuario_registro`) VALUES
(15934, 0, 20619, NULL, 326.5, 1, '', 54, '2023-01-05 11:29:44', 61),
(15935, 0, 20620, NULL, 329.5, 1, '', 54, '2023-01-05 11:29:54', 61),
(15936, 1, 20613, NULL, 7, 1, '', 21, '2023-01-05 11:34:45', 19),
(15937, 0, 20621, NULL, 350.6, 1, '', 6, '2023-01-05 12:44:00', 61),
(15938, 1, 20621, NULL, 6, 1, '', 48, '2023-01-05 13:31:18', 61),
(15942, 0, 20622, NULL, 326.2, 1, '', 54, '2023-01-05 14:32:41', 61),
(15943, 0, 20623, NULL, 314.2, 1, '', 10, '2023-01-05 14:34:38', 61),
(15944, 1, 20623, NULL, 7.3, 1, '', 21, '2023-01-05 14:52:18', 61),
(15945, 1, 20622, NULL, 10.53, 1, '', 48, '2023-01-05 14:54:37', 61),
(15946, 1, 20620, NULL, 7.36, 1, '', 22, '2023-01-05 14:55:06', 61),
(15947, 1, 20619, NULL, 6.8, 1, '', 48, '2023-01-05 14:55:47', 61),
(15948, 0, 20624, NULL, 324.5, 1, '', 54, '2023-01-05 14:57:58', 54),
(15949, 0, 20628, NULL, 400.2, 1, '', 54, '2023-01-05 15:45:52', 61),
(15950, 0, 20629, NULL, 325.6, 1, '', 56, '2023-01-05 15:52:36', 61),
(15951, 1, 20628, NULL, 6.5, 1, '', 54, '2023-01-05 16:02:25', 61),
(15952, 1, 20629, NULL, 7.24, 1, '', 21, '2023-01-05 16:19:27', 61),
(15953, 0, 20625, NULL, 300, 1, '', 54, '2023-01-05 16:59:01', 61),
(15954, 1, 20624, NULL, 7.34, 1, '', 54, '2023-01-05 17:13:17', 49),
(15955, 1, 20625, NULL, 5.23, 1, '', 54, '2023-01-05 17:13:37', 49),
(15956, 1, 20626, NULL, 7.35, 1, 'CONTRAMUESTRA 7.89 KG', 48, '2023-01-05 17:14:12', 49),
(15957, 1, 20627, NULL, 7.05, 1, 'CONTRAMUESTRA  7.26KG', 48, '2023-01-05 17:14:43', 49),
(15958, 0, 20632, NULL, 236.2, 1, '', 48, '2023-01-05 18:25:08', 61),
(15962, 0, 20633, NULL, 300.6, 1, '', 48, '2023-01-05 18:33:39', 61),
(15963, 0, 20634, NULL, 265.4, 1, '', 16, '2023-01-05 19:23:35', 60),
(15964, 1, 20633, NULL, 6.36, 1, '', 22, '2023-01-05 19:29:43', 60),
(15965, 1, 20632, NULL, 6.12, 1, '', 48, '2023-01-05 19:30:00', 60),
(15966, 1, 20634, NULL, 6.42, 1, '', 16, '2023-01-05 19:30:51', 60),
(15967, 0, 20635, NULL, 278.2, 1, '', 16, '2023-01-05 20:28:54', 60),
(15968, 1, 20635, NULL, 6.64, 1, '', 16, '2023-01-05 22:04:29', 16),
(15969, 0, 20636, NULL, 245.8, 1, '', 16, '2023-01-05 22:26:27', 60),
(15972, 1, 20636, NULL, 7.88, 1, '', 16, '2023-01-05 22:34:07', 60),
(16003, 0, 20637, NULL, 214.8, 1, '', 16, '2023-01-05 23:07:02', 60),
(16004, 1, 20637, NULL, 6.48, 1, '', 16, '2023-01-05 23:25:22', 16),
(16021, 0, 20638, NULL, 246.1, 1, '', 16, '2023-01-06 01:35:06', 60),
(16023, 1, 20638, NULL, 7.06, 1, '', 16, '2023-01-06 01:57:23', 60),
(16024, 0, 20642, NULL, 254.3, 1, '', 16, '2023-01-06 05:45:51', 60),
(16027, 0, 20641, NULL, 195.5, 1, '', 16, '2023-01-06 05:46:12', 60),
(16028, 1, 20639, NULL, 5.97, 1, '', 16, '2023-01-06 05:52:00', 60),
(16029, 1, 20640, NULL, 6.49, 1, '', 16, '2023-01-06 05:52:15', 60),
(16030, 0, 20639, NULL, 200.4, 1, '', 16, '2023-01-06 05:55:38', 60),
(16031, 0, 20640, NULL, 188.4, 1, '', 16, '2023-01-06 05:56:19', 60),
(16032, 1, 20641, NULL, 6.83, 1, '', 16, '2023-01-06 06:10:49', 60),
(16033, 1, 20642, NULL, 5.64, 1, '', 16, '2023-01-06 06:20:26', 16),
(16034, 0, 20643, NULL, 250.6, 1, '', 48, '2023-01-06 07:29:23', 60),
(16035, 0, 20644, NULL, 275.6, 1, '', 48, '2023-01-06 07:34:04', 60),
(16036, 0, 20645, NULL, 285.6, 1, '', 48, '2023-01-06 07:38:07', 60),
(16037, 0, 20646, NULL, 260.6, 1, '', 48, '2023-01-06 07:44:06', 60),
(16038, 1, 20643, NULL, 5.06, 1, '', 22, '2023-01-06 07:54:06', 60),
(16039, 0, 20647, NULL, 245.8, 1, '', 48, '2023-01-06 07:59:25', 61),
(16040, 0, 20648, NULL, 241.6, 1, '', 22, '2023-01-06 08:20:31', 61),
(16041, 1, 20644, NULL, 6.7, 1, '', 48, '2023-01-06 09:15:36', 61),
(16042, 1, 20645, NULL, 6.7, 1, '', 48, '2023-01-06 09:16:06', 61),
(16043, 1, 20648, NULL, 5.62, 1, '', 22, '2023-01-06 09:16:51', 61),
(16044, 1, 20647, NULL, 7.21, 1, '', 48, '2023-01-06 09:17:22', 61),
(16045, 1, 20646, NULL, 5.76, 1, '', 48, '2023-01-06 09:17:49', 61),
(16046, 1, 20649, NULL, 6.57, 1, '', 10, '2023-01-06 09:42:18', 61),
(16047, 0, 20649, NULL, 297.2, 1, '', 10, '2023-01-06 09:46:38', 61),
(16048, 0, 20650, NULL, 300, 1, '', 10, '2023-01-06 09:58:20', 61),
(16049, 1, 20650, NULL, 7.64, 1, '', 10, '2023-01-06 10:01:16', 61),
(16050, 0, 20651, NULL, 420, 1, '', 10, '2023-01-06 10:39:44', 61),
(16051, 0, 20652, NULL, 260.8, 1, '', 21, '2023-01-06 10:44:35', 61),
(16057, 0, 20653, NULL, 326.2, 1, '', 22, '2023-01-06 10:46:50', 61),
(16058, 0, 20654, NULL, 326.4, 1, '', 54, '2023-01-06 11:25:39', 61),
(16059, 1, 20651, NULL, 7.01, 1, '', 54, '2023-01-06 12:22:20', 17),
(16060, 1, 20654, NULL, 6.84, 1, '', 10, '2023-01-06 13:36:31', 61),
(16064, 1, 20653, NULL, 6.88, 1, '', 10, '2023-01-06 13:53:00', 61),
(16065, 1, 20652, NULL, 6.89, 1, '', 10, '2023-01-06 13:58:38', 61),
(16073, 0, 20657, NULL, 300, 1, '', 54, '2023-01-06 15:48:04', 61),
(16075, 0, 20659, NULL, 300.4, 1, '', 54, '2023-01-06 15:48:59', 61),
(16076, 0, 20658, NULL, 300.4, 1, '', 54, '2023-01-06 15:49:31', 61),
(16077, 1, 20657, NULL, 7.5, 1, '', 21, '2023-01-06 16:48:51', 49),
(16078, 1, 20659, NULL, 7.9, 1, '', 21, '2023-01-06 16:49:01', 49),
(16079, 1, 20658, NULL, 8.01, 1, '', 21, '2023-01-06 16:49:11', 49),
(16080, 0, 20656, NULL, 400.2, 1, '', 21, '2023-01-06 16:49:25', 49),
(16081, 0, 20660, NULL, 326.2, 1, '', 54, '2023-01-06 17:41:39', 54),
(16099, 1, 20656, NULL, 8.02, 1, '', 54, '2023-01-06 18:10:07', 54),
(16100, 1, 20660, NULL, 7.8, 1, '', 54, '2023-01-06 18:10:25', 54),
(16101, 0, 20661, NULL, 400.5, 1, '', 54, '2023-01-06 18:50:08', 54),
(16102, 1, 20661, NULL, 6.64, 1, '', 21, '2023-01-06 19:10:27', 54),
(16103, 0, 20662, NULL, 245.3, 1, '', 16, '2023-01-06 20:48:01', 60),
(16104, 0, 20663, NULL, 365.1, 1, '', 16, '2023-01-06 22:14:23', 60),
(16105, 1, 20662, NULL, 6.54, 1, '', 16, '2023-01-06 22:44:15', 60),
(16106, 1, 20663, NULL, 6.32, 1, '', 16, '2023-01-06 22:44:24', 60),
(16107, 0, 20664, NULL, 300.4, 1, '', 16, '2023-01-06 23:57:32', 60),
(16108, 1, 20664, NULL, 6.9, 1, '', 16, '2023-01-07 00:07:53', 60),
(16109, 0, 20665, NULL, 189.4, 1, '', 55, '2023-01-07 00:21:46', 60),
(16110, 0, 20666, NULL, 213.5, 1, '', 60, '2023-01-07 01:11:05', 60),
(16111, 1, 20665, NULL, 5.74, 1, '', 16, '2023-01-07 01:12:53', 53),
(16112, 1, 20666, NULL, 6.4, 1, '', 16, '2023-01-07 01:13:09', 53),
(16113, 0, 20667, NULL, 340.2, 1, '', 16, '2023-01-07 02:47:33', 60),
(16114, 1, 20667, NULL, 7.34, 1, '', 16, '2023-01-07 03:10:26', 54),
(16115, 0, 20669, NULL, 132.4, 1, '', 16, '2023-01-07 04:48:47', 60),
(16116, 0, 20668, NULL, 149.5, 1, '', 16, '2023-01-07 04:49:13', 60),
(16117, 1, 20668, NULL, 5.02, 1, '', 16, '2023-01-07 05:21:46', 16),
(16118, 1, 20669, NULL, 7.36, 1, '', 16, '2023-01-07 05:23:32', 16),
(16119, 0, 20670, NULL, 235.4, 1, '', 60, '2023-01-07 05:32:40', 60),
(16120, 0, 20671, NULL, 245.1, 1, '', 16, '2023-01-07 05:48:50', 60),
(16125, 1, 20670, NULL, 8.06, 1, '', 16, '2023-01-07 06:01:00', 60),
(16126, 1, 20671, NULL, 7.96, 1, '', 16, '2023-01-07 06:01:02', 60),
(16127, 0, 20672, NULL, 350.2, 1, '', 16, '2023-01-07 06:31:03', 60),
(16128, 1, 20672, NULL, 6.24, 1, '', 16, '2023-01-07 06:56:37', 16),
(16129, 0, 20673, NULL, 312.2, 1, '', 48, '2023-01-07 07:35:33', 61),
(16130, 0, 20674, NULL, 264.5, 1, '', 48, '2023-01-07 07:52:53', 61),
(16131, 0, 20675, NULL, 286.5, 1, '', 48, '2023-01-07 07:53:10', 61),
(16132, 1, 20675, NULL, 7.54, 1, '', 48, '2023-01-07 09:02:18', 61),
(16133, 1, 20674, NULL, 6.98, 1, '', 48, '2023-01-07 09:02:54', 61),
(16134, 1, 20678, NULL, 7.48, 1, '', 48, '2023-01-07 09:03:13', 61),
(16135, 0, 20679, NULL, 240.8, 1, '', 61, '2023-01-07 09:05:12', 61),
(16136, 0, 20678, NULL, 248.6, 1, '', 61, '2023-01-07 09:05:41', 61),
(16137, 1, 20677, NULL, 7.45, 1, '', 48, '2023-01-07 09:23:45', 61),
(16138, 1, 20673, NULL, 7.36, 1, '', 48, '2023-01-07 09:24:19', 61),
(16139, 1, 20676, NULL, 7.12, 1, '', 48, '2023-01-07 09:24:54', 61),
(16140, 1, 20679, NULL, 7.32, 1, '', 48, '2023-01-07 09:25:13', 61),
(16141, 0, 20676, NULL, 312.2, 1, '', 48, '2023-01-07 09:26:05', 61),
(16142, 0, 20677, NULL, 322.1, 1, '', 48, '2023-01-07 09:26:30', 61),
(16143, 0, 20680, NULL, 302.5, 1, '', 48, '2023-01-07 10:43:31', 61),
(16144, 0, 20683, NULL, 400, 1, '', 21, '2023-01-07 12:23:20', 61),
(16152, 1, 20683, NULL, 7.54, 1, '', 21, '2023-01-07 12:48:57', 61),
(16153, 1, 20680, NULL, 7.84, 1, '', 21, '2023-01-07 14:05:58', 61),
(16154, 1, 20682, NULL, 6.01, 1, 'CONTRAMUESTRA 5.66 KG', 48, '2023-01-07 15:32:12', 61),
(16155, 1, 20684, NULL, 6.01, 1, 'CONTRAMUESTRA 5.60KG', 48, '2023-01-07 15:32:41', 61),
(16158, 0, 20685, NULL, 348, 1, '', 54, '2023-01-07 15:43:00', 61),
(16159, 1, 20685, NULL, 7.49, 1, '', 10, '2023-01-07 15:45:21', 61),
(16160, 0, 20686, NULL, 600, 1, '', 21, '2023-01-07 16:15:14', 61),
(16161, 0, 20687, NULL, 400, 1, '', 21, '2023-01-07 16:15:27', 61),
(16162, 1, 20687, NULL, 7.5, 1, '', 54, '2023-01-07 16:47:59', 61),
(16164, 1, 20688, NULL, 9.2, 1, '', 54, '2023-01-07 16:48:14', 61),
(16165, 0, 20688, NULL, 400, 1, '', 21, '2023-01-07 17:13:57', 54),
(16205, 0, 20689, NULL, 460.2, 1, '', 54, '2023-01-07 17:14:36', 54),
(16206, 1, 20686, NULL, 8.02, 1, '', 54, '2023-01-07 17:53:52', 61),
(16207, 1, 20689, NULL, 7.6, 1, '', 21, '2023-01-07 18:17:36', 61),
(16208, 0, 20690, NULL, 152.4, 1, '', 16, '2023-01-07 19:35:15', 60),
(16209, 1, 20690, NULL, 5.84, 1, 'DEMORA EN REGISTRO , ACEPTACION DE CARGA', 16, '2023-01-07 21:05:18', 16),
(16210, 0, 20692, NULL, 210, 1, '', 16, '2023-01-07 21:25:26', 60),
(16211, 0, 20691, NULL, 245.3, 1, '', 16, '2023-01-07 21:35:33', 60),
(16212, 0, 20693, NULL, 321.9, 1, '', 16, '2023-01-07 21:35:41', 60),
(16219, 0, 20696, NULL, 245.3, 1, '', 16, '2023-01-07 22:02:01', 60),
(16220, 0, 20697, NULL, 235.5, 1, '', 60, '2023-01-07 22:02:17', 60),
(16221, 1, 20692, NULL, 6.2, 1, '', 16, '2023-01-07 22:41:23', 16),
(16222, 1, 20697, NULL, 7.52, 1, '', 16, '2023-01-07 22:41:34', 16),
(16223, 1, 20696, NULL, 6.24, 1, '', 16, '2023-01-07 22:41:44', 16),
(16224, 1, 20695, NULL, 5.82, 1, '', 16, '2023-01-07 22:41:56', 16),
(16225, 1, 20694, NULL, 5.44, 1, '', 16, '2023-01-07 22:42:06', 16),
(16226, 1, 20691, NULL, 5.64, 1, '', 16, '2023-01-07 22:42:22', 16),
(16227, 1, 20693, NULL, 6.34, 1, '', 16, '2023-01-07 22:42:41', 16),
(16228, 0, 20694, NULL, 231, 1, '', 16, '2023-01-07 22:51:38', 60),
(16229, 0, 20695, NULL, 321.5, 1, '', 16, '2023-01-07 22:51:48', 60),
(16231, 1, 20698, NULL, 7.8, 1, '', 16, '2023-01-08 00:10:55', 60),
(16232, 0, 20698, NULL, 120, 1, '', 16, '2023-01-08 00:11:17', 60),
(16233, 0, 20699, NULL, 215.4, 1, '', 16, '2023-01-08 02:24:13', 60),
(16234, 1, 20699, NULL, 5.24, 1, '', 16, '2023-01-08 02:29:50', 16),
(16236, 1, 20700, NULL, 6.21, 1, '', 16, '2023-01-08 04:41:26', 60),
(16237, 0, 20700, NULL, 248.6, 1, '', 16, '2023-01-08 04:46:32', 60),
(16238, 0, 20701, NULL, 188.8, 1, '', 16, '2023-01-08 05:33:41', 60),
(16239, 0, 20702, NULL, 235.4, 1, '', 16, '2023-01-08 05:59:25', 60),
(16240, 1, 20703, NULL, 5.44, 1, '', 16, '2023-01-08 06:46:28', 54),
(16241, 0, 20703, NULL, 350, 1, '', 16, '2023-01-08 07:35:08', 49),
(16242, 1, 20701, NULL, 7.06, 1, '', 10, '2023-01-08 08:00:36', 49),
(16243, 1, 20702, NULL, 7.69, 1, '', 10, '2023-01-08 08:01:00', 49),
(16244, 0, 20704, NULL, 400, 1, '', 10, '2023-01-08 12:44:53', 49),
(16245, 0, 20705, NULL, 400, 1, '', 10, '2023-01-08 13:34:54', 49),
(16246, 0, 20706, NULL, 300.9, 1, '', 10, '2023-01-08 13:35:18', 49),
(16247, 1, 20704, NULL, 7.9, 1, '', 10, '2023-01-08 13:35:33', 49),
(16248, 1, 20705, NULL, 7.5, 1, '', 10, '2023-01-08 13:35:44', 49),
(16249, 1, 20706, NULL, 7.1, 1, '', 10, '2023-01-08 13:35:59', 49),
(16250, 0, 20707, NULL, 259.4, 1, '', 21, '2023-01-09 06:00:58', 61),
(16251, 0, 20708, NULL, 248.6, 1, '', 21, '2023-01-09 06:26:32', 61),
(16252, 1, 20708, NULL, 6.15, 1, '', 21, '2023-01-09 06:44:25', 61),
(16272, 0, 20709, NULL, 156.5, 1, '', 16, '2023-01-09 07:34:45', 61),
(16273, 1, 20709, NULL, 6.2, 1, '', 16, '2023-01-09 08:16:33', 16),
(16274, 1, 20707, NULL, 6.2, 1, 'DEMORA EN REGISTRO ,ACEPTACION DE CARGA', 17, '2023-01-09 09:30:07', 16),
(16275, 0, 20711, NULL, 254.2, 1, '', 60, '2023-01-09 10:08:52', 17),
(16276, 0, 20710, NULL, 321.6, 1, '', 60, '2023-01-09 10:09:09', 17),
(16277, 0, 20712, NULL, 350.4, 1, '', 60, '2023-01-09 10:31:15', 17),
(16280, 0, 20713, NULL, 320.4, 1, '', 60, '2023-01-09 10:32:03', 17),
(16281, 1, 20713, NULL, 5.82, 1, '', 60, '2023-01-09 10:45:32', 16),
(16282, 0, 20714, NULL, 215.3, 1, '', 60, '2023-01-09 10:54:09', 17),
(16283, 1, 20714, NULL, 5.36, 1, '', 60, '2023-01-09 11:10:30', 16),
(16285, 0, 20715, NULL, 330.2, 1, '', 16, '2023-01-09 12:12:23', 60),
(16295, 1, 20712, NULL, 6.79, 1, '', 60, '2023-01-09 12:19:00', 60),
(16296, 1, 20715, NULL, 5.48, 1, '', 60, '2023-01-09 12:44:57', 16),
(16315, 1, 20710, NULL, 7.08, 1, '', 60, '2023-01-09 13:12:24', 60),
(16358, 1, 20711, NULL, 7.81, 1, '', 60, '2023-01-09 13:13:23', 60),
(16359, 0, 20718, NULL, 260.6, 1, '', 48, '2023-01-09 13:48:03', 60),
(16401, 1, 20716, NULL, 6.99, 1, '', 16, '2023-01-09 15:32:56', 60),
(16403, 0, 20716, NULL, 324.6, 1, '', 48, '2023-01-09 15:33:15', 60),
(16404, 1, 20718, NULL, 3.89, 1, '', 48, '2023-01-09 16:28:44', 60),
(16405, 1, 20719, NULL, 5.26, 1, '', 48, '2023-01-09 17:47:15', 60),
(16406, 0, 20719, NULL, 350.6, 1, '', 48, '2023-01-09 17:47:39', 60),
(16407, 0, 20720, NULL, 315.6, 1, '', 54, '2023-01-09 19:36:38', 61),
(16408, 1, 20720, NULL, 7.35, 1, '', 54, '2023-01-09 19:51:33', 61),
(16409, 0, 20721, NULL, 312.4, 1, '', 21, '2023-01-09 21:20:52', 61),
(16410, 1, 20721, NULL, 7.68, 1, '', 21, '2023-01-09 21:40:48', 61),
(16411, 0, 20722, NULL, 286.5, 1, '', 54, '2023-01-09 23:16:38', 61),
(16412, 1, 20722, NULL, 7.5, 1, '', 54, '2023-01-10 01:12:11', 61),
(16413, 0, 20723, NULL, 300.1, 1, '', 54, '2023-01-10 02:44:02', 61),
(16414, 0, 20724, NULL, 300.4, 1, '', 54, '2023-01-10 02:45:14', 61),
(16415, 1, 20723, NULL, 8.3, 1, '', 54, '2023-01-10 02:46:33', 61),
(16416, 1, 20724, NULL, 7.3, 1, '', 54, '2023-01-10 02:47:01', 61),
(16418, 1, 20725, NULL, 6.5, 1, '', 21, '2023-01-10 03:07:28', 61),
(16419, 0, 20725, NULL, 300.7, 1, '', 21, '2023-01-10 03:07:53', 61),
(16420, 1, 20726, NULL, 6.89, 1, '', 54, '2023-01-10 04:48:12', 61),
(16421, 1, 20727, NULL, 6.65, 1, '', 54, '2023-01-10 04:52:04', 61),
(16422, 0, 20726, NULL, 258.3, 1, '', 54, '2023-01-10 04:52:43', 61),
(16423, 0, 20727, NULL, 324.2, 1, '', 54, '2023-01-10 04:53:17', 61),
(16424, 0, 20728, NULL, 250.2, 1, '', 54, '2023-01-10 07:28:01', 55),
(16425, 1, 20728, NULL, 5.4, 1, '', 54, '2023-01-10 07:28:31', 55),
(16426, 0, 20729, NULL, 250.2, 1, '', 16, '2023-01-10 08:06:18', 55),
(16427, 0, 20730, NULL, 300.45, 1, '', 16, '2023-01-10 08:06:36', 55),
(16428, 0, 20731, NULL, 250.6, 1, '', 17, '2023-01-10 08:55:45', 55),
(16429, 1, 20729, NULL, 6.04, 1, '', 16, '2023-01-10 09:04:43', 55),
(16430, 0, 20732, NULL, 350.2, 1, '', 16, '2023-01-10 10:24:11', 55),
(16431, 1, 20730, NULL, 8.3, 1, '', 16, '2023-01-10 10:26:56', 55),
(16432, 1, 20731, NULL, 6.17, 1, '', 16, '2023-01-10 10:39:38', 55),
(16433, 1, 20732, NULL, 8.2, 1, '', 16, '2023-01-10 11:43:49', 16),
(16434, 0, 20733, NULL, 600.2, 1, '', 10, '2023-01-10 12:15:51', 55),
(16435, 0, 20735, NULL, 523.6, 1, '', 48, '2023-01-10 12:27:23', 55),
(16436, 0, 20734, NULL, 623.2, 1, '', 22, '2023-01-10 12:28:17', 55),
(16437, 1, 20733, NULL, 7.46, 1, '', 10, '2023-01-10 15:36:36', 49),
(16438, 1, 20736, NULL, 7.7, 1, 'CONTRAMUESTRA 7.61 KG', 10, '2023-01-10 15:37:19', 49),
(16439, 1, 20734, NULL, 8.52, 1, '', 10, '2023-01-10 15:37:56', 49),
(16440, 1, 20735, NULL, 8.11, 1, '', 10, '2023-01-10 15:42:33', 49),
(16441, 0, 20737, NULL, 420.3, 1, '', 10, '2023-01-10 17:34:14', 55),
(16442, 1, 20737, NULL, 8.39, 1, '', 10, '2023-01-10 17:48:28', 55),
(16443, 0, 20738, NULL, 300.2, 1, '', 21, '2023-01-10 20:20:12', 61),
(16444, 0, 20739, NULL, 300.2, 1, '', 53, '2023-01-10 20:46:47', 61),
(16445, 1, 20738, NULL, 7.42, 1, '', 21, '2023-01-10 20:47:16', 61),
(16446, 1, 20739, NULL, 7.88, 1, '', 21, '2023-01-10 20:47:31', 61),
(16447, 0, 20740, NULL, 324.2, 1, '', 54, '2023-01-10 20:58:05', 61),
(16448, 1, 20740, NULL, 7.66, 1, '', 21, '2023-01-10 21:46:41', 61),
(16449, 0, 20741, NULL, 300.6, 1, '', 21, '2023-01-10 23:33:59', 61),
(16450, 1, 20741, NULL, 7.2, 1, '', 21, '2023-01-10 23:34:43', 61),
(16451, 0, 20742, NULL, 250.2, 1, '', 54, '2023-01-11 07:28:21', 55),
(16452, 0, 20743, NULL, 330.4, 1, '', 54, '2023-01-11 07:28:52', 55),
(16453, 1, 20742, NULL, 7.2, 1, '', 54, '2023-01-11 07:31:19', 55),
(16454, 1, 20743, NULL, 6.4, 1, '', 54, '2023-01-11 07:31:32', 55),
(16455, 0, 20746, NULL, 350.2, 1, '', 55, '2023-01-11 07:52:06', 55),
(16456, 0, 20745, NULL, 380.4, 1, '', 55, '2023-01-11 07:52:21', 55),
(16457, 0, 20744, NULL, 207.8, 1, '', 16, '2023-01-11 07:54:27', 55),
(16458, 1, 20745, NULL, 8.45, 1, '', 16, '2023-01-11 08:44:46', 55),
(16459, 1, 20744, NULL, 7.29, 1, '', 16, '2023-01-11 08:52:46', 55),
(16460, 1, 20746, NULL, 6.22, 1, '', 16, '2023-01-11 09:25:55', 21),
(16461, 0, 20747, NULL, 322.4, 1, '', 55, '2023-01-11 09:27:38', 55),
(16462, 0, 20748, NULL, 272.7, 1, '', 55, '2023-01-11 09:30:20', 55),
(16463, 0, 20749, NULL, 271.2, 1, '', 55, '2023-01-11 09:33:07', 55),
(16464, 0, 20750, NULL, 202.4, 1, '', 55, '2023-01-11 09:37:33', 55),
(16465, 0, 20752, NULL, 360.4, 1, '', 48, '2023-01-11 10:51:32', 55),
(16466, 0, 20751, NULL, 422.4, 1, '', 48, '2023-01-11 10:54:25', 55),
(16467, 1, 20750, NULL, 7.01, 1, '', 10, '2023-01-11 10:56:05', 55),
(16468, 1, 20749, NULL, 7.18, 1, '', 10, '2023-01-11 10:56:38', 55),
(16469, 1, 20748, NULL, 8.22, 1, '', 10, '2023-01-11 10:57:27', 55),
(16470, 1, 20747, NULL, 7.77, 1, '', 10, '2023-01-11 10:58:07', 55),
(16471, 1, 20753, NULL, 6.92, 1, 'contramuestra 6.96', 10, '2023-01-11 14:50:39', 55),
(16472, 1, 20755, NULL, 6.8, 1, '', 16, '2023-01-11 15:11:13', 55),
(16473, 1, 20752, NULL, 7.47, 1, '', 10, '2023-01-11 15:33:18', 55),
(16474, 0, 20756, NULL, 221.2, 1, '', 16, '2023-01-11 15:50:57', 55),
(16475, 1, 20751, NULL, 6.84, 1, '', 10, '2023-01-11 16:07:43', 22),
(16476, 1, 20756, NULL, 6.21, 1, '', 10, '2023-01-11 16:09:45', 55),
(16477, 0, 20760, NULL, 300, 1, '', 10, '2023-01-11 16:55:23', 55),
(16478, 1, 20758, NULL, 7.28, 1, 'CONTRAMUESTRA 7.02', 10, '2023-01-11 17:01:36', 55),
(16479, 1, 20760, NULL, 7.12, 1, '', 10, '2023-01-11 17:02:12', 60),
(16480, 0, 20761, NULL, 254.9, 1, '', 10, '2023-01-11 17:27:51', 60),
(16481, 1, 20757, NULL, 7.48, 1, 'CONTRAMUESTRA 7.37', 10, '2023-01-11 17:29:21', 60),
(16482, 0, 20755, NULL, 305.2, 1, '', 16, '2023-01-11 17:58:54', 60),
(16483, 0, 20763, NULL, 300, 1, '', 10, '2023-01-11 17:59:17', 60),
(16484, 0, 20762, NULL, 320.2, 1, '', 10, '2023-01-11 17:59:49', 60),
(16485, 0, 20764, NULL, 250.5, 1, '', 10, '2023-01-11 18:11:03', 60),
(16486, 0, 20766, NULL, 360.2, 1, '', 10, '2023-01-11 18:11:20', 60),
(16487, 0, 20765, NULL, 290.2, 1, '', 10, '2023-01-11 18:11:40', 60),
(16488, 0, 20767, NULL, 250.6, 1, '', 49, '2023-01-11 18:40:49', 60),
(16489, 1, 20761, NULL, 7.25, 1, '', 10, '2023-01-11 18:44:48', 60),
(16490, 0, 20768, NULL, 245.6, 1, '', 49, '2023-01-11 18:52:14', 60),
(16491, 0, 20769, NULL, 410, 1, '', 49, '2023-01-11 19:03:41', 49),
(16492, 1, 20763, NULL, 7.48, 1, '', 48, '2023-01-11 19:44:45', 61),
(16493, 1, 20762, NULL, 7.14, 1, '', 48, '2023-01-11 19:44:57', 61),
(16494, 1, 20764, NULL, 7.36, 1, '', 48, '2023-01-11 19:45:06', 61),
(16495, 1, 20766, NULL, 7.25, 1, '', 48, '2023-01-11 19:45:28', 61),
(16496, 1, 20765, NULL, 7.09, 1, '', 48, '2023-01-11 19:45:42', 61),
(16497, 1, 20767, NULL, 8.12, 1, '', 48, '2023-01-11 19:45:52', 61),
(16498, 1, 20768, NULL, 6.98, 1, '', 48, '2023-01-11 19:46:00', 61),
(16499, 1, 20769, NULL, 6.87, 1, '', 48, '2023-01-11 19:46:14', 61),
(16500, 0, 20770, NULL, 300.2, 1, '', 56, '2023-01-11 20:55:54', 61),
(16501, 1, 20770, NULL, 7.42, 1, '', 54, '2023-01-11 21:11:20', 61),
(16503, 1, 20771, NULL, 7.65, 1, '', 54, '2023-01-12 01:49:48', 54),
(16505, 1, 20772, NULL, 7.84, 1, '', 54, '2023-01-12 02:25:11', 54),
(16506, 0, 20773, NULL, 326.5, 1, '', 54, '2023-01-12 04:17:08', 61),
(16507, 0, 20772, NULL, 326.5, 1, '', 54, '2023-01-12 04:17:16', 61),
(16508, 0, 20771, NULL, 326.2, 1, '', 54, '2023-01-12 04:18:03', 61),
(16509, 1, 20773, NULL, 7.55, 1, '', 54, '2023-01-12 04:18:25', 61),
(16510, 0, 20774, NULL, 322.7, 1, '', 54, '2023-01-12 06:44:19', 61),
(16511, 1, 20774, NULL, 8.12, 1, '', 54, '2023-01-12 06:44:36', 61),
(16512, 0, 20775, NULL, 211.2, 1, '', 10, '2023-01-12 07:29:08', 55),
(16513, 0, 20776, NULL, 280.5, 1, '', 17, '2023-01-12 07:45:43', 55),
(16514, 0, 20778, NULL, 198.4, 1, '', 10, '2023-01-12 09:18:37', 55),
(16515, 0, 20780, NULL, 250.2, 1, '', 10, '2023-01-12 09:18:54', 55),
(16516, 0, 20781, NULL, 320.2, 1, '', 10, '2023-01-12 09:19:12', 55),
(16517, 0, 20777, NULL, 188.2, 1, '', 10, '2023-01-12 09:21:18', 55),
(16518, 1, 20780, NULL, 6.29, 1, '', 10, '2023-01-12 09:23:33', 55),
(16519, 1, 20777, NULL, 5.89, 1, '', 10, '2023-01-12 09:24:07', 55),
(16520, 1, 20778, NULL, 6.05, 1, '', 10, '2023-01-12 09:24:39', 55),
(16521, 1, 20776, NULL, 5.84, 1, '', 10, '2023-01-12 09:25:18', 55),
(16522, 1, 20775, NULL, 6.07, 1, '', 10, '2023-01-12 09:25:51', 55),
(16525, 1, 20781, NULL, 6.17, 1, '', 16, '2023-01-12 09:43:15', 55),
(16529, 1, 20782, NULL, 6.62, 1, 'CONTRAMUESTRA  6.55', 10, '2023-01-12 10:14:54', 55),
(16531, 1, 20779, NULL, 6.89, 1, 'CONTRAMUESTRA 6.73', 10, '2023-01-12 10:16:06', 55),
(16532, 0, 20785, NULL, 265.4, 1, '', 60, '2023-01-12 10:48:29', 55),
(16533, 1, 20785, NULL, 7.2, 1, '', 60, '2023-01-12 11:11:55', 55),
(16534, 1, 20783, NULL, 5.59, 1, '', 16, '2023-01-12 11:28:41', 55),
(16538, 0, 20784, NULL, 257.8, 1, '', 48, '2023-01-12 11:50:49', 55),
(16539, 0, 20783, NULL, 324.1, 1, '', 48, '2023-01-12 11:51:41', 55),
(16540, 1, 20786, NULL, 6.89, 1, 'CONTRAMUESTRA 7.37 KG', 10, '2023-01-12 11:52:30', 55),
(16541, 1, 20784, NULL, 6.92, 1, '', 10, '2023-01-12 11:54:20', 55),
(16542, 0, 20787, NULL, 240.3, 1, '', 22, '2023-01-12 13:04:33', 55),
(16543, 1, 20787, NULL, 5.38, 1, '', 48, '2023-01-12 13:35:07', 55),
(16544, 0, 20788, NULL, 260.5, 1, '', 48, '2023-01-12 14:12:12', 55),
(16545, 1, 20788, NULL, 6.59, 1, '', 10, '2023-01-12 14:22:11', 55),
(16546, 0, 20789, NULL, 180.2, 1, '', 10, '2023-01-12 15:17:26', 55),
(16547, 1, 20789, NULL, 8.33, 1, '', 48, '2023-01-12 15:55:05', 55),
(16548, 1, 20791, NULL, 7.54, 1, '', 48, '2023-01-12 17:55:55', 55),
(16549, 0, 20791, NULL, 320.5, 1, '', 48, '2023-01-12 17:57:43', 55),
(16550, 0, 20792, NULL, 354.2, 1, '', 54, '2023-01-12 19:27:49', 61),
(16551, 1, 20792, NULL, 7.99, 1, '', 54, '2023-01-12 19:28:16', 61),
(16552, 0, 20793, NULL, 374.9, 1, '', 54, '2023-01-12 20:33:46', 61),
(16553, 0, 20794, NULL, 312.2, 1, '', 54, '2023-01-12 20:49:12', 61),
(16554, 0, 20795, NULL, 365.2, 1, '', 54, '2023-01-12 20:49:28', 61),
(16555, 1, 20793, NULL, 7.5, 1, '', 21, '2023-01-12 22:26:01', 61),
(16556, 1, 20794, NULL, 6.8, 1, '', 21, '2023-01-12 22:26:35', 61),
(16557, 1, 20795, NULL, 7.2, 1, '', 21, '2023-01-12 22:27:06', 61),
(16558, 0, 20797, NULL, 300.2, 1, '', 21, '2023-01-12 23:19:03', 61),
(16559, 1, 20797, NULL, 7.3, 1, '', 21, '2023-01-13 00:54:47', 61),
(16560, 0, 20796, NULL, 300.1, 1, '', 21, '2023-01-13 00:55:41', 61),
(16561, 1, 20796, NULL, 8.1, 1, '', 21, '2023-01-13 00:56:23', 61),
(16562, 0, 20798, NULL, 300.4, 1, '', 54, '2023-01-13 02:42:37', 61),
(16564, 1, 20798, NULL, 6.5, 1, '', 54, '2023-01-13 02:50:42', 61),
(16565, 0, 20799, NULL, 321.6, 1, '', 61, '2023-01-13 03:44:20', 61),
(16566, 1, 20799, NULL, 7.65, 1, '', 21, '2023-01-13 05:45:53', 61),
(16567, 0, 20800, NULL, 350.4, 1, '', 10, '2023-01-13 07:47:47', 55),
(16568, 1, 20800, NULL, 6.2, 1, '', 10, '2023-01-13 07:58:41', 55),
(16569, 0, 20801, NULL, 250.4, 1, '', 55, '2023-01-13 08:39:22', 55),
(16570, 1, 20801, NULL, 8.38, 1, '', 55, '2023-01-13 08:41:54', 55),
(16571, 0, 20803, NULL, 350.2, 1, '', 49, '2023-01-13 09:01:27', 55),
(16572, 0, 20802, NULL, 320.4, 1, '', 49, '2023-01-13 09:01:59', 55),
(16574, 0, 20805, NULL, 830.2, 1, '', 49, '2023-01-13 09:32:54', 55),
(16575, 0, 20806, NULL, 663.6, 1, '', 55, '2023-01-13 09:33:06', 55),
(16576, 1, 20802, NULL, 8.69, 1, '', 6, '2023-01-13 09:44:17', 55),
(16577, 1, 20803, NULL, 9, 1, '', 6, '2023-01-13 09:51:05', 55),
(16578, 1, 20805, NULL, 10.32, 1, '', 48, '2023-01-13 11:41:22', 60),
(16579, 1, 20806, NULL, 7.3, 1, '', 48, '2023-01-13 12:05:46', 55),
(16580, 0, 20811, NULL, 150.7, 1, '', 48, '2023-01-13 12:12:01', 55),
(16581, 1, 20811, NULL, 6.71, 1, '', 22, '2023-01-13 12:32:27', 55),
(16582, 1, 20813, NULL, 8.61, 1, '', 10, '2023-01-13 13:24:43', 55),
(16583, 0, 20813, NULL, 350.8, 1, '', 16, '2023-01-13 13:25:41', 55),
(16585, 0, 20816, NULL, 254.1, 1, '', 60, '2023-01-13 14:35:53', 55),
(16586, 0, 20815, NULL, 250.2, 1, '', 60, '2023-01-13 14:36:06', 55),
(16587, 0, 20817, NULL, 315.4, 1, '', 60, '2023-01-13 14:36:18', 55),
(16588, 0, 20818, NULL, 248.9, 1, '', 55, '2023-01-13 15:25:13', 55),
(16589, 1, 20817, NULL, 8.49, 1, '', 16, '2023-01-13 15:36:30', 55),
(16590, 1, 20815, NULL, 9.23, 1, '', 22, '2023-01-13 15:36:56', 55),
(16591, 1, 20818, NULL, 8.5, 1, '', 16, '2023-01-13 15:37:15', 55),
(16592, 1, 20816, NULL, 8.82, 1, '', 22, '2023-01-13 15:37:35', 55),
(16593, 1, 20819, NULL, 8.12, 1, '', 54, '2023-01-13 20:03:46', 61),
(16594, 0, 20819, NULL, 326.2, 1, '', 54, '2023-01-13 20:04:22', 61),
(16595, 0, 20820, NULL, 326.2, 1, '', 54, '2023-01-14 00:13:01', 61),
(16596, 1, 20820, NULL, 6.58, 1, '', 21, '2023-01-14 01:21:19', 61),
(16597, 1, 20821, NULL, 8.86, 1, '', 21, '2023-01-14 03:01:57', 61),
(16598, 0, 20821, NULL, 312.45, 1, '', 21, '2023-01-14 03:02:26', 61),
(16599, 0, 20822, NULL, 300.6, 1, '', 54, '2023-01-14 04:01:36', 61),
(16600, 1, 20822, NULL, 7.6, 1, '', 54, '2023-01-14 04:02:06', 61),
(16601, 1, 20823, NULL, 6.72, 1, '', 54, '2023-01-14 06:44:54', 61),
(16602, 1, 20824, NULL, 5.82, 1, '', 54, '2023-01-14 06:45:30', 61),
(16603, 0, 20826, NULL, 325.2, 1, '', 54, '2023-01-14 06:46:32', 61),
(16604, 0, 20825, NULL, 257.2, 1, '', 54, '2023-01-14 06:46:45', 61),
(16605, 0, 20823, NULL, 256.1, 1, '', 54, '2023-01-14 06:47:10', 61),
(16606, 0, 20824, NULL, 289.1, 1, '', 54, '2023-01-14 06:47:26', 61),
(16607, 0, 20827, NULL, 257.3, 1, '', 54, '2023-01-14 06:49:19', 61),
(16608, 0, 20828, NULL, 300.4, 1, '', 21, '2023-01-14 06:50:22', 61),
(16610, 0, 20833, NULL, 250.6, 1, '', 16, '2023-01-14 08:02:16', 61),
(16611, 0, 20829, NULL, 280.9, 1, '', 16, '2023-01-14 08:02:34', 61),
(16612, 0, 20831, NULL, 250.8, 1, '', 16, '2023-01-14 08:03:16', 61),
(16613, 0, 20830, NULL, 259.8, 1, '', 16, '2023-01-14 08:03:37', 61),
(16614, 1, 20831, NULL, 8.84, 1, '', 17, '2023-01-14 10:02:37', 60),
(16615, 1, 20829, NULL, 9, 1, '', 17, '2023-01-14 10:03:43', 60),
(16616, 1, 20825, NULL, 8.67, 1, '', 17, '2023-01-14 10:04:50', 60),
(16617, 0, 20836, NULL, 254.3, 1, '', 17, '2023-01-14 10:05:21', 60),
(16618, 1, 20836, NULL, 8.68, 1, '', 17, '2023-01-14 10:05:47', 60),
(16619, 1, 20838, NULL, 7.73, 1, '', 17, '2023-01-14 10:06:24', 60),
(16620, 0, 20838, NULL, 354.1, 1, '', 17, '2023-01-14 10:06:42', 60),
(16621, 1, 20830, NULL, 8.03, 1, '', 17, '2023-01-14 10:07:17', 60),
(16622, 1, 20833, NULL, 7.69, 1, '', 17, '2023-01-14 10:08:24', 60),
(16623, 0, 20832, NULL, 287.9, 1, '', 17, '2023-01-14 10:09:37', 60),
(16624, 1, 20832, NULL, 7.56, 1, '', 17, '2023-01-14 10:10:00', 60),
(16625, 0, 20835, NULL, 300.8, 1, '', 17, '2023-01-14 10:10:30', 60),
(16626, 1, 20835, NULL, 9.47, 1, '', 17, '2023-01-14 10:10:51', 60),
(16627, 1, 20826, NULL, 8.5, 1, '', 17, '2023-01-14 10:11:35', 60),
(16628, 1, 20828, NULL, 7.89, 1, '', 16, '2023-01-14 10:12:38', 60),
(16629, 1, 20834, NULL, 7.09, 1, 'CONTRAMUESTRA 7.04', 22, '2023-01-14 10:13:56', 60),
(16630, 1, 20841, NULL, 7.94, 1, '', 17, '2023-01-14 10:16:25', 60),
(16631, 0, 20841, NULL, 264.3, 1, '', 17, '2023-01-14 10:16:49', 60),
(16632, 0, 20840, NULL, 234.8, 1, '', 17, '2023-01-14 10:17:16', 60),
(16633, 1, 20840, NULL, 7.79, 1, '', 17, '2023-01-14 10:17:31', 60),
(16634, 0, 20839, NULL, 254.9, 1, '', 17, '2023-01-14 10:18:23', 60),
(16635, 1, 20839, NULL, 8.15, 1, '', 17, '2023-01-14 10:18:39', 60),
(16636, 1, 20827, NULL, 11.13, 1, '', 17, '2023-01-14 10:19:35', 60),
(16637, 1, 20837, NULL, 8.41, 1, '', 17, '2023-01-14 10:20:12', 60),
(16638, 0, 20837, NULL, 254.1, 1, '', 17, '2023-01-14 10:21:19', 60),
(16639, 0, 20847, NULL, 254.3, 1, '', 48, '2023-01-14 11:15:51', 60),
(16640, 1, 20842, NULL, 5.31, 1, '', 48, '2023-01-14 11:17:51', 60),
(16641, 0, 20842, NULL, 234.8, 1, '', 22, '2023-01-14 11:18:07', 60),
(16642, 0, 20845, NULL, 365.4, 1, '', 22, '2023-01-14 11:18:33', 60),
(16643, 1, 20845, NULL, 6.64, 1, '', 22, '2023-01-14 11:18:51', 60),
(16644, 1, 20846, NULL, 7.21, 1, '', 48, '2023-01-14 11:19:22', 60),
(16645, 0, 20846, NULL, 287.6, 1, '', 48, '2023-01-14 11:19:36', 60),
(16646, 1, NULL, 79892, 6.76, 1, '', 48, '2023-01-14 11:21:50', 60),
(16647, 0, NULL, 79893, 214.6, 1, '', 48, '2023-01-14 11:22:34', 60),
(16648, 1, 20848, NULL, 8.2, 1, '', 10, '2023-01-14 11:46:21', 60),
(16649, 0, 20848, NULL, 256.3, 1, '', 48, '2023-01-14 12:05:37', 60),
(16650, 1, 20847, NULL, 5.74, 1, '', 10, '2023-01-14 13:56:54', 6),
(16651, 0, 20853, NULL, 280.5, 1, '', 48, '2023-01-14 14:28:12', 60),
(16652, 1, 20853, NULL, 7.98, 1, '', 48, '2023-01-14 14:46:47', 60),
(16653, 0, 20854, NULL, 201.6, 1, '', 16, '2023-01-14 15:18:47', 60),
(16654, 1, 20854, NULL, 7.91, 1, '', 16, '2023-01-14 15:40:17', 60),
(16655, 0, 20859, NULL, 350.2, 1, '', 48, '2023-01-14 16:08:07', 60),
(16656, 0, 20860, NULL, 360.2, 1, '', 48, '2023-01-14 16:08:58', 60),
(16667, 1, 20855, NULL, 6.12, 1, 'baltazar 2da vuelta', 48, '2023-01-14 16:21:27', 60),
(16668, 1, 20856, NULL, 7.51, 1, 'BALTAZAR 2DA VUELTA', 48, '2023-01-14 16:21:38', 60),
(16669, 1, 20861, NULL, 9.37, 1, 'BALTAZAR 2DA VUELTA', 48, '2023-01-14 16:21:42', 60),
(16670, 1, 20862, NULL, 5.74, 1, 'BALTAZAR 2DA VUELTA', 48, '2023-01-14 16:21:46', 60),
(16671, 1, NULL, 79949, 7.93, 1, 'BALTAZAR 2DA VUELTA', 22, '2023-01-14 16:21:56', 60),
(16672, 0, NULL, 79950, 245.3, 1, 'BALTAZAR 2DA VUELTA', 48, '2023-01-14 16:22:11', 60),
(16673, 0, 20862, NULL, 254.2, 1, 'BALTAZAR 2DA VUELTA', 48, '2023-01-14 16:22:15', 60),
(16674, 0, 20861, NULL, 564.2, 1, 'BALTAZAR 2DA VUELTA', 48, '2023-01-14 16:22:21', 60),
(16675, 0, 20856, NULL, 354.2, 1, 'BALTAZAR 2DA VUELTA', 48, '2023-01-14 16:22:25', 60),
(16676, 0, 20855, NULL, 254.3, 1, 'BALTAZAR 2DA VUELTA', 48, '2023-01-14 16:22:30', 60),
(16677, 1, 20859, NULL, 7, 1, '', 48, '2023-01-14 16:48:42', 60),
(16678, 1, 20860, NULL, 6.35, 1, '', 48, '2023-01-14 16:57:06', 60),
(16680, 0, 20863, NULL, 198.5, 1, '', 48, '2023-01-14 17:29:39', 60),
(16681, 0, 20864, NULL, 254.8, 1, '', 22, '2023-01-14 17:29:48', 60),
(16683, 0, NULL, 79984, 254.3, 1, 'DOBLE CARRETA 2DA VUELTA', 48, '2023-01-14 17:30:28', 60),
(16684, 1, NULL, 79983, 5.99, 1, 'DOBLE CARRETA 2DA VUELTA', 48, '2023-01-14 17:30:50', 60),
(16685, 0, 20865, NULL, 254.3, 1, '', 48, '2023-01-14 18:01:45', 60),
(16686, 1, 20865, NULL, 6.87, 1, '', 48, '2023-01-14 18:17:06', 60),
(16690, 1, 20866, NULL, 5.05, 1, 'BALTAZAR 3RA V', 48, '2023-01-14 18:55:11', 60),
(16691, 1, 20867, NULL, 7.33, 1, 'BALTAZAR 3RA V', 22, '2023-01-14 18:55:14', 60),
(16692, 1, 20868, NULL, 6.43, 1, 'BALTAZAR 3RA V', 48, '2023-01-14 18:55:17', 60),
(16693, 0, 20872, NULL, 245.3, 1, '', 21, '2023-01-14 19:39:26', 61),
(16694, 0, 20870, NULL, 245.2, 1, '', 21, '2023-01-14 19:41:05', 61),
(16695, 0, 20869, NULL, 265.3, 1, '', 48, '2023-01-14 19:41:38', 61),
(16696, 0, 20867, NULL, 212.2, 1, '', 48, '2023-01-14 19:42:10', 61),
(16697, 0, 20866, NULL, 233.2, 1, '', 48, '2023-01-14 19:42:38', 61),
(16698, 0, 20871, NULL, 251.2, 1, '', 48, '2023-01-14 19:43:09', 61),
(16699, 0, 20868, NULL, 286.3, 1, '', 48, '2023-01-14 19:43:41', 61),
(16700, 0, 20875, NULL, 257.2, 1, '', 54, '2023-01-14 20:03:53', 61),
(16701, 0, 20873, NULL, 289.3, 1, '', 54, '2023-01-14 20:05:12', 61),
(16702, 0, 20874, NULL, 202.2, 1, '', 21, '2023-01-14 20:27:26', 61),
(16703, 0, 20876, NULL, 213.2, 1, '', 21, '2023-01-14 20:27:58', 61),
(16704, 1, 20874, NULL, 7.84, 1, '', 21, '2023-01-14 20:29:34', 61),
(16705, 1, 20876, NULL, 7.12, 1, '', 21, '2023-01-14 20:29:55', 61),
(16706, 1, 20872, NULL, 7.69, 1, '', 21, '2023-01-14 20:30:21', 61),
(16707, 1, 20873, NULL, 8.01, 1, '', 21, '2023-01-14 20:30:49', 61),
(16708, 1, 20875, NULL, 7.33, 1, '', 21, '2023-01-14 20:31:12', 61),
(16709, 1, 20871, NULL, 7.45, 1, '', 48, '2023-01-14 20:32:05', 61),
(16710, 1, NULL, 80003, 7.86, 1, '', 48, '2023-01-14 21:39:31', 61),
(16711, 0, NULL, 80004, 248.6, 1, '', 48, '2023-01-14 21:41:11', 61),
(16715, 1, 20881, NULL, 7.74, 1, '', 21, '2023-01-15 02:33:11', 61),
(16716, 1, 20880, NULL, 6.99, 1, '', 21, '2023-01-15 02:33:34', 61),
(16717, 1, 20884, NULL, 6.87, 1, '', 54, '2023-01-15 02:34:30', 61),
(16718, 0, 20884, NULL, 254.2, 1, '', 54, '2023-01-15 02:38:52', 61),
(16719, 0, 20881, NULL, 256.3, 1, '', 54, '2023-01-15 02:39:26', 61),
(16720, 0, 20880, NULL, 249.1, 1, '', 54, '2023-01-15 02:40:04', 61),
(16721, 1, 20877, NULL, 8.01, 1, '', 54, '2023-01-15 03:02:58', 61),
(16722, 0, 20877, NULL, 320.2, 1, '', 54, '2023-01-15 03:06:46', 61),
(16723, 0, 20878, NULL, 243.3, 1, '', 54, '2023-01-15 03:06:56', 61),
(16724, 0, 20879, NULL, 263.3, 1, '', 54, '2023-01-15 03:07:04', 61),
(16725, 1, 20878, NULL, 7.58, 1, '', 21, '2023-01-15 03:07:35', 61),
(16726, 1, 20879, NULL, 7.77, 1, '', 21, '2023-01-15 03:10:10', 61),
(16727, 0, 20885, NULL, 263.3, 1, '', 21, '2023-01-15 04:30:54', 61),
(16728, 1, 20885, NULL, 7.68, 1, '', 21, '2023-01-15 04:31:13', 61),
(16729, 0, 20887, NULL, 326.5, 1, '', 54, '2023-01-15 05:43:08', 61),
(16730, 1, 20887, NULL, 7.64, 1, '', 54, '2023-01-15 05:43:55', 61),
(16731, 0, 20886, NULL, 326.2, 1, '', 54, '2023-01-15 05:50:15', 61),
(16732, 1, 20886, NULL, 7.59, 1, '', 54, '2023-01-15 05:50:52', 61),
(16733, 1, 20882, NULL, 10.72, 1, 'DEMORA EN DESCARGA ,FALLA MECANICA', 16, '2023-01-15 08:06:31', 17),
(16734, 1, 20883, NULL, 6.88, 1, '', 16, '2023-01-15 08:29:57', 17),
(16735, 1, 20895, NULL, 6.4, 1, '', 16, '2023-01-15 10:36:09', 16),
(16736, 1, 20889, NULL, 6.82, 1, '', 16, '2023-01-15 10:36:35', 16),
(16737, 0, 20893, NULL, 289.5, 1, '', 16, '2023-01-15 10:49:02', 17),
(16738, 0, 20894, NULL, 310.6, 1, '', 16, '2023-01-15 10:49:23', 17),
(16739, 0, 20896, NULL, 268.8, 1, '', 17, '2023-01-15 10:56:01', 17),
(16740, 0, 20889, NULL, 265.3, 1, '', 16, '2023-01-15 11:20:01', 17),
(16741, 0, 20895, NULL, 278.6, 1, '', 16, '2023-01-15 11:24:55', 17),
(16742, 0, 20888, NULL, 240.6, 1, '', 16, '2023-01-15 11:27:47', 17),
(16743, 1, 20888, NULL, 6.98, 1, '', 16, '2023-01-15 11:28:16', 17),
(16744, 0, 20890, NULL, 260.5, 1, '', 16, '2023-01-15 11:33:32', 17),
(16745, 1, 20890, NULL, 7.2, 1, '', 16, '2023-01-15 11:33:56', 17),
(16746, 0, NULL, 80110, 280.6, 1, '', 16, '2023-01-15 11:37:59', 17),
(16747, 1, NULL, 80108, 8.2, 1, '', 16, '2023-01-15 11:43:34', 17),
(16748, 0, 20892, NULL, 298.2, 1, '', 16, '2023-01-15 11:49:28', 17),
(16749, 1, 20892, NULL, 6.5, 1, '', 16, '2023-01-15 11:49:51', 17),
(16750, 0, 20891, NULL, 269.5, 1, '', 16, '2023-01-15 11:52:27', 17),
(16751, 1, 20891, NULL, 6.9, 1, '', 16, '2023-01-15 11:52:51', 17),
(16752, 1, 20896, NULL, 6.66, 1, '', 5, '2023-01-15 12:00:05', 17),
(16753, 0, 20897, NULL, 320.2, 1, '', 5, '2023-01-15 12:47:52', 17),
(16754, 0, 20898, NULL, 260.5, 1, '', 5, '2023-01-15 12:48:10', 17),
(16755, 0, 20899, NULL, 299.5, 1, '', 5, '2023-01-15 12:48:26', 17),
(16756, 0, 20900, NULL, 278.2, 1, '', 5, '2023-01-15 12:49:00', 17),
(16757, 0, NULL, 80128, 312.6, 1, '', 5, '2023-01-15 12:49:52', 17),
(16758, 0, 20903, NULL, 274.4, 1, '', 5, '2023-01-15 12:50:19', 17),
(16759, 0, 20904, NULL, 244.5, 1, '', 5, '2023-01-15 12:50:39', 17),
(16760, 0, NULL, 80145, 280.6, 1, '', 5, '2023-01-15 13:28:02', 17),
(16761, 1, NULL, 80158, 7.5, 1, '', 5, '2023-01-15 13:50:34', 17),
(16762, 1, NULL, 80159, 8.2, 1, '', 5, '2023-01-15 13:54:09', 17),
(16763, 1, NULL, 80160, 9.5, 1, '', 5, '2023-01-15 14:03:31', 17),
(16764, 0, NULL, 80161, 264.5, 1, '', 5, '2023-01-15 14:04:03', 17),
(16765, 0, NULL, 80162, 280.5, 1, '', 5, '2023-01-15 14:08:54', 17),
(16766, 1, NULL, 80163, 8.5, 1, '', 5, '2023-01-15 14:09:17', 17),
(16767, 0, NULL, 80193, 260.5, 1, '', 5, '2023-01-15 16:35:27', 17),
(16768, 1, NULL, 80194, 8.98, 1, '', 5, '2023-01-15 16:35:57', 17),
(16769, 1, NULL, 80198, 9.64, 1, '', 5, '2023-01-15 16:42:25', 17),
(16770, 0, NULL, 80199, 320.6, 1, '', 5, '2023-01-15 16:42:58', 17),
(16771, 1, NULL, 80200, 8.64, 1, '', 5, '2023-01-15 16:49:19', 17),
(16772, 0, NULL, 80201, 364.2, 1, '', 5, '2023-01-15 16:49:52', 17),
(16773, 0, NULL, 80202, 268.9, 1, '', 5, '2023-01-15 16:50:16', 17),
(16774, 1, NULL, 80203, 8.74, 1, '', 5, '2023-01-15 16:50:38', 17),
(16775, 0, 20917, NULL, 300, 1, '', 49, '2023-01-15 19:50:02', 60),
(16776, 0, 20918, NULL, 260, 1, '', 60, '2023-01-15 19:50:17', 60),
(16777, 0, 20919, NULL, 365.2, 1, '', 60, '2023-01-15 19:50:30', 60),
(16778, 1, 20917, NULL, 6.86, 1, '', 10, '2023-01-15 19:50:52', 60),
(16779, 1, 20918, NULL, 6.28, 1, '', 10, '2023-01-15 19:51:30', 60),
(16780, 1, 20919, NULL, 5.06, 1, '', 10, '2023-01-15 19:52:04', 60),
(16781, 1, 20920, NULL, 6.87, 1, '', 49, '2023-01-15 20:30:24', 60),
(16782, 0, 20920, NULL, 254.6, 1, '', 60, '2023-01-15 20:30:44', 60),
(16783, 0, 20929, NULL, 281.6, 1, '', 20, '2023-01-16 10:38:56', 55),
(16784, 0, NULL, 80256, 350.2, 1, '', 21, '2023-01-16 10:42:00', 55),
(16785, 1, NULL, 80257, 10.5, 1, '', 21, '2023-01-16 10:42:26', 55),
(16786, 1, 20929, NULL, 6.86, 1, '', 21, '2023-01-16 11:18:13', 55),
(16787, 1, 20923, NULL, 5.73, 1, '', 21, '2023-01-16 11:57:19', 55),
(16788, 0, 20923, NULL, 450.2, 1, '', 21, '2023-01-16 11:57:46', 55),
(16789, 0, NULL, 80284, 420.4, 1, '', 21, '2023-01-16 12:10:28', 55),
(16790, 1, NULL, 80285, 5.86, 1, '', 21, '2023-01-16 12:12:19', 55),
(16791, 0, NULL, 80286, 500.2, 1, '', 21, '2023-01-16 12:13:55', 55),
(16792, 1, NULL, 80287, 5.07, 1, '', 21, '2023-01-16 12:15:09', 55),
(16793, 0, NULL, 80288, 350.12, 1, '', 21, '2023-01-16 12:16:44', 55),
(16794, 1, NULL, 80289, 6.51, 1, '', 21, '2023-01-16 12:17:20', 55),
(16795, 1, 20936, NULL, 7.75, 1, 'CONTRAMUESTRA 7.58', 21, '2023-01-16 12:48:34', 55),
(16796, 0, 20922, NULL, 425.2, 1, '', 21, '2023-01-16 12:51:44', 55),
(16797, 1, 20937, NULL, 8.96, 1, 'CONTRAMUESTRA 8.42', 21, '2023-01-16 13:11:18', 55),
(16798, 1, 20938, NULL, 3.9, 1, '', 21, '2023-01-16 13:14:49', 55),
(16799, 0, 20938, NULL, 246.3, 1, '', 21, '2023-01-16 13:15:12', 55),
(16800, 0, 20921, NULL, 462.2, 1, '', 21, '2023-01-16 13:16:36', 55),
(16801, 1, 20921, NULL, 7.4, 1, '', 21, '2023-01-16 13:28:54', 55),
(16802, 0, 20947, NULL, 190.9, 1, '', 16, '2023-01-16 14:28:14', 55),
(16803, 0, 20946, NULL, 178.9, 1, '', 16, '2023-01-16 14:28:41', 55),
(16804, 1, 20922, NULL, 7.71, 1, '', 21, '2023-01-16 14:56:45', 55),
(16805, 0, 20945, NULL, 250.2, 1, '', 16, '2023-01-16 15:22:03', 55),
(16806, 1, 20945, NULL, 9.26, 1, '', 16, '2023-01-16 15:22:29', 55),
(16807, 1, 20942, NULL, 8.25, 1, '', 16, '2023-01-16 15:26:14', 55),
(16808, 0, NULL, 80325, 220.2, 1, '', 16, '2023-01-16 15:27:32', 55),
(16809, 0, 20957, NULL, 106, 1, '', 48, '2023-01-16 15:39:48', 55),
(16810, 1, 20946, NULL, 6.88, 1, '', 48, '2023-01-16 15:41:00', 55),
(16811, 1, 20947, NULL, 6.3, 1, '', 48, '2023-01-16 15:41:40', 55),
(16812, 1, NULL, 80333, 12.3, 1, '', 48, '2023-01-16 15:43:10', 55),
(16813, 1, NULL, 80336, 10.21, 1, '', 22, '2023-01-16 15:43:57', 55),
(16814, 1, NULL, 80339, 11.19, 1, '', 48, '2023-01-16 15:44:47', 55),
(16815, 1, NULL, 80340, 9.9, 1, '', 48, '2023-01-16 15:45:36', 55),
(16816, 1, NULL, 80346, 8.7, 1, '', 48, '2023-01-16 15:49:05', 55),
(16817, 0, NULL, 80359, 350.2, 1, '', 48, '2023-01-16 15:57:52', 55),
(16818, 0, NULL, 80362, 350.6, 1, '', 48, '2023-01-16 16:01:31', 55),
(16819, 0, NULL, 80363, 340.8, 1, '', 48, '2023-01-16 16:01:47', 55),
(16820, 0, NULL, 80366, 420.8, 1, '', 48, '2023-01-16 16:03:28', 55),
(16821, 1, 20957, NULL, 7.85, 1, '', 48, '2023-01-16 16:09:32', 55),
(16822, 0, NULL, 80379, 260.2, 1, '', 48, '2023-01-16 16:21:37', 55),
(16823, 1, NULL, 80380, 11.49, 1, '', 22, '2023-01-16 16:23:36', 55),
(16824, 0, NULL, 80381, 330.4, 1, '', 48, '2023-01-16 16:24:47', 55),
(16825, 0, NULL, 80384, 258.2, 1, '', 48, '2023-01-16 16:30:03', 55),
(16826, 1, NULL, 80386, 10.8, 1, '', 48, '2023-01-16 16:30:58', 55),
(16827, 1, NULL, 80390, 9.8, 1, '', 48, '2023-01-16 16:45:14', 55),
(16828, 1, 20965, NULL, 8.08, 1, 'CONTRAMUESTRA 7K', 16, '2023-01-16 18:39:11', 55),
(16829, 0, 20979, NULL, 236.1, 1, '', 48, '2023-01-16 18:48:59', 55),
(16831, 1, NULL, 80453, 8.8, 1, '', 48, '2023-01-16 20:20:48', 60),
(16832, 1, NULL, 80455, 8.25, 1, '', 22, '2023-01-16 20:20:58', 60),
(16833, 1, NULL, 80457, 8.2, 1, '', 48, '2023-01-16 20:22:25', 60),
(16834, 1, NULL, 80459, 8.5, 1, '', 48, '2023-01-16 20:23:36', 60),
(16835, 1, 20982, NULL, 5.3, 1, '', 10, '2023-01-16 20:24:49', 60),
(16836, 1, NULL, 80461, 6.24, 1, '', 10, '2023-01-16 20:28:11', 60),
(16837, 1, 20979, NULL, 6.2, 1, '', 48, '2023-01-16 20:29:09', 60),
(16838, 1, NULL, 80469, 8.2, 1, '', 10, '2023-01-16 20:37:51', 60),
(16839, 1, NULL, 80471, 6.5, 1, '', 10, '2023-01-16 20:39:25', 60),
(16840, 1, NULL, 80474, 6.9, 1, '', 10, '2023-01-16 20:40:41', 60),
(16841, 0, 20987, NULL, 300, 1, '', 10, '2023-01-17 04:17:57', 60),
(16842, 0, NULL, 80518, 425.1, 1, '', 21, '2023-01-17 10:19:36', 55),
(16843, 0, NULL, 80520, 469.3, 1, '', 21, '2023-01-17 10:20:46', 55),
(16844, 1, NULL, 80522, 11.04, 1, '', 21, '2023-01-17 10:22:08', 55),
(16845, 1, NULL, 80521, 8.22, 1, '', 21, '2023-01-17 10:22:41', 55),
(16846, 1, 20995, NULL, 5.24, 1, '', 21, '2023-01-17 10:23:40', 55),
(16847, 0, 20995, NULL, 245.2, 1, '', 21, '2023-01-17 10:24:03', 55),
(16848, 1, NULL, 80537, 7.49, 1, '', 21, '2023-01-17 11:09:34', 55),
(16850, 0, 21000, NULL, 212, 1, '', 16, '2023-01-17 11:11:22', 55),
(16851, 0, 21001, NULL, 205.6, 1, '', 16, '2023-01-17 11:11:56', 55),
(16852, 0, 20999, NULL, 202.6, 1, '', 16, '2023-01-17 11:12:22', 55),
(16853, 0, 20998, NULL, 102.6, 1, '', 16, '2023-01-17 11:12:40', 55),
(16854, 0, NULL, 80538, 350.2, 1, '', 16, '2023-01-17 11:15:24', 55),
(16855, 1, 20996, NULL, 8.37, 1, 'CONTRAMUESTRA 8.50', 16, '2023-01-17 11:22:25', 55),
(16856, 0, 21002, NULL, 326.5, 1, '', 54, '2023-01-17 11:25:04', 55),
(16857, 0, 21003, NULL, 326.8, 1, '', 54, '2023-01-17 11:25:16', 55),
(16858, 1, 21001, NULL, 7.5, 1, '', 54, '2023-01-17 11:27:25', 55),
(16859, 1, 21002, NULL, 7.5, 1, '', 54, '2023-01-17 11:27:37', 55),
(16860, 1, 21003, NULL, 7.5, 1, '', 54, '2023-01-17 11:27:47', 55),
(16861, 1, NULL, 80542, 7.5, 1, '', 54, '2023-01-17 11:28:10', 55),
(16862, 0, NULL, 80543, 326.5, 1, '', 54, '2023-01-17 11:28:39', 55),
(16863, 0, 21006, NULL, 326.2, 1, '', 54, '2023-01-17 11:49:53', 55),
(16864, 0, 21007, NULL, 326.5, 1, '', 54, '2023-01-17 11:59:25', 55),
(16865, 0, 21010, NULL, 324.5, 1, '', 5, '2023-01-17 12:29:10', 55),
(16866, 0, 21008, NULL, 360.6, 1, '', 5, '2023-01-17 12:29:32', 55),
(16867, 0, 21009, NULL, 315.6, 1, '', 5, '2023-01-17 12:29:55', 55),
(16868, 1, 21005, NULL, 6.58, 1, '', 16, '2023-01-17 13:03:19', 55),
(16869, 0, 21005, NULL, 326.2, 1, '', 54, '2023-01-17 13:09:07', 55),
(16870, 0, 21004, NULL, 369.5, 1, '', 54, '2023-01-17 13:09:39', 55),
(16872, 1, 21004, NULL, 8.12, 1, '', 54, '2023-01-17 13:10:03', 55),
(16873, 0, 21014, NULL, 250.2, 1, '', 54, '2023-01-17 13:27:11', 55),
(16874, 0, 21013, NULL, 8.12, 1, '', 54, '2023-01-17 13:58:52', 55),
(16875, 0, 21020, NULL, 224.5, 1, '', 54, '2023-01-17 14:45:34', 55),
(16876, 0, 21016, NULL, 326.5, 1, '', 54, '2023-01-17 15:02:22', 55),
(16877, 0, 21017, NULL, 326.4, 1, '', 54, '2023-01-17 15:02:39', 55),
(16879, 0, 21018, NULL, 325.4, 1, '', 54, '2023-01-17 15:03:10', 55),
(16880, 0, 21019, NULL, 295.2, 1, '', 54, '2023-01-17 15:03:30', 55),
(16881, 1, 21014, NULL, 6.2, 1, '', 54, '2023-01-17 15:16:05', 55),
(16882, 1, NULL, 80600, 5.72, 1, '', 54, '2023-01-17 15:20:03', 55),
(16883, 0, NULL, 80601, 342.2, 1, '', 54, '2023-01-17 15:21:39', 55),
(16884, 0, NULL, 80602, 257.3, 1, '', 54, '2023-01-17 15:22:15', 55),
(16885, 1, NULL, 80603, 4.78, 1, '', 54, '2023-01-17 15:22:41', 55),
(16886, 1, 21012, NULL, 5.43, 1, '', 48, '2023-01-17 15:48:58', 55),
(16887, 1, 21013, NULL, 6.15, 1, '', 48, '2023-01-17 15:57:13', 55),
(16888, 1, 21020, NULL, 6.8, 1, '', 54, '2023-01-17 15:58:33', 55),
(16889, 1, 21023, NULL, 7.81, 1, '', 21, '2023-01-17 16:43:46', 61),
(16890, 0, 21023, NULL, 7.85, 1, '', 21, '2023-01-17 16:56:28', 61),
(16891, 1, 21024, NULL, 6.61, 1, 'CONTRAMUESTRA 7.09', 21, '2023-01-17 18:20:12', 61),
(16892, 0, NULL, 80628, 450.2, 1, '', 21, '2023-01-17 18:25:42', 61),
(16893, 1, NULL, 80629, 9.76, 1, '', 21, '2023-01-17 18:26:53', 61),
(16894, 1, NULL, 80651, 6.94, 1, '', 54, '2023-01-17 19:29:42', 61),
(16895, 1, NULL, 80653, 6.8, 1, '', 54, '2023-01-17 19:31:02', 61),
(16896, 1, NULL, 80657, 7.2, 1, '', 54, '2023-01-17 19:32:38', 61),
(16899, 0, 21032, NULL, 254.1, 1, '', 10, '2023-01-17 20:14:22', 61),
(16900, 0, 21036, NULL, 365.2, 1, '', 10, '2023-01-17 20:14:30', 61),
(16901, 1, 21032, NULL, 6.25, 1, '', 10, '2023-01-17 20:15:07', 60),
(16902, 1, 21036, NULL, 6.31, 1, '', 10, '2023-01-17 20:15:16', 60),
(16903, 0, 21037, NULL, 235.2, 1, '', 61, '2023-01-17 20:51:28', 60),
(16904, 1, 21037, NULL, 9.12, 1, '', 10, '2023-01-17 21:52:59', 60),
(16905, 0, 21038, NULL, 254.1, 1, '', 10, '2023-01-17 22:03:51', 60),
(16906, 1, 21038, NULL, 8, 1, '', 10, '2023-01-18 00:05:10', 60),
(16908, 1, 21039, NULL, 6.8, 1, '', 10, '2023-01-18 00:05:51', 60),
(16909, 0, 21040, NULL, 320.2, 1, '', 10, '2023-01-18 06:47:00', 55),
(16910, 1, 21040, NULL, 5.67, 1, '', 10, '2023-01-18 08:10:10', 55),
(16911, 0, NULL, 80709, 380.2, 1, '', 21, '2023-01-18 10:00:57', 55),
(16912, 1, NULL, 80711, 9.68, 1, '', 21, '2023-01-18 10:01:28', 55),
(16913, 1, NULL, 80717, 7.28, 1, '', 21, '2023-01-18 10:12:11', 55),
(16914, 0, NULL, 80719, 420.2, 1, '', 21, '2023-01-18 10:12:51', 55),
(16915, 0, 21047, NULL, 180.6, 1, '', 16, '2023-01-18 10:21:06', 55),
(16916, 0, 21048, NULL, 250.4, 1, '', 54, '2023-01-18 10:27:35', 55),
(16917, 1, 21047, NULL, 7.48, 1, '', 54, '2023-01-18 11:00:16', 55),
(16918, 0, NULL, 80739, 340.8, 1, '', 21, '2023-01-18 11:03:16', 55),
(16919, 1, NULL, 80738, 5, 1, '', 21, '2023-01-18 11:03:40', 55),
(16920, 1, NULL, 80740, 5.37, 1, '', 21, '2023-01-18 11:04:42', 55),
(16921, 1, 21053, NULL, 5.46, 1, '', 21, '2023-01-18 11:05:20', 55),
(16922, 1, 21048, NULL, 7.2, 1, '', 54, '2023-01-18 11:06:15', 55),
(16923, 0, NULL, 80741, 250.2, 1, '', 21, '2023-01-18 11:08:30', 55),
(16924, 0, 21054, NULL, 323.5, 1, '', 54, '2023-01-18 11:20:16', 55),
(16925, 1, 21054, NULL, 7.64, 1, '', 54, '2023-01-18 11:20:40', 55),
(16926, 0, 21053, NULL, 220.8, 1, '', 21, '2023-01-18 11:40:27', 55),
(16927, 0, 21056, NULL, 326.5, 1, '', 54, '2023-01-18 12:06:59', 55),
(16928, 1, 21056, NULL, 5.6, 1, 'DTM 5.45', 21, '2023-01-18 13:16:05', 55),
(16929, 0, 21057, NULL, 350.2, 1, '', 21, '2023-01-18 13:24:17', 55),
(16930, 1, 21057, NULL, 5.25, 1, '', 21, '2023-01-18 13:25:51', 55),
(16931, 1, 21022, NULL, 10.25, 1, 'CONTRAMUESTRA: 10.80 KG', 54, '2023-01-18 13:45:01', 5),
(16932, 0, 21058, NULL, 188.4, 1, '', 54, '2023-01-18 13:56:08', 55),
(16933, 0, 21064, NULL, 341.8, 1, '', 54, '2023-01-18 14:21:53', 55),
(16934, 0, 21065, NULL, 269.8, 1, '', 48, '2023-01-18 14:24:25', 55),
(16935, 0, 21066, NULL, 199.4, 1, '', 48, '2023-01-18 14:24:50', 55),
(16936, 0, NULL, 80793, 435.2, 1, '', 21, '2023-01-18 14:55:09', 55),
(16937, 1, NULL, 80794, 7.52, 1, '', 21, '2023-01-18 14:55:50', 55),
(16938, 1, NULL, 80798, 6.85, 1, '', 21, '2023-01-18 15:00:25', 55),
(16939, 0, NULL, 80799, 388.5, 1, '', 21, '2023-01-18 15:01:33', 55),
(16940, 1, 21064, NULL, 7.64, 1, '', 54, '2023-01-18 15:20:33', 55),
(16941, 1, 21065, NULL, 7.84, 1, '', 54, '2023-01-18 15:20:43', 55),
(16942, 1, 21066, NULL, 8.02, 1, '', 54, '2023-01-18 15:20:54', 55),
(16943, 1, 21058, NULL, 6.22, 1, '', 54, '2023-01-18 15:35:53', 55),
(16944, 0, 21069, NULL, 150.2, 1, '', 61, '2023-01-18 17:07:10', 55),
(16945, 0, 21068, NULL, 180.2, 1, '', 61, '2023-01-18 17:08:56', 55),
(16947, 0, 21073, NULL, 200.2, 1, '', 61, '2023-01-18 17:11:34', 55),
(16948, 0, 21070, NULL, 326.5, 1, '', 54, '2023-01-18 17:12:18', 55),
(16949, 0, 21071, NULL, 359.5, 1, '', 54, '2023-01-18 17:13:28', 55),
(16950, 0, 21072, NULL, 326.5, 1, '', 54, '2023-01-18 17:14:39', 55),
(16951, 1, 21068, NULL, 5.4, 1, '', 54, '2023-01-18 17:46:26', 55),
(16952, 1, 21069, NULL, 7.2, 1, '', 54, '2023-01-18 17:49:47', 55),
(16953, 1, 21067, NULL, 6.78, 1, '', 54, '2023-01-18 17:50:38', 55),
(16954, 1, 21070, NULL, 5.44, 1, '', 16, '2023-01-18 17:54:05', 16),
(16955, 1, 21071, NULL, 5.74, 1, '', 16, '2023-01-18 17:54:48', 16),
(16956, 1, 21072, NULL, 6.2, 1, '', 16, '2023-01-18 17:55:08', 16),
(16957, 1, 21073, NULL, 6.42, 1, '', 16, '2023-01-18 18:14:57', 16),
(16958, 0, 21077, NULL, 160.2, 1, '', 54, '2023-01-18 18:49:12', 55),
(16959, 0, 21079, NULL, 150.4, 1, '', 54, '2023-01-18 18:50:31', 55),
(16960, 0, 21078, NULL, 165.4, 1, '', 54, '2023-01-18 18:52:10', 55),
(16961, 0, 21075, NULL, 150.2, 1, '', 54, '2023-01-18 18:54:57', 55),
(16962, 1, 21074, NULL, 5.21, 1, '', 54, '2023-01-18 19:52:53', 60),
(16963, 1, NULL, 80859, 6.5, 1, '', 54, '2023-01-18 19:54:19', 60),
(16964, 1, NULL, 80862, 6.9, 1, '', 54, '2023-01-18 19:55:40', 60),
(16965, 1, NULL, 80864, 7.5, 1, '', 54, '2023-01-18 19:56:40', 60),
(16966, 1, 21078, NULL, 5.6, 1, '', 54, '2023-01-18 19:57:27', 60),
(16967, 0, NULL, 80860, 420, 1, '', 54, '2023-01-18 19:58:01', 60),
(16968, 0, NULL, 80863, 320.2, 1, '', 16, '2023-01-18 19:58:15', 60),
(16969, 0, NULL, 80865, 260.3, 1, '', 16, '2023-01-18 19:58:33', 60),
(16970, 0, 21074, NULL, 350.2, 1, '', 54, '2023-01-18 19:58:50', 60),
(16971, 1, NULL, 80869, 6.8, 1, '', 54, '2023-01-18 20:29:17', 60),
(16972, 0, 21082, NULL, 231.5, 1, '', 10, '2023-01-18 23:31:31', 60),
(16973, 1, 21082, NULL, 5.61, 1, '', 10, '2023-01-18 23:32:01', 60),
(16974, 1, 21081, NULL, 6.5, 1, '', 49, '2023-01-18 23:40:22', 60),
(16975, 1, 21083, NULL, 6.32, 1, '', 10, '2023-01-19 00:50:42', 60),
(16976, 1, 21085, NULL, 6.45, 1, '', 10, '2023-01-19 00:51:01', 60),
(16977, 1, 21086, NULL, 7.21, 1, '', 10, '2023-01-19 00:51:17', 60),
(16978, 1, 21087, NULL, 6.98, 1, '', 10, '2023-01-19 00:51:33', 60),
(16979, 1, 21089, NULL, 5.87, 1, '', 10, '2023-01-19 00:51:58', 60),
(16980, 1, 21088, NULL, 6.87, 1, '', 10, '2023-01-19 00:52:12', 60),
(16981, 1, 21084, NULL, 7.45, 1, '', 10, '2023-01-19 00:52:37', 60),
(16982, 1, 21091, NULL, 6.5, 1, '', 10, '2023-01-19 01:19:44', 60),
(16983, 0, 21091, NULL, 300.5, 1, '', 49, '2023-01-19 01:20:23', 60),
(16984, 1, 21090, NULL, 6.9, 1, '', 10, '2023-01-19 01:22:16', 60),
(16985, 0, 21092, NULL, 280.8, 1, '', 21, '2023-01-19 07:28:05', 60),
(16986, 0, 21093, NULL, 189.2, 1, '', 21, '2023-01-19 09:31:14', 55),
(16987, 1, 21093, NULL, 6.78, 1, '', 21, '2023-01-19 09:39:03', 55),
(16988, 1, 21092, NULL, 6.52, 1, 'dtm 6.34', 21, '2023-01-19 09:40:00', 55);
INSERT INTO `Preparacion_RecepcionMuestras` (`Id`, `is_general`, `cod_peso`, `id_analisismuestra`, `peso_muestra`, `cod_detalleenvase`, `observacion`, `cod_usuariotomamuestra`, `fecha_registro`, `usuario_registro`) VALUES
(16989, 0, 21099, NULL, 180.2, 1, '', 22, '2023-01-19 09:49:10', 55),
(16990, 0, 21096, NULL, 420.4, 1, '', 48, '2023-01-19 09:49:35', 55),
(16991, 0, 21097, NULL, 380.4, 1, '', 48, '2023-01-19 09:49:51', 55),
(16992, 0, 21098, NULL, 360.2, 1, '', 48, '2023-01-19 09:50:10', 55),
(16993, 0, 21100, NULL, 400.2, 1, '', 48, '2023-01-19 09:50:27', 55),
(16994, 1, 21099, NULL, 5.42, 1, '', 21, '2023-01-19 11:29:29', 55),
(16995, 0, 21108, NULL, 254.2, 1, '', 5, '2023-01-19 12:41:57', 55),
(16996, 0, 21109, NULL, 211.2, 1, '', 5, '2023-01-19 12:42:19', 55),
(16997, 0, 21110, NULL, 299.2, 1, '', 5, '2023-01-19 12:42:40', 55),
(16998, 1, 21109, NULL, 6.38, 1, '', 5, '2023-01-19 12:44:28', 55),
(16999, 1, 21110, NULL, 6.96, 1, '', 5, '2023-01-19 12:45:16', 55),
(17000, 1, 21108, NULL, 7.7, 1, '', 5, '2023-01-19 12:45:49', 55),
(17001, 0, 21111, NULL, 162.4, 1, '', 16, '2023-01-19 12:55:04', 55),
(17002, 1, 21111, NULL, 7.2, 1, '', 5, '2023-01-19 13:20:13', 55),
(17003, 1, 21097, NULL, 6.26, 1, '', 54, '2023-01-19 13:25:41', 55),
(17004, 1, 21096, NULL, 7.42, 1, '', 54, '2023-01-19 13:27:37', 55),
(17005, 0, NULL, 80992, 420.2, 1, '', 48, '2023-01-19 13:51:36', 55),
(17006, 1, NULL, 80993, 9.2, 1, '', 22, '2023-01-19 13:52:07', 55),
(17007, 0, 21113, NULL, 236.8, 1, '', 22, '2023-01-19 14:49:12', 55),
(17008, 0, 21114, NULL, 170.5, 1, '', 16, '2023-01-19 15:05:44', 55),
(17009, 1, 21114, NULL, 5.82, 1, '', 54, '2023-01-19 15:43:08', 55),
(17010, 1, 21113, NULL, 7.69, 1, '', 54, '2023-01-19 15:44:16', 55),
(17011, 1, 21100, NULL, 5.93, 1, '', 54, '2023-01-19 15:45:54', 55),
(17012, 1, 21098, NULL, 7.11, 1, '', 54, '2023-01-19 15:46:42', 55),
(17013, 0, 21117, NULL, 200.4, 1, '', 5, '2023-01-19 16:34:29', 55),
(17014, 1, 21117, NULL, 5.2, 1, '', 16, '2023-01-19 17:01:55', 55),
(17015, 0, 21119, NULL, 254.3, 1, '', 10, '2023-01-19 19:25:38', 60),
(17016, 1, 21119, NULL, 6.5, 1, '', 10, '2023-01-19 19:51:44', 60),
(17017, 0, 21120, NULL, 235.7, 1, '', 10, '2023-01-19 21:07:11', 60),
(17018, 1, 21120, NULL, 8.31, 1, '', 10, '2023-01-19 21:07:34', 60),
(17020, 0, 21121, NULL, 258.1, 1, '', 10, '2023-01-19 21:38:07', 60),
(17021, 1, 21121, NULL, 6.98, 1, '', 10, '2023-01-19 21:39:05', 60),
(17022, 0, 21122, NULL, 342.8, 1, '', 10, '2023-01-19 22:58:18', 60),
(17023, 0, 21123, NULL, 364.5, 1, '', 10, '2023-01-19 22:58:26', 60),
(17024, 1, 21122, NULL, 6.35, 1, '', 10, '2023-01-19 23:15:00', 60),
(17025, 1, 21123, NULL, 6.85, 1, '', 10, '2023-01-19 23:15:11', 60),
(17026, 0, 21124, NULL, 230.2, 1, '', 49, '2023-01-20 01:18:54', 60),
(17027, 1, 21124, NULL, 6.8, 1, '', 49, '2023-01-20 01:19:14', 60),
(17028, 0, 21125, NULL, 300, 1, '', 10, '2023-01-20 02:52:52', 60),
(17029, 0, 21126, NULL, 286, 1, '', 10, '2023-01-20 02:54:12', 60),
(17030, 0, 21127, NULL, 341, 1, '', 10, '2023-01-20 02:55:20', 60),
(17031, 0, 21128, NULL, 324, 1, '', 10, '2023-01-20 02:56:55', 60),
(17032, 1, 21125, NULL, 6.54, 1, '', 10, '2023-01-20 03:01:09', 60),
(17033, 1, 21126, NULL, 5.89, 1, '', 10, '2023-01-20 03:02:33', 60),
(17034, 1, 21127, NULL, 6.48, 1, '', 10, '2023-01-20 03:02:51', 60),
(17035, 1, 21128, NULL, 6.49, 1, '', 10, '2023-01-20 03:03:04', 60),
(17036, 0, 21129, NULL, 230, 1, '', 49, '2023-01-20 03:41:29', 60),
(17037, 1, 21129, NULL, 6.2, 1, '', 49, '2023-01-20 03:41:48', 60),
(17038, 0, 21130, NULL, 245.9, 1, '', 10, '2023-01-20 06:16:36', 60),
(17039, 1, 21130, NULL, 6.54, 1, '', 10, '2023-01-20 06:16:53', 60),
(17040, 0, 21132, NULL, 324, 1, '', 10, '2023-01-20 06:22:39', 60),
(17041, 0, 21133, NULL, 268, 1, '', 10, '2023-01-20 06:23:22', 60),
(17042, 0, 21134, NULL, 346, 1, '', 10, '2023-01-20 06:24:06', 60),
(17043, 0, 21131, NULL, 346, 1, '', 10, '2023-01-20 06:24:45', 60),
(17044, 0, 21137, NULL, 280.6, 1, '', 22, '2023-01-20 09:36:40', 55),
(17045, 0, 21135, NULL, 180.2, 1, '', 22, '2023-01-20 09:38:09', 55),
(17046, 1, 21131, NULL, 6.4, 1, '', 48, '2023-01-20 09:40:05', 55),
(17047, 1, 21133, NULL, 5.88, 1, '', 22, '2023-01-20 09:40:25', 55),
(17048, 1, 21135, NULL, 6.2, 1, '', 48, '2023-01-20 09:41:01', 55),
(17049, 1, 21132, NULL, 5.8, 1, '', 22, '2023-01-20 09:46:29', 55),
(17050, 1, 21134, NULL, 6.2, 1, '', 22, '2023-01-20 09:46:46', 55),
(17051, 1, 21137, NULL, 5.03, 1, '', 22, '2023-01-20 10:33:51', 55),
(17052, 0, 21138, NULL, 209.5, 1, '', 16, '2023-01-20 10:43:24', 55),
(17053, 1, 21138, NULL, 5.64, 1, '', 16, '2023-01-20 11:46:15', 6),
(17054, 0, 21140, NULL, 260.3, 1, '', 61, '2023-01-20 12:13:03', 55),
(17055, 0, 21141, NULL, 245.2, 1, '', 61, '2023-01-20 12:27:54', 55),
(17056, 1, 21141, NULL, 6.8, 1, '', 21, '2023-01-20 13:07:03', 55),
(17057, 1, 21140, NULL, 7.2, 1, '', 21, '2023-01-20 13:11:19', 55),
(17058, 0, 21142, NULL, 326.5, 1, '', 54, '2023-01-20 13:31:16', 55),
(17059, 0, 21143, NULL, 325.4, 1, '', 54, '2023-01-20 13:31:27', 55),
(17060, 0, 21144, NULL, 235.9, 1, '', 22, '2023-01-20 14:26:27', 55),
(17061, 0, 21145, NULL, 344.6, 1, '', 22, '2023-01-20 14:26:41', 55),
(17062, 1, 21143, NULL, 9.77, 1, '', 21, '2023-01-20 14:33:45', 55),
(17063, 1, 21142, NULL, 7.77, 1, '', 21, '2023-01-20 14:34:05', 55),
(17064, 0, 21147, NULL, 188.7, 1, '', 16, '2023-01-20 14:34:34', 55),
(17065, 0, 21148, NULL, 212.4, 1, '', 48, '2023-01-20 14:36:10', 55),
(17066, 0, 21149, NULL, 250.6, 1, '', 22, '2023-01-20 14:56:39', 55),
(17067, 0, 21150, NULL, 268.6, 1, '', 22, '2023-01-20 14:56:55', 55),
(17068, 0, 21151, NULL, 264.8, 1, '', 22, '2023-01-20 14:57:09', 55),
(17069, 0, 21152, NULL, 204.2, 1, '', 48, '2023-01-20 15:09:50', 55),
(17070, 0, 21153, NULL, 269.8, 1, '', 22, '2023-01-20 15:28:14', 55),
(17071, 0, 21154, NULL, 287.5, 1, '', 48, '2023-01-20 15:29:09', 55),
(17072, 1, 21152, NULL, 7.09, 1, '', 16, '2023-01-20 16:05:21', 55),
(17073, 1, 21144, NULL, 8.89, 1, '', 16, '2023-01-20 16:06:14', 55),
(17074, 1, 21147, NULL, 7.85, 1, '', 16, '2023-01-20 16:07:07', 55),
(17075, 1, 21150, NULL, 9.55, 1, '', 16, '2023-01-20 16:07:52', 55),
(17076, 1, 21149, NULL, 10.92, 1, '', 16, '2023-01-20 16:08:33', 55),
(17077, 1, 21148, NULL, 7.8, 1, '', 16, '2023-01-20 16:10:06', 55),
(17078, 1, 21145, NULL, 6.67, 1, '', 16, '2023-01-20 16:11:09', 55),
(17079, 1, 21154, NULL, 8.57, 1, '', 21, '2023-01-20 16:38:44', 55),
(17080, 1, 21153, NULL, 7.55, 1, '', 21, '2023-01-20 16:39:11', 55),
(17081, 0, 21155, NULL, 356.1, 1, '', 48, '2023-01-20 16:41:56', 55),
(17082, 1, 21155, NULL, 7.84, 1, '', 21, '2023-01-20 17:18:26', 55),
(17083, 1, 21151, NULL, 7.96, 1, '', 21, '2023-01-20 17:21:03', 55),
(17084, 0, 21158, NULL, 356.1, 1, '', 22, '2023-01-20 18:02:50', 55),
(17085, 0, 21157, NULL, 421.3, 1, '', 22, '2023-01-20 18:03:13', 55),
(17086, 1, 21157, NULL, 6.02, 1, '', 22, '2023-01-20 18:03:54', 55),
(17087, 1, 21158, NULL, 6.53, 1, '', 48, '2023-01-20 18:04:10', 55),
(17088, 1, 21159, NULL, 5.64, 1, '', 21, '2023-01-20 18:49:04', 6),
(17089, 0, 21160, NULL, 320.2, 1, '', 49, '2023-01-20 19:39:29', 55),
(17090, 0, 21161, NULL, 200.5, 1, '', 49, '2023-01-20 20:04:38', 55),
(17091, 1, 21160, NULL, 8.23, 1, '', 49, '2023-01-20 20:48:45', 60),
(17092, 1, 21161, NULL, 7.46, 1, '', 49, '2023-01-20 20:48:55', 60),
(17093, 1, 21162, NULL, 6.8, 1, '', 49, '2023-01-20 20:54:47', 60),
(17094, 0, 21162, NULL, 250.3, 1, '', 49, '2023-01-20 20:55:13', 60),
(17095, 1, 21163, NULL, 7.91, 1, '', 49, '2023-01-20 22:21:24', 60),
(17097, 0, 21159, NULL, 265.3, 1, '', 22, '2023-01-20 22:21:55', 60),
(17098, 1, 21164, NULL, 6.5, 1, '', 49, '2023-01-20 23:08:37', 60),
(17099, 0, 21165, NULL, 264.9, 1, '', 49, '2023-01-21 02:23:46', 60),
(17100, 1, 21165, NULL, 7.36, 1, '', 49, '2023-01-21 03:05:38', 60),
(17101, 1, 21166, NULL, 7.1, 1, '', 49, '2023-01-21 03:15:16', 60),
(17102, 0, 21166, NULL, 321.8, 1, '', 49, '2023-01-21 03:15:33', 60),
(17103, 0, 21167, NULL, 298.1, 1, '', 49, '2023-01-21 03:23:04', 60),
(17104, 0, 21168, NULL, 245.7, 1, '', 49, '2023-01-21 03:23:12', 60),
(17105, 1, 21167, NULL, 7.16, 1, '', 49, '2023-01-21 04:12:27', 60),
(17106, 0, 21169, NULL, 267.3, 1, '', 49, '2023-01-21 04:31:24', 60),
(17107, 0, 21170, NULL, 325.4, 1, '', 49, '2023-01-21 04:31:32', 60),
(17108, 0, 21171, NULL, 215.8, 1, '', 49, '2023-01-21 04:31:42', 60),
(17109, 1, 21168, NULL, 6.87, 1, '', 49, '2023-01-21 05:13:27', 60),
(17110, 1, 21169, NULL, 6.25, 1, '', 49, '2023-01-21 05:13:35', 60),
(17111, 1, 21170, NULL, 6.77, 1, '', 49, '2023-01-21 05:13:45', 60),
(17112, 1, 21171, NULL, 7.03, 1, '', 49, '2023-01-21 05:13:55', 60),
(17113, 0, 21172, NULL, 320.3, 1, '', 49, '2023-01-21 06:22:18', 60),
(17114, 1, 21172, NULL, 7.43, 1, '', 49, '2023-01-21 06:45:27', 60),
(17115, 0, 21173, NULL, 218.2, 1, '', 21, '2023-01-21 07:41:19', 60),
(17116, 0, 21176, NULL, 180.2, 1, '', 21, '2023-01-21 09:50:43', 55),
(17117, 0, 21175, NULL, 198.2, 1, '', 21, '2023-01-21 09:51:33', 55),
(17118, 0, 21174, NULL, 198.4, 1, '', 17, '2023-01-21 09:58:54', 55),
(17119, 1, 21176, NULL, 6.95, 1, '', 21, '2023-01-21 10:04:35', 55),
(17120, 0, 21178, NULL, 250.2, 1, '', 21, '2023-01-21 10:05:27', 55),
(17121, 0, 21177, NULL, 220.4, 1, '', 21, '2023-01-21 10:06:04', 55),
(17122, 0, 21179, NULL, 178.4, 1, '', 21, '2023-01-21 10:07:21', 55),
(17123, 0, 21180, NULL, 190.4, 1, '', 21, '2023-01-21 10:17:20', 55),
(17124, 1, 21174, NULL, 7.58, 1, '', 21, '2023-01-21 10:17:52', 55),
(17125, 1, 21173, NULL, 8.98, 1, '', 21, '2023-01-21 10:18:27', 55),
(17126, 1, 21175, NULL, 7.12, 1, '', 21, '2023-01-21 10:18:56', 55),
(17127, 1, 21181, NULL, 6.76, 1, '', 54, '2023-01-21 11:02:15', 55),
(17128, 1, 21178, NULL, 4.71, 1, '', 54, '2023-01-21 11:03:33', 55),
(17129, 1, 21177, NULL, 7.39, 1, '', 54, '2023-01-21 11:04:35', 55),
(17130, 1, 21179, NULL, 7.17, 1, '', 54, '2023-01-21 11:05:23', 55),
(17131, 1, 21180, NULL, 7.54, 1, '', 54, '2023-01-21 11:20:43', 55),
(17132, 1, 21184, NULL, 9.19, 1, '', 16, '2023-01-21 11:54:54', 55),
(17133, 1, 21185, NULL, 7.08, 1, '', 16, '2023-01-21 11:55:32', 55),
(17134, 1, 21186, NULL, 8.44, 1, '', 16, '2023-01-21 11:56:19', 55),
(17135, 1, 21183, NULL, 7.8, 1, '', 16, '2023-01-21 11:57:18', 55),
(17136, 0, 21188, NULL, 224.2, 1, '', 21, '2023-01-21 12:23:00', 55),
(17137, 0, 21189, NULL, 288.6, 1, '', 61, '2023-01-21 13:16:20', 55),
(17138, 1, 21189, NULL, 7, 1, '', 16, '2023-01-21 13:49:23', 55),
(17139, 1, 21188, NULL, 7.79, 1, '', 16, '2023-01-21 13:49:58', 55),
(17140, 0, 21194, NULL, 326.5, 1, '', 54, '2023-01-21 14:02:50', 55),
(17141, 0, 21193, NULL, 356.2, 1, '', 48, '2023-01-21 14:15:48', 55),
(17142, 0, 21192, NULL, 421.1, 1, '', 22, '2023-01-21 14:16:09', 55),
(17143, 1, 21192, NULL, 5.48, 1, '', 22, '2023-01-21 14:41:30', 55),
(17144, 1, 21193, NULL, 5.86, 1, '', 48, '2023-01-21 14:42:20', 55),
(17145, 1, 21194, NULL, 7.38, 1, '', 54, '2023-01-21 14:57:03', 55),
(17146, 0, 21195, NULL, 214.8, 1, '', 22, '2023-01-21 15:19:06', 55),
(17147, 0, 21196, NULL, 233.4, 1, '', 22, '2023-01-21 15:19:42', 55),
(17148, 0, 21197, NULL, 254.1, 1, '', 48, '2023-01-21 15:20:19', 55),
(17149, 0, 21198, NULL, 179.6, 1, '', 22, '2023-01-21 15:20:50', 55),
(17151, 1, 21197, NULL, 5.98, 1, '2V', 21, '2023-01-21 15:28:35', 55),
(17152, 1, 21196, NULL, 8.2, 1, '', 21, '2023-01-21 15:29:20', 55),
(17153, 1, 21195, NULL, 9.05, 1, '', 21, '2023-01-21 15:30:09', 55),
(17154, 1, 21198, NULL, 6.48, 1, '', 21, '2023-01-21 15:30:57', 55),
(17156, 0, 21201, NULL, 326.5, 1, '', 54, '2023-01-21 15:45:31', 55),
(17157, 1, 21202, NULL, 7.13, 1, '', 16, '2023-01-21 16:53:36', 55),
(17158, 1, 21201, NULL, 7.79, 1, '', 16, '2023-01-21 16:53:56', 55),
(17159, 0, 21202, NULL, 120.2, 1, '', 16, '2023-01-21 16:54:52', 55),
(17160, 0, 21204, NULL, 177.7, 1, '', 16, '2023-01-21 17:05:11', 61),
(17161, 1, 21204, NULL, 5.64, 1, '', 16, '2023-01-21 17:33:34', 22),
(17162, 0, 21205, NULL, 262.7, 1, '', 16, '2023-01-21 18:23:21', 61),
(17163, 1, 21205, NULL, 5.64, 1, '', 16, '2023-01-21 18:24:19', 22),
(17164, 0, 21206, NULL, 235.6, 1, '', 55, '2023-01-21 19:55:32', 61),
(17165, 1, 21206, NULL, 6.16, 1, '', 55, '2023-01-21 19:58:53', 61),
(17166, 0, 21207, NULL, 254.2, 1, '', 55, '2023-01-21 20:33:20', 61),
(17167, 0, 21208, NULL, 250.2, 1, '', 55, '2023-01-21 21:39:37', 61),
(17168, 0, 21209, NULL, 253.2, 1, '', 61, '2023-01-21 21:40:23', 61),
(17169, 0, 21211, NULL, 235.2, 1, '', 61, '2023-01-21 23:05:10', 61),
(17170, 0, 21210, NULL, 250.2, 1, '', 55, '2023-01-21 23:05:40', 61),
(17171, 0, 21212, NULL, 254.2, 1, '', 61, '2023-01-21 23:06:07', 61),
(17172, 0, 21213, NULL, 250.3, 1, '', 55, '2023-01-22 02:13:28', 61),
(17173, 0, 21214, NULL, 263.2, 1, '', 55, '2023-01-22 02:13:49', 61),
(17174, 1, 21208, NULL, 6.23, 1, '', 55, '2023-01-22 02:16:03', 61),
(17175, 1, 21210, NULL, 5.93, 1, '', 55, '2023-01-22 02:16:45', 61),
(17176, 1, 21211, NULL, 5.97, 1, '', 55, '2023-01-22 02:17:31', 61),
(17177, 0, 21215, NULL, 258.4, 4, '', 55, '2023-01-22 02:33:51', 61),
(17178, 1, 21207, NULL, 5.45, 1, '', 55, '2023-01-22 02:35:26', 61),
(17179, 1, 21209, NULL, 6.64, 1, '', 55, '2023-01-22 02:52:36', 61),
(17180, 1, 21215, NULL, 7.21, 1, '', 55, '2023-01-22 02:53:36', 61),
(17181, 1, 21214, NULL, 5.89, 1, '', 55, '2023-01-22 02:54:59', 61),
(17182, 1, 21213, NULL, 6.23, 1, '', 55, '2023-01-22 02:55:46', 61),
(17183, 1, 21212, NULL, 5.94, 1, '', 55, '2023-01-22 02:56:24', 61),
(17184, 0, 21216, NULL, 321.8, 1, '', 21, '2023-01-22 07:33:05', 60),
(17185, 0, 21217, NULL, 234.9, 1, '', 21, '2023-01-22 07:33:16', 60),
(17186, 0, 21218, NULL, 234.6, 1, '', 21, '2023-01-22 08:03:05', 60),
(17187, 1, 21218, NULL, 6.47, 1, '', 21, '2023-01-22 09:11:36', 60),
(17188, 1, 21216, NULL, 7.03, 1, '', 21, '2023-01-22 09:11:59', 60),
(17189, 1, 21217, NULL, 6.82, 1, '', 21, '2023-01-22 09:12:08', 60),
(17190, 0, 21219, NULL, 254.3, 1, '', 60, '2023-01-22 10:41:52', 60),
(17191, 0, 21221, NULL, 268.9, 1, '', 60, '2023-01-22 10:49:49', 60),
(17192, 0, 21220, NULL, 323.1, 1, '', 60, '2023-01-22 10:50:04', 60),
(17193, 1, 21219, NULL, 6.54, 1, '', 21, '2023-01-22 11:35:29', 60),
(17194, 1, 21221, NULL, 7.02, 1, '', 21, '2023-01-22 11:35:39', 60),
(17195, 1, 21220, NULL, 6.77, 1, '', 21, '2023-01-22 11:35:52', 60),
(17197, 0, 21222, NULL, 228.3, 1, '', 60, '2023-01-22 11:48:00', 60),
(17198, 1, 21222, NULL, 6.81, 1, '', 21, '2023-01-22 12:02:48', 60),
(17199, 0, 21223, NULL, 200.2, 1, '', 16, '2023-01-23 06:22:12', 61),
(17200, 1, 21223, NULL, 6.4, 1, '', 16, '2023-01-23 06:22:41', 61),
(17201, 0, 21224, NULL, 184.8, 1, '', 16, '2023-01-23 06:50:39', 61),
(17202, 0, 21225, NULL, 648.6, 1, '', 48, '2023-01-23 07:40:35', 61),
(17203, 1, 21224, NULL, 6.85, 1, '', 22, '2023-01-23 10:39:32', 60),
(17204, 1, 21227, NULL, 6.59, 1, 'CONTRAMUESTRA 6.59KG', 48, '2023-01-23 11:08:44', 60),
(17205, 1, 21230, NULL, 6.98, 1, 'CONTRAMUESTRA 6.65KG', 48, '2023-01-23 11:09:31', 60),
(17206, 1, 21228, NULL, 6.77, 1, 'CONTRAMUESTRA 6.52', 48, '2023-01-23 12:07:43', 60),
(17207, 1, 21229, NULL, 5.81, 1, 'CONTRAMUESTRA  5.86', 48, '2023-01-23 12:07:57', 60),
(17208, 0, 21235, NULL, 345.1, 1, '', 22, '2023-01-23 12:40:40', 60),
(17209, 0, 21234, NULL, 263.9, 1, '', 48, '2023-01-23 12:41:14', 60),
(17210, 0, 21233, NULL, 236.7, 1, '', 22, '2023-01-23 12:44:44', 60),
(17211, 1, NULL, 81553, 8.3, 1, '', 48, '2023-01-23 12:45:52', 60),
(17212, 0, 21238, NULL, 265.2, 1, '', 55, '2023-01-23 13:00:10', 60),
(17213, 0, 21237, NULL, 222.12, 1, '', 21, '2023-01-23 13:23:59', 60),
(17214, 0, 21236, NULL, 321.45, 1, '', 21, '2023-01-23 13:24:49', 60),
(17215, 1, 21238, NULL, 8.12, 1, '', 21, '2023-01-23 13:25:51', 60),
(17216, 1, 21236, NULL, 7.12, 1, '', 21, '2023-01-23 13:26:06', 60),
(17217, 1, 21237, NULL, 7.12, 1, '', 21, '2023-01-23 13:26:21', 60),
(17218, 1, 21235, NULL, 6.58, 1, '', 21, '2023-01-23 13:26:36', 60),
(17219, 0, NULL, 81563, 340.5, 1, '', 21, '2023-01-23 13:32:39', 60),
(17220, 0, NULL, 81564, 240.6, 1, '', 21, '2023-01-23 13:35:54', 60),
(17221, 1, NULL, 81565, 11.02, 1, '', 21, '2023-01-23 13:36:32', 60),
(17222, 0, 21243, NULL, 320.1, 1, '', 48, '2023-01-23 15:04:20', 60),
(17223, 0, 21245, NULL, 260.3, 1, '', 49, '2023-01-23 15:04:52', 60),
(17224, 0, 21246, NULL, 301.2, 1, '', 22, '2023-01-23 15:05:22', 60),
(17225, 1, NULL, 81583, 8.06, 1, '', 22, '2023-01-23 15:06:21', 60),
(17226, 0, NULL, 81584, 350, 1, '', 22, '2023-01-23 15:07:07', 60),
(17227, 0, 21249, NULL, 320, 1, '', 48, '2023-01-23 15:07:27', 60),
(17228, 1, 21243, NULL, 6.8, 1, '', 48, '2023-01-23 15:08:29', 60),
(17229, 1, 21225, NULL, 8.02, 1, '', 48, '2023-01-23 15:09:04', 60),
(17230, 0, 21250, NULL, 310, 1, '', 5, '2023-01-23 15:15:02', 60),
(17231, 0, 21251, NULL, 312.6, 1, '', 5, '2023-01-23 15:28:58', 60),
(17232, 0, 21252, NULL, 320.1, 1, '', 5, '2023-01-23 15:30:01', 60),
(17233, 0, 21253, NULL, 350.2, 1, '', 21, '2023-01-23 15:41:36', 60),
(17234, 0, 21248, NULL, 204.2, 1, '', 21, '2023-01-23 15:41:54', 60),
(17235, 1, 21248, NULL, 7.5, 1, '', 21, '2023-01-23 15:46:02', 60),
(17237, 1, NULL, 81623, 9.8, 1, '2V', 21, '2023-01-23 17:27:03', 60),
(17238, 0, NULL, 81624, 420.3, 1, '', 21, '2023-01-23 17:27:32', 60),
(17239, 1, 21251, NULL, 7.5, 1, '', 21, '2023-01-23 17:28:04', 60),
(17240, 1, 21250, NULL, 8.6, 1, '', 21, '2023-01-23 17:28:31', 60),
(17241, 1, 21253, NULL, 7.2, 1, '', 21, '2023-01-23 17:33:35', 60),
(17242, 1, 21249, NULL, 8.2, 1, '', 21, '2023-01-23 17:34:05', 60),
(17243, 1, 21252, NULL, 6.8, 1, '', 21, '2023-01-23 17:34:43', 60),
(17244, 0, 21257, NULL, 254.9, 1, '', 21, '2023-01-23 17:41:30', 60),
(17245, 0, 21258, NULL, 362.5, 1, '', 21, '2023-01-23 18:15:40', 60),
(17246, 0, 21259, NULL, 298.6, 1, '', 21, '2023-01-23 18:18:36', 60),
(17247, 1, NULL, 81636, 6.44, 1, '', 21, '2023-01-23 18:19:56', 60),
(17248, 0, NULL, 81637, 265.8, 1, '', 21, '2023-01-23 18:20:33', 60),
(17249, 0, 21260, NULL, 326.5, 1, '', 21, '2023-01-23 19:13:48', 60),
(17250, 0, 21261, NULL, 359.5, 1, '', 21, '2023-01-23 19:14:34', 60),
(17251, 0, 21262, NULL, 325.4, 1, '', 21, '2023-01-23 19:15:05', 60),
(17252, 0, NULL, 81645, 350.2, 1, '', 21, '2023-01-23 19:25:35', 60),
(17253, 1, NULL, 81646, 11.67, 1, '', 21, '2023-01-23 19:26:06', 60),
(17254, 0, 21263, NULL, 221.3, 1, '', 16, '2023-01-23 20:57:27', 61),
(17255, 0, 21264, NULL, 245.2, 1, '', 16, '2023-01-23 20:57:50', 61),
(17256, 1, 21263, NULL, 5.82, 1, '', 16, '2023-01-23 21:08:03', 16),
(17257, 1, 21264, NULL, 5.72, 1, '', 54, '2023-01-23 21:09:49', 16),
(17258, 0, 21265, NULL, 326.8, 1, '', 54, '2023-01-23 22:41:38', 61),
(17259, 1, 21265, NULL, 6.21, 1, '', 54, '2023-01-24 03:14:04', 61),
(17260, 0, 21266, NULL, 180.4, 1, '', 54, '2023-01-24 03:28:46', 61),
(17261, 1, 21266, NULL, 5.74, 1, '', 54, '2023-01-24 03:50:05', 16),
(17262, 0, 21267, NULL, 120.9, 1, '', 16, '2023-01-24 04:24:48', 61),
(17263, 1, 21267, NULL, 7.42, 1, '', 54, '2023-01-24 04:36:45', 61),
(17264, 0, 21268, NULL, 215.9, 1, '', 54, '2023-01-24 06:47:01', 61),
(17265, 1, 21268, NULL, 6.5, 1, '', 54, '2023-01-24 07:22:03', 61),
(17266, 0, 21269, NULL, 250.6, 1, '', 48, '2023-01-24 07:27:53', 61),
(17267, 0, 21271, NULL, 264.5, 1, '', 22, '2023-01-24 09:05:08', 17),
(17268, 0, 21272, NULL, 320.5, 1, '', 22, '2023-01-24 09:05:24', 17),
(17269, 0, 21273, NULL, 268.7, 1, '', 22, '2023-01-24 09:05:47', 17),
(17270, 0, 21274, NULL, 268.8, 1, '', 22, '2023-01-24 09:06:49', 17),
(17271, 0, 21275, NULL, 288.4, 1, '', 22, '2023-01-24 09:07:09', 17),
(17272, 0, 21276, NULL, 280.6, 1, '', 48, '2023-01-24 09:21:14', 17),
(17273, 0, 21277, NULL, 298.5, 1, '', 48, '2023-01-24 09:21:33', 17),
(17274, 0, 21278, NULL, 264.5, 1, '', 22, '2023-01-24 09:21:48', 17),
(17279, 1, 21239, NULL, 7, 1, '', 22, '2023-01-24 10:12:39', 17),
(17281, 1, 21241, NULL, 6.86, 1, '', 22, '2023-01-24 10:13:55', 17),
(17282, 1, 21244, NULL, 9.82, 1, '', 22, '2023-01-24 10:14:32', 17),
(17283, 1, 21255, NULL, 9.86, 1, '', 22, '2023-01-24 10:14:45', 17),
(17284, 1, 21272, NULL, 6.5, 1, '', 22, '2023-01-24 10:55:58', 17),
(17285, 1, 21277, NULL, 8.58, 1, '', 22, '2023-01-24 10:59:29', 17),
(17286, 1, 21271, NULL, 5.95, 1, '', 21, '2023-01-24 11:07:02', 17),
(17287, 0, 21287, NULL, 300.2, 1, '', 5, '2023-01-24 11:11:07', 17),
(17288, 0, 21285, NULL, 320.2, 1, '', 5, '2023-01-24 11:11:33', 17),
(17289, 1, 21275, NULL, 6.8, 1, '', 5, '2023-01-24 11:12:38', 17),
(17290, 1, 21282, NULL, 7.25, 1, '', 21, '2023-01-24 11:14:07', 17),
(17291, 0, 21283, NULL, 320.6, 1, '', 22, '2023-01-24 11:15:35', 17),
(17292, 0, 21284, NULL, 250.3, 1, '', 22, '2023-01-24 11:16:27', 17),
(17293, 1, 21276, NULL, 6.8, 1, '', 21, '2023-01-24 11:19:28', 17),
(17294, 1, 21278, NULL, 7.5, 1, '', 21, '2023-01-24 11:20:08', 17),
(17295, 1, 21269, NULL, 6.5, 1, '', 21, '2023-01-24 11:20:54', 17),
(17296, 1, 21273, NULL, 6.8, 1, '', 21, '2023-01-24 11:21:25', 17),
(17297, 1, 21274, NULL, 7.5, 1, '', 21, '2023-01-24 11:22:45', 17),
(17298, 0, 21288, NULL, 239.5, 1, '', 21, '2023-01-24 11:48:26', 17),
(17299, 0, 21289, NULL, 298.7, 1, '', 21, '2023-01-24 11:51:16', 17),
(17300, 0, 21290, NULL, 293.5, 1, '', 21, '2023-01-24 12:42:28', 17),
(17301, 1, 21279, NULL, 10.91, 1, '', 21, '2023-01-24 12:42:53', 17),
(17302, 1, 21280, NULL, 8.15, 1, '', 21, '2023-01-24 12:43:13', 17),
(17303, 0, 21293, NULL, 320.1, 1, '', 49, '2023-01-24 14:01:15', 60),
(17304, 0, 21292, NULL, 420.3, 1, '', 49, '2023-01-24 14:01:43', 60),
(17305, 1, 21288, NULL, 9.63, 1, '', 22, '2023-01-24 14:10:46', 60),
(17306, 1, 21290, NULL, 7.5, 1, '', 22, '2023-01-24 14:11:23', 60),
(17307, 1, 21289, NULL, 8.5, 1, '', 22, '2023-01-24 14:11:57', 60),
(17308, 1, 21292, NULL, 7.2, 1, '', 22, '2023-01-24 14:35:35', 60),
(17309, 0, 21291, NULL, 254.3, 1, '', 21, '2023-01-24 17:08:39', 60),
(17311, 1, 21293, NULL, 8.46, 1, 'dtm 8.09', 21, '2023-01-24 17:10:21', 60),
(17312, 1, 21296, NULL, 6.11, 1, 'contramuestra 6.11', 21, '2023-01-24 17:33:27', 60),
(17313, 1, 21299, NULL, 6.87, 1, '', 21, '2023-01-24 17:36:50', 60),
(17314, 1, 21300, NULL, 6.02, 1, '', 21, '2023-01-24 18:11:22', 60),
(17315, 0, 21299, NULL, 254.6, 1, '', 21, '2023-01-24 18:20:39', 60),
(17316, 0, 21300, NULL, 320.6, 1, '', 21, '2023-01-24 18:20:48', 60),
(17317, 0, 21301, NULL, 215.6, 1, '', 21, '2023-01-24 18:36:05', 60),
(17318, 0, 21302, NULL, 265.9, 1, '', 21, '2023-01-24 18:42:25', 60),
(17319, 1, 21302, NULL, 5.91, 1, '', 21, '2023-01-24 19:40:40', 55),
(17320, 1, 21301, NULL, 6.61, 1, '', 21, '2023-01-24 19:41:43', 61),
(17321, 0, 21303, NULL, 180.4, 1, '', 54, '2023-01-24 20:12:16', 61),
(17322, 0, 21304, NULL, 350.2, 1, '', 54, '2023-01-24 20:12:58', 61),
(17323, 0, 21305, NULL, 225.2, 1, '', 54, '2023-01-24 20:14:40', 61),
(17324, 0, 21306, NULL, 189.4, 1, '', 54, '2023-01-24 20:14:56', 61),
(17325, 0, 21307, NULL, 350.4, 1, '', 54, '2023-01-24 20:15:15', 61),
(17326, 0, 21308, NULL, 198.2, 1, '', 54, '2023-01-24 20:15:37', 61),
(17327, 0, 21309, NULL, 198.4, 1, '', 54, '2023-01-24 21:01:46', 61),
(17328, 1, 21303, NULL, 6.31, 1, '', 54, '2023-01-24 21:08:31', 61),
(17329, 0, 21310, NULL, 125.4, 1, '', 54, '2023-01-24 21:09:20', 61),
(17330, 1, NULL, 81830, 8.67, 1, '', 54, '2023-01-24 21:19:48', 61),
(17331, 1, NULL, 81831, 9.7, 1, '', 54, '2023-01-24 21:21:03', 61),
(17332, 1, 21310, NULL, 6.73, 1, '', 54, '2023-01-24 21:22:35', 61),
(17333, 0, 21311, NULL, 257.6, 1, '', 54, '2023-01-24 22:09:27', 61),
(17334, 1, 21311, NULL, 6.12, 1, '', 54, '2023-01-24 22:47:41', 61),
(17335, 0, 21312, NULL, 326.5, 1, '', 54, '2023-01-24 23:55:47', 61),
(17336, 1, 21312, NULL, 6.56, 1, '', 54, '2023-01-24 23:58:23', 61),
(17338, 1, 21314, NULL, 6.95, 1, '', 54, '2023-01-25 01:55:53', 61),
(17339, 1, 21313, NULL, 6.84, 1, '', 54, '2023-01-25 01:56:00', 61),
(17340, 1, 21315, NULL, 7.12, 1, '', 54, '2023-01-25 01:56:17', 61),
(17341, 1, 21316, NULL, 7.23, 1, '', 54, '2023-01-25 01:56:30', 61),
(17342, 0, 21313, NULL, 120, 1, '', 54, '2023-01-25 01:57:16', 61),
(17343, 0, 21314, NULL, 115.3, 1, '', 54, '2023-01-25 01:57:32', 61),
(17344, 0, 21315, NULL, 265.3, 1, '', 54, '2023-01-25 01:57:47', 61),
(17345, 0, 21316, NULL, 142.2, 1, '', 54, '2023-01-25 01:58:05', 61),
(17346, 0, 21317, NULL, 218.2, 1, '', 54, '2023-01-25 04:27:55', 61),
(17347, 1, 21317, NULL, 6.45, 1, '', 54, '2023-01-25 04:57:48', 61),
(17348, 0, 21318, NULL, 320.4, 1, '', 55, '2023-01-25 05:28:03', 61),
(17349, 0, 21319, NULL, 199.8, 1, '', 55, '2023-01-25 05:56:14', 61),
(17350, 0, 21321, NULL, 150.2, 1, '', 55, '2023-01-25 06:16:00', 61),
(17351, 0, 21320, NULL, 198.2, 1, '', 55, '2023-01-25 06:16:57', 61),
(17352, 1, 21318, NULL, 7.41, 1, '', 54, '2023-01-25 06:34:12', 61),
(17353, 1, 21319, NULL, 6.87, 1, '', 54, '2023-01-25 06:34:46', 61),
(17354, 1, 21320, NULL, 6.41, 1, '', 54, '2023-01-25 06:35:29', 61),
(17355, 0, 21323, NULL, 142.2, 1, '', 54, '2023-01-25 06:36:19', 61),
(17356, 0, 21322, NULL, 113.5, 1, '', 54, '2023-01-25 06:36:37', 61),
(17357, 1, 21322, NULL, 6.52, 1, '', 54, '2023-01-25 06:45:33', 61),
(17358, 1, 21323, NULL, 5.86, 1, '', 54, '2023-01-25 06:45:49', 61),
(17359, 0, 21324, NULL, 242.3, 1, '', 54, '2023-01-25 06:59:16', 61),
(17360, 0, 21325, NULL, 212.5, 1, '', 54, '2023-01-25 06:59:39', 61),
(17361, 1, 21324, NULL, 7.4, 1, '', 22, '2023-01-25 07:45:20', 17),
(17362, 1, 21325, NULL, 7.4, 1, '', 22, '2023-01-25 07:46:08', 17),
(17363, 0, 21326, NULL, 256.8, 1, '', 5, '2023-01-25 07:57:11', 17),
(17364, 0, 21327, NULL, 310.5, 1, '', 5, '2023-01-25 07:57:28', 17),
(17365, 1, 21327, NULL, 6.68, 1, 'DTM 5.92', 21, '2023-01-25 09:05:57', 60),
(17366, 1, 21326, NULL, 5.05, 1, '', 21, '2023-01-25 09:07:06', 60),
(17367, 0, 21332, NULL, 352.6, 1, '', 22, '2023-01-25 09:35:20', 60),
(17368, 1, 21321, NULL, 5.48, 1, '', 21, '2023-01-25 09:42:24', 60),
(17369, 0, 21333, NULL, 562.3, 1, '', 22, '2023-01-25 10:00:31', 60),
(17370, 1, 21332, NULL, 6.65, 1, '', 21, '2023-01-25 10:21:09', 60),
(17371, 0, 21334, NULL, 310.5, 1, '', 22, '2023-01-25 10:31:05', 60),
(17373, 0, 21336, NULL, 280.6, 1, '', 22, '2023-01-25 10:36:52', 60),
(17374, 1, 21330, NULL, 9.3, 1, '', 22, '2023-01-25 11:23:43', 60),
(17375, 1, 21331, NULL, 4.52, 1, '', 21, '2023-01-25 11:30:18', 60),
(17376, 1, 21337, NULL, 4.7, 1, '', 21, '2023-01-25 11:31:33', 60),
(17377, 0, 21337, NULL, 265.8, 1, '', 21, '2023-01-25 11:31:54', 60),
(17378, 1, 21338, NULL, 7.99, 1, 'CONTRAMUESTRA 8.01', 22, '2023-01-25 12:34:15', 60),
(17379, 1, 21340, NULL, 8.4, 1, 'CONTRAMUESTRA 8.32', 21, '2023-01-25 13:26:45', 60),
(17380, 0, 21344, NULL, 256.2, 1, '', 61, '2023-01-25 14:04:54', 60),
(17381, 1, 21341, NULL, 8.66, 1, 'CONTRAMUESTRA 7.62', 21, '2023-01-25 14:27:33', 60),
(17382, 1, 21343, NULL, 7.9, 1, 'CONTRAMUESTRA 8.46KG', 21, '2023-01-25 14:32:00', 60),
(17383, 1, 21345, NULL, 6.92, 1, 'CONTRAMUESTRA 7.02KG', 21, '2023-01-25 15:15:36', 60),
(17384, 1, 21346, NULL, 7.02, 1, 'CONTRAMUESTRA 6.95 KG', 21, '2023-01-25 15:16:11', 60),
(17385, 0, 21349, NULL, 215.9, 1, '', 21, '2023-01-25 15:25:27', 60),
(17386, 0, 21347, NULL, 236.5, 1, '', 21, '2023-01-25 15:25:47', 60),
(17387, 0, 21348, NULL, 325.4, 1, '', 21, '2023-01-25 15:26:09', 60),
(17388, 0, 21350, NULL, 365.4, 1, '', 21, '2023-01-25 15:26:26', 60),
(17389, 0, 21351, NULL, 245.9, 1, '', 21, '2023-01-25 15:26:47', 60),
(17390, 0, 21352, NULL, 219.8, 1, '', 21, '2023-01-25 15:26:59', 60),
(17391, 1, 21344, NULL, 7.02, 1, '', 21, '2023-01-25 15:44:59', 60),
(17392, 1, NULL, 82008, 8.2, 1, '', 21, '2023-01-25 15:48:32', 60),
(17393, 0, NULL, 82010, 300, 1, '', 21, '2023-01-25 15:49:13', 60),
(17394, 0, NULL, 82011, 320.1, 1, '', 21, '2023-01-25 15:50:22', 60),
(17395, 0, NULL, 82013, 420.1, 1, '', 21, '2023-01-25 15:50:36', 60),
(17396, 1, NULL, 82015, 8.1, 1, '', 21, '2023-01-25 15:51:20', 60),
(17397, 1, NULL, 82017, 8.6, 1, '', 21, '2023-01-25 15:51:38', 60),
(17398, 1, 21333, NULL, 6.83, 1, '', 21, '2023-01-25 15:58:38', 60),
(17399, 0, 21355, NULL, 325.6, 1, '', 21, '2023-01-25 16:16:01', 60),
(17400, 1, 21355, NULL, 8.8, 1, '', 20, '2023-01-25 16:34:50', 60),
(17401, 1, 21356, NULL, 8.19, 1, '', 20, '2023-01-25 18:15:27', 60),
(17402, 0, 21356, NULL, 278.8, 1, '', 20, '2023-01-25 18:15:53', 60),
(17403, 1, 21336, NULL, 6.83, 1, '', 20, '2023-01-25 18:21:41', 60),
(17404, 1, 21334, NULL, 6.49, 1, '', 49, '2023-01-25 18:22:42', 60),
(17405, 0, 21357, NULL, 170.5, 1, '', 20, '2023-01-25 18:59:16', 60),
(17406, 1, 21357, NULL, 7.99, 1, '', 20, '2023-01-25 19:35:53', 60),
(17407, 0, 21358, NULL, 141.2, 1, '', 54, '2023-01-25 20:24:15', 61),
(17408, 1, 21358, NULL, 7, 1, '', 54, '2023-01-25 21:16:21', 61),
(17409, 0, 21361, NULL, 141.2, 1, '', 54, '2023-01-25 21:51:53', 61),
(17410, 0, 21360, NULL, 120.2, 1, '', 54, '2023-01-25 21:52:38', 61),
(17411, 0, 21359, NULL, 113.5, 1, '', 54, '2023-01-25 21:53:17', 61),
(17412, 1, 21361, NULL, 5.36, 1, '', 54, '2023-01-25 22:17:15', 61),
(17413, 1, 21359, NULL, 6.99, 1, '', 54, '2023-01-25 22:19:14', 61),
(17414, 1, 21360, NULL, 6.48, 1, '', 54, '2023-01-25 22:21:46', 61),
(17415, 0, 21362, NULL, 326.5, 1, '', 54, '2023-01-25 23:03:30', 61),
(17416, 0, 21363, NULL, 143.6, 1, '', 61, '2023-01-25 23:10:13', 61),
(17417, 0, 21364, NULL, 119.8, 1, '', 61, '2023-01-25 23:10:30', 61),
(17418, 1, 21362, NULL, 6.88, 1, '', 54, '2023-01-25 23:44:23', 61),
(17419, 1, 21363, NULL, 6.59, 1, '', 54, '2023-01-25 23:44:45', 61),
(17420, 1, 21364, NULL, 7.12, 1, '', 54, '2023-01-25 23:45:03', 61),
(17421, 0, 21366, NULL, 250.2, 1, '', 54, '2023-01-26 00:50:01', 61),
(17422, 1, 21366, NULL, 5.8, 1, '', 54, '2023-01-26 00:50:47', 61),
(17423, 0, 21368, NULL, 330.2, 1, '', 54, '2023-01-26 00:55:03', 61),
(17424, 1, 21368, NULL, 6.6, 1, '', 54, '2023-01-26 00:55:39', 61),
(17425, 1, 21367, NULL, 7.55, 1, '', 54, '2023-01-26 00:59:33', 61),
(17426, 0, 21367, NULL, 150.2, 1, '', 54, '2023-01-26 01:00:23', 61),
(17427, 0, 21365, NULL, 250.4, 1, '', 54, '2023-01-26 01:03:09', 61),
(17428, 1, 21365, NULL, 5.2, 1, '', 54, '2023-01-26 01:03:46', 61),
(17429, 0, 21369, NULL, 164.2, 1, '', 16, '2023-01-26 01:52:53', 61),
(17430, 1, 21369, NULL, 6.3, 1, '', 54, '2023-01-26 02:17:58', 61),
(17431, 1, 21370, NULL, 5.98, 1, '', 54, '2023-01-26 03:41:44', 61),
(17432, 0, 21370, NULL, 119.6, 1, '', 54, '2023-01-26 03:42:08', 61),
(17433, 0, 21372, NULL, 214.2, 1, '', 54, '2023-01-26 05:28:41', 61),
(17434, 0, 21371, NULL, 224.6, 1, '', 54, '2023-01-26 05:29:20', 61),
(17435, 1, 21372, NULL, 5.62, 1, '', 54, '2023-01-26 05:39:11', 61),
(17436, 1, 21371, NULL, 5.26, 1, '', 54, '2023-01-26 05:39:48', 61),
(17437, 0, 21376, NULL, 150.2, 1, '', 54, '2023-01-26 06:35:40', 61),
(17438, 1, 21376, NULL, 6.12, 1, '', 54, '2023-01-26 06:37:17', 61),
(17439, 0, 21375, NULL, 200.2, 1, '', 54, '2023-01-26 06:38:17', 61),
(17440, 1, 21375, NULL, 5.5, 1, '', 54, '2023-01-26 06:39:13', 61),
(17441, 1, 21374, NULL, 5.7, 1, '', 54, '2023-01-26 06:40:11', 61),
(17442, 0, 21374, NULL, 320.2, 1, '', 54, '2023-01-26 06:41:01', 61),
(17443, 0, 21377, NULL, 174.2, 1, '', 54, '2023-01-26 06:42:06', 61),
(17444, 1, 21377, NULL, 7.6, 1, '', 54, '2023-01-26 06:42:52', 61),
(17445, 1, 21373, NULL, 6.12, 1, '', 54, '2023-01-26 06:43:51', 61),
(17446, 0, 21373, NULL, 165.4, 1, '', 54, '2023-01-26 06:44:16', 61),
(17447, 0, 21378, NULL, 326.5, 1, '', 54, '2023-01-26 06:57:32', 61),
(17448, 1, 21378, NULL, 6.8, 1, '', 54, '2023-01-26 07:03:22', 61),
(17449, 0, 21379, NULL, 265.7, 1, '', 5, '2023-01-26 08:35:25', 60),
(17450, 1, 21379, NULL, 6.03, 1, '', 5, '2023-01-26 08:44:38', 60),
(17451, 0, 21382, NULL, 268.7, 1, '', 21, '2023-01-26 09:14:31', 60),
(17452, 0, 21381, NULL, 298.3, 1, '', 21, '2023-01-26 09:17:07', 60),
(17453, 0, 21384, NULL, 354.9, 1, '', 21, '2023-01-26 09:24:47', 60),
(17454, 1, 21382, NULL, 8.16, 1, '', 5, '2023-01-26 09:43:01', 60),
(17455, 1, 21381, NULL, 5.42, 1, 'DTM 6.38', 21, '2023-01-26 09:54:00', 60),
(17456, 1, 21384, NULL, 8.29, 1, '', 5, '2023-01-26 09:56:12', 60),
(17457, 1, 21385, NULL, 8.14, 1, '', 21, '2023-01-26 10:11:08', 60),
(17458, 1, 21386, NULL, 7.36, 1, '', 21, '2023-01-26 10:11:24', 60),
(17459, 0, 21387, NULL, 333.6, 1, '', 21, '2023-01-26 10:35:46', 60),
(17460, 0, 21385, NULL, 421.9, 1, '', 21, '2023-01-26 10:36:04', 60),
(17461, 0, 21386, NULL, 312.5, 1, '', 21, '2023-01-26 10:36:13', 60),
(17462, 0, 21388, NULL, 254.8, 1, '', 21, '2023-01-26 10:53:17', 60),
(17463, 1, 21383, NULL, 5.2, 1, 'CONTRAMUESTRA 5.84', 22, '2023-01-26 10:56:12', 60),
(17464, 1, 21388, NULL, 5.83, 1, '', 49, '2023-01-26 11:08:21', 60),
(17465, 1, 21387, NULL, 8.51, 1, '', 22, '2023-01-26 13:03:34', 49),
(17466, 0, 21392, NULL, 203.5, 1, '', 21, '2023-01-26 14:16:33', 60),
(17467, 0, 21393, NULL, 300.2, 1, '', 22, '2023-01-26 14:17:10', 60),
(17468, 1, 21392, NULL, 6.5, 1, '', 21, '2023-01-26 14:17:47', 60),
(17469, 1, 21393, NULL, 6.31, 1, '', 61, '2023-01-26 15:02:04', 60),
(17470, 0, 21395, NULL, 254.9, 1, '', 21, '2023-01-26 15:46:34', 60),
(17471, 0, 21397, NULL, 325.9, 1, '', 22, '2023-01-26 16:46:29', 60),
(17472, 0, 21398, NULL, 320.2, 1, '', 5, '2023-01-26 16:56:02', 60),
(17473, 0, 21399, NULL, 320.2, 1, '', 5, '2023-01-26 16:56:37', 60),
(17474, 0, 21400, NULL, 250.3, 1, '', 5, '2023-01-26 16:57:05', 60),
(17475, 1, 21395, NULL, 6.58, 1, '', 20, '2023-01-26 17:01:32', 60),
(17476, 1, 21397, NULL, 7.35, 1, '', 20, '2023-01-26 17:21:36', 60),
(17477, 1, 21401, NULL, 6.85, 1, '', 48, '2023-01-26 18:05:35', 60),
(17478, 1, 21399, NULL, 7.38, 1, '', 22, '2023-01-26 18:07:39', 60),
(17479, 1, 21400, NULL, 4.47, 1, '', 48, '2023-01-26 18:08:34', 60),
(17480, 1, 21398, NULL, 7.25, 1, '', 22, '2023-01-26 18:09:11', 60),
(17481, 0, 21401, NULL, 236.5, 1, '', 20, '2023-01-26 18:12:11', 60),
(17482, 0, 21402, NULL, 188.7, 1, '', 16, '2023-01-26 19:23:04', 60),
(17483, 1, 21402, NULL, 7.36, 1, '', 16, '2023-01-26 19:25:16', 60),
(17484, 0, 21403, NULL, 199.2, 1, '', 16, '2023-01-26 19:35:53', 60),
(17485, 1, 21403, NULL, 7.88, 1, '', 16, '2023-01-26 19:38:52', 6),
(17486, 0, 21404, NULL, 178.3, 1, '', 16, '2023-01-26 20:20:10', 55),
(17487, 1, 21404, NULL, 5.9, 1, '', 16, '2023-01-26 20:47:00', 55),
(17489, 0, 21405, NULL, 120.4, 1, '', 16, '2023-01-26 21:12:22', 55),
(17490, 1, 21405, NULL, 5.51, 1, '', 16, '2023-01-26 21:12:54', 55),
(17491, 0, 21407, NULL, 180.4, 1, '', 16, '2023-01-26 22:05:18', 55),
(17492, 1, 21407, NULL, 6.8, 1, '', 16, '2023-01-26 22:18:24', 55),
(17493, 0, 21408, NULL, 188.5, 1, '', 54, '2023-01-26 23:09:53', 55),
(17494, 0, 21409, NULL, 199.4, 1, '', 54, '2023-01-26 23:10:18', 55),
(17495, 0, 21410, NULL, 250.2, 1, '', 54, '2023-01-26 23:19:42', 55),
(17496, 1, 21409, NULL, 7.15, 1, '', 54, '2023-01-26 23:20:51', 55),
(17497, 1, 21410, NULL, 7.31, 1, '', 54, '2023-01-26 23:21:07', 55),
(17498, 1, 21406, NULL, 8.22, 1, 'DESCARGA MANUAL', 16, '2023-01-26 23:29:23', 55),
(17499, 0, 21406, NULL, 115.2, 1, '', 16, '2023-01-26 23:33:06', 55),
(17500, 1, 21408, NULL, 7.26, 1, '', 16, '2023-01-27 00:08:19', 55),
(17501, 0, 21411, NULL, 248.9, 1, '', 16, '2023-01-27 00:09:02', 55),
(17502, 1, 21411, NULL, 5.08, 1, '', 16, '2023-01-27 00:27:06', 55),
(17503, 0, 21414, NULL, 229.8, 1, '', 16, '2023-01-27 02:15:18', 55),
(17504, 1, 21412, NULL, 6.3, 1, '', 54, '2023-01-27 02:19:51', 55),
(17505, 0, 21412, NULL, 224.3, 1, '', 54, '2023-01-27 02:20:08', 55),
(17506, 0, 21413, NULL, 219.6, 1, '', 54, '2023-01-27 02:22:22', 55),
(17507, 1, 21413, NULL, 6.24, 1, '', 54, '2023-01-27 02:23:02', 61),
(17508, 0, 21415, NULL, 259.6, 1, '', 16, '2023-01-27 03:28:10', 61),
(17509, 1, 21416, NULL, 5.18, 1, '', 16, '2023-01-27 03:58:11', 61),
(17510, 1, 21417, NULL, 6.18, 1, '', 16, '2023-01-27 03:58:29', 61),
(17511, 0, 21416, NULL, 180.8, 1, '', 16, '2023-01-27 04:04:51', 61),
(17512, 0, 21417, NULL, 182.8, 1, '', 16, '2023-01-27 04:05:13', 61),
(17513, 1, 21418, NULL, 5.64, 1, '', 16, '2023-01-27 05:28:32', 16),
(17514, 1, 21419, NULL, 5.36, 1, '', 16, '2023-01-27 05:28:46', 16),
(17515, 1, 21420, NULL, 6.22, 1, '', 16, '2023-01-27 05:29:01', 16),
(17516, 0, 21418, NULL, 326.5, 1, '', 16, '2023-01-27 05:32:17', 61),
(17517, 0, 21419, NULL, 264.8, 1, '', 16, '2023-01-27 05:32:37', 61),
(17518, 0, 21420, NULL, 359.8, 1, '', 16, '2023-01-27 05:33:12', 61),
(17519, 1, 21421, NULL, 4.85, 1, '', 16, '2023-01-27 06:07:21', 61),
(17520, 1, 21422, NULL, 6.65, 1, '', 16, '2023-01-27 06:07:54', 61),
(17521, 1, 21414, NULL, 6.2, 1, '', 16, '2023-01-27 06:08:35', 61),
(17522, 0, 21421, NULL, 150.2, 1, '', 16, '2023-01-27 06:10:37', 61),
(17523, 0, 21422, NULL, 200.4, 1, '', 16, '2023-01-27 06:11:09', 61),
(17524, 0, 21423, NULL, 326.5, 1, '', 54, '2023-01-27 06:34:32', 61),
(17525, 0, 21424, NULL, 265.9, 1, '', 54, '2023-01-27 06:34:45', 61),
(17526, 1, 21423, NULL, 5.44, 1, '', 16, '2023-01-27 06:36:55', 16),
(17527, 1, 21424, NULL, 5.76, 1, '', 16, '2023-01-27 06:37:30', 16),
(17528, 0, 21425, NULL, 250.3, 1, '', 5, '2023-01-27 07:36:06', 61),
(17529, 0, 21426, NULL, 265.9, 1, '', 5, '2023-01-27 08:24:17', 60),
(17530, 1, 21426, NULL, 8.01, 1, '', 5, '2023-01-27 08:24:38', 60),
(17531, 0, 21427, NULL, 254.9, 1, '', 5, '2023-01-27 08:38:51', 60),
(17532, 0, 21428, NULL, 321.5, 1, '', 5, '2023-01-27 08:39:00', 60),
(17533, 1, 21425, NULL, 6.48, 1, 'DTM 4.27', 21, '2023-01-27 09:01:17', 60),
(17534, 1, 21427, NULL, 6.85, 1, '', 21, '2023-01-27 09:06:47', 60),
(17535, 0, 21431, NULL, 236.7, 1, '', 21, '2023-01-27 09:41:31', 60),
(17536, 0, 21433, NULL, 265.8, 1, '', 21, '2023-01-27 09:41:49', 60),
(17537, 0, 21434, NULL, 385.4, 1, '', 49, '2023-01-27 09:52:24', 60),
(17538, 0, 21435, NULL, 236.9, 1, '', 49, '2023-01-27 09:58:30', 60),
(17539, 0, 21429, NULL, 235.6, 1, '', 21, '2023-01-27 10:24:51', 60),
(17540, 0, 21436, NULL, 265.9, 1, '', 49, '2023-01-27 10:25:06', 60),
(17541, 1, 21429, NULL, 7.77, 1, '', 21, '2023-01-27 10:25:58', 60),
(17542, 1, 21431, NULL, 7.21, 1, '', 21, '2023-01-27 10:26:19', 60),
(17543, 1, 21433, NULL, 6.78, 1, '', 21, '2023-01-27 10:26:29', 60),
(17544, 1, 21436, NULL, 5.34, 1, '', 61, '2023-01-27 10:31:25', 60),
(17545, 0, 21438, NULL, 230, 1, '', 48, '2023-01-27 10:49:19', 60),
(17546, 1, 21428, NULL, 6.3, 1, '', 21, '2023-01-27 11:48:10', 60),
(17547, 1, 21434, NULL, 9.23, 1, '', 21, '2023-01-27 11:49:48', 60),
(17548, 1, 21438, NULL, 7.02, 1, '', 21, '2023-01-27 11:50:13', 60),
(17549, 1, 21435, NULL, 6.06, 1, '', 22, '2023-01-27 12:24:34', 60),
(17550, 0, 21440, NULL, 342.1, 1, '', 48, '2023-01-27 12:29:16', 60),
(17551, 1, 21440, NULL, 5, 1, '', 48, '2023-01-27 12:50:43', 60),
(17552, 0, 21443, NULL, 300, 1, '', 22, '2023-01-27 14:21:49', 60),
(17553, 0, 21447, NULL, 256.9, 1, '', 48, '2023-01-27 15:00:54', 60),
(17554, 0, 21446, NULL, 325.8, 1, '', 22, '2023-01-27 15:01:05', 60),
(17555, 1, 21443, NULL, 6.5, 1, '', 21, '2023-01-27 15:08:29', 60),
(17556, 1, 21445, NULL, 7.02, 1, '', 21, '2023-01-27 15:08:47', 60),
(17557, 0, 21445, NULL, 250.3, 1, '', 21, '2023-01-27 15:09:11', 60),
(17558, 0, 21448, NULL, 265.8, 1, '', 21, '2023-01-27 15:53:53', 60),
(17559, 1, 21446, NULL, 6.19, 1, '', 21, '2023-01-27 15:54:54', 60),
(17560, 1, 21447, NULL, 5.58, 1, '', 21, '2023-01-27 15:55:32', 60),
(17561, 1, 21448, NULL, 6.52, 1, '', 21, '2023-01-27 16:12:37', 60),
(17562, 0, 21449, NULL, 260.8, 1, '', 48, '2023-01-27 16:37:24', 60),
(17564, 1, 21449, NULL, 6.8, 1, '', 22, '2023-01-27 17:04:44', 60),
(17565, 0, 21450, NULL, 364.5, 1, '', 22, '2023-01-27 18:51:13', 60),
(17566, 1, 21450, NULL, 6.2, 1, '', 48, '2023-01-27 19:05:44', 60),
(17567, 1, 21451, NULL, 4.8, 1, '', 16, '2023-01-27 19:47:17', 60),
(17568, 0, 21451, NULL, 214.5, 1, '', 16, '2023-01-27 19:50:28', 61),
(17569, 1, 21452, NULL, 5.95, 1, '', 16, '2023-01-27 21:23:02', 55),
(17570, 1, 21453, NULL, 5.8, 1, '', 16, '2023-01-27 21:23:26', 55),
(17571, 0, 21452, NULL, 120.4, 1, '', 16, '2023-01-27 21:29:22', 55),
(17572, 0, 21453, NULL, 118.5, 1, '', 16, '2023-01-27 21:29:33', 55),
(17573, 0, 21454, NULL, 182.6, 1, '', 16, '2023-01-27 21:44:37', 55),
(17574, 1, 21454, NULL, 6.13, 1, '', 16, '2023-01-27 22:02:16', 55),
(17575, 0, 21455, NULL, 188.2, 1, '', 16, '2023-01-27 22:26:07', 55),
(17576, 0, 21456, NULL, 250.4, 1, '', 16, '2023-01-27 22:26:28', 55),
(17577, 0, 21457, NULL, 156.4, 1, '', 16, '2023-01-27 22:26:48', 55),
(17578, 0, 21458, NULL, 178.2, 1, '', 16, '2023-01-27 22:27:11', 55),
(17579, 0, 21459, NULL, 166.4, 1, '', 16, '2023-01-27 22:27:33', 55),
(17580, 1, 21456, NULL, 6.53, 1, '', 16, '2023-01-27 22:30:31', 55),
(17581, 1, 21455, NULL, 5.24, 1, '', 16, '2023-01-27 22:31:19', 55),
(17582, 0, 21460, NULL, 108.1, 1, '', 61, '2023-01-27 22:55:35', 55),
(17583, 1, 21457, NULL, 7.27, 1, '', 16, '2023-01-27 23:03:22', 55),
(17584, 1, 21458, NULL, 6.73, 1, '', 16, '2023-01-27 23:03:56', 55),
(17585, 1, 21459, NULL, 7.17, 1, '', 16, '2023-01-27 23:04:35', 55),
(17586, 1, 21460, NULL, 5.43, 1, '', 16, '2023-01-27 23:09:06', 55),
(17587, 0, 21462, NULL, 150.2, 1, '', 55, '2023-01-28 02:14:25', 61),
(17588, 0, 21461, NULL, 188.4, 1, '', 54, '2023-01-28 02:25:55', 61),
(17589, 1, 21461, NULL, 7.3, 1, '', 54, '2023-01-28 02:27:21', 61),
(17590, 0, 21463, NULL, 236.9, 1, '', 16, '2023-01-28 03:22:30', 61),
(17591, 1, 21464, NULL, 4.84, 1, '', 16, '2023-01-28 04:04:41', 61),
(17592, 1, 21463, NULL, 5.89, 1, '', 16, '2023-01-28 04:05:17', 61),
(17593, 0, 21464, NULL, 120.4, 1, '', 16, '2023-01-28 04:06:34', 61),
(17594, 1, 21462, NULL, 6.13, 1, '', 16, '2023-01-28 04:16:09', 16),
(17595, 1, 21465, NULL, 6.87, 1, '', 16, '2023-01-28 05:16:07', 61),
(17596, 0, 21465, NULL, 136.2, 1, '', 16, '2023-01-28 05:16:20', 61),
(17597, 0, 21467, NULL, 258.4, 1, '', 21, '2023-01-28 07:36:03', 17),
(17598, 0, 21468, NULL, 288.7, 1, '', 48, '2023-01-28 07:54:10', 17),
(17600, 0, 21466, NULL, 300.2, 1, '', 5, '2023-01-28 08:14:17', 49),
(17601, 1, 21466, NULL, 6.9, 1, '', 5, '2023-01-28 09:07:38', 17),
(17602, 0, 21472, NULL, 374.1, 1, '', 5, '2023-01-28 09:13:02', 17),
(17603, 0, 21474, NULL, 300, 1, '', 49, '2023-01-28 10:00:08', 17),
(17604, 0, 21473, NULL, 265.1, 1, '', 21, '2023-01-28 10:07:48', 60),
(17605, 0, 21469, NULL, 302.1, 1, '', 21, '2023-01-28 10:07:59', 60),
(17606, 0, 21470, NULL, 354.8, 1, '', 21, '2023-01-28 10:08:09', 60),
(17607, 1, 21468, NULL, 6.43, 1, '', 22, '2023-01-28 10:09:37', 60),
(17608, 1, 21472, NULL, 5.32, 1, 'DTM 5.03', 21, '2023-01-28 10:10:34', 60),
(17609, 1, 21473, NULL, 4.97, 1, '', 21, '2023-01-28 10:12:02', 60),
(17610, 1, 21470, NULL, 7.24, 1, '', 21, '2023-01-28 10:12:42', 60),
(17611, 1, 21469, NULL, 6.86, 1, '', 21, '2023-01-28 10:13:25', 60),
(17612, 1, 21467, NULL, 4.92, 1, '', 21, '2023-01-28 10:14:02', 60),
(17613, 1, 21474, NULL, 5.79, 1, '', 21, '2023-01-28 10:42:42', 60),
(17614, 0, 21477, NULL, 236.7, 1, '', 21, '2023-01-28 10:51:00', 60),
(17615, 1, 21475, NULL, 6.46, 1, 'CONTRAMUESTRA 6.89', 48, '2023-01-28 10:54:11', 60),
(17616, 1, 21477, NULL, 6.41, 1, '', 48, '2023-01-28 12:43:45', 60),
(17617, 0, 21478, NULL, 356.2, 1, '', 22, '2023-01-28 13:02:57', 60),
(17618, 0, 21479, NULL, 243.6, 1, '', 22, '2023-01-28 13:03:08', 60),
(17619, 0, 21481, NULL, 365.1, 1, '', 48, '2023-01-28 13:03:18', 60),
(17620, 0, 21484, NULL, 253.2, 1, '', 49, '2023-01-28 13:59:17', 60),
(17621, 1, 21478, NULL, 6.3, 1, '', 48, '2023-01-28 14:07:11', 60),
(17623, 1, 21481, NULL, 6.5, 1, '', 48, '2023-01-28 14:07:58', 60),
(17624, 1, 21479, NULL, 6.5, 1, '', 48, '2023-01-28 14:08:38', 60),
(17625, 0, 21485, NULL, 268.4, 1, '', 22, '2023-01-28 14:39:51', 60),
(17626, 1, 21482, NULL, 6.5, 1, '', 48, '2023-01-28 14:42:32', 60),
(17628, 0, 21486, NULL, 320.3, 1, '', 21, '2023-01-28 15:00:47', 60),
(17629, 1, 21483, NULL, 6.85, 1, '', 22, '2023-01-28 15:03:17', 60),
(17630, 0, 21487, NULL, 300.2, 1, '', 49, '2023-01-28 15:11:55', 60),
(17631, 0, 21488, NULL, 240.6, 1, '', 49, '2023-01-28 15:12:12', 60),
(17632, 1, 21484, NULL, 6.36, 1, '', 21, '2023-01-28 16:09:15', 60),
(17633, 1, 21485, NULL, 6.72, 1, '', 21, '2023-01-28 16:09:46', 60),
(17636, 1, 21488, NULL, 6.05, 1, '', 21, '2023-01-28 16:10:26', 60),
(17637, 1, 21486, NULL, 6.88, 1, '', 21, '2023-01-28 16:10:54', 60),
(17639, 1, 21487, NULL, 6.75, 1, '', 60, '2023-01-28 17:23:07', 60),
(17640, 0, 21490, NULL, 235.6, 1, '', 60, '2023-01-28 18:23:47', 60),
(17641, 0, 21482, NULL, 235.8, 1, '', 21, '2023-01-28 18:25:20', 60),
(17642, 0, 21483, NULL, 324.8, 1, '', 21, '2023-01-28 18:25:29', 60),
(17643, 1, 21490, NULL, 6.85, 1, '', 60, '2023-01-28 18:56:10', 60),
(17644, 0, 21491, NULL, 326.5, 1, '', 54, '2023-01-28 20:17:05', 54),
(17645, 0, 21492, NULL, 329.4, 1, '', 54, '2023-01-28 20:17:14', 54),
(17646, 0, 21493, NULL, 295.4, 1, '', 54, '2023-01-28 20:17:23', 54),
(17647, 1, 21491, NULL, 8.12, 1, '', 54, '2023-01-28 20:18:04', 54),
(17648, 1, 21492, NULL, 9.32, 1, '', 54, '2023-01-28 20:18:11', 54),
(17649, 1, 21493, NULL, 10, 1, '', 54, '2023-01-28 20:18:20', 54),
(17650, 0, 21494, NULL, 326.4, 1, '', 54, '2023-01-28 21:12:05', 54),
(17651, 1, 21494, NULL, 9.45, 1, '', 54, '2023-01-28 21:12:29', 54),
(17652, 0, 21495, NULL, 258.4, 1, '', 54, '2023-01-28 21:53:49', 54),
(17653, 1, 21495, NULL, 9.64, 1, '', 54, '2023-01-28 21:54:11', 54),
(17654, 0, 21496, NULL, 249.5, 1, '', 54, '2023-01-28 23:44:19', 54),
(17655, 1, 21496, NULL, 10.32, 1, '', 54, '2023-01-28 23:44:39', 54),
(17656, 0, 21497, NULL, 326.8, 1, '', 54, '2023-01-29 00:18:52', 54),
(17657, 1, 21497, NULL, 8.94, 1, '', 54, '2023-01-29 00:19:13', 54),
(17658, 0, 21499, NULL, 264.5, 1, '', 54, '2023-01-29 01:20:41', 54),
(17659, 0, 21498, NULL, 312.4, 1, '', 54, '2023-01-29 01:20:50', 54),
(17660, 0, 21500, NULL, 312.4, 1, '', 54, '2023-01-29 01:21:01', 54),
(17661, 0, 21501, NULL, 349.5, 1, '', 54, '2023-01-29 01:21:12', 54),
(17662, 1, 21499, NULL, 10.32, 1, '', 54, '2023-01-29 01:21:43', 54),
(17663, 1, 21498, NULL, 9.54, 1, '', 54, '2023-01-29 01:21:53', 54),
(17664, 1, 21500, NULL, 8.97, 1, '', 54, '2023-01-29 01:22:09', 54),
(17665, 1, 21501, NULL, 10.02, 1, '', 54, '2023-01-29 01:22:19', 54),
(17666, 0, 21502, NULL, 235.2, 1, '', 54, '2023-01-29 02:45:22', 60),
(17667, 1, 21502, NULL, 8.31, 1, '', 54, '2023-01-29 02:45:41', 60),
(17668, 0, 21503, NULL, 210.6, 1, '', 20, '2023-01-29 10:16:00', 55),
(17669, 1, 21503, NULL, 7.2, 1, '', 20, '2023-01-29 10:16:56', 55),
(17670, 0, 21504, NULL, 190.2, 1, '', 20, '2023-01-29 10:19:53', 55),
(17671, 1, 21504, NULL, 7.46, 1, '', 20, '2023-01-29 10:20:24', 55),
(17672, 0, 21505, NULL, 180.6, 1, '', 20, '2023-01-29 10:25:00', 55),
(17673, 1, 21505, NULL, 7.1, 1, '', 20, '2023-01-29 10:26:56', 55),
(17674, 0, 21506, NULL, 188.4, 1, '', 20, '2023-01-29 12:06:40', 55),
(17675, 1, 21506, NULL, 5.96, 1, '', 20, '2023-01-29 12:48:00', 55),
(17676, 0, 21508, NULL, 300.2, 1, '', 49, '2023-01-29 20:56:14', 49),
(17677, 0, 21507, NULL, 360.5, 1, '', 49, '2023-01-29 20:56:23', 49),
(17678, 1, 21508, NULL, 6.8, 1, '', 21, '2023-01-29 21:54:59', 49),
(17679, 1, 21507, NULL, 7.6, 1, '', 21, '2023-01-29 21:55:15', 49),
(17680, 1, 21509, NULL, 6.8, 1, 'DTM 6.82', 54, '2023-01-30 09:39:03', 55),
(17681, 0, 21511, NULL, 220.4, 1, '', 55, '2023-01-30 09:54:26', 55),
(17683, 1, 21511, NULL, 6.97, 1, '', 61, '2023-01-30 10:41:12', 55),
(17685, 1, 21512, NULL, 6.67, 1, 'CONTRAMUESTRA: 6.49', 54, '2023-01-30 11:00:10', 55),
(17686, 1, 21514, NULL, 6.02, 1, 'CONTRAMUESTRA: 6.36', 54, '2023-01-30 11:01:33', 55),
(17687, 0, 21517, NULL, 251.2, 1, '', 61, '2023-01-30 11:13:14', 55),
(17688, 0, 21518, NULL, 284.6, 1, '', 61, '2023-01-30 11:13:49', 55),
(17689, 0, 21519, NULL, 284.3, 1, '', 55, '2023-01-30 11:37:30', 55),
(17690, 1, 21513, NULL, 7.7, 1, 'CONTRAMUESTRA: 7.87', 54, '2023-01-30 11:40:59', 55),
(17691, 1, 21516, NULL, 6.44, 1, 'CONTRAMUESTRA  6.82', 54, '2023-01-30 12:01:28', 55),
(17692, 1, 21518, NULL, 6.2, 1, '', 22, '2023-01-30 12:34:01', 55),
(17693, 1, 21517, NULL, 6.2, 1, '', 48, '2023-01-30 12:34:21', 55),
(17694, 0, 21527, NULL, 250.6, 1, '', 5, '2023-01-30 12:54:04', 55),
(17695, 0, NULL, 82819, 280.9, 1, '', 5, '2023-01-30 12:54:43', 55),
(17696, 0, 21529, NULL, 310.2, 1, '', 5, '2023-01-30 12:55:05', 55),
(17697, 0, 21530, NULL, 264.8, 1, '', 5, '2023-01-30 12:55:26', 55),
(17698, 0, NULL, 82820, 326.5, 1, '', 5, '2023-01-30 12:55:53', 55),
(17699, 0, 21525, NULL, 275.6, 1, '', 5, '2023-01-30 12:56:52', 55),
(17700, 1, 21520, NULL, 6.21, 1, '', 61, '2023-01-30 13:09:57', 55),
(17701, 1, 21519, NULL, 8.41, 1, '', 61, '2023-01-30 13:10:36', 55),
(17702, 1, 21527, NULL, 6.47, 1, '', 61, '2023-01-30 13:11:35', 55),
(17703, 1, 21530, NULL, 7.64, 1, '', 61, '2023-01-30 13:12:08', 55),
(17704, 1, NULL, 82829, 8.71, 1, '', 61, '2023-01-30 13:13:50', 55),
(17705, 1, 21521, NULL, 6.67, 1, '', 61, '2023-01-30 13:17:18', 55),
(17706, 1, NULL, 82830, 7.88, 1, '', 61, '2023-01-30 13:18:56', 55),
(17707, 1, 21529, NULL, 6.47, 1, '', 61, '2023-01-30 13:19:46', 55),
(17708, 1, 21515, NULL, 7.08, 1, '', 22, '2023-01-30 13:59:43', 55),
(17709, 1, 21522, NULL, 7.5, 1, '', 54, '2023-01-30 14:03:39', 55),
(17710, 0, 21533, NULL, 350.2, 1, '', 20, '2023-01-30 14:05:23', 55),
(17711, 1, 21525, NULL, 6.4, 1, '', 54, '2023-01-30 14:27:18', 55),
(17712, 1, 21534, NULL, 6.82, 1, 'dtm 7.04', 54, '2023-01-30 14:55:38', 55),
(17713, 0, 21536, NULL, 326.1, 1, '', 22, '2023-01-30 14:58:58', 55),
(17714, 0, 21537, NULL, 259.1, 1, '', 22, '2023-01-30 14:59:22', 55),
(17718, 1, 21538, NULL, 5.36, 1, 'DUPLICADO 4.84', 48, '2023-01-30 16:41:08', 55),
(17720, 1, 21531, NULL, 7.58, 1, '', 48, '2023-01-30 16:46:00', 55),
(17721, 1, 21532, NULL, 7.25, 1, '', 22, '2023-01-30 16:47:07', 55),
(17722, 0, 21531, NULL, 142.3, 1, '', 61, '2023-01-30 16:48:56', 55),
(17723, 0, 21532, NULL, 126.8, 1, '', 61, '2023-01-30 16:50:29', 55),
(17724, 1, 21537, NULL, 6.74, 1, '', 22, '2023-01-30 16:50:55', 55),
(17725, 1, 21533, NULL, 7.51, 1, '', 16, '2023-01-30 17:32:37', 55),
(17726, 1, 21539, NULL, 6.21, 1, '', 54, '2023-01-30 18:03:07', 55),
(17727, 1, 21540, NULL, 5.86, 1, '', 54, '2023-01-30 18:04:51', 55),
(17728, 1, 21542, NULL, 8.56, 1, '', 54, '2023-01-30 18:06:22', 55),
(17729, 1, 21536, NULL, 5.08, 1, '', 54, '2023-01-30 18:08:01', 55),
(17730, 1, 21544, NULL, 6.9, 1, '', 54, '2023-01-30 18:09:35', 55),
(17731, 1, 21545, NULL, 5.73, 1, '', 54, '2023-01-30 18:10:10', 55),
(17732, 1, 21547, NULL, 6.9, 1, '', 54, '2023-01-30 18:11:08', 55),
(17733, 1, 21541, NULL, 6.57, 1, '', 54, '2023-01-30 18:13:04', 55),
(17734, 1, 21546, NULL, 6.83, 1, '', 54, '2023-01-30 18:14:47', 55),
(17736, 1, 21543, NULL, 5.74, 1, 'CONTRAMUESTRA 6.22', 22, '2023-01-30 18:35:34', 55),
(17737, 1, 21548, NULL, 5.64, 1, '', 16, '2023-01-30 19:20:21', 16),
(17738, 1, 21549, NULL, 5.72, 1, '', 16, '2023-01-30 19:20:32', 16),
(17739, 1, 21550, NULL, 6.22, 1, '', 16, '2023-01-30 19:20:46', 16),
(17740, 1, 21551, NULL, 5.36, 1, '', 16, '2023-01-30 19:20:58', 16),
(17741, 1, 21553, NULL, 7.35, 1, '', 21, '2023-01-30 19:51:35', 55),
(17742, 1, 21552, NULL, 6.5, 1, '', 21, '2023-01-30 19:52:33', 55),
(17743, 0, 21553, NULL, 148.1, 1, '', 21, '2023-01-30 19:54:58', 55),
(17744, 0, 21552, NULL, 190.35, 1, '', 21, '2023-01-30 19:55:23', 55),
(17745, 0, 21551, NULL, 231.5, 1, '', 21, '2023-01-30 19:56:27', 55),
(17746, 0, 21550, NULL, 334.2, 1, '', 21, '2023-01-30 19:56:40', 55),
(17747, 0, 21554, NULL, 300.2, 1, '', 21, '2023-01-30 23:44:57', 60),
(17748, 1, 21554, NULL, 8.2, 1, '', 21, '2023-01-30 23:54:40', 60),
(17749, 0, 21555, NULL, 300.2, 1, '', 49, '2023-01-31 01:18:29', 60),
(17750, 0, 21556, NULL, 450.3, 1, '', 49, '2023-01-31 01:18:39', 60);
INSERT INTO `Preparacion_RecepcionMuestras` (`Id`, `is_general`, `cod_peso`, `id_analisismuestra`, `peso_muestra`, `cod_detalleenvase`, `observacion`, `cod_usuariotomamuestra`, `fecha_registro`, `usuario_registro`) VALUES
(17751, 1, 21555, NULL, 6.5, 1, '', 21, '2023-01-31 01:19:08', 60),
(17752, 1, 21556, NULL, 6.8, 1, '', 21, '2023-01-31 02:31:09', 60),
(17753, 0, 21557, NULL, 300, 1, '', 21, '2023-01-31 04:33:00', 60),
(17754, 0, 21558, NULL, 420.3, 1, '', 21, '2023-01-31 04:33:13', 60),
(17755, 0, 21559, NULL, 360.5, 1, '', 21, '2023-01-31 04:33:26', 60),
(17756, 1, 21557, NULL, 6.7, 1, '', 21, '2023-01-31 04:34:20', 60),
(17757, 1, 21558, NULL, 7.2, 1, '', 21, '2023-01-31 04:34:36', 60),
(17758, 1, 21559, NULL, 7.68, 1, '', 21, '2023-01-31 04:35:07', 60),
(17759, 0, 21560, NULL, 350.2, 1, '', 21, '2023-01-31 06:38:34', 60),
(17760, 1, 21560, NULL, 7.2, 1, '', 21, '2023-01-31 06:40:11', 60),
(17761, 0, 21561, NULL, 254.5, 1, '', 5, '2023-01-31 07:59:33', 17),
(17762, 0, 21562, NULL, 280.4, 1, '', 5, '2023-01-31 07:59:54', 17),
(17763, 1, 21561, NULL, 8.12, 1, '', 54, '2023-01-31 09:01:54', 61),
(17764, 1, 21562, NULL, 8.12, 1, '', 54, '2023-01-31 09:02:04', 61),
(17765, 0, 21563, NULL, 349.7, 1, '', 54, '2023-01-31 09:28:17', 61),
(17766, 0, 21565, NULL, 236.5, 1, '', 48, '2023-01-31 11:17:16', 61),
(17767, 1, 21563, NULL, 8.08, 1, '', 54, '2023-01-31 11:19:05', 61),
(17768, 1, 21565, NULL, 6.2, 1, '', 48, '2023-01-31 11:24:01', 61),
(17769, 0, 21566, NULL, 364.1, 1, '', 48, '2023-01-31 11:32:54', 61),
(17770, 1, 21566, NULL, 6.4, 1, '', 48, '2023-01-31 11:33:28', 61),
(17771, 0, 21571, NULL, 235.4, 1, '', 5, '2023-01-31 12:35:25', 61),
(17772, 0, 21570, NULL, 180.4, 1, '', 5, '2023-01-31 12:36:47', 61),
(17773, 0, 21567, NULL, 199.2, 1, '', 5, '2023-01-31 13:15:24', 61),
(17774, 1, 21570, NULL, 7.96, 1, '', 5, '2023-01-31 13:37:39', 61),
(17775, 1, 21571, NULL, 7.96, 1, '', 5, '2023-01-31 13:38:00', 61),
(17776, 1, 21567, NULL, 5.3, 1, '', 5, '2023-01-31 13:40:31', 61),
(17777, 1, 21568, NULL, 5.04, 1, '', 5, '2023-01-31 13:42:14', 61),
(17778, 0, 21568, NULL, 300.2, 1, '', 5, '2023-01-31 13:47:21', 61),
(17779, 0, 21572, NULL, 326.5, 1, '', 54, '2023-01-31 14:58:21', 61),
(17780, 0, 21573, NULL, 319.5, 1, '', 54, '2023-01-31 14:58:30', 61),
(17781, 0, 21575, NULL, 426.8, 1, '', 16, '2023-01-31 14:58:42', 61),
(17782, 1, 21575, NULL, 7.32, 1, '', 5, '2023-01-31 16:32:36', 61),
(17783, 1, 21573, NULL, 6.86, 1, '', 5, '2023-01-31 16:36:08', 61),
(17784, 1, 21572, NULL, 7.49, 1, '', 5, '2023-01-31 16:36:58', 61),
(17785, 1, 21578, NULL, 6.34, 1, '', 54, '2023-01-31 16:40:34', 61),
(17786, 1, 21576, NULL, 6.16, 1, '', 54, '2023-01-31 16:43:04', 61),
(17787, 1, 21577, NULL, 6.22, 1, '', 54, '2023-01-31 16:47:33', 61),
(17788, 1, NULL, 83089, 5.55, 1, '', 54, '2023-01-31 16:49:13', 61),
(17789, 0, NULL, 83090, 350.2, 1, '', 54, '2023-01-31 16:53:13', 61),
(17790, 0, 21584, NULL, 257.5, 1, '', 55, '2023-01-31 18:39:40', 61),
(17791, 0, 21585, NULL, 235.4, 1, '', 61, '2023-01-31 19:22:55', 60),
(17792, 0, 21583, NULL, 354.1, 1, '', 61, '2023-01-31 19:23:11', 60),
(17793, 1, 21584, NULL, 6.52, 1, '', 61, '2023-01-31 19:23:59', 60),
(17794, 1, 21585, NULL, 6.84, 1, '', 61, '2023-01-31 19:24:11', 60),
(17795, 1, 21583, NULL, 7.21, 1, '', 61, '2023-01-31 19:24:21', 60),
(17796, 0, 21586, NULL, 238.4, 1, '', 21, '2023-01-31 19:48:48', 60),
(17797, 1, 21586, NULL, 5.94, 1, '', 21, '2023-01-31 19:49:16', 60),
(17798, 0, 21587, NULL, 321.5, 1, '', 21, '2023-01-31 22:16:42', 60),
(17799, 0, 21588, NULL, 234.8, 1, '', 21, '2023-01-31 22:16:51', 60),
(17800, 0, 21589, NULL, 305.2, 1, '', 21, '2023-01-31 22:17:00', 60),
(17801, 1, 21587, NULL, 6.54, 1, '', 21, '2023-01-31 22:21:23', 60),
(17802, 1, 21588, NULL, 6.42, 1, '', 21, '2023-01-31 22:21:34', 60),
(17803, 1, 21589, NULL, 6.57, 1, '', 21, '2023-01-31 22:21:43', 60),
(17804, 0, 21590, NULL, 265.4, 1, '', 21, '2023-01-31 23:33:04', 60),
(17805, 0, 21591, NULL, 351.9, 1, '', 21, '2023-01-31 23:33:15', 60),
(17806, 1, 21590, NULL, 6.54, 1, '', 21, '2023-01-31 23:34:56', 60),
(17807, 1, 21591, NULL, 7.25, 1, '', 21, '2023-01-31 23:35:08', 60),
(17808, 0, 21592, NULL, 350.2, 1, '', 49, '2023-02-01 01:04:41', 60),
(17809, 0, 21593, NULL, 200.3, 1, '', 21, '2023-02-01 01:38:56', 60),
(17810, 0, 21594, NULL, 260.3, 1, '', 21, '2023-02-01 01:39:22', 60),
(17811, 1, 21593, NULL, 7.6, 1, '', 21, '2023-02-01 01:39:49', 60),
(17812, 1, 21594, NULL, 6.9, 1, '', 21, '2023-02-01 01:40:03', 60),
(17813, 1, 21592, NULL, 7.2, 1, '', 21, '2023-02-01 01:47:57', 60),
(17814, 1, 21595, NULL, 6.9, 1, '', 21, '2023-02-01 02:07:20', 60),
(17815, 0, 21595, NULL, 300.1, 1, '', 21, '2023-02-01 02:17:09', 60),
(17816, 0, 21596, NULL, 300, 1, '', 21, '2023-02-01 02:50:27', 60),
(17817, 1, 21596, NULL, 7.2, 1, '', 21, '2023-02-01 02:51:56', 60),
(17818, 1, NULL, 83151, 5.55, 1, '', 16, '2023-02-01 03:02:53', 60),
(17819, 0, NULL, 83152, 420, 1, '', 16, '2023-02-01 03:08:42', 17),
(17820, 1, 21597, NULL, 6.11, 1, '', 49, '2023-02-01 03:58:23', 60),
(17821, 0, 21597, NULL, 265.4, 1, '', 49, '2023-02-01 03:58:47', 60),
(17822, 0, 21598, NULL, 254.1, 1, '', 49, '2023-02-01 04:13:56', 60),
(17823, 1, 21598, NULL, 6.23, 1, '', 49, '2023-02-01 04:14:10', 60),
(17824, 1, 21599, NULL, 6.32, 1, '', 49, '2023-02-01 06:14:57', 60),
(17825, 0, 21599, NULL, 235.1, 1, '', 49, '2023-02-01 06:15:12', 60),
(17826, 0, 21603, NULL, 214.5, 1, '', 6, '2023-02-01 08:29:58', 61),
(17827, 1, 21604, NULL, 6, 1, '', 61, '2023-02-01 09:08:05', 61),
(17828, 1, 21607, NULL, 6, 1, '', 61, '2023-02-01 09:08:34', 61),
(17829, 1, 21603, NULL, 6.12, 1, '', 61, '2023-02-01 09:09:02', 61),
(17830, 1, 21600, NULL, 6.7, 1, '', 61, '2023-02-01 09:09:43', 61),
(17831, 0, 21614, NULL, 241.5, 1, '', 61, '2023-02-01 09:38:44', 61),
(17832, 0, 21607, NULL, 214.2, 1, '', 61, '2023-02-01 09:44:18', 61),
(17833, 0, 21604, NULL, 253.2, 1, '', 61, '2023-02-01 09:44:58', 61),
(17834, 0, 21601, NULL, 415.3, 1, '', 61, '2023-02-01 09:51:32', 61),
(17835, 1, 21611, NULL, 7.45, 1, '', 5, '2023-02-01 09:58:16', 61),
(17836, 1, 21613, NULL, 5.57, 1, '', 5, '2023-02-01 09:58:51', 61),
(17837, 1, 21606, NULL, 7.93, 1, '', 5, '2023-02-01 09:59:26', 61),
(17838, 1, 21609, NULL, 8.09, 1, '', 5, '2023-02-01 10:00:21', 61),
(17839, 1, 21602, NULL, 6.68, 1, '', 5, '2023-02-01 10:02:02', 61),
(17840, 1, 21610, NULL, 8.3, 1, '', 5, '2023-02-01 10:02:46', 61),
(17841, 1, 21608, NULL, 8.32, 1, '', 5, '2023-02-01 10:03:14', 61),
(17842, 0, 21610, NULL, 200, 1, '', 61, '2023-02-01 10:12:43', 61),
(17843, 1, 21615, NULL, 7, 1, 'CONTRAMUESTRA  7.43', 61, '2023-02-01 10:31:42', 61),
(17844, 0, 21626, NULL, 216.5, 1, '', 61, '2023-02-01 11:39:20', 61),
(17845, 1, 21616, NULL, 6.78, 1, '', 5, '2023-02-01 11:48:32', 61),
(17846, 1, 21617, NULL, 7.24, 1, '', 5, '2023-02-01 11:49:26', 61),
(17847, 1, 21621, NULL, 6.87, 1, '', 5, '2023-02-01 11:50:01', 61),
(17848, 0, 21623, NULL, 250.6, 1, '', 5, '2023-02-01 12:43:21', 61),
(17849, 0, 21624, NULL, 268.4, 1, '', 5, '2023-02-01 12:43:43', 61),
(17850, 0, 21637, NULL, 249.5, 1, '', 5, '2023-02-01 14:37:06', 61),
(17851, 1, 21630, NULL, 5.85, 1, '', 5, '2023-02-01 15:08:41', 61),
(17854, 1, 21632, NULL, 8.14, 1, '', 5, '2023-02-01 15:11:01', 61),
(17863, 0, 21640, NULL, 274.2, 1, '', 5, '2023-02-01 16:16:00', 61),
(17864, 1, 21640, NULL, 7.58, 1, '', 5, '2023-02-01 17:12:36', 61),
(17865, 1, 21639, NULL, 7.77, 1, '', 5, '2023-02-01 17:13:05', 61),
(17873, 0, NULL, 83375, 254.6, 1, '', 49, '2023-02-01 19:37:04', 61),
(17874, 1, NULL, 83361, 5.63, 1, '', 5, '2023-02-01 20:04:17', 61),
(17875, 1, NULL, 83327, 6.84, 1, '', 5, '2023-02-01 20:04:21', 61),
(17876, 1, NULL, 83317, 6.62, 1, '', 5, '2023-02-01 20:04:26', 61),
(17877, 1, 21650, NULL, 5.96, 1, '', 5, '2023-02-01 20:04:29', 61),
(17878, 1, 21648, NULL, 6.16, 1, '', 5, '2023-02-01 20:04:34', 61),
(17879, 1, 21646, NULL, 6.65, 1, '', 5, '2023-02-01 20:04:38', 61),
(17880, 1, 21645, NULL, 6.6, 1, '', 5, '2023-02-01 20:04:43', 61),
(17881, 1, 21644, NULL, 8.07, 1, '', 5, '2023-02-01 20:04:46', 61),
(17882, 1, 21641, NULL, 6.45, 1, '', 5, '2023-02-01 20:04:50', 61),
(17883, 1, 21637, NULL, 5.96, 1, '', 5, '2023-02-01 20:04:53', 61),
(17884, 1, 21631, NULL, 5.45, 1, '', 5, '2023-02-01 20:04:58', 61),
(17885, 1, 21627, NULL, 5.57, 1, '', 5, '2023-02-01 20:05:02', 61),
(17886, 1, 21628, NULL, 5.86, 1, '', 5, '2023-02-01 20:05:07', 61),
(17887, 1, 21629, NULL, 7.43, 1, '', 5, '2023-02-01 20:05:11', 61),
(17888, 1, 21614, NULL, 5.38, 1, '', 5, '2023-02-01 20:05:16', 61),
(17889, 1, 21651, NULL, 6.23, 1, '', 55, '2023-02-01 20:11:56', 60),
(17890, 0, 21653, NULL, 350.2, 1, '', 55, '2023-02-01 20:46:06', 60),
(17891, 1, 21653, NULL, 6.17, 1, '', 55, '2023-02-01 20:46:51', 60),
(17892, 1, 21652, NULL, 5.84, 1, '', 55, '2023-02-01 20:47:27', 60),
(17893, 0, 21652, NULL, 188.4, 1, '', 55, '2023-02-01 20:47:58', 60),
(17894, 0, 21655, NULL, 235.6, 1, '', 49, '2023-02-01 22:14:31', 60),
(17895, 0, 21654, NULL, 265.4, 1, '', 60, '2023-02-01 22:14:44', 60),
(17896, 1, 21654, NULL, 6.52, 1, '', 49, '2023-02-01 22:15:11', 60),
(17897, 1, 21655, NULL, 6.32, 1, '', 49, '2023-02-01 22:15:21', 60),
(17898, 0, 21657, NULL, 200, 1, '', 49, '2023-02-02 00:54:22', 60),
(17899, 0, 21658, NULL, 320, 1, '', 49, '2023-02-02 00:54:42', 60),
(17900, 0, 21659, NULL, 310, 1, '', 49, '2023-02-02 00:54:59', 60),
(17901, 0, 21660, NULL, 420.2, 1, '', 49, '2023-02-02 00:55:20', 60),
(17902, 0, 21661, NULL, 260, 1, '', 49, '2023-02-02 00:55:36', 60),
(17903, 0, 21662, NULL, 360, 1, '', 49, '2023-02-02 00:55:52', 60),
(17904, 1, 21657, NULL, 6.7, 1, '', 49, '2023-02-02 00:56:16', 60),
(17905, 1, 21658, NULL, 7.2, 1, '', 49, '2023-02-02 00:56:35', 60),
(17906, 1, 21660, NULL, 7.5, 1, '', 49, '2023-02-02 00:56:52', 60),
(17907, 1, 21659, NULL, 6.9, 1, '', 49, '2023-02-02 00:57:09', 60),
(17908, 1, 21661, NULL, 7.2, 1, '', 49, '2023-02-02 00:57:27', 60),
(17909, 1, 21662, NULL, 7.1, 1, '', 49, '2023-02-02 00:57:44', 60),
(17910, 1, 21656, NULL, 7.3, 1, '', 49, '2023-02-02 01:00:17', 60),
(17911, 0, 21656, NULL, 320, 1, '', 49, '2023-02-02 01:00:48', 60),
(17912, 0, 21663, NULL, 254.1, 1, '', 49, '2023-02-02 02:29:51', 60),
(17913, 1, 21663, NULL, 6.58, 1, '', 49, '2023-02-02 02:30:12', 60),
(17914, 0, 21664, NULL, 268.2, 1, '', 60, '2023-02-02 03:20:35', 60),
(17915, 0, 21665, NULL, 321.7, 1, '', 60, '2023-02-02 03:20:48', 60),
(17916, 1, 21664, NULL, 6.27, 1, '', 60, '2023-02-02 03:21:07', 60),
(17917, 1, 21665, NULL, 6.87, 1, '', 60, '2023-02-02 03:21:17', 60),
(17918, 0, 21667, NULL, 258.3, 1, '', 49, '2023-02-02 04:17:25', 60),
(17919, 1, 21667, NULL, 6.58, 1, '', 49, '2023-02-02 04:23:44', 60),
(17920, 1, 21666, NULL, 5.42, 1, '', 49, '2023-02-02 04:25:55', 60),
(17921, 0, 21666, NULL, 287.9, 1, '', 49, '2023-02-02 04:26:11', 60),
(17922, 0, 21668, NULL, 284.6, 1, '', 60, '2023-02-02 05:50:02', 60),
(17923, 1, 21668, NULL, 6.41, 1, '', 60, '2023-02-02 05:50:23', 60),
(17924, 0, 21669, NULL, 215.4, 1, '', 60, '2023-02-02 06:45:47', 60),
(17925, 1, 21669, NULL, 6.15, 1, '', 60, '2023-02-02 06:57:42', 60),
(17926, 0, 21673, NULL, 241.2, 1, '', 17, '2023-02-02 08:31:36', 61),
(17927, 0, 21671, NULL, 211.2, 1, '', 5, '2023-02-02 09:07:56', 61),
(17928, 0, 21670, NULL, 253.1, 1, '', 5, '2023-02-02 09:08:24', 61),
(17929, 1, 21671, NULL, 5.21, 1, '', 5, '2023-02-02 09:53:52', 61),
(17930, 1, 21670, NULL, 6.44, 1, '', 5, '2023-02-02 09:54:29', 61),
(17931, 0, 21677, NULL, 219.8, 1, '', 5, '2023-02-02 11:42:41', 61),
(17932, 1, 21676, NULL, 5.01, 2, '', 5, '2023-02-02 11:45:48', 61),
(17933, 1, 21677, NULL, 6.04, 3, '', 5, '2023-02-02 11:46:35', 61),
(17934, 1, 21672, NULL, 6.42, 1, '', 5, '2023-02-02 11:52:42', 61),
(17935, 1, 21680, NULL, 6.83, 1, '', 5, '2023-02-02 11:53:05', 61),
(17936, 0, 21680, NULL, 251.4, 1, '', 5, '2023-02-02 11:53:29', 61),
(17937, 0, 21678, NULL, 285.4, 1, '', 5, '2023-02-02 12:17:32', 61),
(17938, 0, 21679, NULL, 258.4, 1, '', 5, '2023-02-02 12:17:59', 61),
(17939, 1, NULL, 83522, 6.51, 1, '', 5, '2023-02-02 12:37:16', 61),
(17940, 0, 21682, NULL, 280.4, 1, '', 5, '2023-02-02 12:59:31', 61),
(17941, 0, NULL, 83528, 250.3, 1, '', 5, '2023-02-02 13:12:58', 61),
(17942, 1, 21682, NULL, 6.23, 1, '', 5, '2023-02-02 14:33:05', 61),
(17943, 0, 21683, NULL, 251.5, 1, '', 61, '2023-02-02 14:34:20', 61),
(17944, 1, 21686, NULL, 5.47, 1, '', 5, '2023-02-02 14:38:04', 61),
(17945, 0, 21686, NULL, 124.3, 1, '', 5, '2023-02-02 15:18:41', 61),
(17946, 0, 21685, NULL, 221.3, 1, '', 5, '2023-02-02 15:19:37', 61),
(17947, 0, 21692, NULL, 324.1, 1, '', 5, '2023-02-02 15:23:15', 61),
(17948, 0, 21688, NULL, 223.6, 1, '', 5, '2023-02-02 15:23:42', 61),
(17949, 0, 21689, NULL, 232.2, 1, '', 5, '2023-02-02 15:24:15', 61),
(17950, 0, 21690, NULL, 227.8, 1, '', 5, '2023-02-02 15:24:47', 61),
(17951, 1, 21685, NULL, 5.88, 1, '', 5, '2023-02-02 15:44:33', 61),
(17952, 1, 21690, NULL, 5.81, 1, '', 5, '2023-02-02 15:45:13', 61),
(17953, 1, 21688, NULL, 6.88, 1, '', 5, '2023-02-02 15:45:50', 61),
(17954, 1, 21689, NULL, 5.93, 1, '', 5, '2023-02-02 15:46:20', 61),
(17955, 1, 21683, NULL, 7.12, 1, '', 5, '2023-02-02 15:47:02', 61),
(17956, 1, 21692, NULL, 6.98, 1, '', 5, '2023-02-02 16:08:47', 61),
(17957, 1, 21693, NULL, 7.23, 1, '', 5, '2023-02-02 16:25:38', 61),
(17958, 0, 21693, NULL, 241.2, 1, '', 5, '2023-02-02 16:26:49', 61),
(17959, 0, 21694, NULL, 250, 1, '', 5, '2023-02-02 16:45:04', 61),
(17960, 0, 21695, NULL, 241.5, 1, '', 5, '2023-02-02 16:50:35', 61),
(17961, 0, 21696, NULL, 290.6, 1, '', 5, '2023-02-02 17:12:55', 61),
(17962, 0, 21698, NULL, 214.2, 1, '', 5, '2023-02-02 18:05:36', 61),
(17963, 0, 21707, NULL, 250.2, 1, '', 49, '2023-02-02 20:52:00', 60),
(17964, 1, 21707, NULL, 6.25, 1, '', 49, '2023-02-02 20:54:06', 60),
(17965, 0, 21706, NULL, 250.3, 1, '', 49, '2023-02-02 20:56:01', 60),
(17966, 1, 21706, NULL, 6.1, 1, '', 49, '2023-02-02 20:56:36', 60),
(17967, 0, 21708, NULL, 251.2, 1, '', 49, '2023-02-02 20:58:07', 60),
(17968, 1, 21708, NULL, 6.14, 1, '', 49, '2023-02-02 20:58:31', 60),
(17969, 0, 21705, NULL, 251.36, 1, '', 49, '2023-02-02 20:59:51', 60),
(17970, 1, 21705, NULL, 6.14, 1, '', 49, '2023-02-02 21:00:13', 60),
(17971, 0, 21704, NULL, 248, 1, '', 49, '2023-02-02 21:02:27', 60),
(17972, 1, 21704, NULL, 5.78, 1, '', 49, '2023-02-02 21:02:49', 60),
(17973, 0, 21702, NULL, 247.32, 1, '', 49, '2023-02-02 21:03:34', 60),
(17974, 1, 21702, NULL, 6.47, 1, '', 49, '2023-02-02 21:04:22', 60),
(17975, 1, 21703, NULL, 6.4, 1, '', 49, '2023-02-02 21:09:23', 60),
(17977, 1, 21694, NULL, 5.5, 1, '', 49, '2023-02-02 21:11:02', 60),
(17978, 1, 21696, NULL, 6.68, 1, '', 5, '2023-02-02 21:11:41', 60),
(17979, 1, 21698, NULL, 7.2, 1, '', 5, '2023-02-02 21:12:21', 60),
(17980, 1, 21697, NULL, 6.8, 1, '', 5, '2023-02-02 21:12:37', 60),
(17981, 0, NULL, 83604, 350.2, 1, '', 5, '2023-02-02 21:15:22', 60),
(17982, 1, NULL, 83605, 10.8, 1, '', 5, '2023-02-02 21:16:07', 60),
(17983, 1, NULL, 83607, 7.8, 1, '', 5, '2023-02-02 21:21:00', 60),
(17984, 1, NULL, 83608, 10.8, 1, '', 5, '2023-02-02 21:24:18', 60),
(17985, 0, NULL, 83609, 245.6, 1, '', 5, '2023-02-02 21:37:07', 60),
(17986, 0, NULL, 83610, 312.5, 1, '', 5, '2023-02-02 21:37:16', 60),
(17987, 0, 21709, NULL, 180.4, 1, '', 49, '2023-02-02 22:10:29', 60),
(17988, 1, 21709, NULL, 7.5, 1, '', 49, '2023-02-02 22:10:57', 60),
(17989, 0, 21714, NULL, 188.2, 1, '', 49, '2023-02-03 01:05:31', 60),
(17990, 1, 21714, NULL, 8.2, 1, '', 49, '2023-02-03 01:08:39', 60),
(17991, 1, 21711, NULL, 6.5, 1, '', 49, '2023-02-03 01:09:22', 60),
(17992, 0, 21711, NULL, 160.4, 1, '', 49, '2023-02-03 01:10:01', 60),
(17993, 0, 21712, NULL, 178.4, 1, '', 49, '2023-02-03 01:10:40', 60),
(17994, 1, 21712, NULL, 6.62, 1, '', 49, '2023-02-03 01:11:28', 60),
(17995, 0, 21713, NULL, 250.2, 1, '', 49, '2023-02-03 01:12:06', 60),
(17997, 1, 21713, NULL, 7.54, 1, '', 49, '2023-02-03 01:13:32', 60),
(17998, 1, 21710, NULL, 7.55, 1, '', 55, '2023-02-03 01:14:04', 60),
(17999, 0, 21710, NULL, 240.8, 1, '', 49, '2023-02-03 01:14:54', 60),
(18000, 0, 21715, NULL, 265.1, 1, '', 49, '2023-02-03 02:55:41', 60),
(18001, 0, 21716, NULL, 361.3, 1, '', 49, '2023-02-03 02:55:55', 60),
(18002, 0, 21717, NULL, 249.8, 1, '', 49, '2023-02-03 02:56:06', 60),
(18003, 1, 21715, NULL, 6.5, 1, '', 49, '2023-02-03 03:59:29', 60),
(18004, 1, 21716, NULL, 7.2, 1, '', 49, '2023-02-03 03:59:45', 60),
(18005, 1, 21717, NULL, 6.3, 1, '', 49, '2023-02-03 04:00:00', 60),
(18006, 0, 21718, NULL, 188.4, 1, '', 49, '2023-02-03 04:53:32', 60),
(18007, 1, 21718, NULL, 5.25, 1, '', 49, '2023-02-03 04:54:44', 60),
(18008, 0, 21719, NULL, 238.4, 1, '', 49, '2023-02-03 06:37:52', 60),
(18009, 0, 21720, NULL, 241.5, 1, '', 5, '2023-02-03 07:28:15', 61),
(18010, 1, 21720, NULL, 4.19, 1, '', 49, '2023-02-03 07:28:57', 61),
(18011, 1, 21719, NULL, 5.69, 1, '', 5, '2023-02-03 07:31:39', 61),
(18012, 1, 21673, NULL, 6.2, 1, '', 5, '2023-02-03 07:51:22', 17),
(18013, 0, 21724, NULL, 241.6, 1, '', 5, '2023-02-03 08:59:15', 61),
(18014, 0, 21734, NULL, 200.3, 1, '', 5, '2023-02-03 10:34:37', 61),
(18015, 0, 21735, NULL, 200, 1, '', 5, '2023-02-03 10:34:59', 61),
(18016, 0, 21733, NULL, 201.8, 1, '', 5, '2023-02-03 10:35:26', 61),
(18017, 1, 21724, NULL, 5.49, 1, '', 5, '2023-02-03 10:37:17', 61),
(18018, 1, 21721, NULL, 6.52, 1, '', 5, '2023-02-03 10:38:59', 61),
(18019, 1, 21730, NULL, 6.85, 1, '', 5, '2023-02-03 10:39:34', 61),
(18020, 1, 21725, NULL, 5.61, 1, '', 5, '2023-02-03 10:40:51', 61),
(18021, 1, 21726, NULL, 6.29, 1, '', 5, '2023-02-03 10:41:30', 61),
(18022, 0, 21739, NULL, 200, 1, '', 61, '2023-02-03 10:55:36', 61),
(18023, 0, NULL, 83751, 264.8, 1, '', 5, '2023-02-03 11:40:55', 61),
(18024, 0, 21742, NULL, 298.4, 1, '', 5, '2023-02-03 11:41:46', 61),
(18025, 0, NULL, 83752, 277.8, 1, '', 5, '2023-02-03 11:42:31', 61),
(18026, 0, 21722, NULL, 288.4, 1, '', 5, '2023-02-03 11:43:09', 61),
(18027, 0, 21738, NULL, 274.4, 1, '', 5, '2023-02-03 11:43:44', 61),
(18028, 0, 21743, NULL, 254.4, 1, '', 5, '2023-02-03 11:44:43', 61),
(18029, 0, 21746, NULL, 200, 1, '', 5, '2023-02-03 12:30:43', 61),
(18030, 0, 21747, NULL, 219.7, 1, '', 5, '2023-02-03 12:34:27', 61),
(18031, 1, 21735, NULL, 6.76, 1, '', 5, '2023-02-03 13:06:27', 61),
(18032, 1, 21733, NULL, 7, 1, '', 5, '2023-02-03 13:11:35', 61),
(18033, 1, 21738, NULL, 5.96, 1, '', 5, '2023-02-03 13:12:10', 61),
(18034, 1, 21734, NULL, 6.48, 1, '', 5, '2023-02-03 13:12:46', 61),
(18035, 1, NULL, 83760, 7.14, 1, '', 5, '2023-02-03 13:13:50', 61),
(18036, 1, 21722, NULL, 6.19, 1, '', 5, '2023-02-03 13:15:04', 61),
(18037, 1, 21732, NULL, 7.66, 1, '', 5, '2023-02-03 13:15:56', 61),
(18038, 1, NULL, 83761, 6.88, 1, '', 5, '2023-02-03 13:17:16', 61),
(18039, 1, 21728, NULL, 5.45, 1, '', 5, '2023-02-03 13:18:07', 61);

-- --------------------------------------------------------

--
-- Estructura de tabla para la tabla `tbconfig_clientes`
--

CREATE TABLE `tbconfig_clientes` (
  `Id` int NOT NULL,
  `cod_tipopersona` int NOT NULL,
  `cod_tipodocumento` int NOT NULL,
  `dni_ruc` varchar(15) NOT NULL,
  `razon_social` varchar(150) NOT NULL,
  `correo` varchar(100) NOT NULL,
  `telefono` varchar(100) NOT NULL,
  `direccion` varchar(250) NOT NULL,
  `default_selected` tinyint(1) NOT NULL DEFAULT '0',
  `estado` char(1) NOT NULL DEFAULT 'A'
) ENGINE=InnoDB DEFAULT CHARSET=latin1;

--
-- Volcado de datos para la tabla `tbconfig_clientes`
--

INSERT INTO `tbconfig_clientes` (`Id`, `cod_tipopersona`, `cod_tipodocumento`, `dni_ruc`, `razon_social`, `correo`, `telefono`, `direccion`, `default_selected`, `estado`) VALUES
(1, 2, 2, '20504061052', 'SESUVECA DEL PERU S.A.C.', 'newsistemaxs@hotmail.com', '999999999; 123456789', 'CAL. MARIANO MELGAR 231 URB. SIMA', 1, 'A');

-- --------------------------------------------------------

--
-- Estructura de tabla para la tabla `tbconfig_clientes_old`
--

CREATE TABLE `tbconfig_clientes_old` (
  `Id` int NOT NULL,
  `cod_tipocliente` int NOT NULL,
  `cod_tipopersona` int NOT NULL,
  `cod_tipodocumento` int NOT NULL,
  `dni_ruc` varchar(15) NOT NULL,
  `razon_social` varchar(150) NOT NULL,
  `correo` varchar(100) NOT NULL,
  `telefono` varchar(100) NOT NULL,
  `direccion` varchar(250) NOT NULL,
  `estado` char(1) NOT NULL DEFAULT 'A'
) ENGINE=InnoDB DEFAULT CHARSET=latin1;

--
-- Volcado de datos para la tabla `tbconfig_clientes_old`
--

INSERT INTO `tbconfig_clientes_old` (`Id`, `cod_tipocliente`, `cod_tipopersona`, `cod_tipodocumento`, `dni_ruc`, `razon_social`, `correo`, `telefono`, `direccion`, `estado`) VALUES
(1, 1, 1, 2, '10409103842', 'BURGA NOLASCO MAX CARLOS', 'newsistemaxs@hotmail.com', '912800115; 999999999', '-', 'A'),
(2, 1, 1, 1, '12345678', 'Jesús Armas (Cliente)', 'newsistemaxs@hotmail.com', '999999999', '--', 'A'),
(3, 2, 2, 2, '20504061052', 'SESUVECA DEL PERU S.A.C.', 'newsistemaxs@hotmail.com', '999999999; 123456789', 'CAL. MARIANO MELGAR 231 URB. SIMA', 'A'),
(4, 1, 2, 2, '10409103843', 'BURGA NOLASCO MAX CARLOS', '', '', '-', 'A');

-- --------------------------------------------------------

--
-- Estructura de tabla para la tabla `tbconfig_detalleenvase`
--

CREATE TABLE `tbconfig_detalleenvase` (
  `Id` int NOT NULL,
  `descripcion` varchar(250) NOT NULL,
  `estado` char(1) NOT NULL DEFAULT 'A'
) ENGINE=InnoDB DEFAULT CHARSET=utf8mb3;

--
-- Volcado de datos para la tabla `tbconfig_detalleenvase`
--

INSERT INTO `tbconfig_detalleenvase` (`Id`, `descripcion`, `estado`) VALUES
(1, 'Bolsa', 'A'),
(2, 'Bolsa Precintada', 'A'),
(3, 'Bolsa Sellada', 'A'),
(4, 'Saco', 'A'),
(5, 'Saco Precintado', 'A'),
(6, 'Sobre', 'A'),
(7, 'Sobre Lacrado', 'A'),
(8, 'Otros', 'A');

-- --------------------------------------------------------

--
-- Estructura de tabla para la tabla `tbconfig_Elementos`
--

CREATE TABLE `tbconfig_Elementos` (
  `Id` int NOT NULL,
  `cod_elemento` varchar(5) NOT NULL,
  `nom_elemento` varchar(20) NOT NULL,
  `orden` int NOT NULL,
  `estado` char(1) NOT NULL DEFAULT 'A'
) ENGINE=InnoDB DEFAULT CHARSET=utf8mb3;

--
-- Volcado de datos para la tabla `tbconfig_Elementos`
--

INSERT INTO `tbconfig_Elementos` (`Id`, `cod_elemento`, `nom_elemento`, `orden`, `estado`) VALUES
(1, 'Au', 'Oro', 1, 'A'),
(2, 'Ag', 'Plata', 2, 'A'),
(3, 'Cu', 'Cobre', 3, 'A'),
(4, 'Pb', 'Plomo', 4, 'A'),
(5, 'Zn', 'Zinc', 5, 'A'),
(6, 'As', 'Arsénico', 6, 'A'),
(7, 'Sb', 'Antimonio', 7, 'A'),
(8, 'S', 'Azufre', 8, 'A'),
(9, 'Fe', 'Fierro', 9, 'A'),
(10, 'h2o', 'Humedad', 10, 'A');

-- --------------------------------------------------------

--
-- Estructura de tabla para la tabla `tbconfig_Fiola`
--

CREATE TABLE `tbconfig_Fiola` (
  `Id` int NOT NULL,
  `capacidad` float NOT NULL,
  `cod_unidadmedida` int NOT NULL,
  `estado` char(1) NOT NULL DEFAULT 'A'
) ENGINE=InnoDB DEFAULT CHARSET=utf8mb3;

--
-- Volcado de datos para la tabla `tbconfig_Fiola`
--

INSERT INTO `tbconfig_Fiola` (`Id`, `capacidad`, `cod_unidadmedida`, `estado`) VALUES
(1, 100, 3, 'A'),
(2, 250, 3, 'A');

-- --------------------------------------------------------

--
-- Estructura de tabla para la tabla `tbconfig_humedadbandejas`
--

CREATE TABLE `tbconfig_humedadbandejas` (
  `Id` int NOT NULL,
  `cod_bandeja` varchar(10) NOT NULL,
  `is_adl` tinyint(1) NOT NULL DEFAULT '0',
  `peso_bandeja` float NOT NULL,
  `estado` char(1) NOT NULL DEFAULT 'A'
) ENGINE=InnoDB DEFAULT CHARSET=latin1;

--
-- Volcado de datos para la tabla `tbconfig_humedadbandejas`
--

INSERT INTO `tbconfig_humedadbandejas` (`Id`, `cod_bandeja`, `is_adl`, `peso_bandeja`, `estado`) VALUES
(1, '1', 1, 0.98, 'A'),
(2, '2', 1, 0.98, 'A'),
(3, '3', 1, 0.98, 'A'),
(4, '4', 1, 0.98, 'A'),
(5, '5', 1, 0.98, 'A'),
(6, '6', 1, 0.98, 'A'),
(7, '7', 1, 0.98, 'A'),
(8, '8', 1, 0.98, 'A'),
(9, '9', 1, 0.98, 'A'),
(10, '10', 1, 0.98, 'A'),
(11, '11', 1, 0.98, 'A'),
(12, '12', 1, 0.98, 'A'),
(13, '13', 1, 0.98, 'A'),
(14, '14', 1, 1.38, 'A'),
(15, '15', 1, 1.38, 'A'),
(16, '16', 1, 1.4, 'A'),
(17, '17', 1, 1.38, 'A'),
(18, '18', 1, 1.4, 'A'),
(19, '17', 1, 1.54, 'A'),
(20, '20', 1, 1.54, 'A'),
(21, '21', 1, 1.54, 'A'),
(22, '22', 1, 1.54, 'A'),
(23, '23', 1, 1.54, 'A'),
(24, '24', 1, 1.38, 'A'),
(25, '25', 1, 1.5, 'A'),
(26, '30', 0, 220.7, 'A'),
(27, '31', 0, 231.8, 'A'),
(28, '32', 0, 218.1, 'A'),
(29, '33', 0, 230.9, 'A'),
(30, '34', 0, 233, 'A'),
(31, '35', 0, 222.9, 'A'),
(32, '36', 0, 216.1, 'A'),
(33, '37', 0, 290.4, 'A'),
(34, '38', 0, 294.5, 'A'),
(35, '39', 0, 300.5, 'A'),
(36, '40', 0, 298.3, 'A');

-- --------------------------------------------------------

--
-- Estructura de tabla para la tabla `tbconfig_humedadestufas`
--

CREATE TABLE `tbconfig_humedadestufas` (
  `Id` int NOT NULL,
  `cod_estufa` varchar(10) NOT NULL,
  `capacidad_estufa` int NOT NULL,
  `estado` char(1) NOT NULL DEFAULT 'A'
) ENGINE=InnoDB DEFAULT CHARSET=utf8mb3;

--
-- Volcado de datos para la tabla `tbconfig_humedadestufas`
--

INSERT INTO `tbconfig_humedadestufas` (`Id`, `cod_estufa`, `capacidad_estufa`, `estado`) VALUES
(1, 'E-01', 10, 'A');

-- --------------------------------------------------------

--
-- Estructura de tabla para la tabla `tbconfig_humedadLQ_hornos`
--

CREATE TABLE `tbconfig_humedadLQ_hornos` (
  `Id` int NOT NULL,
  `codigo` varchar(10) NOT NULL,
  `descripcion` varchar(150) NOT NULL,
  `para_humedad` tinyint(1) NOT NULL DEFAULT '0',
  `estado` char(1) NOT NULL DEFAULT 'A'
) ENGINE=InnoDB DEFAULT CHARSET=utf8mb3;

--
-- Volcado de datos para la tabla `tbconfig_humedadLQ_hornos`
--

INSERT INTO `tbconfig_humedadLQ_hornos` (`Id`, `codigo`, `descripcion`, `para_humedad`, `estado`) VALUES
(1, 'E-01', 'Estufa para Humedad', 1, 'A'),
(2, 'MU-01', 'Mufla 1', 0, 'A'),
(3, 'MU-02', 'Mufla 2', 0, 'A'),
(4, 'MU-03', 'Mufla 3', 0, 'A');

-- --------------------------------------------------------

--
-- Estructura de tabla para la tabla `tbconfig_humedad_tipoanalisis`
--

CREATE TABLE `tbconfig_humedad_tipoanalisis` (
  `Id` int NOT NULL,
  `descripcion` varchar(150) NOT NULL,
  `descripcion_larga` varchar(150) NOT NULL,
  `abv` varchar(15) NOT NULL,
  `estado` char(1) NOT NULL DEFAULT 'A',
  `lqhumedad_estandares` tinyint(1) NOT NULL DEFAULT '0'
) ENGINE=InnoDB DEFAULT CHARSET=utf8mb3;

--
-- Volcado de datos para la tabla `tbconfig_humedad_tipoanalisis`
--

INSERT INTO `tbconfig_humedad_tipoanalisis` (`Id`, `descripcion`, `descripcion_larga`, `abv`, `estado`, `lqhumedad_estandares`) VALUES
(1, 'Humedad', 'HUMEDAD', 'H2O (%)', 'A', 0),
(2, 'Ceniza', 'CENIZA', 'Ceniza (%)', 'A', 1),
(3, 'Mat. Volatil', 'MATERIAL VOLATIL', 'Volatil (%)', 'A', 1),
(4, 'Azufre', 'AZUFRE', 'Azufre (%)', 'A', 1);

-- --------------------------------------------------------

--
-- Estructura de tabla para la tabla `tbconfig_informes_granulometria`
--

CREATE TABLE `tbconfig_informes_granulometria` (
  `Id` int NOT NULL,
  `cod_producto` int NOT NULL,
  `cod_cliente` int NOT NULL,
  `version` int NOT NULL,
  `is_actual` tinyint(1) NOT NULL DEFAULT '0',
  `fechahora_registro` datetime NOT NULL,
  `usuario_registro` varchar(50) NOT NULL,
  `estado` char(1) NOT NULL DEFAULT 'A'
) ENGINE=InnoDB DEFAULT CHARSET=utf8mb3;

--
-- Volcado de datos para la tabla `tbconfig_informes_granulometria`
--

INSERT INTO `tbconfig_informes_granulometria` (`Id`, `cod_producto`, `cod_cliente`, `version`, `is_actual`, `fechahora_registro`, `usuario_registro`, `estado`) VALUES
(8, 4, 1, 2, 0, '2021-11-11 17:07:54', '3', 'A'),
(9, 2, 1, 1, 1, '2021-11-12 02:46:49', '3', 'A'),
(10, 10, 1, 1, 1, '2021-11-12 02:47:41', '3', 'A'),
(13, 19, 1, 1, 1, '2021-12-17 13:08:27', '3', 'A'),
(14, 22, 1, 1, 1, '2021-12-22 13:42:20', '6', 'A'),
(15, 5, 1, 1, 1, '2021-12-22 14:28:06', '6', 'A'),
(16, 26, 1, 1, 1, '2021-12-22 14:32:13', '6', 'A'),
(17, 34, 1, 1, 1, '2021-12-22 14:32:49', '6', 'A'),
(18, 7, 1, 1, 1, '2021-12-22 14:34:51', '6', 'A'),
(19, 21, 1, 1, 1, '2021-12-22 14:36:10', '6', 'A'),
(20, 25, 1, 1, 1, '2021-12-22 14:36:50', '6', 'A'),
(21, 35, 1, 1, 1, '2021-12-22 14:37:40', '6', 'A'),
(22, 36, 1, 1, 1, '2021-12-22 14:37:45', '6', 'A'),
(23, 40, 1, 1, 1, '2021-12-22 14:37:50', '6', 'A'),
(25, 45, 1, 1, 1, '2022-05-07 16:44:33', '5', 'A'),
(26, 43, 1, 1, 1, '2022-05-14 17:18:30', '5', 'A'),
(27, 24, 1, 1, 1, '2023-01-03 09:08:44', '1', 'A'),
(28, 4, 1, 3, 1, '2023-01-10 10:47:53', '6', 'A'),
(29, 50, 1, 1, 1, '2023-01-19 12:43:23', '6', 'A');

-- --------------------------------------------------------

--
-- Estructura de tabla para la tabla `tbconfig_informes_granulometria_campos`
--

CREATE TABLE `tbconfig_informes_granulometria_campos` (
  `Id` int NOT NULL,
  `cod_version` int NOT NULL,
  `des_campo` varchar(150) NOT NULL,
  `fechahora_registro` datetime NOT NULL,
  `usuario_registro` varchar(50) NOT NULL
) ENGINE=InnoDB DEFAULT CHARSET=utf8mb3;

--
-- Volcado de datos para la tabla `tbconfig_informes_granulometria_campos`
--

INSERT INTO `tbconfig_informes_granulometria_campos` (`Id`, `cod_version`, `des_campo`, `fechahora_registro`, `usuario_registro`) VALUES
(12, 7, '&gt;25MM \n(%)', '2021-11-12 02:46:08', '3'),
(13, 7, '25MM-16MM \n(%)', '2021-11-12 02:46:08', '3'),
(14, 7, '16MM-1MM \n(%)', '2021-11-12 02:46:08', '3'),
(19, 10, '&gt;12.5MM \n(%)', '2021-11-12 02:48:38', '3'),
(20, 10, '12.5MM-3MM \n(%)', '2021-11-12 02:48:38', '3'),
(21, 10, '3MM-1MM \n(%)', '2021-11-12 02:48:38', '3'),
(22, 10, '&lt; 1MM', '2021-11-12 02:48:38', '3'),
(23, 11, 'AAAA', '2021-11-17 09:19:04', '3'),
(24, 11, 'BBBB', '2021-11-17 09:19:04', '3'),
(25, 11, 'CCCC', '2021-11-17 09:19:04', '3'),
(26, 11, 'DDDD', '2021-11-17 09:19:04', '3'),
(32, 8, '&gt;25MM (%)', '2021-11-19 10:39:35', '3'),
(33, 8, '25MM-16MM (%)', '2021-11-19 10:39:35', '3'),
(34, 8, '16MM-1MM (%)', '2021-11-19 10:39:35', '3'),
(35, 8, '&lt; 1MM', '2021-11-19 10:39:35', '3'),
(47, 14, '&gt;7MM', '2021-12-22 14:26:29', '6'),
(48, 14, '7MM-2MM', '2021-12-22 14:26:29', '6'),
(49, 14, '&lt;2MM', '2021-12-22 14:26:29', '6'),
(50, 15, '&gt;25MM', '2021-12-22 14:29:06', '6'),
(51, 15, '25MM-6.3MM', '2021-12-22 14:29:06', '6'),
(52, 15, '6.3MM-1MM', '2021-12-22 14:29:06', '6'),
(53, 15, '&lt;1MM', '2021-12-22 14:29:06', '6'),
(54, 16, '&gt;3MM', '2021-12-22 14:32:39', '6'),
(55, 16, '3MM-1MM', '2021-12-22 14:32:39', '6'),
(56, 16, '&lt;1MM', '2021-12-22 14:32:39', '6'),
(57, 17, '&gt;12.5MM', '2021-12-22 14:34:30', '6'),
(58, 17, '12.5MM-1MM', '2021-12-22 14:34:30', '6'),
(59, 17, '&lt;1MM', '2021-12-22 14:34:30', '6'),
(60, 18, '&gt;25MM', '2021-12-22 14:35:53', '6'),
(61, 18, '25MM-9.5MM', '2021-12-22 14:35:53', '6'),
(62, 18, '9.5MM-2.8MM', '2021-12-22 14:35:53', '6'),
(63, 18, '&lt;2.8MM', '2021-12-22 14:35:53', '6'),
(64, 19, '&gt;10MM', '2021-12-22 14:36:40', '6'),
(65, 19, '10MM-5MM', '2021-12-22 14:36:40', '6'),
(66, 19, '&lt;5MM', '2021-12-22 14:36:40', '6'),
(67, 20, '&gt;4MM', '2021-12-22 14:37:31', '6'),
(68, 20, '4MM-1MM', '2021-12-22 14:37:31', '6'),
(69, 20, '&lt;1MM', '2021-12-22 14:37:31', '6'),
(70, 21, '&gt;3MM', '2021-12-22 14:38:34', '6'),
(71, 21, '3MM-1MM', '2021-12-22 14:38:34', '6'),
(72, 21, '&lt;1MM', '2021-12-22 14:38:34', '6'),
(73, 22, '&gt;1MM', '2021-12-22 14:38:56', '6'),
(74, 22, '&lt;1MM', '2021-12-22 14:38:56', '6'),
(75, 23, '&gt;9.5MM', '2021-12-22 14:39:44', '6'),
(76, 23, '9.5MM-6.3MM', '2021-12-22 14:39:44', '6'),
(77, 23, '6.3MM-2.8MM', '2021-12-22 14:39:44', '6'),
(78, 23, '&lt;2.8MM', '2021-12-22 14:39:44', '6'),
(112, 13, '&gt;1$$', '2022-02-02 02:28:19', '3'),
(113, 13, '1$$-1/4$$', '2022-02-02 02:28:19', '3'),
(114, 13, '&lt;1/4$$', '2022-02-02 02:28:19', '3'),
(115, 9, '&gt;25MM (%)', '2022-02-05 10:50:50', '18'),
(116, 9, '25MM-9MM (%)', '2022-02-05 10:50:50', '18'),
(117, 9, '9MM-1MM (%)', '2022-02-05 10:50:50', '18'),
(118, 9, '&lt; 1MM', '2022-02-05 10:50:50', '18'),
(119, 25, '&gt;50MM', '2022-05-07 16:45:55', '5'),
(120, 25, '50MM-10MM', '2022-05-07 16:45:55', '5'),
(121, 25, '&lt;10MM', '2022-05-07 16:45:55', '5'),
(132, 26, '&gt;10 MM', '2022-05-19 10:36:29', '18'),
(133, 26, '10MM-5MM', '2022-05-19 10:36:29', '18'),
(134, 26, '&lt;5MM', '2022-05-19 10:36:29', '18'),
(135, 27, '&gt; 9.5MM', '2023-01-03 09:09:33', '1'),
(136, 27, '9.5MM - 1.7MM', '2023-01-03 09:09:33', '1'),
(137, 27, '&lt; 1.7MM', '2023-01-03 09:09:33', '1'),
(138, 28, '&gt;50MM', '2023-01-10 10:51:34', '6'),
(139, 28, '25MM-50MM', '2023-01-10 10:51:34', '6'),
(140, 28, '12.5MM-25MM', '2023-01-10 10:51:34', '6'),
(141, 28, '9.5MM-12.5MM', '2023-01-10 10:51:34', '6'),
(142, 28, '6.3MM-9.5MM', '2023-01-10 10:51:34', '6'),
(143, 28, '4.7MM-6.3MM', '2023-01-10 10:51:34', '6'),
(144, 28, '1MM-4.7MM', '2023-01-10 10:51:34', '6'),
(145, 28, '&lt;1MM', '2023-01-10 10:51:34', '6'),
(146, 29, '&gt;25MM', '2023-01-19 12:44:02', '6'),
(147, 29, '25MM-5MM', '2023-01-19 12:44:02', '6'),
(148, 29, '&lt;5MM', '2023-01-19 12:44:02', '6');

-- --------------------------------------------------------

--
-- Estructura de tabla para la tabla `tbconfig_LQGraficasControl_Limites`
--

CREATE TABLE `tbconfig_LQGraficasControl_Limites` (
  `Id` int NOT NULL,
  `is_replicado` tinyint(1) NOT NULL DEFAULT '0',
  `is_duplicado` tinyint(1) NOT NULL DEFAULT '0',
  `cod_tipoanalisis` int NOT NULL,
  `fechahora_inicio` datetime DEFAULT NULL,
  `fechahora_fin` datetime DEFAULT NULL,
  `limite_inferior` float DEFAULT NULL,
  `limite_central` float DEFAULT NULL,
  `limite_superior` float DEFAULT NULL,
  `fechahora_registro` datetime NOT NULL,
  `usuario_registro` varchar(30) NOT NULL
) ENGINE=InnoDB DEFAULT CHARSET=utf8mb3;

--
-- Volcado de datos para la tabla `tbconfig_LQGraficasControl_Limites`
--

INSERT INTO `tbconfig_LQGraficasControl_Limites` (`Id`, `is_replicado`, `is_duplicado`, `cod_tipoanalisis`, `fechahora_inicio`, `fechahora_fin`, `limite_inferior`, `limite_central`, `limite_superior`, `fechahora_registro`, `usuario_registro`) VALUES
(1, 1, 0, 2, '2021-01-01 00:00:00', NULL, 0, 0.17, 0.5, '2022-09-13 23:38:00', 'mburga'),
(2, 0, 1, 2, '2021-01-01 00:00:00', NULL, 0, 0.29, 1, '2022-09-13 23:40:00', 'mburga'),
(3, 1, 0, 1, '2021-01-01 00:00:00', NULL, 0, 0.17, 0.5, '2022-09-13 23:42:00', 'mburga'),
(4, 0, 1, 1, '2021-01-01 00:00:00', NULL, 0, 0.29, 1, '2022-09-13 23:42:00', 'mburga'),
(5, 1, 0, 3, '2021-01-01 00:00:00', NULL, 0, 0.17, 0.5, '2022-09-13 23:43:00', 'mburga'),
(6, 0, 1, 3, '2021-01-01 00:00:00', NULL, 0, 0.29, 1, '2022-09-13 23:44:00', 'mburga'),
(7, 1, 0, 4, '2021-01-01 00:00:00', NULL, 0, 0.17, 0.5, '2022-09-13 23:44:00', 'mburga'),
(8, 0, 1, 4, '2021-01-01 00:00:00', NULL, 0, 0.29, 1, '2022-09-13 23:44:00', 'mburga');

-- --------------------------------------------------------

--
-- Estructura de tabla para la tabla `tbconfig_mallas`
--

CREATE TABLE `tbconfig_mallas` (
  `Id` int NOT NULL,
  `cod_tipotamiz` int NOT NULL,
  `norma_ISO` float DEFAULT NULL,
  `unidad_ISO` int DEFAULT NULL,
  `prefijo_ASTM` varchar(5) DEFAULT NULL,
  `norma_ASTM` varchar(10) DEFAULT NULL,
  `unidad_ASTM` int DEFAULT NULL,
  `fechahora_registro` datetime NOT NULL,
  `usuario_registro_vue` int NOT NULL,
  `estado` char(1) NOT NULL DEFAULT 'A'
) ENGINE=InnoDB DEFAULT CHARSET=utf8mb3;

--
-- Volcado de datos para la tabla `tbconfig_mallas`
--

INSERT INTO `tbconfig_mallas` (`Id`, `cod_tipotamiz`, `norma_ISO`, `unidad_ISO`, `prefijo_ASTM`, `norma_ASTM`, `unidad_ASTM`, `fechahora_registro`, `usuario_registro_vue`, `estado`) VALUES
(1, 1, 125, 2, '', '5', 1, '2021-11-26 17:00:00', 3, 'A'),
(2, 1, 112, 2, NULL, NULL, NULL, '2021-11-26 17:00:00', 3, 'A'),
(3, 1, 106, 2, NULL, '4.24', 1, '2021-11-26 17:00:00', 3, 'A'),
(4, 1, 100, 2, NULL, '4', 1, '2021-11-26 17:00:00', 3, 'A'),
(5, 1, 90, 2, '', '3 1/2', 1, '2021-11-26 17:00:00', 3, 'A'),
(6, 1, 80, 2, NULL, NULL, NULL, '2021-11-26 17:00:00', 3, 'A'),
(7, 1, 75, 2, NULL, '3', 1, '2021-11-26 17:00:00', 3, 'A'),
(8, 1, 71, 2, NULL, NULL, NULL, '2021-11-26 17:00:00', 3, 'A'),
(9, 1, 63, 2, NULL, '2 1/2', 1, '2021-11-26 17:00:00', 3, 'A'),
(10, 1, 56, 2, NULL, NULL, NULL, '2021-11-26 17:00:00', 3, 'A'),
(11, 1, 53, 2, NULL, '2,12', 1, '2021-11-26 17:00:00', 3, 'A'),
(12, 1, 50, 2, NULL, '2', 1, '2021-11-26 17:00:00', 3, 'A'),
(13, 1, 45, 2, NULL, '1 3/4', 1, '2021-11-26 17:00:00', 3, 'A'),
(14, 1, 40, 2, NULL, NULL, NULL, '2021-11-26 17:00:00', 3, 'A'),
(15, 1, 37.5, 2, NULL, '1 1/2', 1, '2021-11-26 17:00:00', 3, 'A'),
(16, 1, 35.5, 2, NULL, NULL, NULL, '2021-11-26 17:00:00', 3, 'A'),
(17, 1, 31.5, 2, NULL, '1 1/4', 1, '2021-11-26 17:00:00', 3, 'A'),
(18, 1, 28, 2, NULL, NULL, NULL, '2021-11-26 17:00:00', 3, 'A'),
(19, 1, 26.5, 2, NULL, '1.06', 1, '2021-11-26 17:00:00', 3, 'A'),
(20, 1, 25, 2, NULL, '1', 1, '2021-11-26 17:00:00', 3, 'A'),
(21, 1, 22.4, 2, NULL, '7/8', 1, '2021-11-26 17:00:00', 3, 'A'),
(22, 1, 20, 2, NULL, NULL, NULL, '2021-11-26 17:00:00', 3, 'A'),
(23, 1, 19, 2, NULL, '3/4', 1, '2021-11-26 17:00:00', 3, 'A'),
(24, 1, 18, 2, NULL, NULL, NULL, '2021-11-26 17:00:00', 3, 'A'),
(25, 1, 16, 2, NULL, '5/8', 1, '2021-11-26 17:00:00', 3, 'A'),
(26, 1, 14, 2, NULL, NULL, NULL, '2021-11-26 17:00:00', 3, 'A'),
(27, 1, 13.2, 2, NULL, '0.53', 1, '2021-11-26 17:00:00', 3, 'A'),
(28, 1, 12.5, 2, NULL, '1/2', 1, '2021-11-26 17:00:00', 3, 'A'),
(29, 1, 11.2, 2, NULL, '7/16', 1, '2021-11-26 17:00:00', 3, 'A'),
(30, 1, 10, 2, NULL, NULL, NULL, '2021-11-26 17:00:00', 3, 'A'),
(31, 1, 9.5, 2, NULL, '3/8', 1, '2021-11-26 17:00:00', 3, 'A'),
(32, 1, 9, 2, NULL, NULL, NULL, '2021-11-26 17:00:00', 3, 'A'),
(33, 1, 8, 2, NULL, '5/16', 1, '2021-11-26 17:00:00', 3, 'A'),
(34, 1, 7.1, 2, NULL, NULL, NULL, '2021-11-26 17:00:00', 3, 'A'),
(35, 1, 6.7, 2, NULL, '0.265', 1, '2021-11-26 17:00:00', 3, 'A'),
(36, 1, 6.3, 2, NULL, '1/4', 1, '2021-11-26 17:00:00', 3, 'A'),
(37, 1, 5.6, 2, 'N°', '3 1/2', NULL, '2021-11-26 17:00:00', 3, 'A'),
(38, 1, 5, 2, NULL, NULL, NULL, '2021-11-26 17:00:00', 3, 'A'),
(39, 1, 4.75, 2, 'N°', '4', NULL, '2021-11-26 17:00:00', 3, 'A'),
(40, 1, 4.5, 2, NULL, NULL, NULL, '2021-11-26 17:00:00', 3, 'A'),
(41, 1, 4, 2, 'N°', '5', NULL, '2021-11-26 17:00:00', 3, 'A'),
(42, 2, 3.55, 2, NULL, NULL, NULL, '2021-11-26 17:00:00', 3, 'A'),
(43, 2, 3.35, 2, 'N°', '6', NULL, '2021-11-26 17:00:00', 3, 'A'),
(44, 2, 3.15, 2, NULL, NULL, NULL, '2021-11-26 17:00:00', 3, 'A'),
(45, 2, 2.8, 2, 'N°', '7', NULL, '2021-11-26 17:00:00', 3, 'A'),
(46, 2, 2.5, 2, NULL, NULL, NULL, '2021-11-26 17:00:00', 3, 'A'),
(47, 2, 2.36, 2, 'N°', '8', NULL, '2021-11-26 17:00:00', 3, 'A'),
(48, 2, 2.24, 2, NULL, NULL, NULL, '2021-11-26 17:00:00', 3, 'A'),
(49, 2, 2, 2, 'N°', '10', NULL, '2021-11-26 17:00:00', 3, 'A'),
(50, 2, 1.8, 2, NULL, NULL, NULL, '2021-11-26 17:00:00', 3, 'A'),
(51, 2, 1.7, 2, 'N°', '12', NULL, '2021-11-26 17:00:00', 3, 'A'),
(52, 2, 1.6, 2, NULL, NULL, NULL, '2021-11-26 17:00:00', 3, 'A'),
(53, 2, 1.4, 2, 'N°', '14', NULL, '2021-11-26 17:00:00', 3, 'A'),
(54, 2, 1.25, 2, NULL, NULL, NULL, '2021-11-26 17:00:00', 3, 'A'),
(55, 2, 1.18, 2, 'N°', '16', NULL, '2021-11-26 17:00:00', 3, 'A'),
(56, 2, 1.12, 2, NULL, NULL, NULL, '2021-11-26 17:00:00', 3, 'A'),
(57, 2, 1, 2, 'N°', '18', NULL, '2021-11-26 17:00:00', 3, 'A'),
(58, 2, 0.9, 2, NULL, NULL, NULL, '2021-11-26 17:00:00', 3, 'A'),
(59, 2, 0.85, 2, 'N°', '20', NULL, '2021-11-26 17:00:00', 3, 'A'),
(60, 2, 0.8, 2, NULL, NULL, NULL, '2021-11-26 17:00:00', 3, 'A'),
(61, 2, 0.71, 2, 'N°', '25', NULL, '2021-11-26 17:00:00', 3, 'A'),
(62, 2, 0.63, 2, NULL, NULL, NULL, '2021-11-26 17:00:00', 3, 'A'),
(63, 2, 0.6, 2, 'N°', '30', NULL, '2021-11-26 17:00:00', 3, 'A'),
(64, 2, 0.56, 2, NULL, NULL, NULL, '2021-11-26 17:00:00', 3, 'A'),
(65, 2, 0.5, 2, 'N°', '35', NULL, '2021-11-26 17:00:00', 3, 'A'),
(66, 2, 0.45, 2, NULL, NULL, NULL, '2021-11-26 17:00:00', 3, 'A'),
(67, 2, 0.425, 2, 'N°', '40', NULL, '2021-11-26 17:00:00', 3, 'A'),
(68, 2, 0.4, 2, NULL, NULL, NULL, '2021-11-26 17:00:00', 3, 'A'),
(69, 2, 0.355, 2, 'N°', '45', NULL, '2021-11-26 17:00:00', 3, 'A'),
(70, 2, 0.315, 2, NULL, NULL, NULL, '2021-11-26 17:00:00', 3, 'A'),
(71, 2, 0.3, 2, 'N°', '50', NULL, '2021-11-26 17:00:00', 3, 'A'),
(72, 2, 0.28, 2, NULL, NULL, NULL, '2021-11-26 17:00:00', 3, 'A'),
(73, 2, 0.25, 2, 'N°', '60', NULL, '2021-11-26 17:00:00', 3, 'A'),
(74, 2, 0.224, 2, NULL, NULL, NULL, '2021-11-26 17:00:00', 3, 'A'),
(75, 2, 0.212, 2, 'N°', '70', NULL, '2021-11-26 17:00:00', 3, 'A'),
(76, 2, 0.2, 2, NULL, NULL, NULL, '2021-11-26 17:00:00', 3, 'A'),
(77, 2, 0.18, 2, 'N°', '80', NULL, '2021-11-26 17:00:00', 3, 'A'),
(78, 2, 0.16, 2, NULL, NULL, NULL, '2021-11-26 17:00:00', 3, 'A'),
(79, 2, 0.15, 2, 'N°', '100', NULL, '2021-11-26 17:00:00', 3, 'A'),
(80, 2, 0.14, 2, NULL, NULL, NULL, '2021-11-26 17:00:00', 3, 'A'),
(81, 2, 0.125, 2, 'N°', '125', NULL, '2021-11-26 17:00:00', 3, 'A'),
(82, 2, 0.112, 2, NULL, NULL, NULL, '2021-11-26 17:00:00', 3, 'A'),
(83, 2, 0.106, 2, 'N°', '140', NULL, '2021-11-26 17:00:00', 3, 'A'),
(84, 2, 0.1, 2, NULL, NULL, NULL, '2021-11-26 17:00:00', 3, 'A'),
(85, 2, 0.09, 2, 'N°', '170', NULL, '2021-11-26 17:00:00', 3, 'A'),
(86, 2, 0.08, 2, NULL, NULL, NULL, '2021-11-26 17:00:00', 3, 'A'),
(87, 2, 0.075, 2, 'N°', '200', NULL, '2021-11-26 17:00:00', 3, 'A'),
(88, 2, 0.071, 2, NULL, NULL, NULL, '2021-11-26 17:00:00', 3, 'A'),
(89, 2, 0.063, 2, 'N°', '230', NULL, '2021-11-26 17:00:00', 3, 'A'),
(90, 2, 0.056, 2, NULL, NULL, NULL, '2021-11-26 17:00:00', 3, 'A'),
(91, 2, 0.053, 2, 'N°', '270', NULL, '2021-11-26 17:00:00', 3, 'A'),
(92, 2, 0.05, 2, NULL, NULL, NULL, '2021-11-26 17:00:00', 3, 'A'),
(93, 2, 0.045, 2, 'N°', '325', NULL, '2021-11-26 17:00:00', 3, 'A'),
(94, 2, 0.04, 2, NULL, NULL, NULL, '2021-11-26 17:00:00', 3, 'A'),
(95, 2, 0.038, 2, 'N°', '400', NULL, '2021-11-26 17:00:00', 3, 'A'),
(96, 2, 0.036, 2, NULL, NULL, NULL, '2021-11-26 17:00:00', 3, 'A'),
(97, 2, 0.032, 2, 'N°', '450', NULL, '2021-11-26 17:00:00', 3, 'A'),
(98, 2, 0.025, 2, 'N°', '500', NULL, '2021-11-26 17:00:00', 3, 'A'),
(99, 2, 0.02, 2, 'N°', '635', NULL, '2021-11-26 17:00:00', 3, 'A');

-- --------------------------------------------------------

--
-- Estructura de tabla para la tabla `tbconfig_modulosanalisiscampo`
--

CREATE TABLE `tbconfig_modulosanalisiscampo` (
  `Id` int NOT NULL,
  `descripcion` varchar(100) NOT NULL,
  `abv` varchar(15) NOT NULL,
  `nombre_img` varchar(50) NOT NULL,
  `analisis_manual` tinyint(1) NOT NULL DEFAULT '0',
  `analisis_granulometria` tinyint(1) NOT NULL DEFAULT '0',
  `analisis_humedad` tinyint(1) NOT NULL DEFAULT '0',
  `analisis_lq` tinyint(1) NOT NULL DEFAULT '0',
  `densidad_lq` tinyint(1) NOT NULL DEFAULT '0',
  `orden` int NOT NULL,
  `orden_reporteconsolidado` int NOT NULL,
  `estado` int NOT NULL DEFAULT '1'
) ENGINE=InnoDB DEFAULT CHARSET=utf8mb3;

--
-- Volcado de datos para la tabla `tbconfig_modulosanalisiscampo`
--

INSERT INTO `tbconfig_modulosanalisiscampo` (`Id`, `descripcion`, `abv`, `nombre_img`, `analisis_manual`, `analisis_granulometria`, `analisis_humedad`, `analisis_lq`, `densidad_lq`, `orden`, `orden_reporteconsolidado`, `estado`) VALUES
(1, 'ASH-PROBE', 'ASH', 'analisis_ash.png', 1, 0, 0, 0, 0, 1, 0, 1),
(2, 'HUMEDAD PREPARACIÓN', 'H.P.', '', 0, 0, 1, 0, 0, 1, 0, 1),
(3, 'PIZARRA', 'PIZ', 'analisis_pizarra.png', 1, 0, 0, 0, 0, 2, 0, 1),
(4, 'GRANULOMETRIA DE CAMPO', 'G.C.', 'analisis_grancarretilla.png', 1, 0, 0, 0, 0, 4, 2, 1),
(5, 'GRANULOMETRIA LABORATORIO', 'G.L.', '', 0, 1, 0, 0, 0, 2, 0, 1),
(6, 'AZUFRE PRELIMINAR', 'A.P.', '', 0, 0, 0, 0, 0, 1, 0, 0),
(7, 'AZUFRE PRELIMINAR (App)', 'S', 'azufre.png', 1, 0, 0, 1, 0, 1, 1, 1),
(8, 'HUMEDAD RAPIDA (App)', 'H.R.', 'h2o.png', 1, 0, 0, 0, 0, 3, 0, 1),
(9, 'DENSIDAD', 'D.S.', '', 0, 0, 0, 0, 1, 1, 0, 1);

-- --------------------------------------------------------

--
-- Estructura de tabla para la tabla `tbconfig_plataformas`
--

CREATE TABLE `tbconfig_plataformas` (
  `Id` int NOT NULL,
  `abv` varchar(10) NOT NULL,
  `descripcion` varchar(100) NOT NULL,
  `estado` tinyint(1) NOT NULL DEFAULT '1'
) ENGINE=InnoDB DEFAULT CHARSET=utf8mb3;

--
-- Volcado de datos para la tabla `tbconfig_plataformas`
--

INSERT INTO `tbconfig_plataformas` (`Id`, `abv`, `descripcion`, `estado`) VALUES
(1, 'PM1', 'Plataforma 1', 1),
(2, 'PM2', 'Plataforma 2', 1),
(3, 'PM3', 'Plataforma 3', 1),
(4, 'PM4', 'Plataforma 4', 1),
(5, 'PM5', 'Plataforma 5', 1),
(6, 'PM4-B', 'Plataforma 4 - B', 1);

-- --------------------------------------------------------

--
-- Estructura de tabla para la tabla `tbconfig_productos`
--

CREATE TABLE `tbconfig_productos` (
  `Id` int NOT NULL,
  `nom_producto` varchar(150) NOT NULL,
  `estado` char(1) NOT NULL DEFAULT 'A'
) ENGINE=InnoDB DEFAULT CHARSET=latin1;

--
-- Volcado de datos para la tabla `tbconfig_productos`
--

INSERT INTO `tbconfig_productos` (`Id`, `nom_producto`, `estado`) VALUES
(1, 'Carbón Tipo CISCO', 'A'),
(2, 'Carbón Tipo MIXTO', 'A');

-- --------------------------------------------------------

--
-- Estructura de tabla para la tabla `tbconfig_reporteconsolidado_compraventa`
--

CREATE TABLE `tbconfig_reporteconsolidado_compraventa` (
  `Id` int NOT NULL,
  `descripcion` varchar(50) NOT NULL,
  `color` varchar(10) DEFAULT NULL,
  `estado` char(1) NOT NULL DEFAULT 'A'
) ENGINE=InnoDB DEFAULT CHARSET=utf8mb3;

--
-- Volcado de datos para la tabla `tbconfig_reporteconsolidado_compraventa`
--

INSERT INTO `tbconfig_reporteconsolidado_compraventa` (`Id`, `descripcion`, `color`, `estado`) VALUES
(1, 'ACEPTADO', '#FFFFFF', 'A'),
(2, 'EXCEPCIÓN', '#F4B084', 'A'),
(3, 'PENALIZADO', '#FFFF00', 'A'),
(4, 'RECHAZADO', '#FF0000', 'A');

-- --------------------------------------------------------

--
-- Estructura de tabla para la tabla `tbconfig_tipocliente`
--

CREATE TABLE `tbconfig_tipocliente` (
  `Id` int NOT NULL,
  `descripcion` varchar(50) NOT NULL,
  `estado` char(1) NOT NULL DEFAULT 'A'
) ENGINE=InnoDB DEFAULT CHARSET=latin1;

--
-- Volcado de datos para la tabla `tbconfig_tipocliente`
--

INSERT INTO `tbconfig_tipocliente` (`Id`, `descripcion`, `estado`) VALUES
(1, 'Persona Natural', 'A'),
(2, 'Persona Jurídica', 'A');

-- --------------------------------------------------------

--
-- Estructura de tabla para la tabla `tbconfig_tipodocumento`
--

CREATE TABLE `tbconfig_tipodocumento` (
  `Id` int NOT NULL,
  `descripcion` varchar(50) NOT NULL,
  `estado` char(1) NOT NULL DEFAULT 'A'
) ENGINE=InnoDB DEFAULT CHARSET=latin1;

--
-- Volcado de datos para la tabla `tbconfig_tipodocumento`
--

INSERT INTO `tbconfig_tipodocumento` (`Id`, `descripcion`, `estado`) VALUES
(1, 'DNI', 'A'),
(2, 'RUC', 'A');

-- --------------------------------------------------------

--
-- Estructura de tabla para la tabla `tbconfig_tipohumedad`
--

CREATE TABLE `tbconfig_tipohumedad` (
  `Id` int NOT NULL,
  `descripcion` varchar(150) NOT NULL,
  `estado` char(1) NOT NULL DEFAULT 'A'
) ENGINE=InnoDB DEFAULT CHARSET=utf8mb3;

--
-- Volcado de datos para la tabla `tbconfig_tipohumedad`
--

INSERT INTO `tbconfig_tipohumedad` (`Id`, `descripcion`, `estado`) VALUES
(1, 'Humedad Rápida', 'A'),
(2, 'Humedad ADL', 'A');

-- --------------------------------------------------------

--
-- Estructura de tabla para la tabla `tbconfig_TipoTamiz`
--

CREATE TABLE `tbconfig_TipoTamiz` (
  `Id` int NOT NULL,
  `descripcion` varchar(50) NOT NULL,
  `estado` char(1) NOT NULL DEFAULT 'A'
) ENGINE=InnoDB DEFAULT CHARSET=utf8mb3;

--
-- Volcado de datos para la tabla `tbconfig_TipoTamiz`
--

INSERT INTO `tbconfig_TipoTamiz` (`Id`, `descripcion`, `estado`) VALUES
(1, 'Redondo', 'A'),
(2, 'Cuadrado', 'A');

-- --------------------------------------------------------

--
-- Estructura de tabla para la tabla `tbconfig_unidadmedida`
--

CREATE TABLE `tbconfig_unidadmedida` (
  `Id` int NOT NULL,
  `descripcion` varchar(50) NOT NULL,
  `simbolo` varchar(10) NOT NULL,
  `estado` char(1) NOT NULL DEFAULT 'A'
) ENGINE=InnoDB DEFAULT CHARSET=utf8mb3;

--
-- Volcado de datos para la tabla `tbconfig_unidadmedida`
--

INSERT INTO `tbconfig_unidadmedida` (`Id`, `descripcion`, `simbolo`, `estado`) VALUES
(1, 'Pulgadas', '%%', 'A'),
(2, 'Milímetros', 'mm', 'A'),
(3, 'Mililitros', 'ml', 'A');

-- --------------------------------------------------------

--
-- Estructura de tabla para la tabla `tb_men_elemento`
--

CREATE TABLE `tb_men_elemento` (
  `cod_elemento` int NOT NULL,
  `cod_rol` int NOT NULL,
  `cod_seccion` int NOT NULL DEFAULT '1',
  `nom_elemento` varchar(255) NOT NULL,
  `tip_elemento` int NOT NULL DEFAULT '1',
  `url_elemento` varchar(255) NOT NULL,
  `ico_elemento` varchar(255) NOT NULL,
  `orden_elemento` int NOT NULL,
  `est_elemento` int NOT NULL DEFAULT '1'
) ENGINE=InnoDB DEFAULT CHARSET=latin1;

--
-- Volcado de datos para la tabla `tb_men_elemento`
--

INSERT INTO `tb_men_elemento` (`cod_elemento`, `cod_rol`, `cod_seccion`, `nom_elemento`, `tip_elemento`, `url_elemento`, `ico_elemento`, `orden_elemento`, `est_elemento`) VALUES
(1, 1, 1, 'Usuarios', 1, '', 'fa-home', 0, 1),
(2, 1, 9, 'Registro Unidades', 2, 'pesado_volquetes.php', 'fa-cubes', 0, 1),
(3, 1, 9, 'Resumen Unidades', 2, 'resumen_registrovigilancia.php', 'fa-tasks', 0, 1),
(7, 2, 4, 'Registro Unidades', 2, 'pesado_volquetes.php', 'fa-tasks', 0, 1),
(11, 4, 8, 'Resumen Balanza', 2, 'resumen_registrobalanza.php', 'fa-tasks', 9, 1),
(12, 3, 6, 'Registro Balanza', 2, 'registro_balanza_new.php', 'fa-cubes', 1, 1),
(13, 1, 2, 'Registro Balanza', 2, 'registro_balanza_new.php', 'fa-cubes', 0, 1),
(14, 1, 2, 'Resumen Balanza', 2, 'resumen_registrobalanza.php', 'fa-tasks', 9, 1),
(15, 3, 6, 'Resumen Balanza', 2, 'resumen_registrobalanza.php', 'fa-tasks', 9, 1),
(17, 5, 11, 'Registro Balanza', 2, 'registro_balanza_new.php', 'fa-cubes', 0, 1),
(18, 5, 11, 'Resumen Balanza', 2, 'resumen_registrobalanza.php', 'fa-tasks', 9, 1),
(19, 5, 12, 'Resumen Unidades', 2, 'resumen_registrovigilancia.php', 'fa-tasks', 0, 1),
(28, 1, 2, 'Carga Masiva de datos', 2, 'carga_masiva.php', 'fa-upload', 10, 1),
(29, 5, 11, 'Carga Masiva de datos', 2, 'carga_masiva.php', 'fa-upload', 10, 1),
(30, 1, 13, 'Análisis Manual (App)', 2, 'analisiscampo_registroapp.php', 'fa-mobile', 2, 1),
(31, 1, 1, 'Administración', 1, '', 'fa-cogs', 0, 1),
(32, 4, 7, 'Administración', 1, '', 'fa-cogs', 0, 1),
(33, 5, 10, 'Administración', 1, '', 'fa-cogs', 0, 1),
(34, 4, 14, 'Análisis Manual (App)', 2, 'analisiscampo_registroapp.php', 'fa-flask', 0, 1),
(35, 5, 15, 'Análisis Manual (App)', 2, 'analisiscampo_registroapp.php', 'fa-flask', 2, 1),
(36, 1, 13, 'Granulometría (Preparación)', 1, '', 'fa-asterisk', 3, 0),
(37, 1, 13, 'Humedad (Preparación)', 1, '', 'fa-eyedropper', 4, 0),
(38, 4, 14, 'Granulometría (Preparación)', 1, '', 'fa-asterisk', 0, 1),
(39, 4, 14, 'Humedad (Preparación)', 1, '', 'fa-eyedropper', 0, 1),
(40, 5, 15, 'Granulometría (Preparación)', 1, '', 'fa-asterisk', 3, 0),
(41, 5, 15, 'Humedad (Preparación)', 1, '', 'fa-eyedropper', 4, 0),
(42, 7, 16, 'Administración', 1, '', 'fa-cogs', 0, 1),
(43, 7, 17, 'Resumen Unidades', 2, 'resumen_registrovigilancia.php', 'fa-tasks', 0, 1),
(45, 2, 4, 'Resumen Unidades', 2, 'resumen_registrovigilancia.php', 'fa-cubes', 0, 1),
(46, 5, 15, 'Pre-Cierre Análisis Manual (App)', 2, 'analisiscampo_registroapp_precierre.php', 'fa-flask', 1, 1),
(47, 6, 18, 'Registro Balanza', 2, 'registro_balanza_new.php', 'fa-cubes', 1, 1),
(48, 6, 18, 'Resumen Balanza', 2, 'resumen_registrobalanza.php', 'fa-tasks', 9, 1),
(49, 1, 13, 'Pre-Cierre Análisis Manual (App)', 2, 'analisiscampo_registroapp_precierre.php', 'fa-flask', 1, 1),
(50, 6, 19, 'Granulometría (Preparación)', 1, '', 'fa-asterisk', 3, 0),
(51, 4, 8, 'Resumen Balanza (Nuevo)', 2, 'resumen_registrobalanza_new.php', 'fa-tasks', 2, 1),
(52, 1, 2, 'Resumen Balanza (Nuevo)', 2, 'resumen_registrobalanza_new.php', 'fa-tasks', 2, 1),
(53, 3, 6, 'Resumen Balanza (Nuevo)', 2, 'resumen_registrobalanza_new.php', 'fa-tasks', 2, 1),
(54, 5, 11, 'Resumen Balanza (Nuevo)', 2, 'resumen_registrobalanza_new.php', 'fa-tasks', 2, 1),
(55, 6, 18, 'Resumen Balanza (Nuevo)', 2, 'resumen_registrobalanza_new.php', 'fa-tasks', 2, 1),
(56, 1, 20, 'Configuración', 1, '', 'fa-asterisk', 1, 1),
(57, 5, 21, 'Configuración', 1, '', 'fa-asterisk', 1, 1),
(58, 6, 22, 'Configuración', 1, '', 'fa-asterisk', 1, 1),
(59, 1, 20, 'Análisis Datos', 2, 'analisiscampo_granulometria.php', 'fa-flask', 2, 1),
(60, 5, 21, 'Análisis Datos', 2, 'analisiscampo_granulometria.php', 'fa-flask', 2, 1),
(61, 6, 22, 'Análisis Datos', 2, 'analisiscampo_granulometria.php', 'fa-flask', 2, 1),
(62, 1, 20, 'Cierre Análisis', 2, 'analisiscampo_granulometria_precierre.php', 'fa-briefcase', 3, 1),
(63, 5, 21, 'Cierre Análisis', 2, 'analisiscampo_granulometria_precierre.php', 'fa-briefcase', 3, 1),
(64, 6, 22, 'Cierre Análisis', 2, 'analisiscampo_granulometria_precierre.php', 'fa-briefcase', 3, 1),
(65, 1, 20, 'Informes', 2, 'mtto_granulometria_informesagrupados.php', 'fa-book', 3, 1),
(66, 5, 21, 'Informes', 2, 'mtto_granulometria_informesagrupados.php', 'fa-book', 4, 1),
(67, 6, 22, 'Informes', 2, 'mtto_granulometria_informesagrupados.php', 'fa-book', 3, 1),
(68, 1, 23, 'Ingreso de Unidades', 2, 'preparacion_recepcionmuestras.php', 'fa-qrcode', 3, 1),
(69, 5, 24, 'Ingreso de Unidades', 2, 'preparacion_recepcionmuestras.php', 'fa-qrcode', 3, 1),
(70, 6, 25, 'Ingreso de Unidades', 2, 'preparacion_recepcionmuestras.php', 'fa-qrcode', 3, 1),
(71, 1, 26, 'Análisis Datos', 2, 'analisiscampo_humedad.php', 'fa-flask', 2, 1),
(72, 5, 27, 'Análisis Datos', 2, 'analisiscampo_humedad.php', 'fa-flask', 2, 1),
(73, 6, 28, 'Análisis Datos', 2, 'analisiscampo_humedad.php', 'fa-flask', 2, 1),
(74, 1, 29, 'Análisis Físico Químicos', 1, '', 'fa-eyedropper', 1, 1),
(75, 8, 30, 'Análisis Físico Químicos', 1, '', 'fa-eyedropper', 1, 1),
(76, 9, 31, 'Administración', 1, '', 'fa-cogs', 0, 1),
(77, 9, 32, 'Registro Balanza', 2, 'registro_balanza_new.php', 'fa-cubes', 0, 1),
(78, 9, 32, 'Resumen Balanza', 2, 'resumen_registrobalanza.php', 'fa-tasks', 9, 1),
(79, 9, 32, 'Carga Masiva de datos', 2, 'carga_masiva.php', 'fa-upload', 10, 1),
(80, 9, 32, 'Resumen Balanza (Nuevo)', 2, 'resumen_registrobalanza_new.php', 'fa-tasks', 2, 1),
(81, 9, 33, 'Resumen Unidades', 2, 'resumen_registrovigilancia.php', 'fa-tasks', 0, 1),
(82, 9, 34, 'Ingreso de Unidades', 2, 'preparacion_recepcionmuestras.php', 'fa-qrcode', 3, 1),
(83, 9, 35, 'Pre-Cierre Análisis Manual (App)', 2, 'analisiscampo_registroapp_precierre.php', 'fa-flask', 1, 1),
(84, 9, 35, 'Análisis Manual (App)', 2, 'analisiscampo_registroapp.php', 'fa-flask', 2, 1),
(85, 9, 36, 'Configuración', 1, '', 'fa-asterisk', 1, 1),
(86, 9, 36, 'Análisis Datos', 2, 'analisiscampo_granulometria.php', 'fa-flask', 2, 1),
(87, 9, 36, 'Cierre Análisis', 2, 'analisiscampo_granulometria_precierre.php', 'fa-briefcase', 3, 1),
(88, 9, 36, 'Informes', 2, 'mtto_granulometria_informesagrupados.php', 'fa-book', 4, 1),
(89, 9, 37, 'Análisis Datos', 2, 'analisiscampo_humedad.php', 'fa-flask', 2, 1),
(90, 9, 38, 'Análisis Físico Químicos', 1, '', 'fa-eyedropper', 1, 1),
(91, 1, 29, 'Análisis Azufre', 2, 'lq_analisisazufre.php', 'fa-skype', 1, 1),
(92, 8, 30, 'Análisis Azufre', 2, 'lq_analisisazufre.php', 'fa-skype', 1, 1),
(93, 9, 38, 'Análisis Azufre', 2, 'lq_analisisazufre.php', 'fa-skype', 1, 1),
(94, 1, 29, 'Análisis Densidad', 1, '', 'fa-codepen', 1, 1),
(95, 8, 30, 'Análisis Densidad', 1, '', 'fa-codepen', 1, 1),
(96, 9, 38, 'Análisis Densidad', 1, '', 'fa-codepen', 1, 1),
(97, 1, 39, 'Reporte Consolidado', 2, 'informes_reporteconsolidado.php', 'fa-newspaper-o', 1, 1),
(98, 5, 40, 'Reporte Consolidado', 2, 'informes_reporteconsolidado.php', 'fa-newspaper-o', 1, 1),
(99, 9, 41, 'Reporte Consolidado', 2, 'informes_reporteconsolidado.php', 'fa-newspaper-o', 1, 1),
(100, 1, 29, 'Informes y Gráficas', 1, '', 'fa-codepen', 1, 1),
(101, 8, 30, 'Informes y Gráficas', 1, '', 'fa-th', 1, 1),
(102, 9, 38, 'Informes y Gráficas', 1, '', 'fa-th', 1, 1),
(103, 5, 42, 'Análisis Físico Químicos', 1, '', 'fa-eyedropper', 1, 1),
(104, 5, 42, 'Análisis Azufre', 2, 'lq_analisisazufre.php', 'fa-skype', 1, 1),
(105, 5, 42, 'Análisis Densidad', 1, '', 'fa-codepen', 1, 1),
(106, 5, 12, 'Registro Unidades', 2, 'pesado_volquetes.php', 'fa-tasks', 0, 1),
(107, 8, 43, 'Registro Balanza', 2, 'registro_balanza_new.php', 'fa-cubes', 1, 1),
(108, 8, 43, 'Resumen Balanza (Nuevo)', 2, 'resumen_registrobalanza_new.php', 'fa-tasks', 2, 1),
(109, 8, 43, 'Resumen Balanza', 2, 'resumen_registrobalanza.php', 'fa-tasks', 9, 1),
(110, 8, 44, 'Ingreso de Unidades', 2, 'preparacion_recepcionmuestras.php', 'fa-qrcode', 3, 1),
(111, 8, 45, 'Pre-Cierre Análisis Manual (App)', 2, 'analisiscampo_registroapp_precierre.php', 'fa-flask', 1, 1),
(112, 8, 46, 'Configuración', 1, '', 'fa-asterisk', 1, 1),
(113, 8, 46, 'Análisis Datos', 2, 'analisiscampo_granulometria.php', 'fa-flask', 2, 1),
(114, 8, 46, 'Cierre Análisis', 2, 'analisiscampo_granulometria_precierre.php', 'fa-briefcase', 3, 1),
(115, 8, 46, 'Informes', 2, 'mtto_granulometria_informesagrupados.php', 'fa-book', 3, 1),
(116, 8, 47, 'Análisis Datos', 2, 'analisiscampo_humedad.php', 'fa-flask', 2, 1),
(117, 1, 48, 'General: Proveedor', 2, 'dashboard_generalxproveedor.php', 'fa-bar-chart', 1, 1),
(118, 5, 49, 'General: Proveedor', 2, 'dashboard_generalxproveedor.php', 'fa-bar-chart', 1, 1),
(119, 9, 50, 'General: Proveedor', 2, 'dashboard_generalxproveedor.php', 'fa-bar-chart', 1, 1),
(120, 1, 48, 'General: Semana por Material', 2, 'dashboard_generalxsemanaxmaterial.php', 'fa-tasks', 2, 1),
(121, 5, 49, 'General: Semana por Material', 2, 'dashboard_generalxsemanaxmaterial.php', 'fa-tasks', 2, 1),
(122, 9, 50, 'General: Semana por Material', 2, 'dashboard_generalxsemanaxmaterial.php', 'fa-tasks', 2, 1),
(123, 1, 48, 'General: Semana por Proveedor', 2, 'dashboard_generalxsemanaxproveedor.php', 'fa-columns', 3, 1),
(124, 5, 49, 'General: Semana por Proveedor', 2, 'dashboard_generalxsemanaxproveedor.php', 'fa-columns', 3, 1),
(125, 9, 50, 'General: Semana por Proveedor', 2, 'dashboard_generalxsemanaxproveedor.php', 'fa-columns', 3, 1),
(126, 11, 51, 'Usuarios', 1, '', 'fa-home', 0, 1),
(127, 11, 51, 'Administración', 1, '', 'fa-cogs', 0, 1),
(128, 11, 52, 'Registro Balanza', 2, 'registro_balanza_new.php', 'fa-cubes', 0, 1),
(129, 11, 52, 'Resumen Balanza', 2, 'resumen_registrobalanza.php', 'fa-tasks', 9, 1),
(130, 1, 52, 'Carga Masiva de datos', 2, 'carga_masiva.php', 'fa-upload', 10, 1),
(131, 11, 52, 'Resumen Balanza (Nuevo)', 2, 'resumen_registrobalanza_new.php', 'fa-tasks', 2, 1),
(132, 11, 53, 'Registro Unidades', 2, 'pesado_volquetes.php', 'fa-cubes', 0, 1),
(133, 11, 53, 'Resumen Unidades', 2, 'resumen_registrovigilancia.php', 'fa-tasks', 0, 1),
(134, 11, 54, 'Reporte Consolidado', 2, 'informes_reporteconsolidado.php', 'fa-newspaper-o', 3, 1),
(135, 11, 54, 'Informe Granulometría', 2, 'mtto_granulometria_informesagrupados.php', 'fa-book', 2, 1),
(136, 11, 54, 'Pre-Cierre Análisis Campo (App)', 2, 'analisiscampo_registroapp_precierre.php', 'fa-flask', 0, 1),
(137, 11, 55, 'General: Proveedor', 2, 'dashboard_generalxproveedor.php', 'fa-bar-chart', 1, 1),
(138, 11, 55, 'General: Semana por Material', 2, 'dashboard_generalxsemanaxmaterial.php', 'fa-tasks', 2, 1),
(139, 11, 55, 'General: Semana por Proveedor', 2, 'dashboard_generalxsemanaxproveedor.php', 'fa-columns', 3, 1),
(140, 12, 56, 'Usuarios', 1, '', 'fa-home', 0, 1),
(141, 12, 56, 'Administración', 1, '', 'fa-cogs', 0, 1),
(142, 12, 57, 'Resumen Balanza (Nuevo)', 2, 'resumen_registrobalanza_new.php', 'fa-tasks', 2, 1),
(143, 12, 58, 'Resumen Unidades', 2, 'resumen_registrovigilancia.php', 'fa-tasks', 0, 1),
(144, 12, 59, 'Análisis Manual (App)', 2, 'analisiscampo_registroapp.php', 'fa-mobile', 0, 1),
(145, 12, 59, 'Informes Granulometría', 2, 'mtto_granulometria_informesagrupados.php', 'fa-book', 2, 1),
(146, 12, 59, 'Reporte Consolidado', 2, 'informes_reporteconsolidado.php', 'fa-newspaper-o', 3, 1),
(147, 12, 60, 'General: Proveedor', 2, 'dashboard_generalxproveedor.php', 'fa-bar-chart', 1, 1),
(148, 12, 60, 'General: Semana por Material', 2, 'dashboard_generalxsemanaxmaterial.php', 'fa-tasks', 2, 1),
(149, 12, 60, 'General: Semana por Proveedor', 2, 'dashboard_generalxsemanaxproveedor.php', 'fa-columns', 3, 1),
(150, 1, 1, 'Operaciones', 1, '', 'fa-code-fork', 3, 1),
(151, 4, 7, 'Operaciones', 1, '', 'fa-code-fork', 3, 1),
(152, 5, 10, 'Operaciones', 1, '', 'fa-code-fork', 3, 1),
(153, 7, 16, 'Operaciones', 1, '', 'fa-code-fork', 3, 1),
(154, 9, 31, 'Operaciones', 1, '', 'fa-code-fork', 3, 1),
(155, 11, 51, 'Operaciones', 1, '', 'fa-code-fork', 3, 1),
(156, 12, 56, 'Operaciones', 1, '', 'fa-code-fork', 3, 1),
(157, 1, 61, 'Granulometría', 1, '', 'fa-building-o', 0, 1),
(158, 5, 62, 'Granulometría', 1, '', 'fa-building-o', 0, 1),
(159, 6, 63, 'Granulometría', 1, '', 'fa-building-o', 0, 1),
(160, 8, 64, 'Granulometría', 1, '', 'fa-building-o', 0, 1),
(161, 9, 65, 'Granulometría', 1, '', 'fa-building-o', 0, 1),
(162, 1, 61, 'Humedad', 2, 'analisiscampo_humedad.php', 'fa-flask', 1, 1),
(163, 5, 62, 'Humedad', 2, 'analisiscampo_humedad.php', 'fa-flask', 1, 1),
(164, 6, 63, 'Humedad', 2, 'analisiscampo_humedad.php', 'fa-flask', 1, 1),
(165, 8, 64, 'Humedad', 2, 'analisiscampo_humedad.php', 'fa-flask', 1, 1),
(166, 9, 65, 'Humedad', 2, 'analisiscampo_humedad.php', 'fa-flask', 1, 1),
(167, 1, 39, 'Informe de Despachos', 2, 'lq_informedespachos.php', 'fa-crop', 1, 1),
(168, 5, 40, 'Informe de Despachos', 2, 'lq_informedespachos.php', 'fa-crop', 1, 1),
(169, 9, 41, 'Informe de Despachos', 2, 'lq_informedespachos.php', 'fa-crop', 1, 1),
(170, 11, 54, 'Informe de Despachos', 2, 'lq_informedespachos.php', 'fa-crop', 1, 1),
(171, 12, 59, 'Informe de Despachos', 2, 'lq_informedespachos.php', 'fa-crop', 1, 1),
(172, 1, 39, 'Conceptos Adicionales', 2, 'informes_conceptosadicionales.php', 'fa-exclamation-triangle', 2, 1),
(173, 5, 40, 'Conceptos Adicionales', 2, 'informes_conceptosadicionales.php', 'fa-exclamation-triangle', 2, 1),
(174, 9, 41, 'Conceptos Adicionales', 2, 'informes_conceptosadicionales.php', 'fa-exclamation-triangle', 2, 1),
(175, 11, 54, 'Conceptos Adicionales', 2, 'informes_conceptosadicionales.php', 'fa-exclamation-triangle', 2, 1),
(176, 12, 59, 'Conceptos Adicionales', 2, 'informes_conceptosadicionales.php', 'fa-exclamation-triangle', 2, 1),
(177, 1, 48, 'Validación Materia Prima', 2, 'dashboard_validacionmateriaprima.php', 'fa-exchange', 0, 1),
(178, 5, 49, 'Validación Materia Prima', 2, 'dashboard_validacionmateriaprima.php', 'fa-exchange', 0, 1),
(179, 9, 50, 'Validación Materia Prima', 2, 'dashboard_validacionmateriaprima.php', 'fa-exchange', 0, 1),
(180, 11, 55, 'Validación Materia Prima', 2, 'dashboard_validacionmateriaprima.php', 'fa-exchange', 0, 1),
(181, 12, 60, 'Validación Materia Prima', 2, 'dashboard_validacionmateriaprima.php', 'fa-exchange', 0, 1),
(182, 1, 39, 'Informe de Análisis de Campo', 1, 'informes_analisiscampo.php', 'fa-external-link', 0, 1),
(183, 5, 40, 'Informe de Análisis de Campo', 1, 'informes_analisiscampo.php', 'fa-external-link', 0, 1),
(184, 9, 41, 'Informe de Análisis de Campo', 1, 'informes_analisiscampo.php', 'fa-external-link', 0, 1),
(185, 11, 54, 'Informe de Análisis de Campo', 1, 'informes_analisiscampo.php', 'fa-external-link', 0, 1),
(186, 12, 59, 'Informe de Análisis de Campo', 1, 'informes_analisiscampo.php', 'fa-external-link', 0, 1);

-- --------------------------------------------------------

--
-- Estructura de tabla para la tabla `tb_men_seccion`
--

CREATE TABLE `tb_men_seccion` (
  `cod_seccion` int NOT NULL,
  `cod_rol` int NOT NULL,
  `nom_seccion` varchar(255) NOT NULL,
  `orden` int NOT NULL,
  `est_seccion` int NOT NULL DEFAULT '1'
) ENGINE=InnoDB DEFAULT CHARSET=latin1;

--
-- Volcado de datos para la tabla `tb_men_seccion`
--

INSERT INTO `tb_men_seccion` (`cod_seccion`, `cod_rol`, `nom_seccion`, `orden`, `est_seccion`) VALUES
(1, 1, 'Configuración', 0, 1),
(2, 1, 'Gestión Balanza', 2, 1),
(4, 2, 'Registro de Volquetes', 0, 1),
(5, 3, 'Configuración', 0, 0),
(6, 3, 'Registro de Volquetes', 0, 1),
(7, 4, 'Configuración', 0, 1),
(8, 4, 'Resultados', 0, 1),
(9, 1, 'Gestión Vigilancia', 1, 1),
(10, 5, 'Configuración', 0, 1),
(11, 5, 'Gestión Balanza', 2, 1),
(12, 5, 'Gestión Vigilancia', 1, 1),
(13, 1, 'Análisis de Campo', 3, 1),
(14, 4, 'Análisis de Campo', 3, 1),
(15, 5, 'Análisis de Campo', 3, 1),
(16, 7, 'Configuración', 0, 1),
(17, 7, 'Registro de Volquetes', 0, 1),
(18, 6, 'Registro de Volquetes', 0, 1),
(19, 6, 'Análisis de Campo', 3, 0),
(20, 1, 'Granulometría (Preparación)', 6, 0),
(21, 5, 'Granulometría (Preparación)', 6, 0),
(22, 6, 'Granulometría (Preparación)', 6, 0),
(23, 1, 'Recepción de Muestras', 4, 1),
(24, 5, 'Recepción de Muestras', 4, 1),
(25, 6, 'Recepción de Muestras', 4, 1),
(26, 1, 'Humedad (Preparación)', 7, 0),
(27, 5, 'Humedad (Preparación)', 7, 0),
(28, 6, 'Humedad (Preparación)', 7, 0),
(29, 1, 'Análisis Químico', 6, 1),
(30, 8, 'Análisis Químico', 6, 1),
(31, 9, 'Configuración', 0, 1),
(32, 9, 'Gestión Balanza', 2, 1),
(33, 9, 'Gestión Vigilancia', 1, 1),
(34, 9, 'Recepción de Muestras', 4, 1),
(35, 9, 'Análisis de Campo', 3, 1),
(36, 9, 'Granulometría (Preparación)', 6, 0),
(37, 9, 'Humedad (Preparación)', 7, 0),
(38, 9, 'Análisis Químico', 6, 1),
(39, 1, 'Informes', 7, 1),
(40, 5, 'Informes', 7, 1),
(41, 9, 'Informes', 7, 1),
(42, 5, 'Análisis Químico', 6, 1),
(43, 8, 'Gestión Balanza', 2, 1),
(44, 8, 'Recepción de Muestras', 4, 1),
(45, 8, 'Análisis de Campo', 3, 1),
(46, 8, 'Granulometría (Preparación)', 6, 0),
(47, 8, 'Humedad (Preparación)', 7, 0),
(48, 1, 'Dashboards', 8, 1),
(49, 5, 'Dashboards', 8, 1),
(50, 9, 'Dashboards', 8, 1),
(51, 11, 'Configuración', 0, 1),
(52, 11, 'Gestión Balanza', 2, 1),
(53, 11, 'Gestión Vigilancia', 1, 1),
(54, 11, 'Informes', 7, 1),
(55, 11, 'Dashboards', 8, 1),
(56, 12, 'Configuración', 0, 1),
(57, 12, 'Gestión Balanza', 2, 1),
(58, 12, 'Gestión Vigilancia', 1, 1),
(59, 12, 'Informes', 7, 1),
(60, 12, 'Dashboards', 8, 1),
(61, 1, 'Preparación', 5, 1),
(62, 5, 'Preparación', 5, 1),
(63, 6, 'Preparación', 5, 1),
(64, 8, 'Preparación', 5, 1),
(65, 9, 'Preparación', 5, 1);

-- --------------------------------------------------------

--
-- Estructura de tabla para la tabla `tb_men_subelemento`
--

CREATE TABLE `tb_men_subelemento` (
  `cod_subelemento` int NOT NULL,
  `cod_rol` int NOT NULL,
  `cod_elemento` int NOT NULL DEFAULT '1',
  `nom_subelemento` varchar(255) NOT NULL,
  `url_subelemento` varchar(255) NOT NULL,
  `tipo_elemento` int NOT NULL DEFAULT '1',
  `ico_elemento` varchar(30) DEFAULT NULL,
  `est_subelemento` int NOT NULL
) ENGINE=InnoDB DEFAULT CHARSET=latin1;

--
-- Volcado de datos para la tabla `tb_men_subelemento`
--

INSERT INTO `tb_men_subelemento` (`cod_subelemento`, `cod_rol`, `cod_elemento`, `nom_subelemento`, `url_subelemento`, `tipo_elemento`, `ico_elemento`, `est_subelemento`) VALUES
(2, 1, 1, 'Nuevo Usuario', 'usuario-nuevo.php', 2, NULL, 1),
(3, 1, 31, 'Clientes / Proveedores / Transportistas', 'mtto_clientes.php', 2, NULL, 1),
(4, 1, 31, 'Conductores', 'mtto_conductores.php', 2, NULL, 1),
(5, 1, 150, 'Productos', 'mtto_productos.php', 2, NULL, 1),
(6, 1, 31, 'Tipos de Vehículo', 'mtto_tipovehiculos.php', 2, NULL, 1),
(7, 4, 32, 'Clientes / Proveedores / Transportistas', 'mtto_clientes.php', 2, NULL, 1),
(8, 4, 32, 'Conductores', 'mtto_conductores.php', 2, NULL, 1),
(9, 4, 151, 'Productos', 'mtto_productos.php', 2, NULL, 1),
(10, 4, 32, 'Tipos de Vehículo', 'mtto_tipovehiculos.php', 2, NULL, 1),
(11, 5, 33, 'Clientes / Proveedores / Transportistas', 'mtto_clientes.php', 2, NULL, 1),
(12, 5, 33, 'Conductores', 'mtto_conductores.php', 2, NULL, 1),
(13, 5, 152, 'Productos', 'mtto_productos.php', 2, NULL, 1),
(14, 5, 33, 'Tipos de Vehículo', 'mtto_tipovehiculos.php', 2, NULL, 1),
(15, 1, 36, 'Análisis de datos', 'analisiscampo_granulometria.php', 2, NULL, 1),
(16, 4, 38, 'Análisis de datos', 'analisiscampo_granulometria.php', 2, NULL, 1),
(17, 5, 40, 'Análisis de datos', 'analisiscampo_granulometria.php', 2, NULL, 1),
(18, 1, 31, 'Impresión Masiva de Tickets', 'print_balanza_masivo.php', 2, NULL, 1),
(19, 4, 32, 'Impresión Masiva de Tickets', 'print_balanza_masivo.php', 2, NULL, 1),
(20, 5, 33, 'Impresión Masiva de Tickets', 'print_balanza_masivo.php', 2, NULL, 1),
(21, 7, 42, 'Impresión Masiva de Tickets', 'print_balanza_masivo.php', 2, NULL, 1),
(22, 5, 33, 'Lista de Usuarios', 'usuario-lista.php', 2, NULL, 1),
(23, 5, 33, 'Nuevo Usuario', 'usuario-nuevo.php', 2, NULL, 1),
(24, 6, 50, 'Análisis de datos', 'analisiscampo_granulometria.php', 2, NULL, 1),
(25, 1, 36, 'Pre Cierre', 'analisiscampo_granulometria_precierre.php', 2, NULL, 1),
(26, 4, 38, 'Pre Cierre', 'analisiscampo_granulometria_precierre.php', 2, NULL, 1),
(27, 5, 40, 'Pre Cierre', 'analisiscampo_granulometria_precierre.php', 2, NULL, 1),
(28, 6, 50, 'Pre Cierre', 'analisiscampo_granulometria_precierre.php', 2, NULL, 1),
(29, 1, 56, 'Maestro de Mallas', 'mtto_granulometria_mallasmaestro.php', 2, NULL, 1),
(30, 5, 57, 'Maestro de Mallas', 'mtto_granulometria_mallasmaestro.php', 2, NULL, 1),
(31, 1, 56, 'Configuración de Mallas - Análisis', 'mtto_granulometria_mallasanalisis.php', 2, NULL, 1),
(32, 5, 57, 'Configuración de Mallas - Análisis', 'mtto_granulometria_mallasanalisis.php', 2, NULL, 1),
(33, 1, 56, 'Configuración de Campos - Informe', 'mtto_granulometria_informe.php', 2, NULL, 1),
(34, 5, 57, 'Configuración de Campos - Informe', 'mtto_granulometria_informe.php', 2, NULL, 1),
(35, 1, 36, 'Informes Agrupados', 'mtto_granulometria_informesagrupados.php', 2, NULL, 1),
(36, 5, 40, 'Informes Agrupados', 'mtto_granulometria_informesagrupados.php', 2, NULL, 1),
(37, 1, 74, 'Registro de Análisis', 'lq_analisishumedad.php', 2, NULL, 1),
(38, 8, 75, 'Registro de Análisis', 'lq_analisishumedad.php', 2, NULL, 1),
(39, 1, 74, 'Cierre Análisis', 'lq_analisishumedad_cierre.php', 2, NULL, 1),
(40, 8, 75, 'Cierre Análisis', 'lq_analisishumedad_cierre.php', 2, NULL, 0),
(41, 1, 74, 'Configuración de Estándares', 'lq_analisishumedad_estandares.php', 2, NULL, 1),
(42, 8, 75, 'Configuración de Estándares', 'lq_analisishumedad_estandares.php', 2, NULL, 0),
(43, 9, 76, 'Clientes / Proveedores / Transportistas', 'mtto_clientes.php', 2, NULL, 1),
(44, 9, 76, 'Conductores', 'mtto_conductores.php', 2, NULL, 1),
(45, 9, 154, 'Productos', 'mtto_productos.php', 2, NULL, 1),
(46, 9, 76, 'Tipos de Vehículo', 'mtto_tipovehiculos.php', 2, NULL, 1),
(47, 9, 76, 'Impresión Masiva de Tickets', 'print_balanza_masivo.php', 2, NULL, 1),
(48, 9, 76, 'Lista de Usuarios', 'usuario-lista.php', 2, NULL, 1),
(49, 9, 76, 'Nuevo Usuario', 'usuario-nuevo.php', 2, NULL, 1),
(50, 9, 85, 'Maestro de Mallas', 'mtto_granulometria_mallasmaestro.php', 2, NULL, 1),
(51, 9, 85, 'Configuración de Mallas - Análisis', 'mtto_granulometria_mallasanalisis.php', 2, NULL, 1),
(52, 9, 85, 'Configuración de Campos - Informe', 'mtto_granulometria_informe.php', 2, NULL, 1),
(53, 9, 90, 'Registro de Análisis', 'lq_analisishumedad.php', 2, NULL, 1),
(54, 9, 90, 'Cierre Análisis', 'lq_analisishumedad_cierre.php', 2, NULL, 1),
(55, 9, 90, 'Configuración de Estándares', 'lq_analisishumedad_estandares.php', 2, NULL, 1),
(56, 1, 91, 'Importación análisis', 'lq_analisisazufre.php', 2, NULL, 1),
(57, 8, 92, 'Importación análisis', 'lq_analisisazufre.php', 2, NULL, 1),
(58, 9, 93, 'Importación análisis', 'lq_analisisazufre.php', 2, NULL, 1),
(59, 1, 100, 'Reporte Consolidado', 'lq_reporteconsolidado.php', 2, NULL, 1),
(60, 8, 101, 'Reporte Consolidado', 'lq_reporteconsolidado.php', 2, NULL, 1),
(61, 9, 102, 'Reporte Consolidado', 'lq_reporteconsolidado.php', 2, NULL, 1),
(62, 5, 103, 'Registro de Análisis', 'lq_analisishumedad.php', 2, NULL, 1),
(63, 5, 103, 'Cierre Análisis', 'lq_analisishumedad_cierre.php', 2, NULL, 1),
(64, 5, 103, 'Configuración de Estándares', 'lq_analisishumedad_estandares.php', 2, NULL, 1),
(65, 8, 112, 'Maestro de Mallas', 'mtto_granulometria_mallasmaestro.php', 2, NULL, 1),
(66, 8, 112, 'Configuración de Mallas - Análisis', 'mtto_granulometria_mallasanalisis.php', 2, NULL, 1),
(67, 8, 112, 'Configuración de Campos - Informe', 'mtto_granulometria_informe.php', 2, NULL, 1),
(68, 1, 94, 'Registro de Análisis', 'lq_analisisdensidad.php', 2, NULL, 1),
(69, 1, 94, 'Resumen', 'lq_analisisdensidad_resumen.php', 2, NULL, 1),
(70, 8, 95, 'Registro de Análisis', 'lq_analisisdensidad.php', 2, NULL, 1),
(71, 8, 95, 'Resumen', 'lq_analisisdensidad_resumen.php', 2, NULL, 1),
(72, 9, 96, 'Registro de Análisis', 'lq_analisisdensidad.php', 2, NULL, 1),
(73, 9, 96, 'Resumen', 'lq_analisisdensidad_resumen.php', 2, NULL, 1),
(74, 5, 105, 'Registro de Análisis', 'lq_analisisdensidad.php', 2, NULL, 1),
(75, 5, 105, 'Resumen', 'lq_analisisdensidad_resumen.php', 2, NULL, 1),
(76, 11, 126, 'Lista de Usuarios', 'usuario-lista.php', 2, NULL, 1),
(77, 11, 126, 'Nuevo Usuario', 'usuario-nuevo.php', 2, NULL, 1),
(78, 11, 127, 'Clientes / Proveedores / Transportistas', 'mtto_clientes.php', 2, NULL, 1),
(79, 11, 127, 'Conductores', 'mtto_conductores.php', 2, NULL, 1),
(80, 11, 155, 'Productos', 'mtto_productos.php', 2, NULL, 1),
(81, 11, 127, 'Tipos de Vehículo', 'mtto_tipovehiculos.php', 2, NULL, 1),
(82, 11, 127, 'Impresión Masiva de Tickets', 'print_balanza_masivo.php', 2, NULL, 1),
(83, 12, 140, 'Lista de Usuarios', 'usuario-lista.php', 2, NULL, 1),
(84, 12, 140, 'Nuevo Usuario', 'usuario-nuevo.php', 2, NULL, 1),
(85, 12, 141, 'Clientes / Proveedores / Transportistas', 'mtto_clientes.php', 2, NULL, 1),
(86, 12, 141, 'Conductores', 'mtto_conductores.php', 2, NULL, 1),
(87, 12, 156, 'Productos', 'mtto_productos.php', 2, NULL, 1),
(88, 12, 141, 'Tipos de Vehículo', 'mtto_tipovehiculos.php', 2, NULL, 1),
(89, 12, 141, 'Impresión Masiva de Tickets', 'print_balanza_masivo.php', 2, NULL, 1),
(90, 1, 150, 'Módulos por Producto', 'mtto_productomodulos.php', 2, NULL, 1),
(91, 4, 151, 'Módulos por Producto', 'mtto_productomodulos.php', 2, NULL, 1),
(92, 5, 152, 'Módulos por Producto', 'mtto_productomodulos.php', 2, NULL, 1),
(93, 7, 153, 'Módulos por Producto', 'mtto_productomodulos.php', 2, NULL, 1),
(94, 9, 154, 'Módulos por Producto', 'mtto_productomodulos.php', 2, NULL, 1),
(95, 11, 155, 'Módulos por Producto', 'mtto_productomodulos.php', 2, NULL, 1),
(96, 12, 156, 'Módulos por Producto', 'mtto_productomodulos.php', 2, NULL, 1),
(97, 1, 157, 'Configuración', '', 1, 'fa-cogs', 1),
(98, 5, 158, 'Configuración', '', 1, 'fa-cogs', 1),
(99, 6, 159, 'Configuración', '', 1, 'fa-cogs', 1),
(100, 8, 160, 'Configuración', '', 1, 'fa-cogs', 1),
(101, 9, 161, 'Configuración', '', 1, 'fa-cogs', 1),
(102, 1, 157, 'Análisis Datos', 'analisiscampo_granulometria.php', 2, 'fa-flask', 1),
(103, 5, 158, 'Análisis Datos', 'analisiscampo_granulometria.php', 2, 'fa-flask', 1),
(104, 6, 159, 'Análisis Datos', 'analisiscampo_granulometria.php', 2, 'fa-flask', 1),
(105, 8, 160, 'Análisis Datos', 'analisiscampo_granulometria.php', 2, 'fa-flask', 1),
(106, 9, 161, 'Análisis Datos', 'analisiscampo_granulometria.php', 2, 'fa-flask', 1),
(107, 1, 157, 'Cierre Análisis', 'analisiscampo_granulometria_precierre.php', 2, 'fa-briefcase', 1),
(108, 5, 158, 'Cierre Análisis', 'analisiscampo_granulometria_precierre.php', 2, 'fa-briefcase', 1),
(109, 6, 159, 'Cierre Análisis', 'analisiscampo_granulometria_precierre.php', 2, 'fa-briefcase', 1),
(110, 8, 160, 'Cierre Análisis', 'analisiscampo_granulometria_precierre.php', 2, 'fa-briefcase', 1),
(111, 9, 161, 'Cierre Análisis', 'analisiscampo_granulometria_precierre.php', 2, 'fa-briefcase', 1),
(112, 1, 157, 'Informes', 'mtto_granulometria_informesagrupados.php', 2, 'fa-book', 1),
(113, 5, 158, 'Informes', 'mtto_granulometria_informesagrupados.php', 2, 'fa-book', 1),
(114, 6, 159, 'Informes', 'mtto_granulometria_informesagrupados.php', 2, 'fa-book', 1),
(115, 8, 160, 'Informes', 'mtto_granulometria_informesagrupados.php', 2, 'fa-book', 1),
(116, 9, 161, 'Informes', 'mtto_granulometria_informesagrupados.php', 2, 'fa-book', 1),
(117, 1, 100, 'Gráficas de Control', '', 1, NULL, 1),
(118, 8, 101, 'Gráficas de Control', '', 1, NULL, 1),
(119, 9, 102, 'Gráficas de Control', '', 1, NULL, 1),
(123, 1, 150, 'Mina de Origen', 'mtto_minaorigen.php', 2, NULL, 1),
(124, 4, 151, 'Mina de Origen', 'mtto_minaorigen.php', 2, NULL, 1),
(125, 4, 152, 'Mina de Origen', 'mtto_minaorigen.php', 2, NULL, 1),
(126, 7, 153, 'Mina de Origen', 'mtto_minaorigen.php', 2, NULL, 1),
(127, 9, 154, 'Mina de Origen', 'mtto_minaorigen.php', 2, NULL, 1),
(128, 11, 155, 'Mina de Origen', 'mtto_minaorigen.php', 2, NULL, 1),
(129, 12, 156, 'Mina de Origen', 'mtto_minaorigen.php', 2, NULL, 1),
(130, 1, 182, 'Informe de Unidades', 'informes_analisiscampo_unidades.php', 2, NULL, 1),
(131, 1, 182, 'Informe de Despachos', 'informes_analisiscampo_despachos.php', 2, NULL, 1),
(132, 5, 183, 'Informe de Unidades', 'informes_analisiscampo_unidades.php', 2, NULL, 1),
(133, 5, 183, 'Informe de Despachos', 'informes_analisiscampo_despachos.php', 2, NULL, 1),
(134, 9, 184, 'Informe de Unidades', 'informes_analisiscampo_unidades.php', 2, NULL, 1),
(135, 9, 184, 'Informe de Despachos', 'informes_analisiscampo_despachos.php', 2, NULL, 1),
(136, 11, 185, 'Informe de Unidades', 'informes_analisiscampo_unidades.php', 2, NULL, 1),
(137, 11, 185, 'Informe de Despachos', 'informes_analisiscampo_despachos.php', 2, NULL, 1),
(138, 12, 186, 'Informe de Unidades', 'informes_analisiscampo_unidades.php', 2, NULL, 1),
(139, 12, 186, 'Informe de Despachos', 'informes_analisiscampo_despachos.php', 2, NULL, 1);

-- --------------------------------------------------------

--
-- Estructura de tabla para la tabla `tb_men_subelemento2`
--

CREATE TABLE `tb_men_subelemento2` (
  `Id` int NOT NULL,
  `cod_rol` int NOT NULL,
  `cod_subelemento` int NOT NULL DEFAULT '1',
  `nom_subelemento2` varchar(255) NOT NULL,
  `url_subelemento2` varchar(255) NOT NULL,
  `est_subelemento2` int NOT NULL DEFAULT '1'
) ENGINE=InnoDB DEFAULT CHARSET=latin1;

--
-- Volcado de datos para la tabla `tb_men_subelemento2`
--

INSERT INTO `tb_men_subelemento2` (`Id`, `cod_rol`, `cod_subelemento`, `nom_subelemento2`, `url_subelemento2`, `est_subelemento2`) VALUES
(1, 1, 97, 'Maestro de Mallas', 'mtto_granulometria_mallasmaestro.php', 1),
(2, 5, 98, 'Maestro de Mallas', 'mtto_granulometria_mallasmaestro.php', 1),
(3, 6, 99, 'Maestro de Mallas', 'mtto_granulometria_mallasmaestro.php', 1),
(4, 8, 100, 'Maestro de Mallas', 'mtto_granulometria_mallasmaestro.php', 1),
(5, 9, 101, 'Maestro de Mallas', 'mtto_granulometria_mallasmaestro.php', 1),
(6, 1, 97, 'Mallas - Análisis', 'mtto_granulometria_mallasanalisis.php', 1),
(7, 5, 98, 'Mallas - Análisis', 'mtto_granulometria_mallasanalisis.php', 1),
(8, 6, 99, 'Mallas - Análisis', 'mtto_granulometria_mallasanalisis.php', 1),
(9, 8, 100, 'Mallas - Análisis', 'mtto_granulometria_mallasanalisis.php', 1),
(10, 9, 101, 'Mallas - Análisis', 'mtto_granulometria_mallasanalisis.php', 1),
(11, 1, 97, 'Campos - Informe', 'mtto_granulometria_informe.php', 1),
(12, 1, 117, 'Replicados y Duplicados', 'lq_graficascontrol.php', 1),
(13, 8, 118, 'Replicados y Duplicados', 'lq_graficascontrol.php', 1),
(14, 9, 119, 'Replicados y Duplicados', 'lq_graficascontrol.php', 1),
(15, 1, 117, 'Estándares', 'lq_graficasestandares.php', 1),
(16, 8, 118, 'Estándares', 'lq_graficasestandares.php', 1),
(17, 9, 119, 'Estándares', 'lq_graficasestandares.php', 1),
(18, 5, 98, 'Campos - Informe', 'mtto_granulometria_informe.php', 1);

-- --------------------------------------------------------

--
-- Estructura de tabla para la tabla `tb_rol`
--

CREATE TABLE `tb_rol` (
  `cod_rol` int NOT NULL,
  `nom_rol` varchar(255) NOT NULL,
  `est_rol` int NOT NULL DEFAULT '1'
) ENGINE=InnoDB DEFAULT CHARSET=latin1;

--
-- Volcado de datos para la tabla `tb_rol`
--

INSERT INTO `tb_rol` (`cod_rol`, `nom_rol`, `est_rol`) VALUES
(1, 'Administrador', 1),
(2, 'Vigilancia', 1),
(3, 'Operador Balanza', 1),
(4, 'Administración Sesuveca', 1),
(5, 'Administrador Operaciones', 1),
(6, 'Analista Laboratorio', 1),
(7, 'Asistencia Adm. Sesuveca', 1),
(8, 'Laboratorio Químico - Analista', 1),
(9, 'Laboratorio Químico - Supervisor', 1),
(10, 'Administración Sesuveca', 1),
(11, 'Administración Labinorte', 1),
(12, 'Gerencia', 1),
(13, 'LIMS - Análisis', 1);

-- --------------------------------------------------------

--
-- Estructura de tabla para la tabla `tb_sucursal`
--

CREATE TABLE `tb_sucursal` (
  `Id` int NOT NULL,
  `cod_sucursal` varchar(10) NOT NULL,
  `des_sucursal` varchar(150) NOT NULL,
  `departamento_sucursal` varchar(100) NOT NULL,
  `provincia_sucursal` varchar(100) NOT NULL,
  `distrito_sucursal` varchar(100) NOT NULL,
  `direccion_sucursal` varchar(500) NOT NULL,
  `telefono_sucursal` varchar(15) NOT NULL,
  `estado_sucursal` char(1) NOT NULL DEFAULT 'A'
) ENGINE=InnoDB DEFAULT CHARSET=latin1;

--
-- Volcado de datos para la tabla `tb_sucursal`
--

INSERT INTO `tb_sucursal` (`Id`, `cod_sucursal`, `des_sucursal`, `departamento_sucursal`, `provincia_sucursal`, `distrito_sucursal`, `direccion_sucursal`, `telefono_sucursal`, `estado_sucursal`) VALUES
(1, '001', 'Oficina Principal', 'La Libertad', 'Trujillo', 'Salaverry', '', '', 'A');

-- --------------------------------------------------------

--
-- Estructura de tabla para la tabla `tb_usuario`
--

CREATE TABLE `tb_usuario` (
  `Id` int NOT NULL,
  `cod_rol` int NOT NULL,
  `cod_sucursal` int NOT NULL,
  `usu_usuario` varchar(255) NOT NULL,
  `pas_usuario` varchar(255) NOT NULL,
  `nombres` varchar(255) NOT NULL,
  `apellidos` varchar(255) NOT NULL,
  `correo` varchar(200) NOT NULL,
  `telefono` varchar(12) DEFAULT NULL,
  `sexo` int NOT NULL DEFAULT '0',
  `estado` int DEFAULT '1',
  `id_vue` int NOT NULL DEFAULT '0',
  `registro_app` tinyint(1) NOT NULL DEFAULT '0',
  `precierre_app` tinyint(1) NOT NULL DEFAULT '0',
  `resultados_app` tinyint(1) NOT NULL DEFAULT '0',
  `lectura_app` tinyint(1) NOT NULL DEFAULT '0',
  `modifica_datospesos` tinyint(1) NOT NULL DEFAULT '0'
) ENGINE=InnoDB DEFAULT CHARSET=latin1;

--
-- Volcado de datos para la tabla `tb_usuario`
--

INSERT INTO `tb_usuario` (`Id`, `cod_rol`, `cod_sucursal`, `usu_usuario`, `pas_usuario`, `nombres`, `apellidos`, `correo`, `telefono`, `sexo`, `estado`, `id_vue`, `registro_app`, `precierre_app`, `resultados_app`, `lectura_app`, `modifica_datospesos`) VALUES
(1, 1, 1, 'mburga', 'e10adc3949ba59abbe56e057f20f883e', 'Max', 'Burga Nolasco', 'newsistemaxs@hotmail.com', '91280011', 0, 1, 3, 1, 0, 0, 0, 1),
(3, 2, 1, 'wrojas', '423ea22584387086a6d76afa09003f5c', 'WILFREDO', 'ROJAS BECERRA', 'newsistemaxs@hotmail.com', '999999999', 0, 1, 1, 0, 0, 0, 0, 0),
(4, 1, 1, 'jarmas', 'bf8cb5f383026877dc3eabf11a0d06a7', 'JESÚS ANTONIO', 'ARMAS GARCÍA', 'gerencia@labinorte.com', '999999999', 0, 1, 4, 1, 0, 0, 0, 0),
(5, 5, 1, 'yquispe', '84dd9ab6ccf17b164e6dffa36a4565ce', 'YHORDAN ELY', 'QUISPE HUACCHA', 'newsistemaxs@hotmail.com', '999999999', 0, 1, 5, 0, 1, 0, 0, 0),
(6, 5, 1, 'varedo', '14f9b2a27f85cb4007f701c30c6e739d', 'Víctor Alexander', 'Aredo Chinga', 'jefatura@labinorte.com', '999999999', 0, 1, 6, 0, 1, 0, 0, 1),
(7, 2, 1, 'rbarrantes', '1c168a015a745b9fb07001a13fb9ab47', 'RICHARD TOM', 'BARRANTES ALMEIDA', 'newsistemaxs@hotmail.com', '999999999', 0, 1, 7, 0, 0, 0, 0, 0),
(8, 2, 1, 'rmanuyama', 'e10adc3949ba59abbe56e057f20f883e', 'ROBIN', 'MANUYAMA KERRY', 'newsistemaxs@hotmail.com', '999999999', 0, 1, 8, 0, 0, 0, 0, 0),
(9, 6, 1, 'analisis_campo', 'e10adc3949ba59abbe56e057f20f883e', 'Análisis', 'De Campo', 'newsistemaxs@hotmail.com', '999999999', 0, 1, 25, 1, 0, 0, 0, 0),
(10, 6, 1, 'cparedes', '80cd63ae7660371ee78bb27e37067fc2', 'Julio Cesar', 'Paredes Inchaustegui', 'muestreo1@labinorte.com', '902711870', 0, 1, 9, 1, 0, 0, 0, 0),
(14, 6, 1, 'lpretell', '818c63506170e93a6e9f7d36991065f3', 'Luis Antonio', 'Prettel Villalobos', 'XX', 'XX', 0, 1, 13, 1, 0, 0, 0, 0),
(16, 6, 1, 'jtiznado', 'e10adc3949ba59abbe56e057f20f883e', 'Junior Fernando', 'Tiznado Diaz', '', '', 0, 1, 15, 1, 0, 0, 0, 0),
(17, 8, 1, 'lbecerra', 'e10adc3949ba59abbe56e057f20f883e', 'Luis ', 'Becerra Pompa', '', '', 0, 1, 16, 1, 0, 0, 0, 0),
(19, 5, 1, 'mpinedo', 'd8d61247603b21a4c1633206cedaeccd', 'Mirco Elkin', 'Pinedo Rodriguez', '', '', 0, 1, 18, 0, 0, 0, 1, 0),
(20, 9, 1, 'LPRETELL', '818c63506170e93a6e9f7d36991065f3', 'LUIS ANTONIO', 'PRETELL VILLALOBOS', '', '', 0, 1, 19, 0, 1, 0, 0, 0),
(21, 6, 1, 'aavalos93', '46fc4ef42c550ce92b2f1236e550e204', 'Colbert Anghielo', 'Avalos Alas', '', '', 0, 1, 20, 1, 0, 0, 0, 0),
(22, 5, 1, 'jarana', '2ecf63668ba38374ae6931c4fef479ae', 'John Gonzalo', 'Arana Natividad', 'muestreo@labinorte.com', '985522831', 0, 1, 21, 1, 0, 0, 0, 0),
(23, 12, 1, 'pcarazas', 'e10adc3949ba59abbe56e057f20f883e', 'Percy', 'Carazas Gonzalez', 'director@sesuvecadelperu.com', '971447001', 0, 1, 22, 0, 0, 1, 0, 0),
(24, 12, 1, 'jjimenez', 'e10adc3949ba59abbe56e057f20f883e', 'Julio Cesar', 'JImenez Suarez', 'operaciones@sesuvecadelperu.com', '976228371', 0, 1, 23, 0, 0, 1, 0, 0),
(25, 2, 1, 'clozada', 'ff19e21d5b86c5a43007dbd0b5e71d16', 'Carlos ', 'Lozada Valverde', '', '', 0, 1, 24, 0, 0, 0, 0, 0),
(26, 5, 1, 'krosado', 'cb9d26550fcc818b2b0a90ccb782291b', 'Katherinne Elizabeth', 'Rosado Zevallos', 'administracion@labinorte.com', '948658186', 1, 1, 26, 0, 0, 0, 0, 0),
(27, 2, 1, 'jsenisario', 'e10adc3949ba59abbe56e057f20f883e', 'Jaime', 'Senisario Corzano', '-', '-', 0, 1, 27, 0, 0, 0, 0, 0),
(28, 4, 1, 'csaravia', 'e10adc3949ba59abbe56e057f20f883e', 'Cynthia Aracelly', 'Saravia Carranza', 'asistencia.presidencia@sesuvecadelperu.com', '986778034', 1, 1, 28, 0, 0, 0, 0, 1),
(29, 1, 1, 'Anthonym', 'fdb168bd3a518f4993766400e61e030d', 'Anthony ', 'Minchola', 'administracion@sesuvecadelperu.com', '983928183', 0, 1, 29, 0, 0, 0, 0, 0),
(32, 7, 1, 'rosahenriquez', '9add9290bc4c6af19106d9bc952caabd', 'Rosa', 'henriquez', 'materiaprima@sesuvecadelperu.com', '991340657', 1, 1, 32, 0, 0, 0, 1, 0),
(33, 4, 1, 'Eddydy', '5e94ba2994a4f4a8424188420fd0418f', 'Eddy ', 'Espinoza', 'administracion2@gmail.com', '987858016', 0, 1, 33, 0, 0, 0, 0, 0),
(40, 5, 1, 'mpinedo_app', 'e10adc3949ba59abbe56e057f20f883e', 'Mirco Elkin', 'Pinedo Rodriguez', '', '', 0, 1, 41, 1, 0, 0, 0, 0),
(41, 2, 1, 'gsiccha', 'bf601784bc31d2c12156fe92d68be10c', 'Gianpiere Wenceslao', 'Siccha Florian', 'jcvseguridad.sesuveca@gmail.com', '-', 0, 1, 39, 0, 0, 0, 0, 0),
(42, 2, 1, 'mtrigoso', '31853d3999808bd8370990307929a710', 'Marildo ', 'Trigoso Cruzado', 'jcvseguridad.sesuveca@gmail.com', '-', 0, 1, 40, 0, 0, 0, 0, 0),
(45, 9, 1, 'laboratorio_pruebas', 'e10adc3949ba59abbe56e057f20f883e', 'Pruebas', 'Laboratorio Químico', 'newsistemaxs@hotmail.com', '999999999', 0, 0, 0, 0, 0, 0, 0, 0),
(47, 1, 1, 'leco_832', 'e10adc3949ba59abbe56e057f20f883e', 'Equipo de Análisis de Azufre', '', 'newsistemaxs@hotmail.com', '999999999', 0, 1, 44, 0, 0, 0, 0, 0),
(48, 5, 1, 'jaranag', 'e10adc3949ba59abbe56e057f20f883e', 'John Gonzalo', 'Arana Natividad', 'muestreo@labinorte.com', '985522831', 0, 1, 21, 0, 1, 0, 0, 0),
(49, 6, 1, 'JSAUCEDO', '28047f5eb61731efa7ab335162d3ed12', 'JHULINIO ', 'SAUCEDO AVALOS', '111', '111', 0, 1, 0, 1, 0, 0, 0, 0),
(50, 1, 1, 'jarmas_G', 'bf8cb5f383026877dc3eabf11a0d06a7', 'JESÚS ANTONIO', 'ARMAS GARCÍA', 'gerencia@labinorte.com', '999999999', 0, 1, 4, 0, 0, 1, 0, 0),
(51, 8, 1, 'KCORONADO', '571a2238af82fa6e64cb83a82763b30b', 'KATY', 'CORONADO MORAN', 'XX', 'XX', 1, 1, 0, 1, 0, 0, 0, 0),
(52, 8, 1, 'GRIOS', '749d34ca4147c2e8f89dfa72d4d7ccd8', 'GIOVANA NOEMI', 'RIOS SIERRA', 'XX', 'XX', 1, 1, 0, 1, 0, 0, 0, 0),
(53, 8, 1, 'CFIGUEROA', 'e10adc3949ba59abbe56e057f20f883e', 'CARMEN ROSA', 'FIGUEROA RUIZ', '-', '943272868', 1, 1, 0, 1, 0, 0, 0, 0),
(54, 6, 1, 'DSAUCEDO', '56f05cba618d141fba5441369adccf98', 'JUAN DANIEL', 'SAUCEDO AVALOS', '-', '950989360', 0, 1, 0, 0, 0, 0, 0, 0),
(55, 6, 1, 'JPOLO', '8e54d14dc81b8fb0211f50be9501489d', 'JAVIER FRANCISCO', 'POLO CORDOVA', '-', '966148406', 0, 1, 0, 0, 0, 0, 0, 0),
(56, 6, 1, 'JVILCHEZ', 'e10adc3949ba59abbe56e057f20f883e', 'JOSE ANTONIO', 'VILCHEZ PRINCIPE', '-', '967163515', 0, 1, 0, 1, 0, 0, 0, 0),
(57, 6, 1, 'KROSADOAPP', 'e10adc3949ba59abbe56e057f20f883e', 'KATHERINNE', 'ROSADO ZEVALLOS', '-', '-', 1, 1, 0, 1, 0, 0, 0, 0),
(58, 2, 1, 'CFERNANDEZ', '4079586611ce44ca4db766fcf14dd705', 'CARLOS', 'FERNANDEZ', '-', '-', 0, 1, 0, 0, 0, 0, 0, 0),
(59, 2, 1, 'RREAÑO', '32a555597c8fd00d867610dce9899e74', 'RANDOLPH', 'REAÑO REINOSO', '-', '926906649', 0, 1, 0, 0, 0, 0, 0, 0),
(60, 6, 1, 'AARTEAGA', 'c8f3008fc1c90581eb8248e2b42a09d6', 'ABNER ANDRE ', 'ARTEAGA ABANTO', 'XX', 'XX', 0, 1, 0, 0, 0, 0, 0, 0),
(61, 6, 1, 'IBARRETO', 'ccc4060921dd0e1758795721973cbc0b', 'IRVIN ', 'BARRETO VERA', 'XX', 'X', 0, 1, 0, 0, 0, 0, 0, 0),
(62, 8, 1, 'atisnado', 'e10adc3949ba59abbe56e057f20f883e', 'Angela Luciana ', 'Tisnado Leon', '-', '-', 1, 1, 0, 0, 0, 0, 0, 0);

--
-- Índices para tablas volcadas
--

--
-- Indices de la tabla `analisiscampo_modulosproducto`
--
ALTER TABLE `analisiscampo_modulosproducto`
  ADD PRIMARY KEY (`Id`);

--
-- Indices de la tabla `analisiscampo_modulosproducto_granulometria`
--
ALTER TABLE `analisiscampo_modulosproducto_granulometria`
  ADD PRIMARY KEY (`Id`);

--
-- Indices de la tabla `analisiscampo_modulosproducto_granulometria_Bk11122021`
--
ALTER TABLE `analisiscampo_modulosproducto_granulometria_Bk11122021`
  ADD PRIMARY KEY (`Id`);

--
-- Indices de la tabla `AnalisisLQ_Azufre`
--
ALTER TABLE `AnalisisLQ_Azufre`
  ADD PRIMARY KEY (`Id`);

--
-- Indices de la tabla `AnalisisLQ_Densidad`
--
ALTER TABLE `AnalisisLQ_Densidad`
  ADD PRIMARY KEY (`Id`);

--
-- Indices de la tabla `AnalisisLQ_Densidad_Detalle`
--
ALTER TABLE `AnalisisLQ_Densidad_Detalle`
  ADD PRIMARY KEY (`Id`);

--
-- Indices de la tabla `AnalisisLQ_Humedad_Cierre`
--
ALTER TABLE `AnalisisLQ_Humedad_Cierre`
  ADD PRIMARY KEY (`Id`);

--
-- Indices de la tabla `AnalisisLQ_Humedad_Estandares`
--
ALTER TABLE `AnalisisLQ_Humedad_Estandares`
  ADD PRIMARY KEY (`Id`);

--
-- Indices de la tabla `AnalisisLQ_Humedad_EstandaresConfiguracion`
--
ALTER TABLE `AnalisisLQ_Humedad_EstandaresConfiguracion`
  ADD PRIMARY KEY (`Id`);

--
-- Indices de la tabla `AnalisisLQ_Humedad_Rack`
--
ALTER TABLE `AnalisisLQ_Humedad_Rack`
  ADD PRIMARY KEY (`Id`);

--
-- Indices de la tabla `AnalisisLQ_Humedad_RackAnalisis`
--
ALTER TABLE `AnalisisLQ_Humedad_RackAnalisis`
  ADD PRIMARY KEY (`Id`);

--
-- Indices de la tabla `AnalisisLQ_Humedad_RackAnalisis_Detalle`
--
ALTER TABLE `AnalisisLQ_Humedad_RackAnalisis_Detalle`
  ADD PRIMARY KEY (`Id`);

--
-- Indices de la tabla `AnalisisLQ_Humedad_RackAnalisis_Detalle_Cierre`
--
ALTER TABLE `AnalisisLQ_Humedad_RackAnalisis_Detalle_Cierre`
  ADD PRIMARY KEY (`Id`);

--
-- Indices de la tabla `Analisis_Muestras`
--
ALTER TABLE `Analisis_Muestras`
  ADD PRIMARY KEY (`Id`);

--
-- Indices de la tabla `Analisis_Muestras_Bk07112022`
--
ALTER TABLE `Analisis_Muestras_Bk07112022`
  ADD PRIMARY KEY (`Id`);

--
-- Indices de la tabla `Analisis_Muestras_Bk12012022`
--
ALTER TABLE `Analisis_Muestras_Bk12012022`
  ADD PRIMARY KEY (`Id`);

--
-- Indices de la tabla `Analisis_Muestras_Bk14012022`
--
ALTER TABLE `Analisis_Muestras_Bk14012022`
  ADD PRIMARY KEY (`Id`);

--
-- Indices de la tabla `Analisis_Muestras_Bk15102021`
--
ALTER TABLE `Analisis_Muestras_Bk15102021`
  ADD PRIMARY KEY (`Id`);

--
-- Indices de la tabla `Analisis_Muestras_Bk21012022`
--
ALTER TABLE `Analisis_Muestras_Bk21012022`
  ADD PRIMARY KEY (`Id`);

--
-- Indices de la tabla `Analisis_Muestras_Cierres`
--
ALTER TABLE `Analisis_Muestras_Cierres`
  ADD PRIMARY KEY (`Id`);

--
-- Indices de la tabla `Analisis_Muestras_Granulometria`
--
ALTER TABLE `Analisis_Muestras_Granulometria`
  ADD PRIMARY KEY (`Id`);

--
-- Indices de la tabla `Analisis_Muestras_Granulometria_Bk12122021`
--
ALTER TABLE `Analisis_Muestras_Granulometria_Bk12122021`
  ADD PRIMARY KEY (`Id`);

--
-- Indices de la tabla `Analisis_Muestras_Granulometria_Bk15102021`
--
ALTER TABLE `Analisis_Muestras_Granulometria_Bk15102021`
  ADD PRIMARY KEY (`Id`);

--
-- Indices de la tabla `Analisis_Muestras_Granulometria_Bk18112021`
--
ALTER TABLE `Analisis_Muestras_Granulometria_Bk18112021`
  ADD PRIMARY KEY (`Id`);

--
-- Indices de la tabla `Analisis_Muestras_Granulometria_InformeCamposMallasCierre`
--
ALTER TABLE `Analisis_Muestras_Granulometria_InformeCamposMallasCierre`
  ADD PRIMARY KEY (`Id`);

--
-- Indices de la tabla `Analisis_Muestras_Granulometria_InformeCierre`
--
ALTER TABLE `Analisis_Muestras_Granulometria_InformeCierre`
  ADD PRIMARY KEY (`Id`);

--
-- Indices de la tabla `Analisis_Muestras_Granulometria_InformeCierre_Bk15122021`
--
ALTER TABLE `Analisis_Muestras_Granulometria_InformeCierre_Bk15122021`
  ADD PRIMARY KEY (`Id`);

--
-- Indices de la tabla `Analisis_Muestras_Granulometria_InformeCierre_Log`
--
ALTER TABLE `Analisis_Muestras_Granulometria_InformeCierre_Log`
  ADD PRIMARY KEY (`Id`);

--
-- Indices de la tabla `Analisis_Muestras_Granulometria_InformesAgrupados`
--
ALTER TABLE `Analisis_Muestras_Granulometria_InformesAgrupados`
  ADD PRIMARY KEY (`Id`);

--
-- Indices de la tabla `Analisis_Muestras_Granulometria_InformesAgrupados_Bk22042022`
--
ALTER TABLE `Analisis_Muestras_Granulometria_InformesAgrupados_Bk22042022`
  ADD PRIMARY KEY (`Id`);

--
-- Indices de la tabla `Analisis_Muestras_Granulometria_InformesAgrupados_CodigoInforme`
--
ALTER TABLE `Analisis_Muestras_Granulometria_InformesAgrupados_CodigoInforme`
  ADD PRIMARY KEY (`Id`);

--
-- Indices de la tabla `Analisis_Muestras_Granulometria_InformesAgrupados_CodigoInforme_`
--
ALTER TABLE `Analisis_Muestras_Granulometria_InformesAgrupados_CodigoInforme_`
  ADD PRIMARY KEY (`Id`);

--
-- Indices de la tabla `Analisis_Muestras_Granulometria_Log`
--
ALTER TABLE `Analisis_Muestras_Granulometria_Log`
  ADD PRIMARY KEY (`Id`);

--
-- Indices de la tabla `Analisis_Muestras_Granulometria_Old`
--
ALTER TABLE `Analisis_Muestras_Granulometria_Old`
  ADD PRIMARY KEY (`Id`);

--
-- Indices de la tabla `Analisis_Muestras_Granulometria_ReporteConsolidado`
--
ALTER TABLE `Analisis_Muestras_Granulometria_ReporteConsolidado`
  ADD PRIMARY KEY (`Id`);

--
-- Indices de la tabla `Analisis_Muestras_Humedad`
--
ALTER TABLE `Analisis_Muestras_Humedad`
  ADD PRIMARY KEY (`Id`);

--
-- Indices de la tabla `Analisis_Muestras_Humedad_Log`
--
ALTER TABLE `Analisis_Muestras_Humedad_Log`
  ADD PRIMARY KEY (`Id`);

--
-- Indices de la tabla `Analisis_Muestras_Log`
--
ALTER TABLE `Analisis_Muestras_Log`
  ADD PRIMARY KEY (`Id`);

--
-- Indices de la tabla `Analisis_Muestras_Observaciones`
--
ALTER TABLE `Analisis_Muestras_Observaciones`
  ADD PRIMARY KEY (`Id`);

--
-- Indices de la tabla `Analisis_Muestras_ReabrirLog`
--
ALTER TABLE `Analisis_Muestras_ReabrirLog`
  ADD PRIMARY KEY (`Id`);

--
-- Indices de la tabla `informes_analisiscampo_despachos`
--
ALTER TABLE `informes_analisiscampo_despachos`
  ADD PRIMARY KEY (`Id`);

--
-- Indices de la tabla `informes_analisiscampo_despachos_codigoinformes`
--
ALTER TABLE `informes_analisiscampo_despachos_codigoinformes`
  ADD PRIMARY KEY (`Id`);

--
-- Indices de la tabla `informes_analisiscampo_unidades`
--
ALTER TABLE `informes_analisiscampo_unidades`
  ADD PRIMARY KEY (`Id`);

--
-- Indices de la tabla `informes_analisiscampo_unidades_codigoinformes`
--
ALTER TABLE `informes_analisiscampo_unidades_codigoinformes`
  ADD PRIMARY KEY (`Id`);

--
-- Indices de la tabla `informes_lq_despachos`
--
ALTER TABLE `informes_lq_despachos`
  ADD PRIMARY KEY (`Id`);

--
-- Indices de la tabla `informes_lq_despachos_codigoinformes`
--
ALTER TABLE `informes_lq_despachos_codigoinformes`
  ADD PRIMARY KEY (`Id`);

--
-- Indices de la tabla `informe_ReporteConsolidado`
--
ALTER TABLE `informe_ReporteConsolidado`
  ADD PRIMARY KEY (`cod_peso`);

--
-- Indices de la tabla `informe_ReporteConsolidado_Bk25102022`
--
ALTER TABLE `informe_ReporteConsolidado_Bk25102022`
  ADD PRIMARY KEY (`cod_peso`);

--
-- Indices de la tabla `informe_ReporteConsolidado_ConceptosAdicionales`
--
ALTER TABLE `informe_ReporteConsolidado_ConceptosAdicionales`
  ADD PRIMARY KEY (`Id`);

--
-- Indices de la tabla `Preparacion_RecepcionMuestras`
--
ALTER TABLE `Preparacion_RecepcionMuestras`
  ADD PRIMARY KEY (`Id`);

--
-- Indices de la tabla `tbconfig_clientes`
--
ALTER TABLE `tbconfig_clientes`
  ADD PRIMARY KEY (`Id`);

--
-- Indices de la tabla `tbconfig_clientes_old`
--
ALTER TABLE `tbconfig_clientes_old`
  ADD PRIMARY KEY (`Id`);

--
-- Indices de la tabla `tbconfig_detalleenvase`
--
ALTER TABLE `tbconfig_detalleenvase`
  ADD PRIMARY KEY (`Id`);

--
-- Indices de la tabla `tbconfig_Elementos`
--
ALTER TABLE `tbconfig_Elementos`
  ADD PRIMARY KEY (`Id`);

--
-- Indices de la tabla `tbconfig_Fiola`
--
ALTER TABLE `tbconfig_Fiola`
  ADD PRIMARY KEY (`Id`);

--
-- Indices de la tabla `tbconfig_humedadbandejas`
--
ALTER TABLE `tbconfig_humedadbandejas`
  ADD PRIMARY KEY (`Id`);

--
-- Indices de la tabla `tbconfig_humedadestufas`
--
ALTER TABLE `tbconfig_humedadestufas`
  ADD PRIMARY KEY (`Id`);

--
-- Indices de la tabla `tbconfig_humedadLQ_hornos`
--
ALTER TABLE `tbconfig_humedadLQ_hornos`
  ADD PRIMARY KEY (`Id`);

--
-- Indices de la tabla `tbconfig_humedad_tipoanalisis`
--
ALTER TABLE `tbconfig_humedad_tipoanalisis`
  ADD PRIMARY KEY (`Id`);

--
-- Indices de la tabla `tbconfig_informes_granulometria`
--
ALTER TABLE `tbconfig_informes_granulometria`
  ADD PRIMARY KEY (`Id`);

--
-- Indices de la tabla `tbconfig_informes_granulometria_campos`
--
ALTER TABLE `tbconfig_informes_granulometria_campos`
  ADD PRIMARY KEY (`Id`);

--
-- Indices de la tabla `tbconfig_LQGraficasControl_Limites`
--
ALTER TABLE `tbconfig_LQGraficasControl_Limites`
  ADD PRIMARY KEY (`Id`);

--
-- Indices de la tabla `tbconfig_mallas`
--
ALTER TABLE `tbconfig_mallas`
  ADD PRIMARY KEY (`Id`);

--
-- Indices de la tabla `tbconfig_modulosanalisiscampo`
--
ALTER TABLE `tbconfig_modulosanalisiscampo`
  ADD PRIMARY KEY (`Id`);

--
-- Indices de la tabla `tbconfig_plataformas`
--
ALTER TABLE `tbconfig_plataformas`
  ADD PRIMARY KEY (`Id`);

--
-- Indices de la tabla `tbconfig_productos`
--
ALTER TABLE `tbconfig_productos`
  ADD PRIMARY KEY (`Id`);

--
-- Indices de la tabla `tbconfig_reporteconsolidado_compraventa`
--
ALTER TABLE `tbconfig_reporteconsolidado_compraventa`
  ADD PRIMARY KEY (`Id`);

--
-- Indices de la tabla `tbconfig_tipocliente`
--
ALTER TABLE `tbconfig_tipocliente`
  ADD PRIMARY KEY (`Id`);

--
-- Indices de la tabla `tbconfig_tipodocumento`
--
ALTER TABLE `tbconfig_tipodocumento`
  ADD PRIMARY KEY (`Id`);

--
-- Indices de la tabla `tbconfig_tipohumedad`
--
ALTER TABLE `tbconfig_tipohumedad`
  ADD PRIMARY KEY (`Id`);

--
-- Indices de la tabla `tbconfig_TipoTamiz`
--
ALTER TABLE `tbconfig_TipoTamiz`
  ADD PRIMARY KEY (`Id`);

--
-- Indices de la tabla `tbconfig_unidadmedida`
--
ALTER TABLE `tbconfig_unidadmedida`
  ADD PRIMARY KEY (`Id`);

--
-- Indices de la tabla `tb_men_elemento`
--
ALTER TABLE `tb_men_elemento`
  ADD PRIMARY KEY (`cod_elemento`);

--
-- Indices de la tabla `tb_men_seccion`
--
ALTER TABLE `tb_men_seccion`
  ADD PRIMARY KEY (`cod_seccion`);

--
-- Indices de la tabla `tb_men_subelemento`
--
ALTER TABLE `tb_men_subelemento`
  ADD PRIMARY KEY (`cod_subelemento`);

--
-- Indices de la tabla `tb_men_subelemento2`
--
ALTER TABLE `tb_men_subelemento2`
  ADD PRIMARY KEY (`Id`);

--
-- Indices de la tabla `tb_rol`
--
ALTER TABLE `tb_rol`
  ADD PRIMARY KEY (`cod_rol`);

--
-- Indices de la tabla `tb_sucursal`
--
ALTER TABLE `tb_sucursal`
  ADD PRIMARY KEY (`Id`);

--
-- Indices de la tabla `tb_usuario`
--
ALTER TABLE `tb_usuario`
  ADD PRIMARY KEY (`Id`);

--
-- AUTO_INCREMENT de las tablas volcadas
--

--
-- AUTO_INCREMENT de la tabla `analisiscampo_modulosproducto`
--
ALTER TABLE `analisiscampo_modulosproducto`
  MODIFY `Id` int NOT NULL AUTO_INCREMENT, AUTO_INCREMENT=116;

--
-- AUTO_INCREMENT de la tabla `analisiscampo_modulosproducto_granulometria`
--
ALTER TABLE `analisiscampo_modulosproducto_granulometria`
  MODIFY `Id` int NOT NULL AUTO_INCREMENT, AUTO_INCREMENT=232;

--
-- AUTO_INCREMENT de la tabla `analisiscampo_modulosproducto_granulometria_Bk11122021`
--
ALTER TABLE `analisiscampo_modulosproducto_granulometria_Bk11122021`
  MODIFY `Id` int NOT NULL AUTO_INCREMENT, AUTO_INCREMENT=115;

--
-- AUTO_INCREMENT de la tabla `AnalisisLQ_Azufre`
--
ALTER TABLE `AnalisisLQ_Azufre`
  MODIFY `Id` int NOT NULL AUTO_INCREMENT, AUTO_INCREMENT=10576;

--
-- AUTO_INCREMENT de la tabla `AnalisisLQ_Densidad`
--
ALTER TABLE `AnalisisLQ_Densidad`
  MODIFY `Id` int NOT NULL AUTO_INCREMENT, AUTO_INCREMENT=4153;

--
-- AUTO_INCREMENT de la tabla `AnalisisLQ_Densidad_Detalle`
--
ALTER TABLE `AnalisisLQ_Densidad_Detalle`
  MODIFY `Id` int NOT NULL AUTO_INCREMENT, AUTO_INCREMENT=2903;

--
-- AUTO_INCREMENT de la tabla `AnalisisLQ_Humedad_Cierre`
--
ALTER TABLE `AnalisisLQ_Humedad_Cierre`
  MODIFY `Id` int NOT NULL AUTO_INCREMENT, AUTO_INCREMENT=9337;

--
-- AUTO_INCREMENT de la tabla `AnalisisLQ_Humedad_Estandares`
--
ALTER TABLE `AnalisisLQ_Humedad_Estandares`
  MODIFY `Id` int NOT NULL AUTO_INCREMENT, AUTO_INCREMENT=4;

--
-- AUTO_INCREMENT de la tabla `AnalisisLQ_Humedad_EstandaresConfiguracion`
--
ALTER TABLE `AnalisisLQ_Humedad_EstandaresConfiguracion`
  MODIFY `Id` int NOT NULL AUTO_INCREMENT, AUTO_INCREMENT=7;

--
-- AUTO_INCREMENT de la tabla `AnalisisLQ_Humedad_Rack`
--
ALTER TABLE `AnalisisLQ_Humedad_Rack`
  MODIFY `Id` int NOT NULL AUTO_INCREMENT, AUTO_INCREMENT=2348;

--
-- AUTO_INCREMENT de la tabla `AnalisisLQ_Humedad_RackAnalisis`
--
ALTER TABLE `AnalisisLQ_Humedad_RackAnalisis`
  MODIFY `Id` int NOT NULL AUTO_INCREMENT, AUTO_INCREMENT=7336;

--
-- AUTO_INCREMENT de la tabla `AnalisisLQ_Humedad_RackAnalisis_Detalle`
--
ALTER TABLE `AnalisisLQ_Humedad_RackAnalisis_Detalle`
  MODIFY `Id` int NOT NULL AUTO_INCREMENT, AUTO_INCREMENT=33275;

--
-- AUTO_INCREMENT de la tabla `AnalisisLQ_Humedad_RackAnalisis_Detalle_Cierre`
--
ALTER TABLE `AnalisisLQ_Humedad_RackAnalisis_Detalle_Cierre`
  MODIFY `Id` int NOT NULL AUTO_INCREMENT, AUTO_INCREMENT=8026;

--
-- AUTO_INCREMENT de la tabla `Analisis_Muestras`
--
ALTER TABLE `Analisis_Muestras`
  MODIFY `Id` int NOT NULL AUTO_INCREMENT, AUTO_INCREMENT=83762;

--
-- AUTO_INCREMENT de la tabla `Analisis_Muestras_Bk07112022`
--
ALTER TABLE `Analisis_Muestras_Bk07112022`
  MODIFY `Id` int NOT NULL AUTO_INCREMENT, AUTO_INCREMENT=70985;

--
-- AUTO_INCREMENT de la tabla `Analisis_Muestras_Bk12012022`
--
ALTER TABLE `Analisis_Muestras_Bk12012022`
  MODIFY `Id` int NOT NULL AUTO_INCREMENT, AUTO_INCREMENT=17117;

--
-- AUTO_INCREMENT de la tabla `Analisis_Muestras_Bk14012022`
--
ALTER TABLE `Analisis_Muestras_Bk14012022`
  MODIFY `Id` int NOT NULL AUTO_INCREMENT, AUTO_INCREMENT=17355;

--
-- AUTO_INCREMENT de la tabla `Analisis_Muestras_Bk15102021`
--
ALTER TABLE `Analisis_Muestras_Bk15102021`
  MODIFY `Id` int NOT NULL AUTO_INCREMENT, AUTO_INCREMENT=6662;

--
-- AUTO_INCREMENT de la tabla `Analisis_Muestras_Bk21012022`
--
ALTER TABLE `Analisis_Muestras_Bk21012022`
  MODIFY `Id` int NOT NULL AUTO_INCREMENT, AUTO_INCREMENT=17988;

--
-- AUTO_INCREMENT de la tabla `Analisis_Muestras_Cierres`
--
ALTER TABLE `Analisis_Muestras_Cierres`
  MODIFY `Id` int NOT NULL AUTO_INCREMENT, AUTO_INCREMENT=16908;

--
-- AUTO_INCREMENT de la tabla `Analisis_Muestras_Granulometria`
--
ALTER TABLE `Analisis_Muestras_Granulometria`
  MODIFY `Id` int NOT NULL AUTO_INCREMENT, AUTO_INCREMENT=32915;

--
-- AUTO_INCREMENT de la tabla `Analisis_Muestras_Granulometria_Bk12122021`
--
ALTER TABLE `Analisis_Muestras_Granulometria_Bk12122021`
  MODIFY `Id` int NOT NULL AUTO_INCREMENT, AUTO_INCREMENT=3509;

--
-- AUTO_INCREMENT de la tabla `Analisis_Muestras_Granulometria_Bk15102021`
--
ALTER TABLE `Analisis_Muestras_Granulometria_Bk15102021`
  MODIFY `Id` int NOT NULL AUTO_INCREMENT, AUTO_INCREMENT=1915;

--
-- AUTO_INCREMENT de la tabla `Analisis_Muestras_Granulometria_Bk18112021`
--
ALTER TABLE `Analisis_Muestras_Granulometria_Bk18112021`
  MODIFY `Id` int NOT NULL AUTO_INCREMENT, AUTO_INCREMENT=2608;

--
-- AUTO_INCREMENT de la tabla `Analisis_Muestras_Granulometria_InformeCamposMallasCierre`
--
ALTER TABLE `Analisis_Muestras_Granulometria_InformeCamposMallasCierre`
  MODIFY `Id` int NOT NULL AUTO_INCREMENT, AUTO_INCREMENT=10725;

--
-- AUTO_INCREMENT de la tabla `Analisis_Muestras_Granulometria_InformeCierre`
--
ALTER TABLE `Analisis_Muestras_Granulometria_InformeCierre`
  MODIFY `Id` int NOT NULL AUTO_INCREMENT, AUTO_INCREMENT=39088;

--
-- AUTO_INCREMENT de la tabla `Analisis_Muestras_Granulometria_InformeCierre_Bk15122021`
--
ALTER TABLE `Analisis_Muestras_Granulometria_InformeCierre_Bk15122021`
  MODIFY `Id` int NOT NULL AUTO_INCREMENT, AUTO_INCREMENT=1254;

--
-- AUTO_INCREMENT de la tabla `Analisis_Muestras_Granulometria_InformeCierre_Log`
--
ALTER TABLE `Analisis_Muestras_Granulometria_InformeCierre_Log`
  MODIFY `Id` int NOT NULL AUTO_INCREMENT, AUTO_INCREMENT=5504;

--
-- AUTO_INCREMENT de la tabla `Analisis_Muestras_Granulometria_InformesAgrupados`
--
ALTER TABLE `Analisis_Muestras_Granulometria_InformesAgrupados`
  MODIFY `Id` int NOT NULL AUTO_INCREMENT, AUTO_INCREMENT=569;

--
-- AUTO_INCREMENT de la tabla `Analisis_Muestras_Granulometria_InformesAgrupados_Bk22042022`
--
ALTER TABLE `Analisis_Muestras_Granulometria_InformesAgrupados_Bk22042022`
  MODIFY `Id` int NOT NULL AUTO_INCREMENT, AUTO_INCREMENT=280;

--
-- AUTO_INCREMENT de la tabla `Analisis_Muestras_Granulometria_InformesAgrupados_CodigoInforme`
--
ALTER TABLE `Analisis_Muestras_Granulometria_InformesAgrupados_CodigoInforme`
  MODIFY `Id` int NOT NULL AUTO_INCREMENT, AUTO_INCREMENT=566;

--
-- AUTO_INCREMENT de la tabla `Analisis_Muestras_Granulometria_InformesAgrupados_CodigoInforme_`
--
ALTER TABLE `Analisis_Muestras_Granulometria_InformesAgrupados_CodigoInforme_`
  MODIFY `Id` int NOT NULL AUTO_INCREMENT, AUTO_INCREMENT=283;

--
-- AUTO_INCREMENT de la tabla `Analisis_Muestras_Granulometria_Log`
--
ALTER TABLE `Analisis_Muestras_Granulometria_Log`
  MODIFY `Id` int NOT NULL AUTO_INCREMENT, AUTO_INCREMENT=251;

--
-- AUTO_INCREMENT de la tabla `Analisis_Muestras_Granulometria_Old`
--
ALTER TABLE `Analisis_Muestras_Granulometria_Old`
  MODIFY `Id` int NOT NULL AUTO_INCREMENT, AUTO_INCREMENT=3509;

--
-- AUTO_INCREMENT de la tabla `Analisis_Muestras_Granulometria_ReporteConsolidado`
--
ALTER TABLE `Analisis_Muestras_Granulometria_ReporteConsolidado`
  MODIFY `Id` int NOT NULL AUTO_INCREMENT, AUTO_INCREMENT=97;

--
-- AUTO_INCREMENT de la tabla `Analisis_Muestras_Humedad`
--
ALTER TABLE `Analisis_Muestras_Humedad`
  MODIFY `Id` int NOT NULL AUTO_INCREMENT, AUTO_INCREMENT=14679;

--
-- AUTO_INCREMENT de la tabla `Analisis_Muestras_Humedad_Log`
--
ALTER TABLE `Analisis_Muestras_Humedad_Log`
  MODIFY `Id` int NOT NULL AUTO_INCREMENT, AUTO_INCREMENT=60;

--
-- AUTO_INCREMENT de la tabla `Analisis_Muestras_Log`
--
ALTER TABLE `Analisis_Muestras_Log`
  MODIFY `Id` int NOT NULL AUTO_INCREMENT, AUTO_INCREMENT=1179;

--
-- AUTO_INCREMENT de la tabla `Analisis_Muestras_Observaciones`
--
ALTER TABLE `Analisis_Muestras_Observaciones`
  MODIFY `Id` int NOT NULL AUTO_INCREMENT, AUTO_INCREMENT=27331;

--
-- AUTO_INCREMENT de la tabla `Analisis_Muestras_ReabrirLog`
--
ALTER TABLE `Analisis_Muestras_ReabrirLog`
  MODIFY `Id` int NOT NULL AUTO_INCREMENT, AUTO_INCREMENT=685;

--
-- AUTO_INCREMENT de la tabla `informes_analisiscampo_despachos`
--
ALTER TABLE `informes_analisiscampo_despachos`
  MODIFY `Id` int NOT NULL AUTO_INCREMENT, AUTO_INCREMENT=47;

--
-- AUTO_INCREMENT de la tabla `informes_analisiscampo_despachos_codigoinformes`
--
ALTER TABLE `informes_analisiscampo_despachos_codigoinformes`
  MODIFY `Id` int NOT NULL AUTO_INCREMENT, AUTO_INCREMENT=47;

--
-- AUTO_INCREMENT de la tabla `informes_analisiscampo_unidades`
--
ALTER TABLE `informes_analisiscampo_unidades`
  MODIFY `Id` int NOT NULL AUTO_INCREMENT, AUTO_INCREMENT=91;

--
-- AUTO_INCREMENT de la tabla `informes_analisiscampo_unidades_codigoinformes`
--
ALTER TABLE `informes_analisiscampo_unidades_codigoinformes`
  MODIFY `Id` int NOT NULL AUTO_INCREMENT, AUTO_INCREMENT=91;

--
-- AUTO_INCREMENT de la tabla `informes_lq_despachos`
--
ALTER TABLE `informes_lq_despachos`
  MODIFY `Id` int NOT NULL AUTO_INCREMENT, AUTO_INCREMENT=75;

--
-- AUTO_INCREMENT de la tabla `informes_lq_despachos_codigoinformes`
--
ALTER TABLE `informes_lq_despachos_codigoinformes`
  MODIFY `Id` int NOT NULL AUTO_INCREMENT, AUTO_INCREMENT=75;

--
-- AUTO_INCREMENT de la tabla `informe_ReporteConsolidado_ConceptosAdicionales`
--
ALTER TABLE `informe_ReporteConsolidado_ConceptosAdicionales`
  MODIFY `Id` int NOT NULL AUTO_INCREMENT, AUTO_INCREMENT=19;

--
-- AUTO_INCREMENT de la tabla `Preparacion_RecepcionMuestras`
--
ALTER TABLE `Preparacion_RecepcionMuestras`
  MODIFY `Id` int NOT NULL AUTO_INCREMENT, AUTO_INCREMENT=18040;

--
-- AUTO_INCREMENT de la tabla `tbconfig_clientes`
--
ALTER TABLE `tbconfig_clientes`
  MODIFY `Id` int NOT NULL AUTO_INCREMENT, AUTO_INCREMENT=2;

--
-- AUTO_INCREMENT de la tabla `tbconfig_clientes_old`
--
ALTER TABLE `tbconfig_clientes_old`
  MODIFY `Id` int NOT NULL AUTO_INCREMENT, AUTO_INCREMENT=5;

--
-- AUTO_INCREMENT de la tabla `tbconfig_detalleenvase`
--
ALTER TABLE `tbconfig_detalleenvase`
  MODIFY `Id` int NOT NULL AUTO_INCREMENT, AUTO_INCREMENT=9;

--
-- AUTO_INCREMENT de la tabla `tbconfig_Elementos`
--
ALTER TABLE `tbconfig_Elementos`
  MODIFY `Id` int NOT NULL AUTO_INCREMENT, AUTO_INCREMENT=11;

--
-- AUTO_INCREMENT de la tabla `tbconfig_Fiola`
--
ALTER TABLE `tbconfig_Fiola`
  MODIFY `Id` int NOT NULL AUTO_INCREMENT, AUTO_INCREMENT=3;

--
-- AUTO_INCREMENT de la tabla `tbconfig_humedadbandejas`
--
ALTER TABLE `tbconfig_humedadbandejas`
  MODIFY `Id` int NOT NULL AUTO_INCREMENT, AUTO_INCREMENT=37;

--
-- AUTO_INCREMENT de la tabla `tbconfig_humedadestufas`
--
ALTER TABLE `tbconfig_humedadestufas`
  MODIFY `Id` int NOT NULL AUTO_INCREMENT, AUTO_INCREMENT=2;

--
-- AUTO_INCREMENT de la tabla `tbconfig_humedadLQ_hornos`
--
ALTER TABLE `tbconfig_humedadLQ_hornos`
  MODIFY `Id` int NOT NULL AUTO_INCREMENT, AUTO_INCREMENT=5;

--
-- AUTO_INCREMENT de la tabla `tbconfig_humedad_tipoanalisis`
--
ALTER TABLE `tbconfig_humedad_tipoanalisis`
  MODIFY `Id` int NOT NULL AUTO_INCREMENT, AUTO_INCREMENT=5;

--
-- AUTO_INCREMENT de la tabla `tbconfig_informes_granulometria`
--
ALTER TABLE `tbconfig_informes_granulometria`
  MODIFY `Id` int NOT NULL AUTO_INCREMENT, AUTO_INCREMENT=30;

--
-- AUTO_INCREMENT de la tabla `tbconfig_informes_granulometria_campos`
--
ALTER TABLE `tbconfig_informes_granulometria_campos`
  MODIFY `Id` int NOT NULL AUTO_INCREMENT, AUTO_INCREMENT=149;

--
-- AUTO_INCREMENT de la tabla `tbconfig_LQGraficasControl_Limites`
--
ALTER TABLE `tbconfig_LQGraficasControl_Limites`
  MODIFY `Id` int NOT NULL AUTO_INCREMENT, AUTO_INCREMENT=9;

--
-- AUTO_INCREMENT de la tabla `tbconfig_mallas`
--
ALTER TABLE `tbconfig_mallas`
  MODIFY `Id` int NOT NULL AUTO_INCREMENT, AUTO_INCREMENT=100;

--
-- AUTO_INCREMENT de la tabla `tbconfig_modulosanalisiscampo`
--
ALTER TABLE `tbconfig_modulosanalisiscampo`
  MODIFY `Id` int NOT NULL AUTO_INCREMENT, AUTO_INCREMENT=10;

--
-- AUTO_INCREMENT de la tabla `tbconfig_plataformas`
--
ALTER TABLE `tbconfig_plataformas`
  MODIFY `Id` int NOT NULL AUTO_INCREMENT, AUTO_INCREMENT=7;

--
-- AUTO_INCREMENT de la tabla `tbconfig_productos`
--
ALTER TABLE `tbconfig_productos`
  MODIFY `Id` int NOT NULL AUTO_INCREMENT, AUTO_INCREMENT=3;

--
-- AUTO_INCREMENT de la tabla `tbconfig_reporteconsolidado_compraventa`
--
ALTER TABLE `tbconfig_reporteconsolidado_compraventa`
  MODIFY `Id` int NOT NULL AUTO_INCREMENT, AUTO_INCREMENT=5;

--
-- AUTO_INCREMENT de la tabla `tbconfig_tipocliente`
--
ALTER TABLE `tbconfig_tipocliente`
  MODIFY `Id` int NOT NULL AUTO_INCREMENT, AUTO_INCREMENT=3;

--
-- AUTO_INCREMENT de la tabla `tbconfig_tipodocumento`
--
ALTER TABLE `tbconfig_tipodocumento`
  MODIFY `Id` int NOT NULL AUTO_INCREMENT, AUTO_INCREMENT=3;

--
-- AUTO_INCREMENT de la tabla `tbconfig_tipohumedad`
--
ALTER TABLE `tbconfig_tipohumedad`
  MODIFY `Id` int NOT NULL AUTO_INCREMENT, AUTO_INCREMENT=3;

--
-- AUTO_INCREMENT de la tabla `tbconfig_TipoTamiz`
--
ALTER TABLE `tbconfig_TipoTamiz`
  MODIFY `Id` int NOT NULL AUTO_INCREMENT, AUTO_INCREMENT=3;

--
-- AUTO_INCREMENT de la tabla `tbconfig_unidadmedida`
--
ALTER TABLE `tbconfig_unidadmedida`
  MODIFY `Id` int NOT NULL AUTO_INCREMENT, AUTO_INCREMENT=4;

--
-- AUTO_INCREMENT de la tabla `tb_men_elemento`
--
ALTER TABLE `tb_men_elemento`
  MODIFY `cod_elemento` int NOT NULL AUTO_INCREMENT, AUTO_INCREMENT=187;

--
-- AUTO_INCREMENT de la tabla `tb_men_seccion`
--
ALTER TABLE `tb_men_seccion`
  MODIFY `cod_seccion` int NOT NULL AUTO_INCREMENT, AUTO_INCREMENT=66;

--
-- AUTO_INCREMENT de la tabla `tb_men_subelemento`
--
ALTER TABLE `tb_men_subelemento`
  MODIFY `cod_subelemento` int NOT NULL AUTO_INCREMENT, AUTO_INCREMENT=140;

--
-- AUTO_INCREMENT de la tabla `tb_men_subelemento2`
--
ALTER TABLE `tb_men_subelemento2`
  MODIFY `Id` int NOT NULL AUTO_INCREMENT, AUTO_INCREMENT=19;

--
-- AUTO_INCREMENT de la tabla `tb_rol`
--
ALTER TABLE `tb_rol`
  MODIFY `cod_rol` int NOT NULL AUTO_INCREMENT, AUTO_INCREMENT=14;

--
-- AUTO_INCREMENT de la tabla `tb_sucursal`
--
ALTER TABLE `tb_sucursal`
  MODIFY `Id` int NOT NULL AUTO_INCREMENT, AUTO_INCREMENT=2;

--
-- AUTO_INCREMENT de la tabla `tb_usuario`
--
ALTER TABLE `tb_usuario`
  MODIFY `Id` int NOT NULL AUTO_INCREMENT, AUTO_INCREMENT=63;
COMMIT;

