INSERT INTO `pesos_Bk29112021` (`id`, `codigo`, `placa`, `conductor`, `es_carreta`, `es_proveedor`, `guia_remision`, `proveedor`, `nro_carreta`, `big_bag`, `peso_entrada`, `obvservacion_entrada`, `fecha_entrada`, `usuario_entrada`, `peso_salida`, `obvservacion_salida`, `plataforma`, `fecha_salida`, `usuario_salida`, `peso_neto`, `estado_activo`, `publicado`, `estado_laboratorio`, `created_by`, `updated_by`, `created_at`, `updated_at`, `observacion_entrada`, `observacion_salida`, `producto`, `solicitud`, `proceso`, `pre_registro`, `carreta_de`, `tiene_carreta`, `imagen1`, `imagen2`, `tiene_solicitud`, `vigilancia_guiatransportista`, `vigilancia_observacionentrada`, `vigilancia_fechahorasalida`, `vigilancia_observacionsalida`, `is_registrovigilancia`, `transportista_guia_remision`, `transportista_guia_transportista`, `transportista_empresa`, `tipo_vehiculo`, `vigilancia_fechahoraentrada`, `vigilancia_estado`, `vigilancia_estadoobservacion`, `is_cargamasiva`, `isCierre_AnalisisCampo_App`, `Cierre_AnalisisCampoApp_Usuario`, `Cierre_AnalisisCampoApp_Fecha`, `observacion_anulacion`, `isPreCierre_AnalisisCampo_PreparacionGranulometria`, `PreCierre_AnalisisCampoPreparacionGranulometria_Usuario`, `PreCierre_AnalisisCampoPreparacionGranulometria_Fecha`) VALUES
(6389, 'NOV21-1136-001', 'D4O-841', 162, 0, 1, 'GR 03-5010', 59, NULL, NULL, '48970.00', NULL, '2021-11-24 15:06:05', 9, '15550.00', NULL, NULL, '2021-11-24 15:06:57', 9, '33420.00', 1, 1, NULL, NULL, NULL, '2021-11-24 20:01:54', '2021-11-24 20:06:58', '', 'ACEPTADO', 4, NULL, NULL, 0, NULL, 0, '', '', NULL, NULL, NULL, NULL, NULL, 1, NULL, '01-0154', NULL, 4, '2021-11-24 15:01:54', 1, NULL, 0, 1, 13, '2021-11-24 16:41:30', NULL, 0, NULL, NULL),
(6390, 'NOV21-1137-001', 'AXW-897', 328, 0, 1, 'GR 03-5008', 59, NULL, NULL, '67360.00', NULL, '2021-11-24 15:10:46', 9, '17790.00', NULL, NULL, '2021-11-24 15:11:50', 9, '49570.00', 1, 1, NULL, NULL, NULL, '2021-11-24 20:05:10', '2021-11-24 20:11:51', '', 'ACEPTADO', 4, NULL, NULL, 0, NULL, 0, '', '', NULL, NULL, NULL, NULL, NULL, 1, NULL, '07-0895', NULL, 3, '2021-11-24 15:05:10', 1, NULL, 0, 1, 13, '2021-11-24 16:41:40', NULL, 0, NULL, NULL),
(6391, 'NOV21-1138-001', 'BCP-837', 649, 0, 1, 'GR 03-5014', 59, NULL, NULL, '62370.00', NULL, '2021-11-24 15:13:51', 11, '17650.00', NULL, NULL, '2021-11-24 15:51:09', 6, '44720.00', 1, 1, NULL, NULL, NULL, '2021-11-24 20:10:35', '2021-11-24 20:51:10', '', 'ACEPTADO', 4, NULL, NULL, 0, NULL, 0, '', '', NULL, NULL, NULL, NULL, NULL, 1, NULL, '04-0556', NULL, 11, '2021-11-24 15:10:35', 1, NULL, 0, 1, 13, '2021-11-24 16:22:39', NULL, 0, NULL, NULL),
(6392, 'NOV21-1139-001', 'BCP-794', 678, 0, 1, 'GR3-5015', 59, NULL, NULL, '61300.00', NULL, '2021-11-24 15:20:02', 11, '17460.00', NULL, NULL, '2021-11-24 15:53:49', 6, '43840.00', 1, 1, NULL, NULL, NULL, '2021-11-24 20:13:52', '2021-11-24 20:53:50', '', 'ACEPTADO', 4, NULL, NULL, 0, NULL, 0, '', '', NULL, NULL, NULL, NULL, NULL, 1, NULL, 'GR9-171', NULL, 3, '2021-11-24 15:13:52', 1, NULL, 0, 1, 13, '2021-11-24 16:50:12', NULL, 0, NULL, NULL),
(6393, 'NOV21-1140-001', 'BEQ-848', 648, 0, 1, 'GR3-5016', 59, NULL, NULL, '62040.00', NULL, '2021-11-24 15:23:45', 11, '17360.00', NULL, NULL, '2021-11-24 16:02:31', 6, '44680.00', 1, 1, NULL, NULL, NULL, '2021-11-24 20:15:05', '2021-11-24 21:02:32', '', 'ACEPTADO', 4, NULL, NULL, 0, NULL, 0, '', '', NULL, NULL, NULL, NULL, NULL, 1, NULL, 'GR10-099', NULL, 3, '2021-11-24 15:15:05', 1, NULL, 0, 1, 13, '2021-11-24 16:54:35', NULL, 0, NULL, NULL),
(6394, 'NOV21-1141-001', 'C4V-899', 677, 0, 1, 'GR3-5020', 59, NULL, NULL, '42550.00', NULL, '2021-11-24 15:38:23', 11, '12720.00', NULL, NULL, '2021-11-24 16:05:42', 6, '29830.00', 1, 1, NULL, NULL, NULL, '2021-11-24 20:17:36', '2021-11-24 21:05:43', '', 'ACEPTADO', 4, NULL, NULL, 0, NULL, 0, '', '', NULL, NULL, NULL, NULL, NULL, 1, NULL, 'GR5-1736', NULL, 12, '2021-11-24 15:17:36', 1, NULL, 0, 1, 19, '2021-11-24 16:27:36', NULL, 0, NULL, NULL),
(6395, 'NOV21-1142-001', 'S1B-970', 677, 0, 1, 'GR3-5020', 59, NULL, NULL, '35790.00', NULL, '2021-11-24 15:46:28', 6, '6990.00', NULL, NULL, '2021-11-24 16:07:00', 6, '28800.00', 1, 1, NULL, NULL, NULL, '2021-11-24 20:18:38', '2021-11-24 21:07:01', '', 'ACEPTADO', 4, NULL, NULL, 0, NULL, 0, '', '', NULL, NULL, NULL, NULL, NULL, 1, NULL, 'GR5-1736', NULL, 12, '2021-11-24 15:18:38', 1, NULL, 0, 1, 19, '2021-11-24 16:27:53', NULL, 0, NULL, NULL),
(6396, 'NOV21-1143-001', 'T2A-943', 410, 0, 1, 'GR3-1980', 107, NULL, NULL, '19760.00', NULL, '2021-11-24 15:29:22', 11, '7660.00', NULL, NULL, '2021-11-24 16:03:39', 6, '12100.00', 1, 1, NULL, NULL, NULL, '2021-11-24 20:19:39', '2021-11-24 21:03:40', '', '', 20, NULL, NULL, 0, NULL, 0, '', '', NULL, NULL, NULL, NULL, NULL, 1, NULL, 'GR3-1980', NULL, 10, '2021-11-24 15:19:39', 1, NULL, 0, 0, NULL, NULL, NULL, 0, NULL, NULL),
(6397, 'NOV21-1144-001', 'T4N-871', 583, 0, 0, '', 54, 'T4S-975', NULL, '15710.00', NULL, '2021-11-24 15:36:12', 11, '48250.00', NULL, NULL, '2021-11-24 16:41:50', 6, '32540.00', 1, 1, NULL, NULL, NULL, '2021-11-24 20:31:49', '2021-11-24 21:41:51', '', 'DESPACHO', 19, NULL, NULL, 0, NULL, 0, '', '', NULL, NULL, NULL, NULL, NULL, 1, NULL, NULL, NULL, 3, '2021-11-24 15:31:49', 1, NULL, 0, 1, 21, '2021-11-24 16:23:01', NULL, 0, NULL, NULL),
(6398, 'NOV21-1145-001', 'T5C-915', 433, 0, 1, 'GR 02-2562', 44, NULL, NULL, '43950.00', NULL, '2021-11-24 15:43:20', 6, '15180.00', NULL, NULL, '2021-11-24 15:59:31', 6, '28770.00', 1, 1, NULL, NULL, NULL, '2021-11-24 20:38:40', '2021-11-24 20:59:33', '', 'ACEPTADO', 4, NULL, NULL, 0, NULL, 0, '', '', NULL, NULL, NULL, NULL, NULL, 1, NULL, '01-1181', NULL, 4, '2021-11-24 15:38:40', 1, NULL, 0, 1, 19, '2021-11-24 16:28:04', NULL, 0, NULL, NULL),
(6399, 'NOV21-1146-001', 'C4A-852', 646, 0, 1, 'GR 03-5021', 59, NULL, NULL, '52250.00', NULL, '2021-11-24 16:58:35', 20, '16560.00', NULL, NULL, '2021-11-24 17:12:12', 20, '35690.00', 1, 1, NULL, NULL, NULL, '2021-11-24 21:44:56', '2021-11-24 22:12:13', '', 'ACEPTADO', 4, NULL, NULL, 0, NULL, 0, '', '', NULL, NULL, NULL, NULL, NULL, 1, NULL, '05-1733', NULL, 12, '2021-11-24 16:44:56', 1, NULL, 0, 1, 13, '2021-11-24 18:17:30', NULL, 0, NULL, NULL),
(6400, 'NOV21-1147-001', 'T6E-860', 480, 0, 1, 'GR 01-1182', 44, NULL, NULL, '46660.00', NULL, '2021-11-24 16:52:59', 20, '15380.00', NULL, NULL, '2021-11-24 17:05:37', 20, '31280.00', 1, 1, NULL, NULL, NULL, '2021-11-24 21:47:42', '2021-11-24 22:05:38', '', 'ACEPTADO', 4, NULL, NULL, 0, NULL, 0, '', '', NULL, NULL, NULL, NULL, NULL, 1, NULL, '02-2561', NULL, 4, '2021-11-24 16:47:42', 1, NULL, 0, 1, 9, '2021-11-24 17:38:14', NULL, 0, NULL, NULL),
(6401, 'NOV21-1148-001', 'TAE-824', 246, 0, 1, 'GR 03-5004', 59, NULL, NULL, '48880.00', NULL, '2021-11-24 17:10:30', 20, '15500.00', NULL, NULL, '2021-11-24 17:13:35', 20, '33380.00', 1, 1, NULL, NULL, NULL, '2021-11-24 21:52:57', '2021-11-24 22:13:36', '', 'ACEPTADO', 4, NULL, NULL, 0, NULL, 0, '', '', NULL, NULL, NULL, NULL, NULL, 1, NULL, NULL, NULL, 4, '2021-11-24 16:52:57', 1, NULL, 0, 1, 13, '2021-11-24 18:38:39', NULL, 0, NULL, NULL),
(6402, 'NOV21-1149-001', 'TDN-983', 646, 0, 1, 'GR 03-5021', 59, NULL, NULL, '38430.00', NULL, '2021-11-24 17:11:26', 20, '7020.00', NULL, NULL, '2021-11-24 17:13:09', 20, '31410.00', 1, 1, NULL, NULL, NULL, '2021-11-24 22:03:19', '2021-11-24 22:13:10', '', 'ACEPTADO', 4, NULL, NULL, 0, NULL, 0, '', '', NULL, NULL, NULL, NULL, NULL, 1, NULL, '05-1733', NULL, 12, '2021-11-24 17:03:19', 1, NULL, 0, 1, 13, '2021-11-24 18:17:37', NULL, 0, NULL, NULL),
(6403, 'NOV21-1150-001', 'C4G-877', 609, 0, 1, 'GR 03-5003', 59, NULL, NULL, '44690.00', NULL, '2021-11-24 17:12:41', 20, '13920.00', NULL, NULL, '2021-11-24 17:18:38', 20, '30770.00', 1, 1, NULL, NULL, NULL, '2021-11-24 22:06:11', '2021-11-24 22:18:39', '', 'ACEPTADO', 4, NULL, NULL, 0, NULL, 0, '', '', NULL, NULL, NULL, NULL, NULL, 1, NULL, NULL, NULL, 4, '2021-11-24 17:06:11', 1, NULL, 0, 1, 13, '2021-11-24 18:33:55', NULL, 0, NULL, NULL),
(6404, 'NOV21-1151-001', 'TAY-814', 157, 0, 1, 'GR 03-5024', 59, NULL, NULL, '49030.00', NULL, '2021-11-24 17:18:27', 20, '15660.00', NULL, NULL, '2021-11-24 17:24:40', 20, '33370.00', 1, 1, NULL, NULL, NULL, '2021-11-24 22:17:17', '2021-11-24 22:24:42', '', 'ACEPTADO', 4, NULL, NULL, 0, NULL, 0, '', '', NULL, NULL, NULL, NULL, NULL, 1, NULL, NULL, NULL, 4, '2021-11-24 17:17:17', 1, NULL, 0, 1, 13, '2021-11-24 18:12:50', NULL, 0, NULL, NULL),
(6405, 'NOV21-1152-001', 'F8W-847', 683, 0, 1, 'GR 03-5023', 59, NULL, NULL, '53400.00', NULL, '2021-11-24 17:32:34', 20, '17230.00', NULL, NULL, '2021-11-24 17:40:47', 20, '36170.00', 1, 1, NULL, NULL, NULL, '2021-11-24 22:21:43', '2021-11-24 22:40:48', '', 'ACEPTADO', 4, NULL, NULL, 0, NULL, 0, '', '', NULL, NULL, NULL, NULL, NULL, 1, NULL, '01-0277', NULL, 4, '2021-11-24 17:21:43', 1, NULL, 0, 1, 13, '2021-11-24 18:13:06', NULL, 0, NULL, NULL),
(6406, 'NOV21-1153-001', 'TAX-909', 610, 0, 1, 'GR 03-5022', 59, NULL, NULL, '48610.00', NULL, '2021-11-24 17:32:56', 20, '15660.00', NULL, NULL, '2021-11-24 17:47:51', 20, '32950.00', 1, 1, NULL, NULL, NULL, '2021-11-24 22:26:42', '2021-11-24 22:47:52', '', 'ACEPTADO', 4, NULL, NULL, 0, NULL, 0, '', '', NULL, NULL, NULL, NULL, NULL, 1, NULL, NULL, NULL, 4, '2021-11-24 17:26:42', 1, NULL, 0, 1, 13, '2021-11-24 18:12:58', NULL, 0, NULL, NULL),
(6407, 'NOV21-1154-001', 'D5E-890', 686, 0, 1, 'GR-03-5025', 59, NULL, NULL, '49910.00', NULL, '2021-11-24 19:51:53', 15, '14610.00', NULL, NULL, '2021-11-24 19:53:11', 15, '35300.00', 1, 1, NULL, NULL, NULL, '2021-11-25 00:22:07', '2021-11-25 00:53:13', '-', 'ACEPTADO', 4, NULL, NULL, 0, NULL, 0, '', '', NULL, NULL, NULL, NULL, NULL, 1, NULL, '01-066', NULL, 4, '2021-11-24 19:22:07', 1, NULL, 0, 1, 13, '2021-11-24 22:25:38', NULL, 0, NULL, NULL),
(6408, 'NOV21-1155-001', 'T6Y-876', 348, 0, 1, 'GR-03-5026', 59, NULL, NULL, '70700.00', NULL, '2021-11-24 19:41:00', 15, '17890.00', NULL, NULL, '2021-11-24 19:42:00', 15, '52810.00', 1, 1, NULL, NULL, NULL, '2021-11-25 00:32:16', '2021-11-25 00:52:00', '', 'ACEPTADO', 4, NULL, NULL, 0, NULL, 0, '', '', NULL, NULL, NULL, NULL, NULL, 1, NULL, '01-1560', NULL, 11, '2021-11-24 19:32:00', 1, NULL, 0, 1, 13, '2021-11-24 22:22:26', NULL, 0, NULL, NULL),
(6409, 'NOV21-1156-001', 'AXW-897', 331, 0, 1, 'GR 03-5028', 59, NULL, NULL, '68210.00', NULL, '2021-11-25 10:05:44', 20, '17780.00', NULL, NULL, '2021-11-25 10:11:05', 20, '50430.00', 1, 1, NULL, NULL, NULL, '2021-11-25 15:02:54', '2021-11-25 15:11:06', '', 'ACEPTADO', 4, NULL, NULL, 0, NULL, 0, '', '', NULL, NULL, NULL, NULL, NULL, 1, NULL, '07-0896', NULL, 11, '2021-11-25 10:02:54', 1, NULL, 0, 1, 21, '2021-11-25 10:43:51', NULL, 0, NULL, NULL),
(6410, 'NOV21-1157-001', 'H1T-854', 413, 0, 1, 'GR 03-5027', 59, NULL, NULL, '48760.00', NULL, '2021-11-25 11:29:55', 20, '16270.00', NULL, NULL, '2021-11-25 11:33:02', 20, '32490.00', 1, 1, NULL, NULL, NULL, '2021-11-25 16:21:30', '2021-11-25 16:33:03', '', 'ACEPTADO', 4, NULL, NULL, 0, NULL, 0, '', '', NULL, NULL, NULL, NULL, NULL, 1, NULL, '05-4988', NULL, 12, '2021-11-25 11:21:30', 1, NULL, 0, 1, 14, '2021-11-25 12:38:47', NULL, 0, NULL, NULL),
(6411, 'NOV21-1158-001', 'TKD-976', 413, 0, 1, 'GR 03-5027', 59, NULL, NULL, '43850.00', NULL, '2021-11-25 11:29:32', 20, '7230.00', NULL, NULL, '2021-11-25 11:31:48', 20, '36620.00', 1, 1, NULL, NULL, NULL, '2021-11-25 16:22:38', '2021-11-25 16:31:49', '', 'ACEPTADO', 4, NULL, NULL, 0, NULL, 0, '', '', NULL, NULL, NULL, NULL, NULL, 1, NULL, '05-4988', NULL, 12, '2021-11-25 11:22:38', 1, NULL, 0, 1, 14, '2021-11-25 12:39:28', NULL, 0, NULL, NULL),
(6412, 'NOV21-1159-001', 'T8S-939', 632, 0, 1, 'GR 03-1981', 107, NULL, NULL, '60300.00', NULL, '2021-11-25 13:51:21', 20, '18810.00', NULL, NULL, '2021-11-25 16:10:52', 20, '41490.00', 1, 1, NULL, NULL, NULL, '2021-11-25 18:48:03', '2021-11-25 21:10:53', '', '', 28, NULL, NULL, 0, NULL, 0, '', '', NULL, NULL, NULL, NULL, NULL, 1, NULL, NULL, NULL, 10, '2021-11-25 13:48:03', 1, NULL, 0, 0, NULL, NULL, NULL, 0, NULL, NULL),
(6413, 'NOV21-1160-001', 'BCP-834', 332, 0, 1, 'GR 03-5013', 59, NULL, NULL, '68920.00', NULL, '2021-11-25 14:43:28', 20, '17800.00', NULL, NULL, '2021-11-25 14:45:07', 20, '51120.00', 1, 1, NULL, NULL, NULL, '2021-11-25 19:34:38', '2021-11-25 19:45:09', '', 'ACEPTADO', 4, NULL, NULL, 0, NULL, 0, '', '', NULL, NULL, NULL, NULL, NULL, 1, NULL, '08-0459', NULL, 11, '2021-11-25 14:34:38', 1, NULL, 0, 1, 14, '2021-11-25 15:38:45', NULL, 0, NULL, NULL),
(6414, 'NOV21-1161-001', 'T2X-838', 425, 0, 1, 'GR 01-7388', 121, NULL, NULL, '18840.00', NULL, '2021-11-25 14:50:18', 20, '7260.00', NULL, NULL, '2021-11-25 16:03:59', 20, '11580.00', 1, 1, NULL, NULL, NULL, '2021-11-25 19:47:22', '2021-11-25 21:04:00', '', '', 28, NULL, NULL, 0, NULL, 0, '', '', NULL, NULL, NULL, NULL, NULL, 1, NULL, NULL, NULL, 10, '2021-11-25 14:47:22', 1, NULL, 0, 0, NULL, NULL, NULL, 0, NULL, NULL),
(6415, 'NOV21-1162-001', 'BEQ-926', 510, 0, 1, 'GR 03-5018', 59, NULL, NULL, '67260.00', NULL, '2021-11-25 16:14:40', 20, '18750.00', NULL, NULL, '2021-11-25 16:42:10', 20, '48510.00', 1, 1, NULL, NULL, NULL, '2021-11-25 21:13:07', '2021-11-25 21:42:12', '', 'ACEPTADO', 4, NULL, NULL, 0, NULL, 0, '', '', NULL, NULL, NULL, NULL, NULL, 1, NULL, '01-011072', NULL, 11, '2021-11-25 16:13:07', 1, NULL, 0, 1, 13, '2021-11-25 17:20:58', NULL, 0, NULL, NULL),
(6416, 'NOV21-1163-001', 'BCP-727', 509, 0, 1, 'GR 03-5017', 59, NULL, NULL, '64120.00', NULL, '2021-11-25 16:20:32', 20, '18640.00', NULL, NULL, '2021-11-25 16:45:10', 20, '45480.00', 1, 1, NULL, NULL, NULL, '2021-11-25 21:17:04', '2021-11-25 21:45:11', '', 'ACEPTADO', 4, NULL, NULL, 0, NULL, 0, '', '', NULL, NULL, NULL, NULL, NULL, 1, NULL, '01-011071', NULL, 11, '2021-11-25 16:17:04', 1, NULL, 0, 1, 21, '2021-11-25 17:20:49', NULL, 0, NULL, NULL),
(6417, 'NOV21-1164-001', 'T5C-915', 433, 0, 1, 'GR 02-2569', 44, NULL, NULL, '44400.00', NULL, '2021-11-25 16:27:00', 20, '15200.00', NULL, NULL, '2021-11-25 16:42:00', 20, '29200.00', 1, 1, NULL, NULL, NULL, '2021-11-25 21:22:29', '2021-11-25 21:49:08', '', 'ACEPTADO', 4, NULL, NULL, 0, NULL, 0, '', '', NULL, NULL, NULL, NULL, NULL, 1, NULL, '01-1184', NULL, 4, '2021-11-25 16:22:00', 1, NULL, 0, 1, 21, '2021-11-25 18:16:08', NULL, 0, NULL, NULL),
(6418, 'NOV21-1165-001', 'TAQ-907', 442, 0, 0, '', 139, 'T3M-988', NULL, '20600.00', NULL, '2021-11-25 16:48:47', 20, '62710.00', NULL, NULL, '2021-11-25 17:00:15', 20, '42110.00', 1, 1, NULL, NULL, NULL, '2021-11-25 21:41:07', '2021-11-25 22:00:17', '', '', 41, NULL, NULL, 0, NULL, 0, '', '', NULL, NULL, NULL, NULL, NULL, 1, NULL, NULL, NULL, 11, '2021-11-25 16:41:07', 1, NULL, 0, 0, NULL, NULL, NULL, 0, NULL, NULL),
(6419, 'NOV21-1166-001', 'T8W-849', 186, 0, 0, '', 139, 'ANM-984', NULL, '18470.00', NULL, '2021-11-25 16:50:36', 20, '58960.00', NULL, NULL, '2021-11-25 17:02:27', 20, '40490.00', 1, 1, NULL, NULL, NULL, '2021-11-25 21:45:44', '2021-11-25 22:02:28', '', '', 41, NULL, NULL, 0, NULL, 0, '', '', NULL, NULL, NULL, NULL, NULL, 1, NULL, NULL, NULL, 11, '2021-11-25 16:45:44', 1, NULL, 0, 0, NULL, NULL, NULL, 0, NULL, NULL),
(6420, 'NOV21-1167-001', 'T5O-902', 635, 0, 0, '', 139, 'T3O-902', NULL, '21360.00', NULL, '2021-11-25 16:57:03', 20, '58140.00', NULL, NULL, '2021-11-25 17:06:55', 20, '36780.00', 1, 1, NULL, NULL, NULL, '2021-11-25 21:53:25', '2021-11-25 22:06:57', '', '', 41, NULL, NULL, 0, NULL, 0, '', '', NULL, NULL, NULL, NULL, NULL, 1, NULL, NULL, NULL, 11, '2021-11-25 16:53:25', 1, NULL, 0, 0, NULL, NULL, NULL, 0, NULL, NULL),
(6421, 'NOV21-1168-001', 'T5S-935', 229, 0, 0, '', 139, 'TCQ-984', NULL, '18780.00', NULL, '2021-11-25 17:04:29', 20, '63020.00', NULL, NULL, '2021-11-25 17:12:36', 20, '44240.00', 1, 1, NULL, NULL, NULL, '2021-11-25 22:00:03', '2021-11-25 22:12:38', '', '', 41, NULL, NULL, 0, NULL, 0, '', '', NULL, NULL, NULL, NULL, NULL, 1, NULL, NULL, NULL, 11, '2021-11-25 17:00:03', 1, NULL, 0, 0, NULL, NULL, NULL, 0, NULL, NULL),
(6422, 'NOV21-1169-001', 'TAQ-904', 687, 0, 0, '', 139, 'T3N-973', NULL, '20400.00', NULL, '2021-11-25 17:10:22', 20, '59640.00', NULL, NULL, '2021-11-25 17:17:14', 20, '39240.00', 1, 1, NULL, NULL, NULL, '2021-11-25 22:08:00', '2021-11-25 22:17:16', '', '', 41, NULL, NULL, 0, NULL, 0, '', '', NULL, NULL, NULL, NULL, NULL, 1, NULL, NULL, NULL, 11, '2021-11-25 17:08:00', 1, NULL, 0, 0, NULL, NULL, NULL, 0, NULL, NULL),
(6423, 'NOV21-1170-001', 'F4I-739', 205, 0, 0, '', 139, 'T3M-986', NULL, '20740.00', NULL, '2021-11-25 17:14:51', 20, '62510.00', NULL, NULL, '2021-11-25 17:21:49', 20, '41770.00', 1, 1, NULL, NULL, NULL, '2021-11-25 22:12:17', '2021-11-25 22:21:51', '', '', 41, NULL, NULL, 0, NULL, 0, '', '', NULL, NULL, NULL, NULL, NULL, 1, NULL, NULL, NULL, 11, '2021-11-25 17:12:17', 1, NULL, 0, 0, NULL, NULL, NULL, 0, NULL, NULL),
(6424, 'NOV21-1171-001', 'ASA-768', 638, 0, 0, '', 139, 'T3M-987', NULL, '20450.00', NULL, '2021-11-25 17:24:10', 20, '60910.00', NULL, NULL, '2021-11-25 17:30:37', 20, '40460.00', 1, 1, NULL, NULL, NULL, '2021-11-25 22:19:01', '2021-11-25 22:30:39', '', '', 41, NULL, NULL, 0, NULL, 0, '', '', NULL, NULL, NULL, NULL, NULL, 1, NULL, NULL, NULL, 11, '2021-11-25 17:19:01', 1, NULL, 0, 0, NULL, NULL, NULL, 0, NULL, NULL),
(6425, 'NOV21-1172-001', 'T8Q-885', 581, 0, 1, 'GR 03-5029', 59, NULL, NULL, '48140.00', NULL, '2021-11-25 17:33:33', 20, '15330.00', NULL, NULL, '2021-11-25 17:36:46', 20, '32810.00', 1, 1, NULL, NULL, NULL, '2021-11-25 22:22:50', '2021-11-25 22:36:48', '', 'ACEPTADO', 4, NULL, NULL, 0, NULL, 0, '', '', NULL, NULL, NULL, NULL, NULL, 1, NULL, '06-1034', NULL, 4, '2021-11-25 17:22:50', 1, NULL, 0, 1, 21, '2021-11-25 18:16:57', NULL, 0, NULL, NULL),
(6426, 'NOV21-1173-001', 'TAV-920', 206, 0, 1, 'GR 03-5030', 59, NULL, NULL, '46750.00', NULL, '2021-11-25 17:33:02', 20, '16040.00', NULL, NULL, '2021-11-25 17:35:55', 20, '30710.00', 1, 1, NULL, NULL, NULL, '2021-11-25 22:27:35', '2021-11-25 22:35:56', '', 'ACEPTADO', 4, NULL, NULL, 0, NULL, 0, '', '', NULL, NULL, NULL, NULL, NULL, 1, NULL, '06-1035', NULL, 4, '2021-11-25 17:27:35', 1, NULL, 0, 1, 21, '2021-11-25 18:32:33', NULL, 0, NULL, NULL),
(6427, 'NOV21-1174-001', 'T8D-882', 667, 0, 1, 'GR 03-5031', 59, NULL, NULL, '47530.00', NULL, '2021-11-25 17:38:34', 20, '15570.00', NULL, NULL, '2021-11-25 17:39:50', 20, '31960.00', 1, 1, NULL, NULL, NULL, '2021-11-25 22:28:54', '2021-11-25 22:39:57', '', 'ACEPTADO', 4, NULL, NULL, 0, NULL, 0, '', '', NULL, NULL, NULL, NULL, NULL, 1, NULL, '06-1036', NULL, 4, '2021-11-25 17:28:54', 1, NULL, 0, 1, 21, '2021-11-25 18:33:53', NULL, 0, NULL, NULL),
(6428, 'NOV21-1175-001', 'T1R-880', 288, 0, 0, '', 139, 'ANM-976', NULL, '16810.00', NULL, '2021-11-25 17:35:21', 20, '63500.00', NULL, NULL, '2021-11-25 17:42:08', 20, '46690.00', 1, 1, NULL, NULL, NULL, '2021-11-25 22:33:10', '2021-11-25 22:42:10', '', '', 41, NULL, NULL, 0, NULL, 0, '', '', NULL, NULL, NULL, NULL, NULL, 1, NULL, NULL, NULL, 11, '2021-11-25 17:33:10', 1, NULL, 0, 0, NULL, NULL, NULL, 0, NULL, NULL),
(6429, 'NOV21-1176-001', 'F9E-928', 525, 0, 0, '', 139, 'ANM-973', NULL, '17080.00', NULL, '2021-11-25 17:44:24', 20, '60870.00', NULL, NULL, '2021-11-25 17:54:27', 20, '43790.00', 1, 1, NULL, NULL, NULL, '2021-11-25 22:40:28', '2021-11-25 22:54:29', '', '', 41, NULL, NULL, 0, NULL, 0, '', '', NULL, NULL, NULL, NULL, NULL, 1, NULL, NULL, NULL, 11, '2021-11-25 17:40:28', 1, NULL, 0, 0, NULL, NULL, NULL, 0, NULL, NULL),
(6430, 'NOV21-1177-001', 'ADY-872', 120, 0, 0, '', 139, 'T9X-988', NULL, '17070.00', NULL, '2021-11-25 17:46:56', 20, '60010.00', NULL, NULL, '2021-11-25 17:56:42', 20, '42940.00', 1, 1, NULL, NULL, NULL, '2021-11-25 22:44:28', '2021-11-25 22:56:44', '', '', 41, NULL, NULL, 0, NULL, 0, '', '', NULL, NULL, NULL, NULL, NULL, 1, NULL, NULL, NULL, 11, '2021-11-25 17:44:28', 1, NULL, 0, 0, NULL, NULL, NULL, 0, NULL, NULL),
(6431, 'NOV21-1178-001', 'AEE-867', 237, 0, 0, '', 139, 'TEZ-985', NULL, '19870.00', NULL, '2021-11-25 17:51:07', 20, '62110.00', NULL, NULL, '2021-11-25 18:00:43', 20, '42240.00', 1, 1, NULL, NULL, NULL, '2021-11-25 22:48:43', '2021-11-25 23:00:45', '', '', 41, NULL, NULL, 0, NULL, 0, '', '', NULL, NULL, NULL, NULL, NULL, 1, NULL, NULL, NULL, 11, '2021-11-25 17:48:43', 1, NULL, 0, 0, NULL, NULL, NULL, 0, NULL, NULL),
(6432, 'NOV21-1179-001', 'T5J-907', 277, 0, 0, '', 139, 'ANM-972', NULL, '16930.00', NULL, '2021-11-25 17:58:38', 20, '61380.00', NULL, NULL, '2021-11-25 18:05:06', 20, '44450.00', 1, 1, NULL, NULL, NULL, '2021-11-25 22:54:06', '2021-11-25 23:05:08', '', '', 41, NULL, NULL, 0, NULL, 0, '', '', NULL, NULL, NULL, NULL, NULL, 1, NULL, NULL, NULL, 11, '2021-11-25 17:54:06', 1, NULL, 0, 0, NULL, NULL, NULL, 0, NULL, NULL),
(6433, 'NOV21-1180-001', 'BCO-889', 492, 0, 1, 'GR 03-5019', 59, NULL, NULL, '62070.00', NULL, '2021-11-25 18:11:40', 20, '17690.00', NULL, NULL, '2021-11-25 18:12:58', 20, '44380.00', 1, 1, NULL, NULL, NULL, '2021-11-25 23:00:42', '2021-11-25 23:13:00', '', 'ACEPTADO', 4, NULL, NULL, 0, NULL, 0, '', '', NULL, NULL, NULL, NULL, NULL, 1, NULL, '01-011068', NULL, 11, '2021-11-25 18:00:42', 1, NULL, 0, 1, 21, '2021-11-25 18:34:29', NULL, 0, NULL, NULL),
(6434, 'NOV21-1181-001', 'TAQ-920', 570, 0, 0, '', 139, 'T3M-992', NULL, '20500.00', NULL, '2021-11-25 18:14:49', 20, '62540.00', NULL, NULL, '2021-11-25 18:22:06', 20, '42040.00', 1, 1, NULL, NULL, NULL, '2021-11-25 23:12:04', '2021-11-25 23:22:07', '', '', 41, NULL, NULL, 0, NULL, 0, '', '', NULL, NULL, NULL, NULL, NULL, 1, NULL, NULL, NULL, 11, '2021-11-25 18:12:04', 1, NULL, 0, 0, NULL, NULL, NULL, 0, NULL, NULL),
(6435, 'NOV21-1182-001', 'TAR-854', 401, 0, 0, '', 139, 'AUG-986', NULL, '18650.00', NULL, '2021-11-25 18:17:06', 20, '62110.00', NULL, NULL, '2021-11-25 18:24:27', 20, '43460.00', 1, 1, NULL, NULL, NULL, '2021-11-25 23:13:28', '2021-11-25 23:24:29', '', '', 41, NULL, NULL, 0, NULL, 0, '', '', NULL, NULL, NULL, NULL, NULL, 1, NULL, NULL, NULL, 11, '2021-11-25 18:13:28', 1, NULL, 0, 0, NULL, NULL, NULL, 0, NULL, NULL),
(6436, 'NOV21-1183-001', 'T4U-849', 276, 0, 0, '', 139, 'T4U-927', NULL, '20660.00', NULL, '2021-11-25 18:19:37', 20, '64370.00', NULL, NULL, '2021-11-25 18:27:58', 20, '43710.00', 1, 1, NULL, NULL, NULL, '2021-11-25 23:15:19', '2021-11-25 23:28:00', '', '', 41, NULL, NULL, 0, NULL, 0, '', '', NULL, NULL, NULL, NULL, NULL, 1, NULL, NULL, NULL, 11, '2021-11-25 18:15:19', 1, NULL, 0, 0, NULL, NULL, NULL, 0, NULL, NULL),
(6437, 'NOV21-1184-001', 'T7Y-876', 189, 0, 0, '', 139, 'THC-993', NULL, '18590.00', NULL, '2021-11-25 18:31:01', 20, '60450.00', NULL, NULL, '2021-11-25 18:39:44', 20, '41860.00', 1, 1, NULL, NULL, NULL, '2021-11-25 23:25:15', '2021-11-25 23:39:46', '', '', 41, NULL, NULL, 0, NULL, 0, '', '', NULL, NULL, NULL, NULL, NULL, 1, NULL, NULL, NULL, 11, '2021-11-25 18:25:15', 1, NULL, 0, 0, NULL, NULL, NULL, 0, NULL, NULL),
(6438, 'NOV21-1185-001', 'T8W-820', 302, 0, 0, '', 139, 'TCQ-976', NULL, '17620.00', NULL, '2021-11-25 18:32:44', 20, '61070.00', NULL, NULL, '2021-11-25 18:42:13', 20, '43450.00', 1, 1, NULL, NULL, NULL, '2021-11-25 23:26:24', '2021-11-25 23:42:15', '', '', 41, NULL, NULL, 0, NULL, 0, '', '', NULL, NULL, NULL, NULL, NULL, 1, NULL, NULL, NULL, 11, '2021-11-25 18:26:24', 1, NULL, 0, 0, NULL, NULL, NULL, 0, NULL, NULL),
(6439, 'NOV21-1186-001', 'TAR-865', 508, 0, 0, '', 139, 'ARA-972', NULL, '19180.00', NULL, '2021-11-25 18:34:38', 20, '55400.00', NULL, NULL, '2021-11-25 18:44:18', 20, '36220.00', 1, 1, NULL, NULL, NULL, '2021-11-25 23:27:51', '2021-11-25 23:44:20', '', '', 41, NULL, NULL, 0, NULL, 0, '', '', NULL, NULL, NULL, NULL, NULL, 1, NULL, NULL, NULL, 11, '2021-11-25 18:27:51', 1, NULL, 0, 0, NULL, NULL, NULL, 0, NULL, NULL),
(6440, 'NOV21-1187-001', 'T5G-845', 662, 0, 0, '', 139, 'TCQ-976', NULL, '19510.00', NULL, '2021-11-25 18:36:41', 20, '57670.00', NULL, NULL, '2021-11-25 18:52:27', 20, '38160.00', 1, 1, NULL, NULL, NULL, '2021-11-25 23:31:27', '2021-11-25 23:52:28', '', '', 41, NULL, NULL, 0, NULL, 0, '', '', NULL, NULL, NULL, NULL, NULL, 1, NULL, NULL, NULL, 11, '2021-11-25 18:31:27', 1, NULL, 0, 0, NULL, NULL, NULL, 0, NULL, NULL),
(6441, 'NOV21-1188-001', 'TAQ-915', 443, 0, 0, '', 139, 'T3M-989', NULL, '20210.00', NULL, '2021-11-25 18:46:53', 20, '59900.00', NULL, NULL, '2021-11-25 18:56:49', 20, '39690.00', 1, 1, NULL, NULL, NULL, '2021-11-25 23:40:58', '2021-11-25 23:56:50', '', '', 41, NULL, NULL, 0, NULL, 0, '', '', NULL, NULL, NULL, NULL, NULL, 1, NULL, NULL, NULL, 11, '2021-11-25 18:40:58', 1, NULL, 0, 0, NULL, NULL, NULL, 0, NULL, NULL),
(6442, 'NOV21-1189-001', 'TAQ-907', 442, 0, 0, '', 139, 'T3M-988', NULL, '20570.00', NULL, '2021-11-25 18:48:58', 20, '59990.00', NULL, NULL, '2021-11-25 18:59:19', 20, '39420.00', 1, 1, NULL, NULL, NULL, '2021-11-25 23:43:17', '2021-11-25 23:59:20', '', '', 41, NULL, NULL, 0, NULL, 0, '', '', NULL, NULL, NULL, NULL, NULL, 1, NULL, NULL, NULL, 11, '2021-11-25 18:43:17', 1, NULL, 0, 0, NULL, NULL, NULL, 0, NULL, NULL),
(6443, 'NOV21-1190-001', 'TAQ-904', 687, 0, 0, '', 139, 'T3M-973', NULL, '20380.00', NULL, '2021-11-25 18:50:19', 20, '58320.00', NULL, NULL, '2021-11-25 19:01:21', 20, '37940.00', 1, 1, NULL, NULL, NULL, '2021-11-25 23:44:56', '2021-11-26 00:01:22', '', '', 41, NULL, NULL, 0, NULL, 0, '', '', NULL, NULL, NULL, NULL, NULL, 1, NULL, NULL, NULL, 11, '2021-11-25 18:44:56', 1, NULL, 0, 0, NULL, NULL, NULL, 0, NULL, NULL),
(6444, 'NOV21-1191-001', 'T4D-864', 625, 0, 0, '', 139, 'T4T-989', NULL, '19100.00', NULL, '2021-11-25 19:04:12', 20, '63780.00', NULL, NULL, '2021-11-25 19:16:28', 20, '44680.00', 1, 1, NULL, NULL, NULL, '2021-11-25 23:53:35', '2021-11-26 00:16:30', '', '', 41, NULL, NULL, 0, NULL, 0, '', '', NULL, NULL, NULL, NULL, NULL, 1, NULL, NULL, NULL, 11, '2021-11-25 18:53:35', 1, NULL, 0, 0, NULL, NULL, NULL, 0, NULL, NULL),
(6445, 'NOV21-1192-001', 'F9E-928', 525, 0, 0, '', 139, 'ANM-973', NULL, '17060.00', NULL, '2021-11-25 19:07:09', 20, '60390.00', NULL, NULL, '2021-11-25 19:20:31', 20, '43330.00', 1, 1, NULL, NULL, NULL, '2021-11-25 23:55:21', '2021-11-26 00:20:33', '', '', 41, NULL, NULL, 0, NULL, 0, '', '', NULL, NULL, NULL, NULL, NULL, 1, NULL, NULL, NULL, 11, '2021-11-25 18:55:21', 1, NULL, 0, 0, NULL, NULL, NULL, 0, NULL, NULL),
(6446, 'NOV21-1193-001', 'ADY-872', 120, 0, 0, '', 139, 'T9X-988', NULL, '17060.00', NULL, '2021-11-25 19:10:34', 20, '60680.00', NULL, NULL, '2021-11-25 19:28:32', 20, '43620.00', 1, 1, NULL, NULL, NULL, '2021-11-25 23:56:51', '2021-11-26 00:28:34', '', '', 41, NULL, NULL, 0, NULL, 0, '', '', NULL, NULL, NULL, NULL, NULL, 1, NULL, NULL, NULL, 11, '2021-11-25 18:56:51', 1, NULL, 0, 0, NULL, NULL, NULL, 0, NULL, NULL),
(6447, 'NOV21-1194-001', 'T8W-849', 186, 0, 0, '', 139, 'ANM-984', NULL, '18460.00', NULL, '2021-11-25 19:12:54', 20, '60610.00', NULL, NULL, '2021-11-25 19:31:09', 20, '42150.00', 1, 1, NULL, NULL, NULL, '2021-11-26 00:07:09', '2021-11-26 00:31:11', '', '', 41, NULL, NULL, 0, NULL, 0, '', '', NULL, NULL, NULL, NULL, NULL, 1, NULL, NULL, NULL, 11, '2021-11-25 19:07:09', 1, NULL, 0, 0, NULL, NULL, NULL, 0, NULL, NULL),
(6448, 'NOV21-1195-001', 'T4U-849', 276, 0, 0, '', 139, 'T4U-972', NULL, '20670.00', NULL, '2021-11-25 19:26:06', 20, '61750.00', NULL, NULL, '2021-11-25 19:36:27', 20, '41080.00', 1, 1, NULL, NULL, NULL, '2021-11-26 00:25:16', '2021-11-26 00:36:29', '', '', 41, NULL, NULL, 0, NULL, 0, '', '', NULL, NULL, NULL, NULL, NULL, 1, NULL, NULL, NULL, 11, '2021-11-25 19:25:16', 1, NULL, 0, 0, NULL, NULL, NULL, 0, NULL, NULL),
(6449, 'NOV21-1196-001', 'TAR-854', 401, 0, 0, '', 139, 'AUG-986', NULL, '18640.00', NULL, '2021-11-25 19:39:02', 20, '62430.00', NULL, NULL, '2021-11-25 19:49:16', 20, '43790.00', 1, 1, NULL, NULL, NULL, '2021-11-26 00:33:25', '2021-11-26 00:49:18', '', '', 41, NULL, NULL, 0, NULL, 0, '', '', NULL, NULL, NULL, NULL, NULL, 1, NULL, NULL, NULL, 11, '2021-11-25 19:33:25', 1, NULL, 0, 0, NULL, NULL, NULL, 0, NULL, NULL),
(6450, 'NOV21-1197-001', 'T4D-834', 643, 0, 0, '', 139, 'THD-971', NULL, '17700.00', NULL, '2021-11-25 19:40:50', 20, '65740.00', NULL, NULL, '2021-11-25 19:56:27', 20, '48040.00', 1, 1, NULL, NULL, NULL, '2021-11-26 00:38:53', '2021-11-26 00:56:28', '', '', 41, NULL, NULL, 0, NULL, 0, '', '', NULL, NULL, NULL, NULL, NULL, 1, NULL, NULL, NULL, 11, '2021-11-25 19:38:53', 1, NULL, 0, 0, NULL, NULL, NULL, 0, NULL, NULL),
(6451, 'NOV21-1198-001', 'BKK-745', 305, 0, 1, 'EG01-6', 140, NULL, NULL, '46350.00', NULL, '2021-11-25 21:56:00', 5, '14830.00', NULL, NULL, '2021-11-25 22:25:00', 5, '31520.00', 1, 1, NULL, NULL, NULL, '2021-11-26 02:49:41', '2021-11-29 15:57:58', '', 'ACEPTADO COMO MIXTO DURO POR EXCEPCIÓN', 2, NULL, NULL, 0, NULL, 0, '', '', NULL, NULL, 'INGRESA SIN GUIAS X REGULARIZAR', '2021-11-25 22:30:32', '---ANALISIS PENDIENTE', 1, NULL, NULL, NULL, 4, '2021-11-25 21:49:00', 1, NULL, 0, 1, 9, '2021-11-26 08:07:39', NULL, 0, NULL, NULL),
(6452, 'NOV21-1199-001', 'BKK-842', 336, 0, 1, 'EG01-05', 140, NULL, NULL, '47910.00', NULL, '2021-11-25 21:59:00', 5, '15000.00', NULL, NULL, '2021-11-25 22:29:00', 5, '32910.00', 1, 1, NULL, NULL, NULL, '2021-11-26 02:51:07', '2021-11-29 16:01:42', '', 'ACEPTADO COMO MIXTO SUAVE', 2, NULL, NULL, 0, NULL, 0, '', '', NULL, NULL, 'INGRESA SIN GUIAS X REGULARIZAR', '2021-11-25 22:39:35', '---ANALISIS PENDIENTE', 1, NULL, NULL, NULL, 4, '2021-11-25 21:51:00', 1, NULL, 0, 1, 13, '2021-11-26 08:04:41', NULL, 0, NULL, NULL),
(6453, 'NOV21-1200-001', 'D4N-825', 652, 0, 1, 'GR-01-4911', 17, NULL, NULL, '44230.00', NULL, '2021-11-25 22:08:02', 5, '15100.00', NULL, NULL, '2021-11-25 22:36:18', 5, '29130.00', 1, 1, NULL, NULL, NULL, '2021-11-26 03:02:42', '2021-11-26 03:36:20', '', 'ACEPTADO COMO MIXTO SUAVE PENALIZADO POR CENIZA', 2, NULL, NULL, 0, NULL, 0, '', '', NULL, NULL, NULL, '2021-11-25 22:39:42', '---ANALISIS PENDIENTE', 1, NULL, '01-11109', NULL, 4, '2021-11-25 22:02:42', 1, NULL, 0, 1, 13, '2021-11-26 07:52:04', NULL, 0, NULL, NULL),
(6454, 'NOV21-1201-001', 'F9C-891', 613, 0, 1, 'GR-01-4905', 17, NULL, NULL, '44830.00', NULL, '2021-11-25 22:11:15', 5, '14710.00', NULL, NULL, '2021-11-25 22:32:10', 5, '30120.00', 1, 1, NULL, NULL, NULL, '2021-11-26 03:07:34', '2021-11-26 03:32:12', '', 'ACEPTADO COMO MIXTO SUAVE PENALIZADO POR CENIZA', 2, NULL, NULL, 0, NULL, 0, '', '', NULL, NULL, NULL, '2021-11-25 22:39:48', '---ANALISIS PENDIENTE', 1, NULL, '01-11102', NULL, 4, '2021-11-25 22:07:34', 1, NULL, 0, 1, 9, '2021-11-26 08:08:45', NULL, 0, NULL, NULL),
(6455, 'NOV21-1202-001', 'TAE-919', 159, 0, 1, 'GR3-5059', 1, NULL, NULL, '43780.00', NULL, '2021-11-25 23:38:00', 9, '15360.00', NULL, NULL, '2021-11-25 23:49:00', 9, '28420.00', 1, 1, NULL, NULL, NULL, '2021-11-26 04:31:36', '2021-11-29 16:03:31', '', 'ACEPTADO', 4, NULL, NULL, 0, NULL, 0, '', '', NULL, NULL, 'INGRESA SIN GUIAS X REGULARIZAR', '2021-11-26 00:04:26', '---ANALISIS PENDIENTE', 1, NULL, NULL, NULL, 4, '2021-11-25 23:31:00', 1, NULL, 0, 1, 13, '2021-11-26 00:27:12', NULL, 0, NULL, NULL),
(6456, 'NOV21-1203-001', 'D4F-901', 156, 0, 1, 'GR-01-0320', 32, NULL, NULL, '38420.00', NULL, '2021-11-26 00:24:16', 9, '15040.00', NULL, NULL, '2021-11-26 00:32:43', 9, '23380.00', 1, 1, NULL, NULL, NULL, '2021-11-26 05:18:16', '2021-11-26 05:32:45', '', 'ACEPTADO', 4, NULL, NULL, 0, NULL, 0, '', '', NULL, NULL, NULL, '2021-11-26 00:38:04', '---ANALISIS PENDIENTE', 1, NULL, NULL, NULL, 4, '2021-11-26 00:18:16', 1, NULL, 0, 1, 13, '2021-11-26 01:12:09', NULL, 0, NULL, NULL),
(6457, 'NOV21-1204-001', 'T4M-918', 151, 0, 1, 'GR-04-0639', 5, NULL, NULL, '44170.00', NULL, '2021-11-26 01:34:36', 9, '15000.00', NULL, NULL, '2021-11-26 01:43:45', 9, '29170.00', 1, 1, NULL, NULL, NULL, '2021-11-26 06:29:11', '2021-11-26 06:43:47', '', 'ACEPTADO', 4, NULL, NULL, 0, NULL, 0, '', '', NULL, NULL, NULL, '2021-11-26 01:47:42', '---ANALISIS PENDIENTE', 1, NULL, '01-1777', NULL, 11, '2021-11-26 01:29:11', 1, NULL, 0, 1, 13, '2021-11-26 02:11:37', NULL, 0, NULL, NULL),
(6458, 'NOV21-1205-001', 'T8S-939', 632, 0, 1, 'GR 03-182', 107, NULL, NULL, '57630.00', NULL, '2021-11-26 08:33:22', 12, '19020.00', NULL, NULL, '2021-11-26 09:55:13', 12, '38610.00', 1, 1, NULL, NULL, NULL, '2021-11-26 13:09:58', '2021-11-26 14:55:15', '', '', 28, NULL, NULL, 0, NULL, 0, '', '', NULL, NULL, NULL, NULL, NULL, 1, NULL, NULL, NULL, 10, '2021-11-26 08:09:58', 1, NULL, 0, 0, NULL, NULL, NULL, 0, NULL, NULL),
(6459, 'NOV21-1206-001', 'T2X-383', 425, 0, 1, 'GR1-7393', 121, NULL, NULL, '18740.00', NULL, '2021-11-26 16:40:00', 12, '7240.00', NULL, NULL, '2021-11-26 17:15:00', 6, '11500.00', 1, 1, NULL, NULL, NULL, '2021-11-26 13:12:21', '2021-11-26 22:19:04', '', '', 28, NULL, NULL, 0, NULL, 0, '', '', NULL, NULL, NULL, NULL, NULL, 1, NULL, NULL, NULL, 10, '2021-11-26 16:30:00', 1, NULL, 0, 0, NULL, NULL, NULL, 0, NULL, NULL),
(6460, 'NOV21-1207-001', 'AJN-731', 291, 0, 1, 'GR 04-0640', 5, NULL, NULL, '43790.00', NULL, '2021-11-26 08:24:22', 12, '15190.00', NULL, NULL, '2021-11-26 08:31:07', 12, '28600.00', 1, 1, NULL, NULL, NULL, '2021-11-26 13:21:04', '2021-11-26 13:31:09', '', 'ACEPTADO', 4, NULL, NULL, 0, NULL, 0, '', '', NULL, NULL, NULL, NULL, NULL, 1, NULL, '01-1778', NULL, 4, '2021-11-26 08:21:04', 1, NULL, 0, 1, 9, '2021-11-26 09:30:32', NULL, 0, NULL, NULL),
(6461, 'NOV21-1208-001', 'T6Z-858', 169, 0, 1, 'GR 04-0641', 5, NULL, NULL, '44330.00', NULL, '2021-11-26 08:34:38', 12, '15040.00', NULL, NULL, '2021-11-26 08:39:18', 12, '29290.00', 1, 1, NULL, NULL, NULL, '2021-11-26 13:27:30', '2021-11-26 13:39:20', '', 'ACEPTADO', 4, NULL, NULL, 0, NULL, 0, '', '', NULL, NULL, NULL, NULL, NULL, 1, NULL, '01-1779', NULL, 4, '2021-11-26 08:27:30', 1, NULL, 0, 1, 19, '2021-11-26 09:36:32', NULL, 0, NULL, NULL),
(6462, 'NOV21-1209-001', 'F6D-834', 560, 0, 1, 'EG 01-01', 140, NULL, NULL, '44550.00', NULL, '2021-11-26 08:43:08', 12, '13710.00', NULL, NULL, '2021-11-26 09:14:52', 12, '30840.00', 1, 1, NULL, NULL, NULL, '2021-11-26 13:36:26', '2021-11-26 14:14:54', '', 'ACEPTADO COMO MIXTO SUAVE, PENALIZADO POR CENIZA', 2, NULL, NULL, 0, NULL, 0, '', '', NULL, NULL, NULL, NULL, NULL, 1, NULL, '01.6317', NULL, 4, '2021-11-26 08:36:26', 1, NULL, 0, 1, 13, '2021-11-26 10:54:00', NULL, 0, NULL, NULL),
(6463, 'NOV21-1210-001', 'T2A-943', 410, 0, 1, 'GR 03-1986', 107, NULL, NULL, '19340.00', NULL, '2021-11-26 08:45:10', 12, '7450.00', NULL, NULL, '2021-11-26 09:43:33', 12, '11890.00', 1, 1, NULL, NULL, NULL, '2021-11-26 13:40:45', '2021-11-26 14:43:35', '', '', 28, NULL, NULL, 0, NULL, 0, '', '', NULL, NULL, NULL, NULL, NULL, 1, NULL, NULL, NULL, 10, '2021-11-26 08:40:45', 1, NULL, 0, 0, NULL, NULL, NULL, 0, NULL, NULL),
(6464, 'NOV21-1211-001', 'T2X-838', 425, 0, 1, 'GR 01-7389', 121, NULL, NULL, '18500.00', NULL, '2021-11-26 08:48:58', 12, '7260.00', NULL, NULL, '2021-11-26 10:01:22', 12, '11240.00', 1, 1, NULL, NULL, NULL, '2021-11-26 13:44:38', '2021-11-26 15:01:24', '', '', 28, NULL, NULL, 0, NULL, 0, '', '', NULL, NULL, NULL, NULL, NULL, 1, NULL, NULL, NULL, 10, '2021-11-26 08:44:38', 1, NULL, 0, 0, NULL, NULL, NULL, 0, NULL, NULL),
(6465, 'NOV21-1212-001', 'D4X-851', 650, 0, 1, 'GR 01-0181', 78, NULL, NULL, '49810.00', NULL, '2021-11-26 08:53:38', 12, '16240.00', NULL, NULL, '2021-11-26 09:12:12', 12, '33570.00', 1, 1, NULL, NULL, NULL, '2021-11-26 13:49:43', '2021-11-26 14:12:14', '', 'ACEPTADO COMO MIXTO SUAVE, PENALIZADO POR CENIZA', 2, NULL, NULL, 0, NULL, 0, '', '', NULL, NULL, NULL, NULL, NULL, 1, NULL, '01-1205', NULL, 4, '2021-11-26 08:49:43', 1, NULL, 0, 1, 13, '2021-11-26 11:03:01', NULL, 0, NULL, NULL),
(6466, 'NOV21-1213-001', 'TAY-814', 157, 0, 1, 'GR3-5096', 1, NULL, NULL, '43660.00', NULL, '2021-11-26 08:59:00', 12, '15930.00', NULL, NULL, '2021-11-26 09:03:00', 12, '27730.00', 1, 1, NULL, NULL, NULL, '2021-11-26 13:58:27', '2021-11-29 16:46:43', '', 'ACEPTADO', 4, NULL, NULL, 0, NULL, 0, '', '', NULL, NULL, NULL, NULL, NULL, 1, NULL, NULL, NULL, 4, '2021-11-26 08:58:00', 1, NULL, 0, 1, 30, '2021-11-26 10:49:14', NULL, 0, NULL, NULL),
(6467, 'NOV21-1214-001', 'TAX-909', 610, 0, 1, 'GR 01-0321', 32, NULL, NULL, '41750.00', NULL, '2021-11-26 09:07:32', 12, '15750.00', NULL, NULL, '2021-11-26 09:18:34', 12, '26000.00', 1, 1, NULL, NULL, NULL, '2021-11-26 14:03:01', '2021-11-26 14:18:36', '', 'ACEPTADO', 4, NULL, NULL, 0, NULL, 0, '', '', NULL, NULL, NULL, NULL, NULL, 1, NULL, '01-1239', NULL, 4, '2021-11-26 09:03:01', 1, NULL, 0, 1, 30, '2021-11-26 10:41:07', NULL, 0, NULL, NULL),
(6468, 'NOV21-1215-001', 'AEN-894', 673, 0, 0, '', 54, 'TEP-986', NULL, '14300.00', NULL, '2021-11-26 09:39:13', 12, '46750.00', NULL, NULL, '2021-11-26 10:32:09', 12, '32450.00', 1, 1, NULL, NULL, NULL, '2021-11-26 14:20:04', '2021-11-26 15:32:11', '', 'DESPACHO', 19, NULL, NULL, 0, NULL, 0, '', '', NULL, NULL, NULL, NULL, NULL, 1, NULL, NULL, NULL, 3, '2021-11-26 09:20:04', 1, NULL, 0, 1, 36, '2021-11-26 10:32:49', NULL, 0, NULL, NULL),
(6469, 'NOV21-1216-001', 'D1L-919', 666, 0, 0, '', 54, 'T4S-893', NULL, '16070.00', NULL, '2021-11-26 09:25:51', 12, '48060.00', NULL, NULL, '2021-11-26 10:12:19', 12, '31990.00', 1, 1, NULL, NULL, NULL, '2021-11-26 14:22:24', '2021-11-26 15:12:21', '', 'DESPACHO', 19, NULL, NULL, 0, NULL, 0, '', '', NULL, NULL, NULL, NULL, NULL, 1, NULL, NULL, NULL, 3, '2021-11-26 09:22:24', 1, NULL, 0, 1, 14, '2021-11-26 10:30:29', NULL, 0, NULL, NULL),
(6470, 'NOV21-1217-001', 'T6Y-876', 348, 0, 1, 'GR 03-5036', 59, NULL, NULL, '72040.00', NULL, '2021-11-26 10:15:51', 12, '17550.00', NULL, NULL, '2021-11-26 10:28:15', 12, '54490.00', 1, 1, NULL, NULL, NULL, '2021-11-26 14:39:43', '2021-11-26 15:28:17', '', 'ACEPTADO', 4, NULL, NULL, 0, NULL, 0, '', '', NULL, NULL, NULL, NULL, NULL, 1, NULL, '01-1561', NULL, 11, '2021-11-26 09:39:43', 1, NULL, 0, 1, 30, '2021-11-26 11:02:09', NULL, 0, NULL, NULL),
(6471, 'NOV21-1218-001', 'T8Q-885', 202, 0, 1, 'GR 03-5034', 59, NULL, NULL, '49860.00', NULL, '2021-11-26 10:29:54', 12, '15010.00', NULL, NULL, '2021-11-26 10:34:04', 12, '34850.00', 1, 1, NULL, NULL, NULL, '2021-11-26 14:44:08', '2021-11-26 15:34:06', '', 'ACEPTADO', 4, NULL, NULL, 0, NULL, 0, '', '', NULL, NULL, NULL, NULL, NULL, 1, NULL, '06-1039', NULL, 4, '2021-11-26 09:44:08', 1, NULL, 0, 1, 30, '2021-11-26 11:01:54', NULL, 0, NULL, NULL),
(6472, 'NOV21-1219-001', 'TAV-920', 206, 0, 1, 'GR 03-5033', 59, NULL, NULL, '49350.00', NULL, '2021-11-26 10:37:32', 12, '15740.00', NULL, NULL, '2021-11-26 10:43:05', 12, '33610.00', 1, 1, NULL, NULL, NULL, '2021-11-26 14:47:15', '2021-11-26 15:43:07', '', 'ACEPTADO', 4, NULL, NULL, 0, NULL, 0, '', '', NULL, NULL, NULL, NULL, NULL, 1, NULL, '06-1038', NULL, 4, '2021-11-26 09:47:15', 1, NULL, 0, 1, 30, '2021-11-26 10:56:40', NULL, 0, NULL, NULL),
(6473, 'NOV21-1220-001', 'T8D-882', 667, 0, 1, 'GR 03-5032', 59, NULL, NULL, '49720.00', NULL, '2021-11-26 10:39:45', 12, '15270.00', NULL, NULL, '2021-11-26 10:46:22', 12, '34450.00', 1, 1, NULL, NULL, NULL, '2021-11-26 14:51:33', '2021-11-26 15:46:24', '', 'ACEPTADO', 4, NULL, NULL, 0, NULL, 0, '', '', NULL, NULL, NULL, NULL, NULL, 1, NULL, '06-1037', NULL, 4, '2021-11-26 09:51:33', 1, NULL, 0, 1, 30, '2021-11-26 11:11:26', NULL, 0, NULL, NULL),
(6474, 'NOV21-1221-001', 'T4M-941', 199, 0, 1, 'GR 03-5035', 59, NULL, NULL, '43670.00', NULL, '2021-11-26 10:40:55', 12, '14510.00', NULL, NULL, '2021-11-26 10:48:07', 12, '29160.00', 1, 1, NULL, NULL, NULL, '2021-11-26 14:55:08', '2021-11-26 15:48:09', '', 'ACEPTADO', 4, NULL, NULL, 0, NULL, 0, '', '', NULL, NULL, NULL, NULL, NULL, 1, NULL, '01-0439', NULL, 4, '2021-11-26 09:55:08', 1, NULL, 0, 1, 30, '2021-11-26 11:11:40', NULL, 0, NULL, NULL),
(6475, 'NOV21-1222-001', 'T2B-999', 199, 0, 1, 'GR 03-5035', 59, NULL, NULL, '40630.00', NULL, '2021-11-26 10:42:08', 12, '8290.00', NULL, NULL, '2021-11-26 10:47:25', 12, '32340.00', 1, 1, NULL, NULL, NULL, '2021-11-26 14:56:26', '2021-11-26 15:47:27', '', 'ACEPTADO', 4, NULL, NULL, 0, NULL, 0, '', '', NULL, NULL, NULL, NULL, NULL, 1, NULL, '01-0439', NULL, 4, '2021-11-26 09:56:26', 1, NULL, 0, 1, 30, '2021-11-26 11:11:49', NULL, 0, NULL, NULL),
(6476, 'NOV21-1223-001', 'T2T-849', 627, 0, 1, 'EG01-3', 140, NULL, NULL, '45850.00', NULL, '2021-11-26 10:36:00', 12, '14620.00', NULL, NULL, '2021-11-26 11:06:00', 12, '31230.00', 1, 1, NULL, NULL, NULL, '2021-11-26 15:24:30', '2021-11-29 16:54:39', '', 'ACEPTADO COMO MIXTO SUAVE', 2, NULL, NULL, 0, NULL, 0, '', '', NULL, NULL, NULL, NULL, NULL, 1, NULL, '01-6319', NULL, 4, '2021-11-26 10:24:00', 1, NULL, 0, 1, 30, '2021-11-26 11:31:38', NULL, 0, NULL, NULL),
(6477, 'NOV21-1224-001', 'A1Q-892', 688, 0, 1, 'EG01-2', 140, NULL, NULL, '44620.00', NULL, '2021-11-26 10:45:00', 12, '13520.00', NULL, NULL, '2021-11-26 11:09:00', 12, '31100.00', 1, 1, NULL, NULL, NULL, '2021-11-26 15:32:15', '2021-11-29 16:59:50', '', 'ACEPTADO', 2, NULL, NULL, 0, NULL, 0, '', '', NULL, NULL, NULL, NULL, NULL, 1, NULL, '01-6318', NULL, 4, '2021-11-26 10:32:00', 1, NULL, 0, 1, 30, '2021-11-26 11:39:18', NULL, 0, NULL, NULL),
(6478, 'NOV21-1225-001', 'TAE-919', 159, 0, 1, 'GR2-02579', 44, NULL, NULL, '45370.00', NULL, '2021-11-26 11:00:00', 12, '15400.00', NULL, NULL, '2021-11-26 11:01:00', 12, '29970.00', 1, 1, NULL, NULL, NULL, '2021-11-26 15:49:27', '2021-11-29 17:02:41', '', 'ACEPTADO', 4, NULL, NULL, 0, NULL, 0, '', '', NULL, NULL, NULL, NULL, NULL, 1, NULL, NULL, NULL, 4, '2021-11-26 10:49:00', 1, NULL, 0, 1, 19, '2021-11-26 13:09:30', NULL, 0, NULL, NULL),
(6479, 'NOV21-1226-001', 'T2X-838', 425, 0, 1, 'GR 01-7390', 121, NULL, NULL, '18680.00', NULL, '2021-11-26 10:57:03', 12, '7350.00', NULL, NULL, '2021-11-26 11:47:03', 12, '11330.00', 1, 1, NULL, NULL, NULL, '2021-11-26 15:53:11', '2021-11-26 16:47:05', '', '', 28, NULL, NULL, 0, NULL, 0, '', '', NULL, NULL, NULL, NULL, NULL, 1, NULL, NULL, NULL, 10, '2021-11-26 10:53:11', 1, NULL, 0, 0, NULL, NULL, NULL, 0, NULL, NULL),
(6480, 'NOV21-1227-001', 'D0E-862', 641, 0, 1, 'GR 03-5038', 59, NULL, NULL, '65010.00', NULL, '2021-11-26 11:27:13', 12, '18450.00', NULL, NULL, '2021-11-26 11:40:27', 12, '46560.00', 1, 1, NULL, NULL, NULL, '2021-11-26 16:15:56', '2021-11-26 16:40:29', '', 'ACEPTADO', 4, NULL, NULL, 0, NULL, 0, '', '', NULL, NULL, NULL, NULL, NULL, 1, NULL, '01-7725', NULL, 11, '2021-11-26 11:15:56', 1, NULL, 0, 1, 19, '2021-11-26 13:09:20', NULL, 0, NULL, NULL),
(6481, 'NOV21-1228-001', 'T6Y-893', 634, 0, 1, 'GR 03-5040', 59, NULL, NULL, '64730.00', NULL, '2021-11-26 11:29:19', 12, '17160.00', NULL, NULL, '2021-11-26 11:42:09', 12, '47570.00', 1, 1, NULL, NULL, NULL, '2021-11-26 16:23:29', '2021-11-26 16:42:11', '', 'ACEPTADO', 4, NULL, NULL, 0, NULL, 0, '', '', NULL, NULL, NULL, NULL, NULL, 1, NULL, '04-1505', NULL, 11, '2021-11-26 11:23:29', 1, NULL, 0, 1, 19, '2021-11-26 14:23:28', NULL, 0, NULL, NULL),
(6482, 'NOV21-1229-001', 'AEI-782', 675, 0, 1, 'GR 03-5039', 59, NULL, NULL, '60950.00', NULL, '2021-11-26 11:50:45', 12, '17420.00', NULL, NULL, '2021-11-26 12:16:28', 12, '43530.00', 1, 1, NULL, NULL, NULL, '2021-11-26 16:40:47', '2021-11-26 17:16:30', '', 'ACEPTADO', 4, NULL, NULL, 0, NULL, 0, '', '', NULL, NULL, NULL, NULL, NULL, 1, NULL, '01-7745', NULL, 11, '2021-11-26 11:40:47', 1, NULL, 0, 1, 19, '2021-11-26 13:09:42', NULL, 0, NULL, NULL),
(6483, 'NOV21-1230-001', 'T8S-887', 153, 0, 1, 'GR 03-5042', 59, NULL, NULL, '48290.00', NULL, '2021-11-26 11:52:15', 12, '15460.00', NULL, NULL, '2021-11-26 12:20:50', 12, '32830.00', 1, 1, NULL, NULL, NULL, '2021-11-26 16:45:21', '2021-11-26 17:20:52', '', 'ACEPTADO', 4, NULL, NULL, 0, NULL, 0, '', '', NULL, NULL, NULL, NULL, NULL, 1, NULL, '06-1040', NULL, 11, '2021-11-26 11:45:21', 1, NULL, 0, 1, 19, '2021-11-26 13:09:11', NULL, 0, NULL, NULL),
(6484, 'NOV21-1231-001', 'TAY-814', 157, 0, 1, 'GR2-2575', 44, NULL, NULL, '45830.00', NULL, '2021-11-26 11:59:00', 12, '15870.00', NULL, NULL, '2021-11-26 12:01:00', 12, '29960.00', 1, 1, NULL, NULL, NULL, '2021-11-26 16:50:35', '2021-11-29 17:10:41', '', 'ACEPTADO', 4, NULL, NULL, 0, NULL, 0, '', '', NULL, NULL, NULL, NULL, NULL, 1, NULL, '02-2575', NULL, 4, '2021-11-26 11:50:00', 1, NULL, 0, 1, 9, '2021-11-26 13:38:21', NULL, 0, NULL, NULL),
(6485, 'NOV21-1232-001', 'TAX-909', 610, 0, 1, 'GR 03-5052', 44, NULL, NULL, '45690.00', NULL, '2021-11-26 12:09:05', 12, '15800.00', NULL, NULL, '2021-11-26 12:13:39', 12, '29890.00', 1, 1, NULL, NULL, NULL, '2021-11-26 17:05:16', '2021-11-26 17:13:41', '', 'ACEPTADO', 4, NULL, NULL, 0, NULL, 0, '', '', NULL, NULL, NULL, NULL, NULL, 1, NULL, '01-2576', NULL, 4, '2021-11-26 12:05:16', 1, NULL, 0, 1, 9, '2021-11-26 13:38:33', NULL, 0, NULL, NULL),
(6486, 'NOV21-1233-001', 'H1T-854', 413, 0, 1, 'GR 03-5041', 59, NULL, NULL, '50050.00', NULL, '2021-11-26 12:21:43', 12, '16490.00', NULL, NULL, '2021-11-26 12:56:39', 12, '33560.00', 1, 1, NULL, NULL, NULL, '2021-11-26 17:10:25', '2021-11-26 17:56:41', '', 'ACEPTADO', 4, NULL, NULL, 0, NULL, 0, '', '', NULL, NULL, NULL, NULL, NULL, 1, NULL, '05-4993', NULL, 4, '2021-11-26 12:10:25', 1, NULL, 0, 1, 13, '2021-11-26 13:36:56', NULL, 0, NULL, NULL),
(6487, 'NOV21-1234-001', 'TKD-976', 413, 0, 1, 'GR 03-5041', 59, NULL, NULL, '44450.00', NULL, '2021-11-26 12:23:24', 12, '7280.00', NULL, NULL, '2021-11-26 12:59:17', 12, '37170.00', 1, 1, NULL, NULL, NULL, '2021-11-26 17:12:18', '2021-11-26 17:59:19', '', 'ACEPTADO', 4, NULL, NULL, 0, NULL, 0, '', '', NULL, NULL, NULL, NULL, NULL, 1, NULL, '05-4993', NULL, 4, '2021-11-26 12:12:18', 1, NULL, 0, 1, 13, '2021-11-26 13:35:08', NULL, 0, NULL, NULL),
(6488, 'NOV21-1235-001', 'COP-859', 326, 0, 1, 'GR 03-5037', 59, NULL, NULL, '55120.00', NULL, '2021-11-26 12:43:45', 12, '17460.00', NULL, NULL, '2021-11-26 13:00:48', 12, '37660.00', 1, 1, NULL, NULL, NULL, '2021-11-26 17:23:04', '2021-11-26 18:00:50', '', 'ACEPTADO', 4, NULL, NULL, 0, NULL, 0, '', '', NULL, NULL, NULL, NULL, NULL, 1, NULL, '01-011074', NULL, 12, '2021-11-26 12:23:04', 1, NULL, 0, 1, 19, '2021-11-26 14:23:36', NULL, 0, NULL, NULL),
(6489, 'NOV21-1236-001', 'THG-978', 326, 0, 1, 'GR 03-5037', 59, NULL, NULL, '36570.00', NULL, '2021-11-26 12:45:33', 12, '7170.00', NULL, NULL, '2021-11-26 13:01:56', 12, '29400.00', 1, 1, NULL, NULL, NULL, '2021-11-26 17:24:21', '2021-11-26 18:01:58', '', 'ACEPTADO', 4, NULL, NULL, 0, NULL, 0, '', '', NULL, NULL, NULL, NULL, NULL, 1, NULL, '01-011074', NULL, 12, '2021-11-26 12:24:21', 1, NULL, 0, 1, 13, '2021-11-26 17:47:22', NULL, 0, NULL, NULL),
(6490, 'NOV21-1237-001', 'T9F-927', 343, 0, 1, 'GR 03-5043', 59, NULL, NULL, '49230.00', NULL, '2021-11-26 12:46:44', 12, '15390.00', NULL, NULL, '2021-11-26 13:02:45', 12, '33840.00', 1, 1, NULL, NULL, NULL, '2021-11-26 17:32:34', '2021-11-26 18:02:47', '', 'ACEPTADO', 4, NULL, NULL, 0, NULL, 0, '', '', NULL, NULL, NULL, NULL, NULL, 1, NULL, '05-4994', NULL, 12, '2021-11-26 12:32:34', 1, NULL, 0, 1, 19, '2021-11-26 14:36:29', NULL, 0, NULL, NULL),
(6491, 'NOV21-1238-001', 'TJB-985', 343, 0, 1, 'GR 03-5043', 59, NULL, NULL, '47910.00', NULL, '2021-11-26 12:47:45', 12, '8100.00', NULL, NULL, '2021-11-26 13:03:35', 12, '39810.00', 1, 1, NULL, NULL, NULL, '2021-11-26 17:33:39', '2021-11-26 18:03:37', '', 'ACEPTADO', 4, NULL, NULL, 0, NULL, 0, '', '', NULL, NULL, NULL, NULL, NULL, 1, NULL, '05-4994', NULL, 12, '2021-11-26 12:33:39', 1, NULL, 0, 1, 19, '2021-11-26 14:36:37', NULL, 0, NULL, NULL),
(6492, 'NOV21-1239-001', 'T4A-921', 167, 0, 0, '', 54, 'TEZ-997', NULL, '16120.00', NULL, '2021-11-26 12:49:40', 12, '50370.00', NULL, NULL, '2021-11-26 14:10:38', 12, '34250.00', 1, 1, NULL, NULL, NULL, '2021-11-26 17:42:12', '2021-11-26 19:10:40', '', 'DESPACHO', 19, NULL, NULL, 0, NULL, 0, '', '', NULL, NULL, NULL, NULL, NULL, 1, NULL, NULL, NULL, 3, '2021-11-26 12:42:12', 1, NULL, 0, 1, 9, '2021-11-26 14:29:13', NULL, 0, NULL, NULL),
(6493, 'NOV21-1240-001', 'C5Y-794', 689, 0, 1, 'EG01-4', 140, NULL, NULL, '47190.00', NULL, '2021-11-26 13:13:00', 12, '15920.00', NULL, NULL, '2021-11-26 13:51:00', 12, '31270.00', 1, 1, NULL, NULL, NULL, '2021-11-26 17:53:13', '2021-11-29 17:13:57', '', 'ACEPTADO COMO MIXTO DURO PENALIZADO POR CENIZA', 2, NULL, NULL, 0, NULL, 0, '', '', NULL, NULL, NULL, NULL, NULL, 1, NULL, '01-6321', NULL, 12, '2021-11-26 12:53:00', 1, NULL, 0, 1, 13, '2021-11-26 17:25:49', NULL, 0, NULL, NULL),
(6494, 'NOV21-1241-001', 'T2X-838', 425, 0, 1, '01-7391', 121, NULL, NULL, '18750.00', NULL, '2021-11-26 13:16:46', 12, '7230.00', NULL, NULL, '2021-11-26 13:48:53', 12, '11520.00', 1, 1, NULL, NULL, NULL, '2021-11-26 18:08:21', '2021-11-26 18:48:56', '', '', 28, NULL, NULL, 0, NULL, 0, '', '', NULL, NULL, NULL, NULL, NULL, 1, NULL, NULL, NULL, 10, '2021-11-26 13:08:21', 1, NULL, 0, 0, NULL, NULL, NULL, 0, NULL, NULL),
(6495, 'NOV21-1242-001', 'T6Y-876', 348, 0, 1, 'GR 03-5044', 59, NULL, NULL, '67870.00', NULL, '2021-11-26 13:38:30', 12, '17660.00', NULL, NULL, '2021-11-26 13:40:02', 12, '50210.00', 1, 1, NULL, NULL, NULL, '2021-11-26 18:18:28', '2021-11-26 18:40:04', '', 'ACEPTADO', 4, NULL, NULL, 0, NULL, 0, '', '', NULL, NULL, NULL, NULL, NULL, 1, NULL, '01-1562', NULL, 11, '2021-11-26 13:18:28', 1, NULL, 0, 1, 13, '2021-11-26 15:05:27', NULL, 0, NULL, NULL),
(6496, 'NOV21-1243-001', 'BFW-878', 445, 0, 1, '04-0642', 5, NULL, NULL, '45890.00', NULL, '2021-11-26 13:46:05', 12, '15200.00', NULL, NULL, '2021-11-26 13:54:30', 12, '30690.00', 1, 1, NULL, NULL, NULL, '2021-11-26 18:40:48', '2021-11-26 18:54:32', '', 'ACEPTADO', 4, NULL, NULL, 0, NULL, 0, '', '', NULL, NULL, NULL, NULL, NULL, 1, NULL, '01-0115', NULL, 4, '2021-11-26 13:40:48', 1, NULL, 0, 1, 19, '2021-11-26 15:06:53', NULL, 0, NULL, NULL),
(6497, 'NOV21-1244-001', 'T8Q-885', 202, 0, 1, 'GR 03-5047', 59, NULL, NULL, '45460.00', NULL, '2021-11-26 13:57:04', 12, '15020.00', NULL, NULL, '2021-11-26 14:03:00', 12, '30440.00', 1, 1, NULL, NULL, NULL, '2021-11-26 18:45:47', '2021-11-26 19:03:02', '', 'ACEPTADO', 4, NULL, NULL, 0, NULL, 0, '', '', NULL, NULL, NULL, NULL, NULL, 1, NULL, '06-1043', NULL, 4, '2021-11-26 13:45:47', 1, NULL, 0, 1, 19, '2021-11-26 15:07:15', NULL, 0, NULL, NULL);
INSERT INTO `pesos_Bk29112021` (`id`, `codigo`, `placa`, `conductor`, `es_carreta`, `es_proveedor`, `guia_remision`, `proveedor`, `nro_carreta`, `big_bag`, `peso_entrada`, `obvservacion_entrada`, `fecha_entrada`, `usuario_entrada`, `peso_salida`, `obvservacion_salida`, `plataforma`, `fecha_salida`, `usuario_salida`, `peso_neto`, `estado_activo`, `publicado`, `estado_laboratorio`, `created_by`, `updated_by`, `created_at`, `updated_at`, `observacion_entrada`, `observacion_salida`, `producto`, `solicitud`, `proceso`, `pre_registro`, `carreta_de`, `tiene_carreta`, `imagen1`, `imagen2`, `tiene_solicitud`, `vigilancia_guiatransportista`, `vigilancia_observacionentrada`, `vigilancia_fechahorasalida`, `vigilancia_observacionsalida`, `is_registrovigilancia`, `transportista_guia_remision`, `transportista_guia_transportista`, `transportista_empresa`, `tipo_vehiculo`, `vigilancia_fechahoraentrada`, `vigilancia_estado`, `vigilancia_estadoobservacion`, `is_cargamasiva`, `isCierre_AnalisisCampo_App`, `Cierre_AnalisisCampoApp_Usuario`, `Cierre_AnalisisCampoApp_Fecha`, `observacion_anulacion`, `isPreCierre_AnalisisCampo_PreparacionGranulometria`, `PreCierre_AnalisisCampoPreparacionGranulometria_Usuario`, `PreCierre_AnalisisCampoPreparacionGranulometria_Fecha`) VALUES
(6498, 'NOV21-1245-001', 'T4M-941', 199, 0, 1, 'GR 03-5049', 59, NULL, NULL, '41410.00', NULL, '2021-11-26 13:59:51', 12, '14850.00', NULL, NULL, '2021-11-26 14:04:48', 12, '26560.00', 1, 1, NULL, NULL, NULL, '2021-11-26 18:52:18', '2021-11-26 19:04:50', '', 'ACEPTADO', 4, NULL, NULL, 0, NULL, 0, '', '', NULL, NULL, NULL, NULL, NULL, 1, NULL, '01-0440', NULL, 12, '2021-11-26 13:52:18', 1, NULL, 0, 1, 19, '2021-11-26 16:00:31', NULL, 0, NULL, NULL),
(6499, 'NOV21-1246-001', 'T2B-999', 199, 0, 1, 'GR 03-5048', 59, NULL, NULL, '37850.00', NULL, '2021-11-26 14:01:05', 12, '8390.00', NULL, NULL, '2021-11-26 14:08:55', 12, '29460.00', 1, 1, NULL, NULL, NULL, '2021-11-26 18:54:00', '2021-11-26 19:08:57', '', 'ACEPTADO', 4, NULL, NULL, 0, NULL, 0, '', '', NULL, NULL, NULL, NULL, NULL, 1, NULL, '01-0440', NULL, 12, '2021-11-26 13:54:00', 1, NULL, 0, 1, 19, '2021-11-26 16:00:39', NULL, 0, NULL, NULL),
(6500, 'NOV21-1247-001', 'T2A-943', 410, 0, 1, '03-1987', 107, NULL, NULL, '19620.00', NULL, '2021-11-26 14:02:07', 12, '7640.00', NULL, NULL, '2021-11-26 14:50:24', 12, '11980.00', 1, 1, NULL, NULL, NULL, '2021-11-26 18:59:32', '2021-11-26 19:50:27', '', '', 28, NULL, NULL, 0, NULL, 0, '', '', NULL, NULL, NULL, NULL, NULL, 1, NULL, NULL, NULL, 10, '2021-11-26 13:59:32', 1, NULL, 0, 0, NULL, NULL, NULL, 0, NULL, NULL),
(6501, 'NOV21-1248-001', 'TAV-920', 206, 0, 1, 'GR 03-5046', 59, NULL, NULL, '43740.00', NULL, '2021-11-26 14:14:19', 12, '15750.00', NULL, NULL, '2021-11-26 14:16:41', 12, '27990.00', 1, 1, NULL, NULL, NULL, '2021-11-26 19:04:18', '2021-11-26 19:16:44', '', 'ACEPTADO', 4, NULL, NULL, 0, NULL, 0, '', '', NULL, NULL, NULL, NULL, NULL, 1, NULL, '06-1042', NULL, 4, '2021-11-26 14:04:18', 1, NULL, 0, 1, 30, '2021-11-26 15:29:34', NULL, 0, NULL, NULL),
(6502, 'NOV21-1249-001', 'T8D-882', 667, 0, 1, 'GR 03-5045', 59, NULL, NULL, '44690.00', NULL, '2021-11-26 14:18:08', 12, '15290.00', NULL, NULL, '2021-11-26 14:19:50', 12, '29400.00', 1, 1, NULL, NULL, NULL, '2021-11-26 19:06:52', '2021-11-26 19:19:52', '', 'ACEPTADO', 4, NULL, NULL, 0, NULL, 0, '', '', NULL, NULL, NULL, NULL, NULL, 1, NULL, '06-1041', NULL, 4, '2021-11-26 14:06:52', 1, NULL, 0, 1, 36, '2021-11-26 17:04:59', NULL, 0, NULL, NULL),
(6503, 'NOV21-1250-001', 'T2X-838', 425, 0, 1, '01-7392', 121, NULL, NULL, '18730.00', NULL, '2021-11-26 14:43:15', 12, '7250.00', NULL, NULL, '2021-11-26 15:14:07', 12, '11480.00', 1, 1, NULL, NULL, NULL, '2021-11-26 19:31:06', '2021-11-26 20:14:09', '', '', 28, NULL, NULL, 0, NULL, 0, '', '', NULL, NULL, NULL, NULL, NULL, 1, NULL, NULL, NULL, 10, '2021-11-26 14:31:06', 1, NULL, 0, 0, NULL, NULL, NULL, 0, NULL, NULL),
(6504, 'NOV21-1251-001', 'TAE-919', 214, 0, 1, 'GR2-2577', 44, NULL, NULL, '45210.00', NULL, '2021-11-26 15:02:00', 12, '15480.00', NULL, NULL, '2021-11-26 15:06:00', 12, '29730.00', 1, 1, NULL, NULL, NULL, '2021-11-26 19:58:11', '2021-11-29 17:21:05', '', 'ACEPTADO', 4, NULL, NULL, 0, NULL, 0, '', '', NULL, NULL, NULL, NULL, NULL, 1, NULL, '02-2577', NULL, 4, '2021-11-26 14:58:00', 1, NULL, 0, 1, 36, '2021-11-26 17:04:05', NULL, 0, NULL, NULL),
(6505, 'NOV21-1252-001', 'TAY-933', 690, 0, 1, 'GR 03-5062', 59, NULL, NULL, '66530.00', NULL, '2021-11-26 16:03:31', 12, '17380.00', NULL, NULL, '2021-11-26 16:06:42', 6, '49150.00', 1, 1, NULL, NULL, NULL, '2021-11-26 20:44:54', '2021-11-26 21:06:44', '', 'ACEPTADO', 4, NULL, NULL, 0, NULL, 0, '', '', NULL, NULL, NULL, NULL, NULL, 1, NULL, '010-026729', NULL, 11, '2021-11-26 15:44:54', 1, NULL, 0, 1, 19, '2021-11-26 17:52:09', NULL, 0, NULL, NULL),
(6506, 'NOV21-1253-001', 'TAZ-829', 691, 0, 1, 'GR 03-5060', 59, NULL, NULL, '70060.00', NULL, '2021-11-26 16:05:11', 6, '17910.00', NULL, NULL, '2021-11-26 16:08:39', 6, '52150.00', 1, 1, NULL, NULL, NULL, '2021-11-26 20:51:41', '2021-11-26 21:08:41', '', 'ACEPTADO', 4, NULL, NULL, 0, NULL, 0, '', '', NULL, NULL, NULL, NULL, NULL, 1, NULL, '010-026749', NULL, 11, '2021-11-26 15:51:41', 1, NULL, 0, 1, 19, '2021-11-26 17:51:41', NULL, 0, NULL, NULL),
(6507, 'NOV21-1254-001', 'TAZ-823', 692, 0, 1, 'GR 03-5061', 59, NULL, NULL, '66980.00', NULL, '2021-11-26 16:06:05', 6, '17650.00', NULL, NULL, '2021-11-26 16:56:06', 6, '49330.00', 1, 1, NULL, NULL, NULL, '2021-11-26 20:56:39', '2021-11-26 21:56:08', '', 'ACEPTADO', 4, NULL, NULL, 0, NULL, 0, '', '', NULL, NULL, NULL, NULL, NULL, 1, NULL, '010-026724', NULL, 11, '2021-11-26 15:56:39', 1, NULL, 0, 1, 19, '2021-11-26 17:51:27', NULL, 0, NULL, NULL),
(6508, 'NOV21-1255-001', 'TAY-906', 214, 0, 1, 'GR3-5063', 59, NULL, NULL, '69640.00', NULL, '2021-11-26 16:39:40', 6, '18510.00', NULL, NULL, '2021-11-26 16:58:59', 6, '51130.00', 1, 1, NULL, NULL, NULL, '2021-11-26 21:13:16', '2021-11-26 21:59:01', '', 'ACEPTADO', 4, NULL, NULL, 0, NULL, 0, '', '', NULL, NULL, NULL, NULL, NULL, 1, NULL, 'GR10-26644', NULL, 4, '2021-11-26 16:13:16', 1, NULL, 0, 1, 13, '2021-11-27 00:48:59', NULL, 0, NULL, NULL),
(6509, 'NOV21-1256-001', 'TAY-814', 163, 0, 1, 'GR2-2581', 44, NULL, NULL, '45870.00', NULL, '2021-11-26 17:20:53', 6, '15680.00', NULL, NULL, '2021-11-26 17:35:20', 6, '30190.00', 1, 1, NULL, NULL, NULL, '2021-11-26 21:15:21', '2021-11-26 22:35:22', '', 'ACEPTADO', 4, NULL, NULL, 0, NULL, 0, '', '', NULL, NULL, NULL, NULL, NULL, 1, NULL, 'GR3-5056', NULL, 4, '2021-11-26 16:15:21', 1, NULL, 0, 1, 13, '2021-11-27 00:49:15', NULL, 0, NULL, NULL),
(6510, 'NOV21-1257-001', 'TAX-909', 610, 0, 1, 'GR2-2582', 44, NULL, NULL, '45850.00', NULL, '2021-11-26 16:21:25', 6, '15680.00', NULL, NULL, '2021-11-26 16:28:15', 6, '30170.00', 1, 1, NULL, NULL, NULL, '2021-11-26 21:17:18', '2021-11-26 21:28:17', '', 'ACEPTADO', 4, NULL, NULL, 0, NULL, 0, '', '', NULL, NULL, NULL, NULL, NULL, 1, NULL, 'GR3-5055', NULL, 4, '2021-11-26 16:17:18', 1, NULL, 0, 1, 13, '2021-11-26 18:40:44', NULL, 0, NULL, NULL),
(6511, 'NOV21-1258-001', 'T6J-879', 694, 0, 1, 'GR3-5065', 59, NULL, NULL, '44690.00', NULL, '2021-11-26 16:25:11', 6, '15660.00', NULL, NULL, '2021-11-26 17:04:20', 6, '29030.00', 1, 1, NULL, NULL, NULL, '2021-11-26 21:19:04', '2021-11-26 22:04:23', '', 'ACEPTADO', 4, NULL, NULL, 0, NULL, 0, '', '', NULL, NULL, NULL, NULL, NULL, 1, NULL, 'GR10-26604', NULL, 3, '2021-11-26 16:19:04', 1, NULL, 0, 1, 13, '2021-11-26 18:26:25', NULL, 0, NULL, NULL),
(6512, 'NOV21-1259-001', 'T6Y-893', 634, 0, 1, 'GR 03-5050', 59, NULL, NULL, '65600.00', NULL, '2021-11-26 16:44:00', 6, '17380.00', NULL, NULL, '2021-11-26 17:04:00', 6, '48220.00', 1, 1, NULL, NULL, NULL, '2021-11-26 21:31:24', '2021-11-26 23:01:14', '', 'ACEPTADO', 4, NULL, NULL, 0, NULL, 0, '', '', NULL, NULL, NULL, NULL, NULL, 1, NULL, '04-1506', NULL, 11, '2021-11-26 16:31:00', 1, NULL, 0, 1, 13, '2021-11-27 00:48:32', NULL, 0, NULL, NULL),
(6513, 'NOV21-1260-001', 'T4M-918', 151, 0, 1, 'GR4-643', 5, NULL, NULL, '45690.00', NULL, '2021-11-26 16:36:40', 6, '14980.00', NULL, NULL, '2021-11-26 16:50:45', 6, '30710.00', 1, 1, NULL, NULL, NULL, '2021-11-26 21:33:21', '2021-11-26 21:50:47', '', 'ACEPTADO', 4, NULL, NULL, 0, NULL, 0, '', '', NULL, NULL, NULL, NULL, NULL, 1, NULL, 'GR1-1780', NULL, 4, '2021-11-26 16:33:21', 1, NULL, 0, 1, 13, '2021-11-26 18:32:37', NULL, 0, NULL, NULL),
(6514, 'NOV21-1261-001', 'T8S-887', 153, 0, 1, 'GR3-5049', 59, NULL, NULL, '48360.00', NULL, '2021-11-26 16:48:56', 6, '15470.00', NULL, NULL, '2021-11-26 17:12:48', 6, '32890.00', 1, 1, NULL, NULL, NULL, '2021-11-26 21:34:45', '2021-11-26 22:12:50', '', 'ACEPTADO', 4, NULL, NULL, 0, NULL, 0, '', '', NULL, NULL, NULL, NULL, NULL, 1, NULL, 'GR6-1044', NULL, 4, '2021-11-26 16:34:45', 1, NULL, 0, 1, 13, '2021-11-26 18:12:14', NULL, 0, NULL, NULL),
(6515, 'NOV21-1262-001', 'BLR-715', 695, 0, 1, 'GR 02-2583', 44, NULL, NULL, '48160.00', NULL, '2021-11-26 17:31:17', 6, '16280.00', NULL, NULL, '2021-11-26 17:50:27', 6, '31880.00', 1, 1, NULL, NULL, NULL, '2021-11-26 21:46:57', '2021-11-26 22:50:29', '', 'ACEPTADO', 4, NULL, NULL, 0, NULL, 0, '', '', NULL, NULL, NULL, NULL, NULL, 1, NULL, '03-5057', NULL, 4, '2021-11-26 16:46:57', 1, NULL, 0, 1, 13, '2021-11-26 18:25:31', NULL, 0, NULL, NULL),
(6516, 'NOV21-1263-001', 'DOE-862', 641, 0, 1, 'GR 03-5066', 59, NULL, NULL, '65630.00', NULL, '2021-11-26 17:28:00', 6, '18460.00', NULL, NULL, '2021-11-26 17:37:00', 6, '47170.00', 1, 1, NULL, NULL, NULL, '2021-11-26 21:55:31', '2021-11-26 22:49:14', '', 'ACEPTADO', 4, NULL, NULL, 0, NULL, 0, '', '', NULL, NULL, NULL, NULL, NULL, 1, NULL, '01-7726', NULL, 11, '2021-11-26 16:55:00', 1, NULL, 0, 1, 13, '2021-11-26 18:12:32', NULL, 0, NULL, NULL),
(6517, 'NOV21-1264-001', 'AEI-782', 675, 0, 1, 'GR 03-5067', 59, NULL, NULL, '63290.00', NULL, '2021-11-26 17:32:50', 6, '17460.00', NULL, NULL, '2021-11-26 17:48:14', 6, '45830.00', 1, 1, NULL, NULL, NULL, '2021-11-26 22:06:28', '2021-11-26 22:48:16', '', 'ACEPTADO', 4, NULL, NULL, 0, NULL, 0, '', '', NULL, NULL, NULL, NULL, NULL, 1, NULL, '01-7747', NULL, 11, '2021-11-26 17:06:28', 1, NULL, 0, 1, 13, '2021-11-26 18:12:45', NULL, 0, NULL, NULL),
(6518, 'NOV21-1265-001', 'COP-859', 326, 0, 1, 'GR 03-5073', 59, NULL, NULL, '53490.00', NULL, '2021-11-26 17:34:35', 6, '17480.00', NULL, NULL, '2021-11-26 17:53:35', 6, '36010.00', 1, 1, NULL, NULL, NULL, '2021-11-26 22:18:05', '2021-11-26 22:53:37', '', 'ACEPTADO', 4, NULL, NULL, 0, NULL, 0, '', '', NULL, NULL, NULL, NULL, NULL, 1, NULL, '01-011075', NULL, 12, '2021-11-26 17:18:05', 1, NULL, 0, 1, 13, '2021-11-26 18:55:55', NULL, 0, NULL, NULL),
(6519, 'NOV21-1266-001', 'THC-978', 326, 0, 1, 'GR 03-5073', 59, NULL, NULL, '33100.00', NULL, '2021-11-26 17:36:26', 6, '7090.00', NULL, NULL, '2021-11-26 17:53:54', 6, '26010.00', 1, 1, NULL, NULL, NULL, '2021-11-26 22:19:18', '2021-11-26 22:53:56', '', 'ACEPTADO', 4, NULL, NULL, 0, NULL, 0, '', '', NULL, NULL, NULL, NULL, NULL, 1, NULL, '01-011075', NULL, 12, '2021-11-26 17:19:18', 1, NULL, 0, 1, 13, '2021-11-26 18:56:08', NULL, 0, NULL, NULL),
(6520, 'NOV21-1267-001', 'T8Q-885', 202, 0, 1, 'GR 03-5069', 59, NULL, NULL, '47650.00', NULL, '2021-11-26 17:40:43', 6, '15000.00', NULL, NULL, '2021-11-26 18:03:28', 6, '32650.00', 1, 1, NULL, NULL, NULL, '2021-11-26 22:26:54', '2021-11-26 23:03:30', '', 'ACEPTADO', 4, NULL, NULL, 0, NULL, 0, '', '', NULL, NULL, NULL, NULL, NULL, 1, NULL, '06-1045', NULL, 4, '2021-11-26 17:26:54', 1, NULL, 0, 1, 13, '2021-11-27 00:48:06', NULL, 0, NULL, NULL),
(6521, 'NOV21-1268-001', 'TAV-920', 206, 0, 1, 'GR 03-5071', 59, NULL, NULL, '47130.00', NULL, '2021-11-26 17:41:51', 6, '15730.00', NULL, NULL, '2021-11-26 18:04:26', 6, '31400.00', 1, 1, NULL, NULL, NULL, '2021-11-26 22:30:13', '2021-11-26 23:04:28', '', 'ACEPTADO', 4, NULL, NULL, 0, NULL, 0, '', '', NULL, NULL, NULL, NULL, NULL, 1, NULL, '06-1047', NULL, 4, '2021-11-26 17:30:13', 1, NULL, 0, 1, 34, '2021-11-26 23:59:18', NULL, 0, NULL, NULL),
(6522, 'NOV21-1269-001', 'T8D-882', 667, 0, 1, 'GR 03-5070', 59, NULL, NULL, '47400.00', NULL, '2021-11-26 17:51:40', 6, '15260.00', NULL, NULL, '2021-11-26 18:02:16', 6, '32140.00', 1, 1, NULL, NULL, NULL, '2021-11-26 22:32:27', '2021-11-26 23:02:18', '', 'ACEPTADO', 4, NULL, NULL, 0, NULL, 0, '', '', NULL, NULL, NULL, NULL, NULL, 1, NULL, '06-1046', NULL, 4, '2021-11-26 17:32:27', 1, NULL, 0, 1, 13, '2021-11-27 00:47:50', NULL, 0, NULL, NULL),
(6523, 'NOV21-1270-001', 'T7Y-876', 189, 0, 1, 'GR 03-5074', 59, NULL, NULL, '62020.00', NULL, '2021-11-26 17:52:01', 6, '18920.00', NULL, NULL, '2021-11-26 18:07:24', 6, '43100.00', 1, 1, NULL, NULL, NULL, '2021-11-26 22:39:03', '2021-11-26 23:07:27', '', 'ACEPTADO', 4, NULL, NULL, 0, NULL, 0, '', '', NULL, NULL, NULL, NULL, NULL, 1, NULL, '058-0527', NULL, 11, '2021-11-26 17:39:03', 1, NULL, 0, 1, 34, '2021-11-26 23:59:38', NULL, 0, NULL, NULL),
(6524, 'NOV21-1271-001', 'TAQ-904', 508, 0, 1, 'GR 03-5075', 59, NULL, NULL, '63600.00', NULL, '2021-11-26 18:09:22', 6, '20580.00', NULL, NULL, '2021-11-26 18:10:19', 6, '43020.00', 1, 1, NULL, NULL, NULL, '2021-11-26 22:56:48', '2021-11-26 23:10:21', '', 'ACEPTADO', 4, NULL, NULL, 0, NULL, 0, '', '', NULL, NULL, NULL, NULL, NULL, 1, NULL, '058-0528', NULL, 11, '2021-11-26 17:56:48', 1, NULL, 0, 1, 34, '2021-11-27 00:00:26', NULL, 0, NULL, NULL),
(6525, 'NOV21-1272-001', 'T1R-800', 288, 0, 1, 'GR 03-5076', 59, NULL, NULL, '58950.00', NULL, '2021-11-26 18:13:29', 6, '17130.00', NULL, NULL, '2021-11-26 18:24:40', 6, '41820.00', 1, 1, NULL, NULL, NULL, '2021-11-26 23:06:27', '2021-11-26 23:24:42', '', 'ACEPTADO', 4, NULL, NULL, 0, NULL, 0, '', '', NULL, NULL, NULL, NULL, NULL, 1, NULL, '058-0529', NULL, 11, '2021-11-26 18:06:27', 1, NULL, 0, 1, 34, '2021-11-27 00:00:11', NULL, 0, NULL, NULL),
(6526, 'NOV21-1273-001', 'T9F-927', 670, 0, 1, 'GR 03-5072', 59, NULL, NULL, '48410.00', NULL, '2021-11-26 18:26:32', 6, '15550.00', NULL, NULL, '2021-11-26 18:39:22', 6, '32860.00', 1, 1, NULL, NULL, NULL, '2021-11-26 23:14:53', '2021-11-26 23:39:24', '', 'ACEPTADO', 4, NULL, NULL, 0, NULL, 0, '', '', NULL, NULL, NULL, NULL, NULL, 1, NULL, '05-4996', NULL, 12, '2021-11-26 18:14:53', 1, NULL, 0, 1, 13, '2021-11-27 00:49:39', NULL, 0, NULL, NULL),
(6527, 'NOV21-1274-001', 'TAZ-854', 696, 0, 1, 'GR 03-5064', 59, NULL, NULL, '68070.00', NULL, '2021-11-26 18:23:11', 6, '17560.00', NULL, NULL, '2021-11-26 18:23:44', 6, '50510.00', 1, 1, NULL, NULL, NULL, '2021-11-26 23:20:56', '2021-11-26 23:23:46', '', 'ACEPTADO', 4, NULL, NULL, 0, NULL, 0, '', '', NULL, NULL, NULL, NULL, NULL, 1, NULL, '010-026730', NULL, 11, '2021-11-26 18:20:56', 1, NULL, 0, 1, 34, '2021-11-26 23:59:56', NULL, 0, NULL, NULL),
(6528, 'NOV21-1275-001', 'TAE-919', 214, 0, 1, 'GR 02-2584', 44, NULL, NULL, '45020.00', NULL, '2021-11-26 18:28:32', 6, '15440.00', NULL, NULL, '2021-11-26 18:32:30', 6, '29580.00', 1, 1, NULL, NULL, NULL, '2021-11-26 23:25:53', '2021-11-26 23:32:32', '', 'ACEPTADO', 4, NULL, NULL, 0, NULL, 0, '', '', NULL, NULL, NULL, NULL, NULL, 1, NULL, '03-5058', NULL, 4, '2021-11-26 18:25:53', 1, NULL, 0, 1, 34, '2021-11-27 00:00:45', NULL, 0, NULL, NULL),
(6529, 'NOV21-1276-001', 'TJB-985', 670, 0, 1, 'GR 03-5072', 59, NULL, NULL, '46880.00', NULL, '2021-11-26 18:34:12', 6, '8090.00', NULL, NULL, '2021-11-26 18:37:19', 6, '38790.00', 1, 1, NULL, NULL, NULL, '2021-11-26 23:31:28', '2021-11-26 23:37:21', '', 'ACEPTADO', 4, NULL, NULL, 0, NULL, 0, '', '', NULL, NULL, NULL, NULL, NULL, 1, NULL, '05-4996', NULL, 12, '2021-11-26 18:31:28', 1, NULL, 0, 1, 13, '2021-11-27 00:49:52', NULL, 0, NULL, NULL),
(6530, 'NOV21-1277-001', 'D4O-841', 162, 0, 1, '', 41, NULL, NULL, '43380.00', NULL, '2021-11-26 18:40:20', 6, '15570.00', NULL, NULL, '2021-11-26 19:00:17', 6, '27810.00', 1, 1, NULL, NULL, NULL, '2021-11-26 23:37:05', '2021-11-27 00:00:19', '', 'ACEPTADO COMO CISCO', 2, NULL, NULL, 0, NULL, 0, '', '', NULL, NULL, NULL, NULL, NULL, 1, NULL, NULL, NULL, 4, '2021-11-26 18:37:05', 1, NULL, 0, 1, 13, '2021-11-27 07:55:49', NULL, 0, NULL, NULL),
(6531, 'NOV21-1278-001', 'H1T-854', 413, 0, 1, 'GR03-5068', 59, NULL, NULL, '48210.00', NULL, '2021-11-26 19:17:20', 6, '16470.00', NULL, NULL, '2021-11-26 19:56:39', 6, '31740.00', 1, 1, NULL, NULL, NULL, '2021-11-26 23:57:38', '2021-11-27 00:56:42', '', 'ACEPTADO', 4, NULL, NULL, 0, NULL, 0, '', '', NULL, NULL, NULL, NULL, NULL, 1, NULL, '05-4595', NULL, 4, '2021-11-26 18:57:38', 1, NULL, 0, 1, 13, '2021-11-27 00:45:47', NULL, 0, NULL, NULL),
(6532, 'NOV21-1279-001', 'TKD-976', 413, 0, 1, 'GR03-5068', 59, NULL, NULL, '39340.00', NULL, '2021-11-26 19:17:34', 6, '7240.00', NULL, NULL, '2021-11-26 19:52:36', 6, '32100.00', 1, 1, NULL, NULL, NULL, '2021-11-27 00:00:09', '2021-11-27 00:52:38', '', 'ACEPTADO', 4, NULL, NULL, 0, NULL, 0, '', '', NULL, NULL, NULL, NULL, NULL, 1, NULL, '05-4995', NULL, 4, '2021-11-26 19:00:09', 1, NULL, 0, 1, 13, '2021-11-27 00:45:35', NULL, 0, NULL, NULL),
(6533, 'NOV21-1280-001', 'T7Y-857', 608, 0, 1, 'GR03-5077', 59, NULL, NULL, '59240.00', NULL, '2021-11-26 20:11:55', 6, '17200.00', NULL, NULL, '2021-11-26 20:37:24', 6, '42040.00', 1, 1, NULL, NULL, NULL, '2021-11-27 00:57:52', '2021-11-27 01:37:26', '', 'ACEPTADO', 4, NULL, NULL, 0, NULL, 0, '', '', NULL, NULL, NULL, NULL, NULL, 1, NULL, '58-530', NULL, 11, '2021-11-26 19:57:52', 1, NULL, 0, 1, 13, '2021-11-27 00:45:17', NULL, 0, NULL, NULL),
(6534, 'NOV21-1281-001', 'T6Z-858', 169, 0, 1, 'GR04-645', 5, NULL, NULL, '43110.00', NULL, '2021-11-26 21:01:45', 6, '15040.00', NULL, NULL, '2021-11-26 21:12:22', 6, '28070.00', 1, 1, NULL, NULL, NULL, '2021-11-27 01:55:46', '2021-11-27 02:12:24', '', 'ACEPTADO', 4, NULL, NULL, 0, NULL, 0, '', '', NULL, NULL, NULL, NULL, NULL, 1, NULL, '01-1782', NULL, 4, '2021-11-26 20:55:46', 1, NULL, 0, 1, 13, '2021-11-27 00:45:02', NULL, 0, NULL, NULL),
(6535, 'NOV21-1282-001', 'AJN-731', 291, 0, 1, 'GR04-644', 5, NULL, NULL, '43580.00', NULL, '2021-11-26 21:05:32', 6, '15250.00', NULL, NULL, '2021-11-26 21:20:16', 6, '28330.00', 1, 1, NULL, NULL, NULL, '2021-11-27 02:01:41', '2021-11-27 02:20:19', '', 'ACEPTADO', 4, NULL, NULL, 0, NULL, 0, '', '', NULL, NULL, NULL, NULL, NULL, 1, NULL, '01-1781', NULL, 4, '2021-11-26 21:01:41', 1, NULL, 0, 1, 13, '2021-11-27 00:44:48', NULL, 0, NULL, NULL),
(6536, 'NOV21-1283-001', 'D4F-901', 156, 0, 1, 'GR01-322', 32, NULL, NULL, '41330.00', NULL, '2021-11-27 01:24:52', 6, '15070.00', NULL, NULL, '2021-11-27 01:33:37', 6, '26260.00', 1, 1, NULL, NULL, NULL, '2021-11-27 06:19:14', '2021-11-27 06:33:39', '', 'ACEPTADO', 4, NULL, NULL, 0, NULL, 0, '', '', NULL, NULL, NULL, '2021-11-27 06:26:33', '---ANALISIS PENDIENTE', 1, NULL, NULL, NULL, 4, '2021-11-27 01:19:14', 1, NULL, 0, 1, 30, '2021-11-27 10:19:27', NULL, 0, NULL, NULL),
(6537, 'NOV21-1284-001', 'C4G-877', 609, 0, 1, 'GR02-0050', 66, NULL, NULL, '39290.00', NULL, '2021-11-27 07:37:05', 12, '13890.00', NULL, NULL, '2021-11-27 07:38:58', 12, '25400.00', 1, 1, NULL, NULL, NULL, '2021-11-27 12:11:21', '2021-11-27 12:39:01', '', 'ACEPTADO', 4, NULL, NULL, 0, NULL, 0, '', '', NULL, NULL, NULL, '2021-11-27 10:10:57', 'LLEGARON DE MINA Y SE FUERON A EL PARQUE MINERO', 1, NULL, '014-1229', NULL, 4, '2021-11-27 07:11:21', 1, NULL, 0, 1, 30, '2021-11-27 09:11:53', NULL, 0, NULL, NULL),
(6538, 'NOV21-1285-001', 'TAE-824', 160, 0, 1, 'GR02-0049', 66, NULL, NULL, '44390.00', NULL, '2021-11-27 07:36:06', 12, '15460.00', NULL, NULL, '2021-11-27 07:38:12', 12, '28930.00', 1, 1, NULL, NULL, NULL, '2021-11-27 12:12:42', '2021-11-27 12:38:15', '', 'ACEPTADO', 4, NULL, NULL, 0, NULL, 0, '', '', NULL, NULL, NULL, '2021-11-27 10:11:23', 'LLEGARON DE MINA Y SE FUERON AL PARKE MINERO', 1, NULL, '01-1237', NULL, 4, '2021-11-27 07:12:42', 1, NULL, 0, 1, 30, '2021-11-27 09:04:56', NULL, 0, NULL, NULL),
(6539, 'NOV21-1286-001', 'BFW-878', 445, 0, 1, 'GR04-647', 5, NULL, NULL, '46470.00', NULL, '2021-11-27 08:30:12', 35, '15440.00', NULL, NULL, '2021-11-27 09:08:28', 35, '31030.00', 1, 1, NULL, NULL, NULL, '2021-11-27 13:22:16', '2021-11-27 14:08:31', '', 'ACEPTADO', 4, NULL, NULL, 0, NULL, 0, '', '', NULL, NULL, NULL, NULL, NULL, 1, NULL, '01-116', NULL, 4, '2021-11-27 08:22:16', 1, NULL, 0, 1, 19, '2021-11-27 10:45:18', NULL, 0, NULL, NULL),
(6540, 'NOV21-1287-001', 'T2X-838', 425, 0, 1, 'GR01-7394', 121, NULL, NULL, '19020.00', NULL, '2021-11-27 08:36:41', 35, '7500.00', NULL, NULL, '2021-11-27 10:23:59', 12, '11520.00', 1, 1, NULL, NULL, NULL, '2021-11-27 13:31:42', '2021-11-27 15:24:02', '', '', 20, NULL, NULL, 0, NULL, 0, '', '', NULL, NULL, NULL, '2021-11-27 10:09:36', 'LAS  SISTERNA DE AGUA N ESTAN PESANDO  X MOTIVO Q BALANZA ESTA EN MANTENIMIENTO', 1, NULL, NULL, NULL, 10, '2021-11-27 08:31:42', 1, NULL, 0, 0, NULL, NULL, NULL, 0, NULL, NULL),
(6541, 'NOV21-1288-001', 'AAP-822', 611, 0, 0, '', 54, 'THP-985', NULL, '14970.00', NULL, '2021-11-27 10:58:30', 6, '46590.00', NULL, NULL, '2021-11-27 10:59:38', 6, '31620.00', 1, 1, NULL, NULL, NULL, '2021-11-27 14:21:20', '2021-11-27 15:59:39', '', 'DESPACHO', 19, NULL, NULL, 0, NULL, 0, '', '', NULL, NULL, NULL, '2021-11-27 10:28:11', '---A GRANEL PARA MINSUR', 1, 'GR01-54981', '02-5837', 57, 3, '2021-11-27 09:21:20', 1, NULL, 0, 1, 13, '2021-11-27 12:26:34', NULL, 0, NULL, NULL),
(6542, 'NOV21-1289-001', 'T9F-927', 343, 0, 1, 'GR03-5083', 59, NULL, NULL, '48930.00', NULL, '2021-11-27 09:49:23', 35, '15440.00', NULL, NULL, '2021-11-27 09:51:59', 12, '33490.00', 1, 1, NULL, NULL, NULL, '2021-11-27 14:24:38', '2021-11-27 14:52:02', '', 'ACEPTADO', 4, NULL, NULL, 0, NULL, 0, '', '', NULL, NULL, NULL, NULL, NULL, 1, NULL, '05-4981', NULL, 4, '2021-11-27 09:24:38', 1, NULL, 0, 1, 13, '2021-11-27 12:00:33', NULL, 0, NULL, NULL),
(6543, 'NOV21-1290-001', 'TJB-985', 343, 0, 1, 'GR03-5083', 59, NULL, NULL, '48080.00', NULL, '2021-11-27 09:53:44', 12, '8100.00', NULL, NULL, '2021-11-27 09:55:34', 12, '39980.00', 1, 1, NULL, NULL, NULL, '2021-11-27 14:25:19', '2021-11-27 14:55:37', '', 'ACEPTADO', 4, NULL, NULL, 0, NULL, 0, '', '', NULL, NULL, NULL, NULL, NULL, 1, NULL, '05-4981', NULL, 4, '2021-11-27 09:25:19', 1, NULL, 0, 1, 13, '2021-11-27 12:00:22', NULL, 0, NULL, NULL),
(6544, 'NOV21-1291-001', 'T8D-882', 667, 0, 1, 'GR03-5080', 59, NULL, NULL, '47970.00', NULL, '2021-11-27 10:03:45', 12, '15180.00', NULL, NULL, '2021-11-27 10:05:19', 12, '32790.00', 1, 1, NULL, NULL, NULL, '2021-11-27 14:26:55', '2021-11-27 15:05:22', '', 'ACEPTADO', 4, NULL, NULL, 0, NULL, 0, '', '', NULL, NULL, NULL, NULL, NULL, 1, NULL, '06-1050', NULL, 4, '2021-11-27 09:26:55', 1, NULL, 0, 1, 13, '2021-11-27 11:56:59', NULL, 0, NULL, NULL),
(6545, 'NOV21-1292-001', 'TAV-920', 206, 0, 1, 'GR03-5078', 59, NULL, NULL, '47670.00', NULL, '2021-11-27 10:08:06', 12, '15660.00', NULL, NULL, '2021-11-27 10:09:23', 12, '32010.00', 1, 1, NULL, NULL, NULL, '2021-11-27 14:28:15', '2021-11-27 15:09:25', '', 'ACEPTADO', 4, NULL, NULL, 0, NULL, 0, '', '', NULL, NULL, NULL, NULL, NULL, 1, NULL, '06-1048', NULL, 4, '2021-11-27 09:28:15', 1, NULL, 0, 1, 13, '2021-11-27 11:43:15', NULL, 0, NULL, NULL),
(6546, 'NOV21-1293-001', 'T8S-887', 153, 0, 1, 'GR03-5079', 59, NULL, NULL, '46690.00', NULL, '2021-11-27 09:57:09', 12, '15410.00', NULL, NULL, '2021-11-27 10:02:04', 12, '31280.00', 1, 1, NULL, NULL, NULL, '2021-11-27 14:29:47', '2021-11-27 15:02:07', '', 'ACEPTADO', 4, NULL, NULL, 0, NULL, 0, '', '', NULL, NULL, NULL, NULL, NULL, 1, NULL, '06-1049', NULL, 4, '2021-11-27 09:29:47', 1, NULL, 0, 1, 30, '2021-11-27 11:38:54', NULL, 0, NULL, NULL),
(6547, 'NOV21-1294-001', 'DOE-862', 641, 0, 1, 'GR03-5084', 59, NULL, NULL, '65830.00', NULL, '2021-11-27 10:40:20', 12, '18510.00', NULL, NULL, '2021-11-27 10:42:32', 12, '47320.00', 1, 1, NULL, NULL, NULL, '2021-11-27 14:35:16', '2021-11-27 15:42:39', '', 'ACEPTADO', 4, NULL, NULL, 0, NULL, 0, '', '', NULL, NULL, NULL, NULL, NULL, 1, NULL, '01-7777', NULL, 11, '2021-11-27 09:35:16', 1, NULL, 0, 1, 13, '2021-11-27 12:01:48', NULL, 0, NULL, NULL),
(6548, 'NOV21-1295-001', 'T6J-879', 694, 0, 1, 'GR03-5081', 59, NULL, NULL, '47310.00', NULL, '2021-11-27 10:11:17', 12, '15570.00', NULL, NULL, '2021-11-27 10:13:04', 12, '31740.00', 1, 1, NULL, NULL, NULL, '2021-11-27 14:36:52', '2021-11-27 15:13:06', '', 'ACEPTADO', 4, NULL, NULL, 0, NULL, 0, '', '', NULL, NULL, NULL, NULL, NULL, 1, NULL, '010-26605', NULL, 4, '2021-11-27 09:36:52', 1, NULL, 0, 1, 13, '2021-11-27 11:48:03', NULL, 0, NULL, NULL),
(6549, 'NOV21-1296-001', 'TAZ-823', 692, 0, 1, 'GR03-5082', 59, NULL, NULL, '68670.00', NULL, '2021-11-27 10:34:00', 12, '17590.00', NULL, NULL, '2021-11-27 10:35:00', 12, '51080.00', 1, 1, NULL, NULL, NULL, '2021-11-27 14:38:25', '2021-11-28 21:02:53', '', 'ACEPTADO', 4, NULL, NULL, 0, NULL, 0, '', '', NULL, NULL, NULL, NULL, NULL, 1, NULL, '010-26715', NULL, 11, '2021-11-27 09:38:00', 1, NULL, 0, 1, 30, '2021-11-27 11:39:31', NULL, 0, NULL, NULL),
(6550, 'NOV21-1297-001', 'T8Q-885', 202, 0, 1, 'GR03-5086', 59, NULL, NULL, '47590.00', NULL, '2021-11-27 10:36:50', 12, '14910.00', NULL, NULL, '2021-11-27 10:38:48', 12, '32680.00', 1, 1, NULL, NULL, NULL, '2021-11-27 14:39:32', '2021-11-27 15:38:50', '', 'ACEPTADO', 4, NULL, NULL, 0, NULL, 0, '', '', NULL, NULL, NULL, NULL, NULL, 1, NULL, '06-1051', NULL, 4, '2021-11-27 09:39:32', 1, NULL, 0, 1, 30, '2021-11-27 11:39:15', NULL, 0, NULL, NULL),
(6551, 'NOV21-1298-001', 'C3G-810', 193, 0, 0, '', 54, 'TJZ-978', NULL, '16760.00', NULL, '2021-11-27 10:21:36', 12, '52260.00', NULL, NULL, '2021-11-27 11:00:54', 6, '35500.00', 1, 1, NULL, NULL, NULL, '2021-11-27 14:45:29', '2021-11-27 16:00:56', '', 'DESPACHO', 19, NULL, NULL, 0, NULL, 0, '', '', NULL, NULL, NULL, '2021-11-27 10:43:12', '---A GRANEL PARA MINSUR', 1, 'GR01-54980', '07-1344', 56, 3, '2021-11-27 09:45:29', 1, NULL, 0, 1, 13, '2021-11-27 12:26:58', NULL, 0, NULL, NULL),
(6552, 'NOV21-1299-001', 'T7Y-876', 189, 0, 1, 'GR03-5090', 59, NULL, NULL, '58360.00', NULL, '2021-11-27 10:30:37', 12, '18460.00', NULL, NULL, '2021-11-27 10:32:31', 12, '39900.00', 1, 1, NULL, NULL, NULL, '2021-11-27 14:55:24', '2021-11-27 15:32:34', '', 'ACEPTADO', 4, NULL, NULL, 0, NULL, 0, '', '', NULL, NULL, NULL, NULL, NULL, 1, NULL, '058-532', NULL, 11, '2021-11-27 09:55:24', 1, NULL, 0, 1, 13, '2021-11-27 12:58:28', NULL, 0, NULL, NULL),
(6553, 'NOV21-1300-001', 'TAQ-904', 665, 0, 1, 'GR03-5089', 59, NULL, NULL, '64460.00', NULL, '2021-11-27 10:26:57', 12, '20440.00', NULL, NULL, '2021-11-27 10:28:15', 12, '44020.00', 1, 1, NULL, NULL, NULL, '2021-11-27 15:05:11', '2021-11-27 15:28:17', '', 'ACEPTADO', 4, NULL, NULL, 0, NULL, 0, '', '', NULL, NULL, NULL, NULL, NULL, 1, NULL, '058-531', NULL, 11, '2021-11-27 10:05:11', 1, NULL, 0, 1, 30, '2021-11-27 13:04:24', NULL, 0, NULL, NULL),
(6554, 'NOV21-1301-001', 'T2A-943', 410, 0, 1, 'GR03-1989', 107, NULL, NULL, '19200.00', NULL, '2021-11-27 11:12:14', 12, '7500.00', NULL, NULL, '2021-11-27 11:13:16', 12, '11700.00', 1, 1, NULL, NULL, NULL, '2021-11-27 15:06:24', '2021-11-27 16:13:18', '', '', 20, NULL, NULL, 0, NULL, 0, '', '', NULL, NULL, NULL, '2021-11-27 10:10:13', 'LAS SISTERNA DE AGUA N ESTAN PESANDO EN BALANZA X MOTIVO Q ESTA EN MANTENIMIENTO ', 1, NULL, NULL, NULL, 10, '2021-11-27 10:06:24', 1, NULL, 0, 0, NULL, NULL, NULL, 0, NULL, NULL),
(6555, 'NOV21-1302-001', 'D1L-918', 566, 0, 0, '', 54, 'T4S-992', NULL, '15600.00', NULL, '2021-11-27 10:22:40', 12, '47350.00', NULL, NULL, '2021-11-27 11:23:01', 12, '31750.00', 1, 1, NULL, NULL, NULL, '2021-11-27 15:13:27', '2021-11-27 16:23:04', '', 'DESPACHO', 19, NULL, NULL, 0, NULL, 0, '', '', NULL, NULL, NULL, '2021-11-27 11:28:17', '---A GRANEL PARA MINSUR', 1, 'GR01-54977', '03-1787', 56, 3, '2021-11-27 10:13:27', 1, NULL, 0, 1, 13, '2021-11-27 12:27:21', NULL, 0, NULL, NULL),
(6556, 'NOV21-1303-001', 'T4M-941', 199, 0, 1, 'GR03-5088', 59, NULL, NULL, '44420.00', NULL, '2021-11-27 10:46:27', 12, '14630.00', NULL, NULL, '2021-11-27 10:47:29', 12, '29790.00', 1, 1, NULL, NULL, NULL, '2021-11-27 15:19:32', '2021-11-27 15:47:32', '', 'ACEPTADO', 4, NULL, NULL, 0, NULL, 0, '', '', NULL, NULL, NULL, NULL, NULL, 1, NULL, '01-441', NULL, 4, '2021-11-27 10:19:32', 1, NULL, 0, 1, 13, '2021-11-27 12:04:34', NULL, 0, NULL, NULL),
(6557, 'NOV21-1304-001', 'T2B-999', 199, 0, 1, 'GR03-5088', 59, NULL, NULL, '39480.00', NULL, '2021-11-27 10:44:07', 12, '8160.00', NULL, NULL, '2021-11-27 10:45:08', 12, '31320.00', 1, 1, NULL, NULL, NULL, '2021-11-27 15:20:32', '2021-11-27 15:45:10', '', 'ACEPTADO', 4, NULL, NULL, 0, NULL, 0, '', '', NULL, NULL, NULL, NULL, NULL, 1, NULL, '01-441', NULL, 4, '2021-11-27 10:20:32', 1, NULL, 0, 1, 13, '2021-11-27 12:04:47', NULL, 0, NULL, NULL),
(6558, 'NOV21-1305-001', 'T4M-918', 151, 0, 1, 'GR04-646', 5, NULL, NULL, '46820.00', NULL, '2021-11-27 11:08:40', 12, '14950.00', NULL, NULL, '2021-11-27 11:09:56', 12, '31870.00', 1, 1, NULL, NULL, NULL, '2021-11-27 15:34:03', '2021-11-27 16:09:58', '', 'ACEPTADO', 4, NULL, NULL, 0, NULL, 0, '', '', NULL, NULL, NULL, NULL, NULL, 1, NULL, '01-1783', NULL, 4, '2021-11-27 10:34:03', 1, NULL, 0, 1, 13, '2021-11-27 12:11:14', NULL, 0, NULL, NULL),
(6559, 'NOV21-1306-001', 'COP-859', 326, 0, 1, 'GR03-5093', 59, NULL, NULL, '52160.00', NULL, '2021-11-27 11:19:54', 12, '17690.00', NULL, NULL, '2021-11-27 11:34:18', 12, '34470.00', 1, 1, NULL, NULL, NULL, '2021-11-27 15:46:30', '2021-11-27 16:34:20', '', 'ACEPTADO', 4, NULL, NULL, 0, NULL, 0, '', '', NULL, NULL, NULL, NULL, NULL, 1, NULL, '01-11076', NULL, 11, '2021-11-27 10:46:30', 1, NULL, 0, 1, 30, '2021-11-27 13:04:37', NULL, 0, NULL, NULL),
(6560, 'NOV21-1307-001', 'TAY-933', 690, 0, 1, 'GR03-5091', 59, NULL, NULL, '66970.00', NULL, '2021-11-27 11:16:38', 12, '17270.00', NULL, NULL, '2021-11-27 11:28:46', 12, '49700.00', 1, 1, NULL, NULL, NULL, '2021-11-27 15:47:50', '2021-11-27 16:28:49', '', 'ACEPTADO', 4, NULL, NULL, 0, NULL, 0, '', '', NULL, NULL, NULL, NULL, NULL, 1, NULL, '010-26731', NULL, 11, '2021-11-27 10:47:50', 1, NULL, 0, 1, 30, '2021-11-27 13:18:07', NULL, 0, NULL, NULL),
(6561, 'NOV21-1308-001', 'TAZ-854', 696, 0, 1, 'GR03-5092', 59, NULL, NULL, '61870.00', NULL, '2021-11-27 11:17:22', 12, '17340.00', NULL, NULL, '2021-11-27 11:29:47', 12, '44530.00', 1, 1, NULL, NULL, NULL, '2021-11-27 15:49:34', '2021-11-27 16:29:49', '', 'ACEPTADO', 4, NULL, NULL, 0, NULL, 0, '', '', NULL, NULL, NULL, NULL, NULL, 1, NULL, '010-26659', NULL, 11, '2021-11-27 10:49:34', 1, NULL, 0, 1, 19, '2021-11-27 13:44:27', NULL, 0, NULL, NULL),
(6562, 'NOV21-1309-001', 'T1R-880', 288, 0, 1, 'GR03-5094', 59, NULL, NULL, '58420.00', NULL, '2021-11-27 11:15:23', 12, '17140.00', NULL, NULL, '2021-11-27 11:27:29', 12, '41280.00', 1, 1, NULL, NULL, NULL, '2021-11-27 15:51:42', '2021-11-27 16:27:32', '', 'ACEPTADO', 4, NULL, NULL, 0, NULL, 0, '', '', NULL, NULL, NULL, NULL, NULL, 1, NULL, '058-533', NULL, 11, '2021-11-27 10:51:42', 1, NULL, 0, 1, 19, '2021-11-27 13:15:23', NULL, 0, NULL, NULL),
(6563, 'NOV21-1310-001', 'THG-978', 326, 0, 1, 'GR03-5093', 59, NULL, NULL, '35090.00', NULL, '2021-11-27 11:20:46', 12, '7060.00', NULL, NULL, '2021-11-27 11:32:24', 12, '28030.00', 1, 1, NULL, NULL, NULL, '2021-11-27 15:56:39', '2021-11-27 16:32:27', '', 'ACEPTADO', 4, NULL, NULL, 0, NULL, 0, '', '', NULL, NULL, NULL, NULL, NULL, 1, NULL, '01-11076', NULL, 4, '2021-11-27 10:56:39', 1, NULL, 0, 1, 30, '2021-11-27 13:38:09', NULL, 0, NULL, NULL),
(6564, 'NOV21-1311-001', 'AEI-782', 675, 0, 1, 'GR03-5085', 59, NULL, NULL, '60920.00', NULL, '2021-11-27 11:18:30', 12, '17390.00', NULL, NULL, '2021-11-27 11:31:10', 12, '43530.00', 1, 1, NULL, NULL, NULL, '2021-11-27 16:04:25', '2021-11-27 16:31:12', '', 'ACEPTADO', 4, NULL, NULL, 0, NULL, 0, '', '', NULL, NULL, NULL, NULL, NULL, 1, NULL, '01-7732', NULL, 11, '2021-11-27 11:04:25', 1, NULL, 0, 1, 13, '2021-11-27 12:35:24', NULL, 0, NULL, NULL),
(6565, 'NOV21-1312-001', 'TAR-806', 436, 0, 1, 'GR03-5095', 59, NULL, NULL, '70720.00', NULL, '2021-11-27 11:21:32', 12, '19500.00', NULL, NULL, '2021-11-27 11:33:19', 12, '51220.00', 1, 1, NULL, NULL, NULL, '2021-11-27 16:06:29', '2021-11-27 16:33:22', '', 'ACEPTADO', 4, NULL, NULL, 0, NULL, 0, '', '', NULL, NULL, NULL, NULL, NULL, 1, NULL, '58-534', NULL, 11, '2021-11-27 11:06:29', 1, NULL, 0, 1, 19, '2021-11-27 13:15:35', NULL, 0, NULL, NULL),
(6566, 'NOV21-1313-001', 'BCP-834', 332, 0, 1, 'GR03-5112', 59, NULL, NULL, '68140.00', NULL, '2021-11-27 11:25:35', 12, '17650.00', NULL, NULL, '2021-11-27 11:35:20', 12, '50490.00', 1, 1, NULL, NULL, NULL, '2021-11-27 16:12:15', '2021-11-27 16:35:22', '', 'ACEPTADO', 4, NULL, NULL, 0, NULL, 0, '', '', NULL, NULL, NULL, NULL, NULL, 1, NULL, '08-461', NULL, 11, '2021-11-27 11:12:15', 1, NULL, 0, 1, 19, '2021-11-27 13:17:10', NULL, 0, NULL, NULL),
(6567, 'NOV21-1314-001', 'TAE-919', 214, 0, 1, 'GR02-2587', 44, NULL, NULL, '44990.00', NULL, '2021-11-27 11:37:13', 12, '15500.00', NULL, NULL, '2021-11-27 11:37:57', 12, '29490.00', 1, 1, NULL, NULL, NULL, '2021-11-27 16:20:01', '2021-11-27 16:38:00', '', 'ACEPTADO', 4, NULL, NULL, 0, NULL, 0, '', '', NULL, NULL, NULL, NULL, NULL, 1, NULL, NULL, NULL, 4, '2021-11-27 11:20:01', 1, NULL, 0, 1, 19, '2021-11-27 14:51:22', NULL, 0, NULL, NULL),
(6568, 'NOV21-1315-001', 'TAW-848', 441, 0, 1, 'GR03-5101', 59, NULL, NULL, '68720.00', NULL, '2021-11-27 11:39:17', 12, '18870.00', NULL, NULL, '2021-11-27 11:40:36', 12, '49850.00', 1, 1, NULL, NULL, NULL, '2021-11-27 16:21:39', '2021-11-27 16:40:38', '', 'ACEPTADO', 4, NULL, NULL, 0, NULL, 0, '', '', NULL, NULL, NULL, NULL, NULL, 1, NULL, '058-536', NULL, 11, '2021-11-27 11:21:39', 1, NULL, 0, 1, 30, '2021-11-27 13:38:25', NULL, 0, NULL, NULL),
(6569, 'NOV21-1316-001', 'T5Y-891', 228, 0, 1, 'GR03-5113', 59, NULL, NULL, '64960.00', NULL, '2021-11-27 11:39:55', 12, '21280.00', NULL, NULL, '2021-11-27 11:41:30', 12, '43680.00', 1, 1, NULL, NULL, NULL, '2021-11-27 16:33:09', '2021-11-27 16:41:32', '', 'ACEPTADO', 4, NULL, NULL, 0, NULL, 0, '', '', NULL, NULL, NULL, NULL, NULL, 1, NULL, '058-535', NULL, 11, '2021-11-27 11:33:09', 1, NULL, 0, 1, 30, '2021-11-27 13:38:42', NULL, 0, NULL, NULL),
(6570, 'NOV21-1317-001', 'TAZ-829', 691, 0, 1, 'GR03-5111', 59, NULL, NULL, '63720.00', NULL, '2021-11-27 12:10:57', 12, '17940.00', NULL, NULL, '2021-11-27 12:25:23', 12, '45780.00', 1, 1, NULL, NULL, NULL, '2021-11-27 16:41:59', '2021-11-27 17:25:26', '', 'ACEPTADO', 4, NULL, NULL, 0, NULL, 0, '', '', NULL, NULL, NULL, NULL, NULL, 1, NULL, '010-26750', NULL, 11, '2021-11-27 11:41:59', 1, NULL, 0, 1, 30, '2021-11-27 13:23:03', NULL, 0, NULL, NULL),
(6571, 'NOV21-1318-001', 'TAY-906', 690, 0, 1, 'GR03-5110', 59, NULL, NULL, '66610.00', NULL, '2021-11-27 12:21:42', 12, '17660.00', NULL, NULL, '2021-11-27 12:26:24', 12, '48950.00', 1, 1, NULL, NULL, NULL, '2021-11-27 16:46:19', '2021-11-27 17:26:26', '', 'ACEPTADO', 4, NULL, NULL, 0, NULL, 0, '', '', NULL, NULL, NULL, NULL, NULL, 1, NULL, '010-26725', NULL, 11, '2021-11-27 11:46:19', 1, NULL, 0, 1, 19, '2021-11-27 13:17:40', NULL, 0, NULL, NULL),
(6572, 'NOV21-1319-001', 'T2X-838', 425, 0, 1, 'GR01-7395', 121, NULL, NULL, '18500.00', NULL, '2021-11-27 12:27:51', 12, '7350.00', NULL, NULL, '2021-11-27 12:29:47', 12, '11150.00', 1, 1, NULL, NULL, NULL, '2021-11-27 16:56:46', '2021-11-27 17:29:50', '', '', 20, NULL, NULL, 0, NULL, 0, '', '', NULL, NULL, NULL, '2021-11-27 12:32:44', 'LAS SISTERNAS DE AGUA N ESTAN PESANDO X Q LA BALANZA ESTA EN MATENIMIENTO', 1, NULL, NULL, NULL, 10, '2021-11-27 11:56:46', 1, NULL, 0, 0, NULL, NULL, NULL, 0, NULL, NULL),
(6573, 'NOV21-1320-001', 'ACF-743', 325, 0, 1, 'GR03-5125', 59, NULL, NULL, '49210.00', NULL, '2021-11-27 12:24:09', 12, '16210.00', NULL, NULL, '2021-11-27 12:28:44', 12, '33000.00', 1, 1, NULL, NULL, NULL, '2021-11-27 16:59:51', '2021-11-27 17:28:47', '', 'ACEPTADO', 4, NULL, NULL, 0, NULL, 0, '', '', NULL, NULL, NULL, NULL, NULL, 1, NULL, '01-11078', NULL, 4, '2021-11-27 11:59:51', 1, NULL, 0, 1, 19, '2021-11-27 13:44:42', NULL, 0, NULL, NULL),
(6574, 'NOV21-1321-001', 'T8Q-885', 202, 0, 1, 'GR03-5109', 59, NULL, NULL, '43090.00', NULL, '2021-11-27 12:51:02', 12, '14930.00', NULL, NULL, '2021-11-27 13:32:35', 12, '28160.00', 1, 1, NULL, NULL, NULL, '2021-11-27 17:33:40', '2021-11-27 18:32:37', '', 'ACEPTADO', 4, NULL, NULL, 0, NULL, 0, '', '', NULL, NULL, NULL, NULL, NULL, 1, NULL, '06-1055', NULL, 4, '2021-11-27 12:33:40', 1, NULL, 0, 1, 13, '2021-11-27 15:26:03', NULL, 0, NULL, NULL),
(6575, 'NOV21-1322-001', 'T6J-861', 209, 0, 1, 'GR03-202', 47, NULL, NULL, '14010.00', NULL, '2021-11-27 13:40:43', 12, '7740.00', NULL, NULL, '2021-11-27 16:56:25', 6, '6270.00', 1, 1, NULL, NULL, NULL, '2021-11-27 17:37:31', '2021-11-27 21:56:28', '', '', 15, NULL, NULL, 0, NULL, 0, '', '', NULL, NULL, '2,000GLNS DE DIEESEL ', '2021-11-27 12:39:40', 'NO PESO EN BALANZA SOLO INGRESO ASI AUTORIZADO X EL ING .JULIO JIMENEZ', 1, NULL, '02-4962', NULL, 17, '2021-11-27 12:37:31', 1, NULL, 0, 0, NULL, NULL, NULL, 0, NULL, NULL),
(6576, 'NOV21-1323-001', 'TAY-814', 535, 0, 1, '', 1, NULL, NULL, '44570.00', NULL, '2021-11-27 13:04:00', 12, '15930.00', NULL, NULL, '2021-11-27 13:25:00', NULL, '28640.00', 1, 1, NULL, NULL, NULL, '2021-11-27 17:56:15', '2021-11-28 01:07:44', '', 'ACEPTADO', 4, NULL, NULL, 0, NULL, 0, '', '', NULL, NULL, 'INGRESA SIN GUIAS X REGULARIZAR', NULL, NULL, 1, NULL, NULL, NULL, 4, '2021-11-27 12:56:00', 1, NULL, 0, 1, 13, '2021-11-27 15:25:42', NULL, 0, NULL, NULL),
(6577, 'NOV21-1324-001', 'TAE-824', 160, 0, 1, 'GR02-2588', 44, NULL, NULL, '45280.00', NULL, '2021-11-27 13:04:47', 12, '15460.00', NULL, NULL, '2021-11-27 13:28:32', 12, '29820.00', 1, 1, NULL, NULL, NULL, '2021-11-27 17:57:33', '2021-11-27 18:28:35', '', 'ACEPTADO', 4, NULL, NULL, 0, NULL, 0, '', '', NULL, NULL, NULL, NULL, NULL, 1, NULL, NULL, NULL, 4, '2021-11-27 12:57:33', 1, NULL, 0, 1, 19, '2021-11-27 14:43:23', NULL, 0, NULL, NULL),
(6578, 'NOV21-1325-001', 'C4G-877', 609, 0, 1, 'GR02-2589', 44, NULL, NULL, '40180.00', NULL, '2021-11-27 13:06:28', 12, '14060.00', NULL, NULL, '2021-11-27 13:33:26', 12, '26120.00', 1, 1, NULL, NULL, NULL, '2021-11-27 17:58:50', '2021-11-27 18:33:28', '', 'ACEPTADO', 4, NULL, NULL, 0, NULL, 0, '', '', NULL, NULL, NULL, NULL, NULL, 1, NULL, NULL, NULL, 4, '2021-11-27 12:58:50', 1, NULL, 0, 1, 13, '2021-11-27 15:26:27', NULL, 0, NULL, NULL),
(6579, 'NOV21-1326-001', 'TAZ-823', 692, 0, 1, 'GR03-5105', 59, NULL, NULL, '67080.00', NULL, '2021-11-27 13:10:01', 12, '17620.00', NULL, NULL, '2021-11-27 13:48:08', 12, '49460.00', 1, 1, NULL, NULL, NULL, '2021-11-27 18:03:12', '2021-11-27 18:48:10', '', 'ACEPTADO', 4, NULL, NULL, 0, NULL, 0, '', '', NULL, NULL, NULL, NULL, NULL, 1, NULL, '010-26716', NULL, 11, '2021-11-27 13:03:12', 1, NULL, 0, 1, 13, '2021-11-27 15:27:31', NULL, 0, NULL, NULL),
(6580, 'NOV21-1327-001', 'T8D-882', 667, 0, 1, 'GR03-5107', 59, NULL, NULL, '43920.00', NULL, '2021-11-27 13:44:14', 12, '15230.00', NULL, NULL, '2021-11-27 13:52:13', 12, '28690.00', 1, 1, NULL, NULL, NULL, '2021-11-27 18:17:20', '2021-11-27 18:52:16', '', 'ACEPTADO', 4, NULL, NULL, 0, NULL, 0, '', '', NULL, NULL, NULL, NULL, NULL, 1, NULL, '06-1052', NULL, 4, '2021-11-27 13:17:20', 1, NULL, 0, 1, 9, '2021-11-27 14:28:12', NULL, 0, NULL, NULL),
(6581, 'NOV21-1328-001', 'T8S-887', 153, 0, 1, 'GR03-5103', 59, NULL, NULL, '44040.00', NULL, '2021-11-27 13:54:40', 12, '15430.00', NULL, NULL, '2021-11-27 14:12:32', 12, '28610.00', 1, 1, NULL, NULL, NULL, '2021-11-27 18:18:51', '2021-11-27 19:12:35', '', 'ACEPTADO', 4, NULL, NULL, 0, NULL, 0, '', '', NULL, NULL, NULL, NULL, NULL, 1, NULL, '06-1053', NULL, 4, '2021-11-27 13:18:51', 1, NULL, 0, 1, 9, '2021-11-27 14:28:41', NULL, 0, NULL, NULL),
(6582, 'NOV21-1329-001', 'TAV-920', 206, 0, 1, 'GR03-5102', 59, NULL, NULL, '43830.00', NULL, '2021-11-27 13:55:58', 12, '15710.00', NULL, NULL, '2021-11-27 14:13:54', 12, '28120.00', 1, 1, NULL, NULL, NULL, '2021-11-27 18:20:19', '2021-11-27 19:13:57', '', 'ACEPTADO', 4, NULL, NULL, 0, NULL, 0, '', '', NULL, NULL, NULL, NULL, NULL, 1, NULL, '06-1054', NULL, 4, '2021-11-27 13:20:19', 1, NULL, 0, 1, 9, '2021-11-27 14:29:12', NULL, 0, NULL, NULL),
(6583, 'NOV21-1330-001', 'T6J-879', 694, 0, 1, 'GR03-5104', 59, NULL, NULL, '43530.00', NULL, '2021-11-27 13:56:48', 12, '15900.00', NULL, NULL, '2021-11-27 14:15:11', 12, '27630.00', 1, 1, NULL, NULL, NULL, '2021-11-27 18:21:39', '2021-11-27 19:15:14', '', 'ACEPTADO', 4, NULL, NULL, 0, NULL, 0, '', '', NULL, NULL, NULL, NULL, NULL, 1, NULL, '010-26762', NULL, 4, '2021-11-27 13:21:39', 1, NULL, 0, 1, 9, '2021-11-27 14:30:13', NULL, 0, NULL, NULL),
(6584, 'NOV21-1331-001', 'T7Y-876', 189, 0, 1, 'GR03-5117', 59, NULL, NULL, '60420.00', NULL, '2021-11-27 13:58:14', 12, '18490.00', NULL, NULL, '2021-11-27 14:16:37', 12, '41930.00', 1, 1, NULL, NULL, NULL, '2021-11-27 18:23:14', '2021-11-27 19:16:39', '', 'ACEPTADO', 4, NULL, NULL, 0, NULL, 0, '', '', NULL, NULL, NULL, NULL, NULL, 1, NULL, '58-538', NULL, 11, '2021-11-27 13:23:14', 1, NULL, 0, 1, 9, '2021-11-27 14:31:01', NULL, 0, NULL, NULL),
(6585, 'NOV21-1332-001', 'T2A-943', 410, 0, 1, 'GR03-1990', 107, NULL, NULL, '19000.00', NULL, '2021-11-27 13:59:37', 12, '7500.00', NULL, NULL, '2021-11-27 14:17:46', 12, '11500.00', 1, 1, NULL, NULL, NULL, '2021-11-27 18:32:15', '2021-11-27 19:17:48', '', '', 20, NULL, NULL, 0, NULL, 0, '', '', NULL, NULL, NULL, '2021-11-27 14:11:25', 'no estan pesando x balanza x matenimiento', 1, NULL, NULL, NULL, 10, '2021-11-27 13:32:15', 1, NULL, 0, 0, NULL, NULL, NULL, 0, NULL, NULL),
(6586, 'NOV21-1333-001', 'DOE-862', 641, 0, 1, 'GR03-5108', 59, NULL, NULL, '61510.00', NULL, '2021-11-27 14:01:35', 12, '18400.00', NULL, NULL, '2021-11-27 14:19:38', 12, '43110.00', 1, 1, NULL, NULL, NULL, '2021-11-27 18:34:22', '2021-11-27 19:19:41', '', 'ACEPTADO', 4, NULL, NULL, 0, NULL, 0, '', '', NULL, NULL, NULL, NULL, NULL, 1, NULL, '01-7778', NULL, 11, '2021-11-27 13:34:22', 1, NULL, 0, 1, 30, '2021-11-27 15:23:13', NULL, 0, NULL, NULL),
(6587, 'NOV21-1334-001', 'TAQ-904', 665, 0, 1, 'GR03-5116', 59, NULL, NULL, '61140.00', NULL, '2021-11-27 14:03:20', 12, '20470.00', NULL, NULL, '2021-11-27 14:20:52', 12, '40670.00', 1, 1, NULL, NULL, NULL, '2021-11-27 18:35:12', '2021-11-27 19:20:55', '', 'ACEPTADO', 4, NULL, NULL, 0, NULL, 0, '', '', NULL, NULL, NULL, NULL, NULL, 1, NULL, '058-537', NULL, 11, '2021-11-27 13:35:12', 1, NULL, 0, 1, 13, '2021-11-27 15:29:46', NULL, 0, NULL, NULL),
(6588, 'NOV21-1335-001', 'T2X-838', 425, 0, 1, 'GR01-7396', 121, NULL, NULL, '18510.00', NULL, '2021-11-27 14:07:00', 12, '7500.00', NULL, NULL, '2021-11-27 14:22:10', 12, '11010.00', 1, 1, NULL, NULL, NULL, '2021-11-27 18:41:30', '2021-11-27 19:22:13', '', '', 20, NULL, NULL, 0, NULL, 0, '', '', NULL, NULL, NULL, '2021-11-27 14:10:51', 'no estan pesando  x balanza en mantenimiento', 1, NULL, NULL, NULL, 10, '2021-11-27 13:41:30', 1, NULL, 0, 0, NULL, NULL, NULL, 0, NULL, NULL),
(6589, 'NOV21-1336-001', 'T9F-927', 343, 0, 1, 'GR03-5106', 59, NULL, NULL, '47130.00', NULL, '2021-11-27 14:07:53', 12, '15560.00', NULL, NULL, '2021-11-27 14:23:57', 12, '31570.00', 1, 1, NULL, NULL, NULL, '2021-11-27 18:43:36', '2021-11-27 19:23:59', '', 'ACEPTADO', 4, NULL, NULL, 0, NULL, 0, '', '', NULL, NULL, NULL, NULL, NULL, 1, NULL, '05-4982', NULL, 4, '2021-11-27 13:43:36', 1, NULL, 0, 1, 13, '2021-11-27 15:30:11', NULL, 0, NULL, NULL),
(6590, 'NOV21-1337-001', 'TJB-985', 343, 0, 1, 'GR03-5106', 59, NULL, NULL, '43330.00', NULL, '2021-11-27 14:09:12', 12, '8150.00', NULL, NULL, '2021-11-27 14:24:54', 12, '35180.00', 1, 1, NULL, NULL, NULL, '2021-11-27 18:44:32', '2021-11-27 19:24:57', '', 'ACEPTADO', 4, NULL, NULL, 0, NULL, 0, '', '', NULL, NULL, NULL, NULL, NULL, 1, NULL, '05-4982', NULL, 4, '2021-11-27 13:44:32', 1, NULL, 0, 1, 13, '2021-11-27 15:30:30', NULL, 0, NULL, NULL),
(6591, 'NOV21-1338-001', 'T6Y-876', 348, 0, 1, 'GR03-5133', 59, NULL, NULL, '66270.00', NULL, '2021-11-27 14:09:52', 12, '17730.00', NULL, NULL, '2021-11-27 14:26:10', 12, '48540.00', 1, 1, NULL, NULL, NULL, '2021-11-27 18:53:07', '2021-11-27 19:26:12', '', 'ACEPTADO', 4, NULL, NULL, 0, NULL, 0, '', '', NULL, NULL, NULL, NULL, NULL, 1, NULL, '01-1565', NULL, 11, '2021-11-27 13:53:07', 1, NULL, 0, 1, 30, '2021-11-27 15:32:07', NULL, 0, NULL, NULL),
(6592, 'NOV21-1339-001', 'F8V-933', 337, 0, 1, 'GR03-5132', 59, NULL, NULL, '65490.00', NULL, '2021-11-27 14:11:02', 12, '17870.00', NULL, NULL, '2021-11-27 14:27:06', 12, '47620.00', 1, 1, NULL, NULL, NULL, '2021-11-27 18:58:39', '2021-11-27 19:27:08', '', 'ACEPTADO', 4, NULL, NULL, 0, NULL, 0, '', '', NULL, NULL, NULL, NULL, NULL, 1, NULL, '010-177', NULL, 11, '2021-11-27 13:58:39', 1, NULL, 0, 1, 13, '2021-11-27 15:37:58', NULL, 0, NULL, NULL),
(6593, 'NOV21-1340-001', 'T2X-838', 425, 0, 1, 'GR01-7397', 121, NULL, NULL, '18500.00', NULL, '2021-11-27 15:39:54', 12, '7500.00', NULL, NULL, '2021-11-27 15:40:52', 12, '11000.00', 1, 1, NULL, NULL, NULL, '2021-11-27 19:55:44', '2021-11-27 20:40:55', '', '', 20, NULL, NULL, 0, NULL, 0, '', '', NULL, NULL, 'N ESTAN Q PESAN EN BALANZA X MATENIMIENTO', '2021-11-27 15:37:20', 'n estan q pesan x mantenimiento balanza', 1, NULL, NULL, NULL, 10, '2021-11-27 14:55:44', 1, NULL, 0, 0, NULL, NULL, NULL, 0, NULL, NULL),
(6594, 'NOV21-1341-001', 'H1T-854', 413, 0, 1, 'GR03-5114', 59, NULL, NULL, '47410.00', NULL, '2021-11-27 16:01:41', 12, '16860.00', NULL, NULL, '2021-11-27 16:19:36', 12, '30550.00', 1, 1, NULL, NULL, NULL, '2021-11-27 20:10:38', '2021-11-27 21:19:38', '', 'ACEPTADO', 4, NULL, NULL, 0, NULL, 0, '', '', NULL, NULL, NULL, NULL, NULL, 1, NULL, '05-4997', NULL, 4, '2021-11-27 15:10:38', 1, NULL, 0, 1, 9, '2021-11-27 16:30:03', NULL, 0, NULL, NULL),
(6595, 'NOV21-1342-001', 'TKD-976', 413, 0, 1, 'GR03-5114', 59, NULL, NULL, '42540.00', NULL, '2021-11-27 16:03:09', 12, '7230.00', NULL, NULL, '2021-11-27 16:19:53', 12, '35310.00', 1, 1, NULL, NULL, NULL, '2021-11-27 20:11:20', '2021-11-27 21:19:55', '', 'ACEPTADO', 4, NULL, NULL, 0, NULL, 0, '', '', NULL, NULL, NULL, NULL, NULL, 1, NULL, '05-4997', NULL, 4, '2021-11-27 15:11:20', 1, NULL, 0, 1, 9, '2021-11-27 16:30:14', NULL, 0, NULL, NULL),
(6596, 'NOV21-1343-001', 'T2A-943', 410, 0, 1, 'GR03-1991', 107, NULL, NULL, '19000.00', NULL, '2021-11-27 17:30:15', 6, '7500.00', NULL, NULL, '2021-11-27 17:56:43', 6, '11500.00', 1, 1, NULL, NULL, NULL, '2021-11-27 20:13:20', '2021-11-27 22:56:46', '', '', 20, NULL, NULL, 0, NULL, 0, '', '', NULL, NULL, NULL, '2021-11-27 15:36:54', 'n estan q pesan x balanza mantenimiento', 1, NULL, NULL, NULL, 10, '2021-11-27 15:13:20', 1, NULL, 0, 0, NULL, NULL, NULL, 0, NULL, NULL),
(6597, 'NOV21-1344-001', 'TAE-919', 159, 0, 1, 'GR02-2590', 44, NULL, NULL, '45390.00', NULL, '2021-11-27 16:04:15', 12, '15390.00', NULL, NULL, '2021-11-27 17:17:26', 6, '30000.00', 1, 1, NULL, NULL, NULL, '2021-11-27 20:21:52', '2021-11-27 22:17:29', '', 'ACEPTADO', 4, NULL, NULL, 0, NULL, 0, '', '', NULL, NULL, NULL, '2021-11-27 15:51:57', 'LLEGO DE PARQUE MINERO VOLQUETE PERNOTARA EN PLANTA', 1, NULL, NULL, NULL, 4, '2021-11-27 15:21:52', 1, NULL, 0, 1, 19, '2021-11-27 17:10:16', NULL, 0, NULL, NULL),
(6598, 'NOV21-1345-001', 'BCP-834', 332, 0, 1, 'GR03-5127', 59, NULL, NULL, '65270.00', NULL, '2021-11-27 16:12:48', 12, '17810.00', NULL, NULL, '2021-11-27 17:32:20', 6, '47460.00', 1, 1, NULL, NULL, NULL, '2021-11-27 20:27:42', '2021-11-27 22:32:23', '', 'ACEPTADO', 4, NULL, NULL, 0, NULL, 0, '', '', NULL, NULL, NULL, NULL, NULL, 1, NULL, '08-462', NULL, 11, '2021-11-27 15:27:42', 1, NULL, 0, 1, 19, '2021-11-27 17:11:15', NULL, 0, NULL, NULL),
(6599, 'NOV21-1346-001', 'T4M-941', 199, 0, 1, 'GR03-5115', 59, NULL, NULL, '42110.00', NULL, '2021-11-27 16:07:38', 12, '14700.00', NULL, NULL, '2021-11-27 17:18:29', 6, '27410.00', 1, 1, NULL, NULL, NULL, '2021-11-27 20:47:53', '2021-11-27 22:18:34', '', 'ACEPTADO', 4, NULL, NULL, 0, NULL, 0, '', '', NULL, NULL, NULL, NULL, NULL, 1, NULL, '01-442', NULL, 4, '2021-11-27 15:47:53', 1, NULL, 0, 1, 30, '2021-11-27 17:40:52', NULL, 0, NULL, NULL),
(6600, 'NOV21-1347-001', 'T2B-999', 199, 0, 1, 'GR03-5115', 59, NULL, NULL, '37570.00', NULL, '2021-11-27 16:11:47', 12, '8260.00', NULL, NULL, '2021-11-27 17:22:38', 6, '29310.00', 1, 1, NULL, NULL, NULL, '2021-11-27 20:48:41', '2021-11-27 22:22:41', '', 'ACEPTADO', 4, NULL, NULL, 0, NULL, 0, '', '', NULL, NULL, NULL, NULL, NULL, 1, NULL, '01-442', NULL, 4, '2021-11-27 15:48:41', 1, NULL, 0, 1, 30, '2021-11-27 17:41:02', NULL, 0, NULL, NULL),
(6601, 'NOV21-1348-001', 'AEI-782', 416, 0, 1, 'GR03-5121', 59, NULL, NULL, '59060.00', NULL, '2021-11-27 16:17:38', 12, '17400.00', NULL, NULL, '2021-11-27 17:33:31', 6, '41660.00', 1, 1, NULL, NULL, NULL, '2021-11-27 21:06:49', '2021-11-27 22:33:35', '', 'ACEPTADO', 4, NULL, NULL, 0, NULL, 0, '', '', NULL, NULL, NULL, NULL, NULL, 1, NULL, '01-7748', NULL, 11, '2021-11-27 16:06:49', 1, NULL, 0, 1, 30, '2021-11-27 17:55:33', NULL, 0, NULL, NULL),
(6602, 'NOV21-1349-001', 'TAR-806', 436, 0, 1, 'GR03-5123', 59, NULL, NULL, '60950.00', NULL, '2021-11-27 16:30:48', 12, '19380.00', NULL, NULL, '2021-11-27 17:48:36', 6, '41570.00', 1, 1, NULL, NULL, NULL, '2021-11-27 21:11:18', '2021-11-27 22:48:38', '', 'ACEPTADO', 4, NULL, NULL, 0, NULL, 0, '', '', NULL, NULL, NULL, NULL, NULL, 1, NULL, '058-540', NULL, 11, '2021-11-27 16:11:18', 1, NULL, 0, 1, 30, '2021-11-27 17:24:57', NULL, 0, NULL, NULL),
(6603, 'NOV21-1350-001', 'T1R-880', 288, 0, 1, 'GR03-5122', 59, NULL, NULL, '60720.00', NULL, '2021-11-27 16:26:48', 12, '17090.00', NULL, NULL, '2021-11-27 17:43:54', 6, '43630.00', 1, 1, NULL, NULL, NULL, '2021-11-27 21:15:42', '2021-11-27 22:43:59', '', 'ACEPTADO', 4, NULL, NULL, 0, NULL, 0, '', '', NULL, NULL, NULL, NULL, NULL, 1, NULL, '058-539', NULL, 11, '2021-11-27 16:15:42', 1, NULL, 0, 1, 30, '2021-11-27 17:19:50', NULL, 0, NULL, NULL),
(6604, 'NOV21-1351-001', 'T2X-838', 425, 0, 1, 'GR01-7398', 121, NULL, NULL, '18500.00', NULL, '2021-11-27 17:29:18', 6, '7500.00', NULL, NULL, '2021-11-27 17:51:09', 6, '11000.00', 1, 1, NULL, NULL, NULL, '2021-11-27 21:16:49', '2021-11-27 22:51:12', '', '', 20, NULL, NULL, 0, NULL, 0, '', '', NULL, NULL, NULL, NULL, NULL, 1, NULL, NULL, NULL, 10, '2021-11-27 16:16:49', 1, NULL, 0, 0, NULL, NULL, NULL, 0, NULL, NULL);
INSERT INTO `pesos_Bk29112021` (`id`, `codigo`, `placa`, `conductor`, `es_carreta`, `es_proveedor`, `guia_remision`, `proveedor`, `nro_carreta`, `big_bag`, `peso_entrada`, `obvservacion_entrada`, `fecha_entrada`, `usuario_entrada`, `peso_salida`, `obvservacion_salida`, `plataforma`, `fecha_salida`, `usuario_salida`, `peso_neto`, `estado_activo`, `publicado`, `estado_laboratorio`, `created_by`, `updated_by`, `created_at`, `updated_at`, `observacion_entrada`, `observacion_salida`, `producto`, `solicitud`, `proceso`, `pre_registro`, `carreta_de`, `tiene_carreta`, `imagen1`, `imagen2`, `tiene_solicitud`, `vigilancia_guiatransportista`, `vigilancia_observacionentrada`, `vigilancia_fechahorasalida`, `vigilancia_observacionsalida`, `is_registrovigilancia`, `transportista_guia_remision`, `transportista_guia_transportista`, `transportista_empresa`, `tipo_vehiculo`, `vigilancia_fechahoraentrada`, `vigilancia_estado`, `vigilancia_estadoobservacion`, `is_cargamasiva`, `isCierre_AnalisisCampo_App`, `Cierre_AnalisisCampoApp_Usuario`, `Cierre_AnalisisCampoApp_Fecha`, `observacion_anulacion`, `isPreCierre_AnalisisCampo_PreparacionGranulometria`, `PreCierre_AnalisisCampoPreparacionGranulometria_Usuario`, `PreCierre_AnalisisCampoPreparacionGranulometria_Fecha`) VALUES
(6605, 'NOV21-1352-001', 'COP-859', 326, 0, 1, 'GR03-5120', 59, NULL, NULL, '49410.00', NULL, '2021-11-27 16:32:40', 12, '17620.00', NULL, NULL, '2021-11-27 17:40:10', 6, '31790.00', 1, 1, NULL, NULL, NULL, '2021-11-27 21:17:42', '2021-11-27 22:40:13', '', 'ACEPTADO', 4, NULL, NULL, 0, NULL, 0, '', '', NULL, NULL, NULL, NULL, NULL, 1, NULL, '01-11077', NULL, 4, '2021-11-27 16:17:42', 1, NULL, 0, 1, 19, '2021-11-27 18:16:11', NULL, 0, NULL, NULL),
(6606, 'NOV21-1353-001', 'THG-978', 326, 0, 1, 'GR03-5120', 59, NULL, NULL, '33560.00', NULL, '2021-11-27 17:35:42', 6, '7060.00', NULL, NULL, '2021-11-27 17:42:22', 6, '26500.00', 1, 1, NULL, NULL, NULL, '2021-11-27 21:18:25', '2021-11-27 22:42:25', '', 'ACEPTADO', 4, NULL, NULL, 0, NULL, 0, '', '', NULL, NULL, NULL, NULL, NULL, 1, NULL, '01-11077', NULL, 4, '2021-11-27 16:18:25', 1, NULL, 0, 1, 19, '2021-11-27 18:16:18', NULL, 0, NULL, NULL),
(6607, 'NOV21-1354-001', 'TAW-848', 441, 0, 1, 'GR03-5136', 59, NULL, NULL, '60490.00', NULL, '2021-11-27 18:09:43', 6, '18840.00', NULL, NULL, '2021-11-27 18:34:36', 6, '41650.00', 1, 1, NULL, NULL, NULL, '2021-11-27 21:23:35', '2021-11-27 23:34:39', '', 'ACEPTADO', 4, NULL, NULL, 0, NULL, 0, '', '', NULL, NULL, NULL, NULL, NULL, 1, NULL, '058-543', NULL, 11, '2021-11-27 16:23:35', 1, NULL, 0, 1, 13, '2021-11-27 19:22:44', NULL, 0, NULL, NULL),
(6608, 'NOV21-1355-001', 'T5Y-891', 228, 0, 1, 'GR03-5128', 59, NULL, NULL, '63150.00', NULL, '2021-11-27 18:23:47', 6, '21280.00', NULL, NULL, '2021-11-27 18:35:24', 6, '41870.00', 1, 1, NULL, NULL, NULL, '2021-11-27 21:52:10', '2021-11-27 23:35:27', '', 'ACEPTADO', 4, NULL, NULL, 0, NULL, 0, '', '', NULL, NULL, NULL, NULL, NULL, 1, NULL, '058-541', NULL, 11, '2021-11-27 16:52:10', 1, NULL, 0, 1, 13, '2021-11-27 19:17:16', NULL, 0, NULL, NULL),
(6609, 'NOV21-1356-001', 'TAE-824', 160, 0, 1, 'GR02-2591', 44, NULL, NULL, '45160.00', NULL, '2021-11-27 18:25:23', 6, '15560.00', NULL, NULL, '2021-11-27 18:36:19', 6, '29600.00', 1, 1, NULL, NULL, NULL, '2021-11-27 21:53:15', '2021-11-27 23:36:21', '', 'ACEPTADO', 4, NULL, NULL, 0, NULL, 0, '', '', NULL, NULL, NULL, NULL, NULL, 1, NULL, NULL, NULL, 11, '2021-11-27 16:53:15', 1, NULL, 0, 1, 13, '2021-11-27 19:44:19', NULL, 0, NULL, NULL),
(6610, 'NOV21-1357-001', 'TAZ-823', 692, 0, 1, 'GR03-5138', 59, NULL, NULL, '68380.00', NULL, '2021-11-27 18:27:30', 6, '18690.00', NULL, NULL, '2021-11-27 18:37:11', 6, '49690.00', 1, 1, NULL, NULL, NULL, '2021-11-27 21:57:16', '2021-11-27 23:37:14', '', 'ACEPTADO', 4, NULL, NULL, 0, NULL, 0, '', '', NULL, NULL, NULL, NULL, NULL, 1, NULL, '010-26723', NULL, 11, '2021-11-27 16:57:16', 1, NULL, 0, 1, 13, '2021-11-27 19:17:59', NULL, 0, NULL, NULL),
(6611, 'NOV21-1358-001', 'C4G-877', 609, 0, 1, 'GR02-2592', 44, NULL, NULL, '41010.00', NULL, '2021-11-27 18:28:16', 6, '14040.00', NULL, NULL, '2021-11-27 18:38:14', 6, '26970.00', 1, 1, NULL, NULL, NULL, '2021-11-27 21:57:48', '2021-11-27 23:38:17', '', 'ACEPTADO', 4, NULL, NULL, 0, NULL, 0, '', '', NULL, NULL, NULL, NULL, NULL, 1, NULL, NULL, NULL, 4, '2021-11-27 16:57:48', 1, NULL, 0, 1, 13, '2021-11-27 19:34:03', NULL, 0, NULL, NULL),
(6612, 'NOV21-1359-001', 'D4F-901', 623, 0, 1, 'GR01-323', 32, NULL, NULL, '41000.00', NULL, '2021-11-27 17:09:49', 6, '15240.00', NULL, NULL, '2021-11-27 17:49:36', 6, '25760.00', 1, 1, NULL, NULL, NULL, '2021-11-27 22:01:19', '2021-11-27 22:49:39', '', 'ACEPTADO', 4, NULL, NULL, 0, NULL, 0, '', '', NULL, NULL, NULL, NULL, NULL, 1, NULL, NULL, NULL, 4, '2021-11-27 17:01:19', 1, NULL, 0, 1, 13, '2021-11-27 19:47:56', NULL, 0, NULL, NULL),
(6613, 'NOV21-1360-001', 'T4V-822', 397, 0, 1, 'GR03-5137', 59, NULL, NULL, '44640.00', NULL, '2021-11-27 18:29:08', 6, '15370.00', NULL, NULL, '2021-11-27 18:39:27', 6, '29270.00', 1, 1, NULL, NULL, NULL, '2021-11-27 22:07:52', '2021-11-27 23:39:29', '', 'ACEPTADO', 4, NULL, NULL, 0, NULL, 0, '', '', NULL, NULL, NULL, NULL, NULL, 1, NULL, '05-4999', NULL, 4, '2021-11-27 17:07:52', 1, NULL, 0, 1, 13, '2021-11-27 19:18:28', NULL, 0, NULL, NULL),
(6614, 'NOV21-1361-001', 'TJB-986', 397, 0, 1, 'GR03-5137', 59, NULL, NULL, '42350.00', NULL, '2021-11-27 18:29:49', 6, '8740.00', NULL, NULL, '2021-11-27 18:40:26', 6, '33610.00', 1, 1, NULL, NULL, NULL, '2021-11-27 22:08:33', '2021-11-27 23:40:28', '', 'ACEPTADO', 4, NULL, NULL, 0, NULL, 0, '', '', NULL, NULL, NULL, NULL, NULL, 1, NULL, '05-4999', NULL, 4, '2021-11-27 17:08:33', 1, NULL, 0, 1, 13, '2021-11-27 19:52:04', NULL, 0, NULL, NULL),
(6615, 'NOV21-1362-001', 'T7Y-876', 189, 0, 1, 'GR03-5143', 59, NULL, NULL, '53100.00', NULL, '2021-11-27 18:30:26', 6, '18440.00', NULL, NULL, '2021-11-27 18:41:25', 6, '34660.00', 1, 1, NULL, NULL, NULL, '2021-11-27 22:10:04', '2021-11-27 23:41:28', '', 'ACEPTADO', 4, NULL, NULL, 0, NULL, 0, '', '', NULL, NULL, NULL, NULL, NULL, 1, NULL, '058-544', NULL, 11, '2021-11-27 17:10:04', 1, NULL, 0, 1, 13, '2021-11-27 19:21:49', NULL, 0, NULL, NULL),
(6616, 'NOV21-1363-001', 'T6J-879', 694, 0, 1, 'GR03-5139', 59, NULL, NULL, '44460.00', NULL, '2021-11-27 18:31:21', 6, '15860.00', NULL, NULL, '2021-11-27 18:42:39', 6, '28600.00', 1, 1, NULL, NULL, NULL, '2021-11-27 22:11:43', '2021-11-27 23:42:42', '', 'ACEPTADO', 4, NULL, NULL, 0, NULL, 0, '', '', NULL, NULL, NULL, NULL, NULL, 1, NULL, '010-26763', NULL, 4, '2021-11-27 17:11:43', 1, NULL, 0, 1, 13, '2021-11-27 19:17:41', NULL, 0, NULL, NULL),
(6617, 'NOV21-1364-001', 'TAY-933', 690, 0, 1, 'GR03-5118', 59, NULL, NULL, '67190.00', NULL, '2021-11-27 18:32:26', 6, '17300.00', NULL, NULL, '2021-11-27 18:45:54', 6, '49890.00', 1, 1, NULL, NULL, NULL, '2021-11-27 22:19:21', '2021-11-27 23:45:57', '', 'ACEPTADO', 4, NULL, NULL, 0, NULL, 0, '', '', NULL, NULL, NULL, NULL, NULL, 1, NULL, '010-26732', NULL, 11, '2021-11-27 17:19:21', 1, NULL, 0, 1, 13, '2021-11-27 19:26:54', NULL, 0, NULL, NULL),
(6618, 'NOV21-1365-001', 'TAZ-854', 696, 0, 1, 'GR03-5119', 59, NULL, NULL, '60380.00', NULL, '2021-11-27 18:33:04', 6, '17360.00', NULL, NULL, '2021-11-27 18:47:10', 6, '43020.00', 1, 1, NULL, NULL, NULL, '2021-11-27 22:21:26', '2021-11-27 23:47:13', '', 'ACEPTADO', 4, NULL, NULL, 0, NULL, 0, '', '', NULL, NULL, NULL, NULL, NULL, 1, NULL, '010-26657', NULL, 11, '2021-11-27 17:21:26', 1, NULL, 0, 1, 13, '2021-11-27 21:01:10', NULL, 0, NULL, NULL),
(6619, 'NOV21-1366-001', 'TAY-906', 690, 0, 1, 'GR03-5124', 59, NULL, NULL, '65730.00', NULL, '2021-11-27 18:49:41', 6, '17900.00', NULL, NULL, '2021-11-27 18:56:07', 6, '47830.00', 1, 1, NULL, NULL, NULL, '2021-11-27 22:24:11', '2021-11-27 23:56:10', '', 'ACEPTADO', 4, NULL, NULL, 0, NULL, 0, '', '', NULL, NULL, NULL, NULL, NULL, 1, NULL, '010-26726', NULL, 11, '2021-11-27 17:24:11', 1, NULL, 0, 1, 13, '2021-11-27 21:01:23', NULL, 0, NULL, NULL),
(6620, 'NOV21-1367-001', 'TAZ-829', 691, 0, 1, 'GR03-5126', 59, NULL, NULL, '67010.00', NULL, '2021-11-27 18:51:01', 6, '17930.00', NULL, NULL, '2021-11-27 18:57:22', 6, '49080.00', 1, 1, NULL, NULL, NULL, '2021-11-27 22:25:44', '2021-11-27 23:57:24', '', 'ACEPTADO', 4, NULL, NULL, 0, NULL, 0, '', '', NULL, NULL, NULL, NULL, NULL, 1, NULL, '010-26751', NULL, 11, '2021-11-27 17:25:44', 1, NULL, 0, 1, 13, '2021-11-27 19:57:37', NULL, 0, NULL, NULL),
(6621, 'NOV21-1368-001', 'F4X-719', 697, 0, 1, 'GR03-5140', 59, NULL, NULL, '44160.00', NULL, '2021-11-27 18:51:44', 6, '15090.00', NULL, NULL, '2021-11-27 18:58:20', 6, '29070.00', 1, 1, NULL, NULL, NULL, '2021-11-27 22:35:32', '2021-11-27 23:58:23', '', 'ACEPTADO', 4, NULL, NULL, 0, NULL, 0, '', '', NULL, NULL, NULL, NULL, NULL, 1, NULL, '01-11121', NULL, 4, '2021-11-27 17:35:32', 1, NULL, 0, 1, 13, '2021-11-27 20:58:50', NULL, 0, NULL, NULL),
(6622, 'NOV21-1369-001', 'T6Y-876', 348, 0, 1, 'GR03-5148', 59, NULL, NULL, '66350.00', NULL, '2021-11-27 18:52:24', 6, '17600.00', NULL, NULL, '2021-11-27 18:59:39', 6, '48750.00', 1, 1, NULL, NULL, NULL, '2021-11-27 22:37:00', '2021-11-27 23:59:41', '', 'ACEPTADO', 4, NULL, NULL, 0, NULL, 0, '', '', NULL, NULL, NULL, NULL, NULL, 1, NULL, '01-1566', NULL, 11, '2021-11-27 17:37:00', 1, NULL, 0, 1, 13, '2021-11-27 20:58:19', NULL, 0, NULL, NULL),
(6623, 'NOV21-1370-001', 'DOE-862', 641, 0, 1, 'GR03-5145', 59, NULL, NULL, '59950.00', NULL, '2021-11-27 18:53:28', 6, '18370.00', NULL, NULL, '2021-11-27 19:00:42', 6, '41580.00', 1, 1, NULL, NULL, NULL, '2021-11-27 22:38:04', '2021-11-28 00:00:45', '', 'ACEPTADO', 4, NULL, NULL, 0, NULL, 0, '', '', NULL, NULL, NULL, NULL, NULL, 1, NULL, '01-7779', NULL, 11, '2021-11-27 17:38:04', 1, NULL, 0, 1, 13, '2021-11-27 20:08:14', NULL, 0, NULL, NULL),
(6624, 'NOV21-1371-001', 'TAQ-904', 665, 0, 1, 'GR03-5144', 59, NULL, NULL, '60200.00', NULL, '2021-11-27 18:54:20', 6, '20520.00', NULL, NULL, '2021-11-27 19:01:45', 6, '39680.00', 1, 1, NULL, NULL, NULL, '2021-11-27 22:39:30', '2021-11-28 00:01:47', '', 'ACEPTADO', 4, NULL, NULL, 0, NULL, 0, '', '', NULL, NULL, NULL, NULL, NULL, 1, NULL, '058-545', NULL, 11, '2021-11-27 17:39:30', 1, NULL, 0, 1, 13, '2021-11-27 21:15:27', NULL, 0, NULL, NULL),
(6625, 'NOV21-1372-001', 'D4O-841', 162, 0, 1, 'GR01-319', 24, NULL, NULL, '44190.00', NULL, '2021-11-27 17:46:00', 6, '15570.00', NULL, NULL, '2021-11-27 18:04:00', 6, '28620.00', 1, 1, NULL, NULL, NULL, '2021-11-27 22:40:57', '2021-11-28 01:32:58', '', 'ACEPTADO COMO MIXTO SUAVE PENALIZADO POR CENIZA', 2, NULL, NULL, 0, NULL, 0, '', '', NULL, NULL, NULL, NULL, NULL, 1, NULL, '01-155', NULL, 4, '2021-11-27 17:40:00', 1, NULL, 0, 1, 13, '2021-11-28 08:31:02', NULL, 0, NULL, NULL),
(6626, 'NOV21-1373-001', 'COD-911', 208, 0, 1, 'GR01-338', 49, NULL, NULL, '43980.00', NULL, '2021-11-27 17:54:08', 6, '13540.00', NULL, NULL, '2021-11-27 18:16:40', 6, '30440.00', 1, 1, NULL, NULL, NULL, '2021-11-27 22:47:16', '2021-11-27 23:16:43', '', 'ACEPTADO COMO MIXTO DURO POR EXCEPCION BONIFICADO POR CENIZA', 2, NULL, NULL, 0, NULL, 0, '', '', NULL, NULL, NULL, NULL, NULL, 1, NULL, '01-688', NULL, 4, '2021-11-27 17:47:16', 1, NULL, 0, 1, 13, '2021-11-28 08:31:55', NULL, 0, NULL, NULL),
(6627, 'NOV21-1374-001', 'F3F-829', 161, 0, 1, 'GR01-339', 49, NULL, NULL, '43860.00', NULL, '2021-11-27 17:55:50', 6, '13770.00', NULL, NULL, '2021-11-27 18:19:15', 6, '30090.00', 1, 1, NULL, NULL, NULL, '2021-11-27 22:49:47', '2021-11-27 23:19:17', '', 'ACEPTADO COMO MIXTO SUAVE BONIFICADO POR CENIZA', 2, NULL, NULL, 0, NULL, 0, '', '', NULL, NULL, NULL, NULL, NULL, 1, NULL, '01-689', NULL, 4, '2021-11-27 17:49:47', 1, NULL, 0, 1, 13, '2021-11-28 08:32:22', NULL, 0, NULL, NULL),
(6628, 'NOV21-1375-001', 'TAX-909', 610, 0, 1, '', 1, NULL, NULL, '44570.00', NULL, '2021-11-27 17:57:00', 6, '15650.00', NULL, NULL, '2021-11-27 18:07:00', 6, '28920.00', 1, 1, NULL, NULL, NULL, '2021-11-27 22:53:07', '2021-11-27 23:08:06', '', 'ACEPTADO POR EXCEPCION PENALIZADO DOBLE POR HUMEDAD', 4, NULL, NULL, 0, NULL, 0, '', '', NULL, NULL, 'INGRESA SIN GUIAS X REGULARIZAR', NULL, NULL, 1, NULL, NULL, NULL, 4, '2021-11-27 17:53:00', 1, NULL, 0, 1, 13, '2021-11-27 21:24:47', NULL, 0, NULL, NULL),
(6629, 'NOV21-1376-001', 'T6Z-858', 207, 0, 1, 'GR04-648', 5, NULL, NULL, '42870.00', NULL, '2021-11-27 18:00:55', 6, '15020.00', NULL, NULL, '2021-11-27 18:12:12', 6, '27850.00', 1, 1, NULL, NULL, NULL, '2021-11-27 22:55:19', '2021-11-27 23:12:15', '', 'ACEPTADO', 4, NULL, NULL, 0, NULL, 0, '', '', NULL, NULL, NULL, NULL, NULL, 1, NULL, '01-1787', NULL, 4, '2021-11-27 17:55:19', 1, NULL, 0, 1, 13, '2021-11-27 20:55:04', NULL, 0, NULL, NULL),
(6630, 'NOV21-1377-001', 'AJN-731', 291, 0, 1, 'GR04-649', 5, NULL, NULL, '42520.00', NULL, '2021-11-27 18:02:56', 6, '15180.00', NULL, NULL, '2021-11-27 18:14:23', 6, '27340.00', 1, 1, NULL, NULL, NULL, '2021-11-27 22:57:29', '2021-11-27 23:14:26', '', 'ACEPTADO', 4, NULL, NULL, 0, NULL, 0, '', '', NULL, NULL, NULL, NULL, NULL, 1, NULL, '01-1788', NULL, 4, '2021-11-27 17:57:29', 1, NULL, 0, 1, 13, '2021-11-27 20:57:35', NULL, 0, NULL, NULL),
(6631, 'NOV21-1378-001', 'T8D-882', 667, 0, 1, 'GR03-5146', 59, NULL, NULL, '47060.00', NULL, '2021-11-27 19:04:37', 6, '15440.00', NULL, NULL, '2021-11-27 19:07:35', 6, '31620.00', 1, 1, NULL, NULL, NULL, '2021-11-27 23:02:16', '2021-11-28 00:07:37', '', 'ACEPTADO', 4, NULL, NULL, 0, NULL, 0, '', '', NULL, NULL, NULL, NULL, NULL, 1, NULL, '06-1059', NULL, 4, '2021-11-27 18:02:16', 1, NULL, 0, 1, 13, '2021-11-27 20:47:19', NULL, 0, NULL, NULL),
(6632, 'NOV21-1379-001', 'TAV-920', 206, 0, 1, 'GR03-5147', 59, NULL, NULL, '45150.00', NULL, '2021-11-27 19:05:00', 6, '15920.00', NULL, NULL, '2021-11-27 19:08:00', 6, '29230.00', 1, 1, NULL, NULL, NULL, '2021-11-27 23:15:43', '2021-11-28 00:08:57', '', 'ACEPTADO', 4, NULL, NULL, 0, NULL, 0, '', '', NULL, NULL, NULL, NULL, NULL, 1, NULL, '06-1058', NULL, 4, '2021-11-27 18:15:00', 1, NULL, 0, 1, 13, '2021-11-27 20:38:46', NULL, 0, NULL, NULL),
(6633, 'NOV21-1380-001', 'T8S-887', 153, 0, 1, 'GR03-5141', 59, NULL, NULL, '46070.00', NULL, '2021-11-27 19:06:00', 6, '15360.00', NULL, NULL, '2021-11-27 19:09:00', 6, '30710.00', 1, 1, NULL, NULL, NULL, '2021-11-27 23:16:31', '2021-11-28 00:10:28', '', 'ACEPTADO', 4, NULL, NULL, 0, NULL, 0, '', '', NULL, NULL, NULL, NULL, NULL, 1, NULL, '06-1056', NULL, 4, '2021-11-27 18:16:00', 1, NULL, 0, 1, 13, '2021-11-27 20:55:54', NULL, 0, NULL, NULL),
(6634, 'NOV21-1381-001', 'T8Q-885', 202, 0, 1, 'GR03-5142', 59, NULL, NULL, '44210.00', NULL, '2021-11-27 19:11:06', 6, '15150.00', NULL, NULL, '2021-11-27 19:12:39', 6, '29060.00', 1, 1, NULL, NULL, NULL, '2021-11-27 23:17:23', '2021-11-28 00:12:42', '', 'ACEPTADO', 4, NULL, NULL, 0, NULL, 0, '', '', NULL, NULL, NULL, NULL, NULL, 1, NULL, '06-1057', NULL, 4, '2021-11-27 18:17:23', 1, NULL, 0, 1, 13, '2021-11-27 21:01:53', NULL, 0, NULL, NULL),
(6635, 'NOV21-1382-001', 'F8V-933', 337, 0, 1, 'GR03-5149', 59, NULL, NULL, '65030.00', NULL, '2021-11-27 19:11:48', 6, '17830.00', NULL, NULL, '2021-11-27 19:13:24', 6, '47200.00', 1, 1, NULL, NULL, NULL, '2021-11-27 23:20:54', '2021-11-28 00:13:27', '', 'ACEPTADO', 4, NULL, NULL, 0, NULL, 0, '', '', NULL, NULL, NULL, NULL, NULL, 1, NULL, '010-178', NULL, 11, '2021-11-27 18:20:54', 1, NULL, 0, 1, 13, '2021-11-27 20:54:40', NULL, 0, NULL, NULL),
(6636, 'NOV21-1383-001', 'T9F-927', 343, 0, 1, 'GR-03-5150', 59, NULL, NULL, '48350.00', NULL, '2021-11-27 20:00:46', 6, '15460.00', NULL, NULL, '2021-11-27 20:16:25', 6, '32890.00', 1, 1, NULL, NULL, NULL, '2021-11-28 00:51:49', '2021-11-28 01:16:28', '', 'ACEPTADO', 4, NULL, NULL, 0, NULL, 0, '', '', NULL, NULL, NULL, NULL, NULL, 1, NULL, '05-4983', NULL, 4, '2021-11-27 19:51:49', 1, NULL, 0, 1, 19, '2021-11-27 23:15:59', NULL, 0, NULL, NULL),
(6637, 'NOV21-1384-001', 'TJB-985', 343, 0, 1, 'GR-03-5150', 59, NULL, NULL, '44870.00', NULL, '2021-11-27 19:56:00', 6, '8150.00', NULL, NULL, '2021-11-27 20:21:00', 6, '36720.00', 1, 1, NULL, NULL, NULL, '2021-11-28 00:52:47', '2021-11-28 01:22:25', '', 'ACEPTADO', 4, NULL, NULL, 0, NULL, 0, '', '', NULL, NULL, NULL, NULL, NULL, 1, NULL, '05-4983', NULL, 4, '2021-11-27 19:52:00', 1, NULL, 0, 1, 19, '2021-11-27 23:16:11', NULL, 0, NULL, NULL),
(6638, 'NOV21-1385-001', 'F9C-841', 613, 0, 1, 'GR-01-4954', 17, NULL, NULL, '45150.00', NULL, '2021-11-27 20:46:05', 6, '14760.00', NULL, NULL, '2021-11-27 21:04:55', 6, '30390.00', 1, 1, NULL, NULL, NULL, '2021-11-28 01:27:06', '2021-11-28 02:04:58', '', 'ACEPTADO COMO MIXTO SUAVE', 2, NULL, NULL, 0, NULL, 0, '', '', NULL, NULL, NULL, NULL, NULL, 1, NULL, '01-11110', NULL, 4, '2021-11-27 20:27:06', 1, NULL, 0, 1, 13, '2021-11-28 08:34:04', NULL, 0, NULL, NULL),
(6639, 'NOV21-1386-001', 'T2A-943', 410, 0, 1, 'GR03-1992', 107, NULL, NULL, '19640.00', NULL, '2021-11-28 08:02:45', 6, '7740.00', NULL, NULL, '2021-11-28 08:35:49', 6, '11900.00', 1, 1, NULL, NULL, NULL, '2021-11-28 12:54:57', '2021-11-28 13:35:52', '', '', 20, NULL, NULL, 0, NULL, 0, '', '', NULL, NULL, NULL, '2021-11-28 08:42:02', 'TODO CONFORME', 1, NULL, NULL, NULL, 10, '2021-11-28 07:54:57', 1, NULL, 0, 0, NULL, NULL, NULL, 0, NULL, NULL),
(6640, 'NOV21-1387-001', 'T2X-838', 425, 0, 1, 'GR01-7399', 121, NULL, NULL, '18740.00', NULL, '2021-11-28 09:04:31', 6, '7500.00', NULL, NULL, '2021-11-28 09:47:52', 6, '11240.00', 1, 1, NULL, NULL, NULL, '2021-11-28 13:59:57', '2021-11-28 14:47:55', '', '', 20, NULL, NULL, 0, NULL, 0, '', '', NULL, NULL, NULL, '2021-11-28 09:47:48', 'TODO CONFORME', 1, NULL, NULL, NULL, 10, '2021-11-28 08:59:57', 1, NULL, 0, 0, NULL, NULL, NULL, 0, NULL, NULL),
(6641, 'NOV21-1388-001', 'BFW-878', 445, 0, 1, 'GR04-650', 5, NULL, NULL, '44510.00', NULL, '2021-11-28 09:25:16', 6, '15400.00', NULL, NULL, '2021-11-28 09:35:47', 6, '29110.00', 1, 1, NULL, NULL, NULL, '2021-11-28 14:22:10', '2021-11-28 14:35:50', '', 'ACEPTADO', 4, NULL, NULL, 0, NULL, 0, '', '', NULL, NULL, NULL, '2021-11-28 09:37:31', '---ANALISIS PENDIENTE', 1, NULL, '01-117', NULL, 4, '2021-11-28 09:22:10', 1, NULL, 0, 1, 13, '2021-11-28 14:10:10', NULL, 0, NULL, NULL),
(6642, 'NOV21-1389-001', 'T2A-943', 410, 0, 1, 'GR03-1993', 107, NULL, NULL, '19700.00', NULL, '2021-11-28 09:31:14', 6, '7700.00', NULL, NULL, '2021-11-28 10:47:00', 6, '12000.00', 1, 1, NULL, NULL, NULL, '2021-11-28 14:27:32', '2021-11-28 15:47:03', '', '', 20, NULL, NULL, 0, NULL, 0, '', '', NULL, NULL, NULL, '2021-11-28 11:20:54', 'TODO CONFORME', 1, NULL, NULL, NULL, 10, '2021-11-28 09:27:32', 1, NULL, 0, 0, NULL, NULL, NULL, 0, NULL, NULL),
(6643, 'NOV21-1390-001', 'T2X-838', 425, 0, 1, 'GR01-7400', 121, NULL, NULL, '18500.00', NULL, '2021-11-28 10:45:29', 6, '7600.00', NULL, NULL, '2021-11-28 10:48:16', 6, '10900.00', 1, 1, NULL, NULL, NULL, '2021-11-28 15:39:01', '2021-11-28 15:48:19', '', '', 20, NULL, NULL, 0, NULL, 0, '', '', NULL, NULL, NULL, '2021-11-28 11:20:50', 'TODO CONFORME', 1, NULL, NULL, NULL, 10, '2021-11-28 10:39:01', 1, NULL, 0, 0, NULL, NULL, NULL, 0, NULL, NULL),
(6644, 'NOV21-1391-001', 'T2A-943', 410, 0, 1, 'GR03-1994', 107, NULL, NULL, '19400.00', NULL, '2021-11-28 11:27:38', 6, '7800.00', NULL, NULL, '2021-11-28 11:28:21', 6, '11600.00', 1, 1, NULL, NULL, NULL, '2021-11-28 15:59:21', '2021-11-28 16:28:24', '', '', 20, NULL, NULL, 0, NULL, 0, '', '', NULL, NULL, NULL, '2021-11-28 11:50:25', 'TODO CONFORME', 1, NULL, NULL, NULL, 10, '2021-11-28 10:59:21', 1, NULL, 0, 0, NULL, NULL, NULL, 0, NULL, NULL),
(6645, 'NOV21-1392-001', 'T2X-838', 425, 0, 1, 'GR01-6984', 121, NULL, NULL, '18200.00', NULL, '2021-11-28 12:50:06', 6, '7600.00', NULL, NULL, '2021-11-28 12:52:45', 6, '10600.00', 1, 1, NULL, NULL, NULL, '2021-11-28 17:20:00', '2021-11-28 17:52:48', '', '', 20, NULL, NULL, 0, NULL, 0, '', '', NULL, NULL, NULL, '2021-11-28 13:50:53', 'TODO CONFORME', 1, NULL, NULL, NULL, 10, '2021-11-28 12:20:00', 1, NULL, 0, 0, NULL, NULL, NULL, 0, NULL, NULL),
(6646, 'NOV21-1393-001', 'T2A-943', 410, 0, 1, 'GR03-1995', 107, NULL, NULL, '19500.00', NULL, '2021-11-28 12:51:22', 6, '7800.00', NULL, NULL, '2021-11-28 12:53:45', 6, '11700.00', 1, 1, NULL, NULL, NULL, '2021-11-28 17:46:36', '2021-11-28 17:53:48', '', '', 20, NULL, NULL, 0, NULL, 0, '', '', NULL, NULL, NULL, '2021-11-28 13:50:48', 'TODO CONFORME', 1, NULL, NULL, NULL, 10, '2021-11-28 12:46:36', 1, NULL, 0, 0, NULL, NULL, NULL, 0, NULL, NULL),
(6647, 'NOV21-1394-001', 'T2X-838', 425, 0, 1, 'GR01-6985', 121, NULL, NULL, '18700.00', NULL, '2021-11-28 14:18:42', 6, '7800.00', NULL, NULL, '2021-11-28 14:20:19', 6, '10900.00', 1, 1, NULL, NULL, NULL, '2021-11-28 19:01:02', '2021-11-28 19:20:22', '', '', 20, NULL, NULL, 0, NULL, 0, '', '', NULL, NULL, NULL, '2021-11-28 14:49:19', 'TODO CONFORME', 1, NULL, NULL, NULL, 10, '2021-11-28 14:01:02', 1, NULL, 0, 0, NULL, NULL, NULL, 0, NULL, NULL),
(6648, 'NOV21-1395-001', 'T4M-918', 151, 0, 1, 'GR-04-0651', 5, NULL, NULL, '44290.00', NULL, '2021-11-28 20:15:30', 12, '15030.00', NULL, NULL, '2021-11-28 20:41:21', 12, '29260.00', 1, 1, NULL, NULL, NULL, '2021-11-29 01:08:12', '2021-11-29 01:41:24', '', 'ACEPTADO', 4, NULL, NULL, 0, NULL, 0, '', '', NULL, NULL, NULL, '2021-11-28 20:48:28', '---ANALISIS PENDIENTE', 1, NULL, '01-1789', NULL, 4, '2021-11-28 20:08:12', 1, NULL, 0, 1, 30, '2021-11-28 21:43:45', NULL, 0, NULL, NULL),
(6649, 'NOV21-1396-001', 'D4F-901', 156, 0, 1, 'GR-01-0324', 32, NULL, NULL, '40950.00', NULL, '2021-11-29 06:29:42', 12, '15040.00', NULL, NULL, '2021-11-29 06:42:42', 12, '25910.00', 1, 1, NULL, NULL, NULL, '2021-11-29 11:21:18', '2021-11-29 11:42:45', '', 'ACEPTADO', 4, NULL, NULL, 0, NULL, 0, '', '', NULL, NULL, NULL, NULL, NULL, 1, NULL, NULL, NULL, 4, '2021-11-29 06:21:18', 1, NULL, 0, 1, 13, '2021-11-29 08:03:50', NULL, 0, NULL, NULL),
(6650, 'NOV21-1397-001', 'T2A-943', 410, 0, 1, 'GR03-1996', 107, NULL, NULL, '19510.00', NULL, '2021-11-29 08:03:00', 12, '7470.00', NULL, NULL, '2021-11-29 08:41:51', 12, '12040.00', 1, 1, NULL, NULL, NULL, '2021-11-29 12:58:59', '2021-11-29 13:41:54', '', '', 20, NULL, NULL, 0, NULL, 0, '', '', NULL, NULL, NULL, '2021-11-29 08:47:04', 'TODO CONFORME', 1, NULL, NULL, NULL, 10, '2021-11-29 07:58:59', 1, NULL, 0, 0, NULL, NULL, NULL, 0, NULL, NULL),
(6651, 'NOV21-1398-001', 'C9J-865', 642, 0, 1, 'GR01-7297', 121, NULL, NULL, '20950.00', NULL, '2021-11-29 09:03:45', 21, '8280.00', NULL, NULL, '2021-11-29 09:39:41', 21, '12670.00', 1, 1, NULL, NULL, NULL, '2021-11-29 13:58:33', '2021-11-29 14:39:45', '', '', 20, NULL, NULL, 0, NULL, 0, '', '', NULL, NULL, NULL, '2021-11-29 09:44:25', 'TODO CONFORME', 1, NULL, NULL, NULL, 10, '2021-11-29 08:58:33', 1, NULL, 0, 0, NULL, NULL, NULL, 0, NULL, NULL),
(6652, 'NOV21-1399-001', 'T6Z-858', 169, 0, 1, 'GR04-652', 5, NULL, NULL, '41970.00', NULL, '2021-11-29 09:22:48', 21, '15060.00', NULL, NULL, '2021-11-29 09:30:59', 21, '26910.00', 1, 1, NULL, NULL, NULL, '2021-11-29 14:17:25', '2021-11-29 14:31:03', '', 'ACEPTADO', 4, NULL, NULL, 0, NULL, 0, '', '', NULL, NULL, NULL, '2021-11-29 09:33:55', '---ANALISIS PENDIENTE', 1, NULL, '01-1790', NULL, 4, '2021-11-29 09:17:25', 1, NULL, 0, 1, 19, '2021-11-29 10:09:57', NULL, 0, NULL, NULL),
(6653, 'NOV21-1400-001', 'TAV-920', 206, 0, 1, 'GR03-5153', 59, NULL, NULL, '46320.00', NULL, '2021-11-29 10:03:45', 21, '15890.00', NULL, NULL, '2021-11-29 10:11:22', 21, '30430.00', 1, 1, NULL, NULL, NULL, '2021-11-29 14:49:45', '2021-11-29 15:11:25', '', 'PENALIZADO POR CENIZA', 4, NULL, NULL, 0, NULL, 0, '', '', NULL, NULL, NULL, NULL, NULL, 1, NULL, '06-1060', NULL, 4, '2021-11-29 09:49:45', 1, NULL, 0, 1, 19, '2021-11-29 11:09:43', NULL, 0, NULL, NULL),
(6654, 'NOV21-1401-001', 'T8S-887', 153, 0, 1, 'GR03-5155', 59, NULL, NULL, '45120.00', NULL, '2021-11-29 10:06:18', 21, '15300.00', NULL, NULL, '2021-11-29 10:17:41', 21, '29820.00', 1, 1, NULL, NULL, NULL, '2021-11-29 14:52:52', '2021-11-29 15:17:44', '', 'ACEPTADO', 4, NULL, NULL, 0, NULL, 0, '', '', NULL, NULL, NULL, NULL, NULL, 1, NULL, '06-1062', NULL, 4, '2021-11-29 09:52:52', 1, NULL, 0, 1, 19, '2021-11-29 11:09:53', NULL, 0, NULL, NULL),
(6655, 'NOV21-1402-001', 'T8D-882', 667, 0, 1, 'GR03-5154', 59, NULL, NULL, '45850.00', NULL, '2021-11-29 10:08:28', 21, '15380.00', NULL, NULL, '2021-11-29 10:19:01', 21, '30470.00', 1, 1, NULL, NULL, NULL, '2021-11-29 14:56:20', '2021-11-29 15:19:04', '', 'ACEPTADO', 4, NULL, NULL, 0, NULL, 0, '', '', NULL, NULL, NULL, NULL, NULL, 1, NULL, '06-1061', NULL, 4, '2021-11-29 09:56:20', 1, NULL, 0, 1, 19, '2021-11-29 11:10:01', NULL, 0, NULL, NULL),
(6656, 'NOV21-1403-001', 'T2A-943', 410, 0, 1, 'GR03-1997', 107, NULL, NULL, '19690.00', NULL, '2021-11-29 10:13:20', 21, '7820.00', NULL, NULL, '2021-11-29 10:51:08', 21, '11870.00', 1, 1, NULL, NULL, NULL, '2021-11-29 15:00:00', '2021-11-29 15:51:11', '', '', 20, NULL, NULL, 0, NULL, 0, '', '', NULL, NULL, NULL, NULL, NULL, 1, NULL, NULL, NULL, 10, '2021-11-29 10:00:00', 1, NULL, 0, 0, NULL, NULL, NULL, 0, NULL, NULL),
(6657, 'NOV21-1404-001', 'T8Q-885', 202, 0, 1, 'GR03-5156', 59, NULL, NULL, '46250.00', NULL, '2021-11-29 10:15:20', 21, '15090.00', NULL, NULL, '2021-11-29 10:24:10', 21, '31160.00', 1, 1, NULL, NULL, NULL, '2021-11-29 15:05:31', '2021-11-29 15:24:13', '', 'ACEPTADO', 4, NULL, NULL, 0, NULL, 0, '', '', NULL, NULL, NULL, NULL, NULL, 1, NULL, '06-1063', NULL, 4, '2021-11-29 10:05:31', 1, NULL, 0, 1, 19, '2021-11-29 11:10:09', NULL, 0, NULL, NULL),
(6658, 'NOV21-1405-001', 'TAY-814', 157, 0, 1, 'GR3-5158', 44, NULL, NULL, '46070.00', NULL, '2021-11-29 10:40:28', 21, '15940.00', NULL, NULL, '2021-11-29 10:45:54', 21, '30130.00', 1, 1, NULL, NULL, NULL, '2021-11-29 15:23:46', '2021-11-29 15:45:57', '', 'ACEPTADO', 4, NULL, NULL, 0, NULL, 0, '', '', NULL, NULL, NULL, NULL, NULL, 1, NULL, NULL, NULL, 4, '2021-11-29 10:23:46', 1, NULL, 0, 1, 19, '2021-11-29 12:38:59', NULL, 0, NULL, NULL),
(6659, 'NOV21-1406-001', 'T4M-941', 199, 0, 1, 'GR03-5157', 59, NULL, NULL, '43100.00', NULL, '2021-11-29 10:44:09', 21, '14620.00', NULL, NULL, '2021-11-29 10:54:12', 21, '28480.00', 1, 1, NULL, NULL, NULL, '2021-11-29 15:37:13', '2021-11-29 15:54:16', '', 'ACEPTADO', 4, NULL, NULL, 0, NULL, 0, '', '', NULL, NULL, NULL, NULL, NULL, 1, NULL, '01-444', NULL, 4, '2021-11-29 10:37:13', 1, NULL, 0, 1, 19, '2021-11-29 12:39:10', NULL, 0, NULL, NULL),
(6660, 'NOV21-1407-001', 'T2B-999', 199, 0, 1, 'GR03-5157', 59, NULL, NULL, '39770.00', NULL, '2021-11-29 10:47:33', 21, '8200.00', NULL, NULL, '2021-11-29 10:57:48', 21, '31570.00', 1, 1, NULL, NULL, NULL, '2021-11-29 15:38:27', '2021-11-29 15:57:51', '', 'ACEPTADO', 4, NULL, NULL, 0, NULL, 0, '', '', NULL, NULL, NULL, NULL, NULL, 1, NULL, '01-444', NULL, 4, '2021-11-29 10:38:27', 1, NULL, 0, 1, 19, '2021-11-29 12:39:21', NULL, 0, NULL, NULL),
(6661, 'NOV21-1408-001', 'TAQ-931', 215, 0, 1, 'GR03-5180', 65, NULL, NULL, '52690.00', NULL, '2021-11-29 10:49:41', 21, '18340.00', NULL, NULL, '2021-11-29 11:05:33', 21, '34350.00', 1, 1, NULL, NULL, NULL, '2021-11-29 15:46:24', '2021-11-29 16:05:37', '', 'ACEPTADO', 4, NULL, NULL, 0, NULL, 0, '', '', NULL, NULL, NULL, NULL, NULL, 1, NULL, '058-546', NULL, 11, '2021-11-29 10:46:24', 1, NULL, 0, 1, 19, '2021-11-29 12:39:33', NULL, 0, NULL, NULL),
(6662, 'NOV21-1409-001', 'T7Y-815', 698, 0, 1, 'GR03-5181', 65, NULL, NULL, '51220.00', NULL, '2021-11-29 11:04:08', 21, '18190.00', NULL, NULL, '2021-11-29 11:10:00', 21, '33030.00', 1, 1, NULL, NULL, NULL, '2021-11-29 15:57:03', '2021-11-29 16:10:04', '', 'ACEPTADO', 4, NULL, NULL, 0, NULL, 0, '', '', NULL, NULL, NULL, NULL, NULL, 1, NULL, '058-547', NULL, 11, '2021-11-29 10:57:03', 1, NULL, 0, 1, 19, '2021-11-29 12:39:43', NULL, 0, NULL, NULL),
(6663, 'NOV21-1410-001', 'T8W-823', 185, 0, 1, 'GR03-5182', 65, NULL, NULL, '50340.00', NULL, '2021-11-29 11:13:32', 21, '17980.00', NULL, NULL, '2021-11-29 11:19:44', 21, '32360.00', 1, 1, NULL, NULL, NULL, '2021-11-29 15:59:02', '2021-11-29 16:19:48', '', 'ACEPTADO', 4, NULL, NULL, 0, NULL, 0, '', '', NULL, NULL, NULL, NULL, NULL, 1, NULL, '058-548', NULL, 11, '2021-11-29 10:59:02', 1, NULL, 0, 1, 19, '2021-11-29 12:39:53', NULL, 0, NULL, NULL),
(6664, 'NOV21-1411-001', 'TAE -824', 160, 0, 1, 'GR03-5159', 44, NULL, NULL, '45310.00', NULL, '2021-11-29 11:16:15', 21, '15730.00', NULL, NULL, '2021-11-29 11:26:19', 21, '29580.00', 1, 1, NULL, NULL, NULL, '2021-11-29 15:59:53', '2021-11-29 16:26:22', '', 'ACEPTADO', 4, NULL, NULL, 0, NULL, 0, '', '', NULL, NULL, NULL, NULL, NULL, 1, NULL, NULL, NULL, 4, '2021-11-29 10:59:53', 1, NULL, 0, 1, 19, '2021-11-29 12:40:02', NULL, 0, NULL, NULL),
(6665, 'NOV21-1412-001', 'C4G-877', 609, 0, 1, 'GR03-5161', 44, NULL, NULL, '41250.00', NULL, '2021-11-29 11:23:23', 21, '13970.00', NULL, NULL, '2021-11-29 11:30:05', 21, '27280.00', 1, 1, NULL, NULL, NULL, '2021-11-29 16:05:28', '2021-11-29 16:30:09', '', 'ACEPTADO', 4, NULL, NULL, 0, NULL, 0, '', '', NULL, NULL, NULL, NULL, NULL, 1, NULL, NULL, NULL, 4, '2021-11-29 11:05:28', 1, NULL, 0, 1, 19, '2021-11-29 12:40:13', NULL, 0, NULL, NULL),
(6666, 'NOV21-1413-001', 'TAX-909', 610, 0, 1, 'GR03-5160', 44, NULL, NULL, '45510.00', NULL, '2021-11-29 11:35:18', 21, '15770.00', NULL, NULL, '2021-11-29 11:43:50', 21, '29740.00', 1, 1, NULL, NULL, NULL, '2021-11-29 16:18:28', '2021-11-29 16:43:54', '', 'ACEPTADO', 4, NULL, NULL, 0, NULL, 0, '', '', NULL, NULL, NULL, NULL, NULL, 1, NULL, NULL, NULL, 4, '2021-11-29 11:18:28', 1, NULL, 0, 1, 19, '2021-11-29 12:40:23', NULL, 0, NULL, NULL),
(6667, 'NOV21-1414-001', 'TAY-906', 692, 0, 1, 'GR03-5186', 59, NULL, NULL, '69270.00', NULL, '2021-11-29 11:48:59', 21, '17750.00', NULL, NULL, '2021-11-29 11:52:02', 21, '51520.00', 1, 1, NULL, NULL, NULL, '2021-11-29 16:36:06', '2021-11-29 16:52:06', '', 'ACEPTADO', 4, NULL, NULL, 0, NULL, 0, '', '', NULL, NULL, NULL, NULL, NULL, 1, NULL, '010-26649', NULL, 11, '2021-11-29 11:36:06', 1, NULL, 0, 1, 19, '2021-11-29 12:40:33', NULL, 0, NULL, NULL),
(6668, 'NOV21-1415-001', 'C9J-865', 642, 0, 1, 'GR01-7298', 121, NULL, NULL, '20970.00', NULL, '2021-11-29 11:57:18', 21, '8350.00', NULL, NULL, '2021-11-29 12:24:16', 21, '12620.00', 1, 1, NULL, NULL, NULL, '2021-11-29 16:52:39', '2021-11-29 17:24:20', '', '', 20, NULL, NULL, 0, NULL, 0, '', '', NULL, NULL, NULL, NULL, NULL, 1, NULL, NULL, NULL, 10, '2021-11-29 11:52:39', 1, NULL, 0, 0, NULL, NULL, NULL, 0, NULL, NULL),
(6669, 'NOV21-1416-001', 'F4I-739', 205, 0, 1, 'GR03-5183', 65, NULL, NULL, '51590.00', NULL, '2021-11-29 12:01:03', 21, '20770.00', NULL, NULL, '2021-11-29 12:07:26', 21, '30820.00', 1, 1, NULL, NULL, NULL, '2021-11-29 16:53:46', '2021-11-29 17:07:29', '', 'ACEPTADO', 4, NULL, NULL, 0, NULL, 0, '', '', NULL, NULL, NULL, NULL, NULL, 1, NULL, '019-381', NULL, 11, '2021-11-29 11:53:46', 1, NULL, 0, 1, 19, '2021-11-29 12:40:43', NULL, 0, NULL, NULL),
(6670, 'NOV21-1417-001', 'ACF-743', 699, 0, 1, 'GR01-4957', 17, NULL, NULL, '46790.00', NULL, '2021-11-29 12:14:59', 21, '16080.00', NULL, NULL, '2021-11-29 12:42:08', 6, '30710.00', 1, 1, NULL, NULL, NULL, '2021-11-29 17:06:43', '2021-11-29 17:42:12', '', 'ACEPTADO COMO MIXTO SUAVE PENALIZADO POR CENIZA', 2, NULL, NULL, 0, NULL, 0, '', '', NULL, NULL, NULL, NULL, NULL, 1, NULL, '01-11118', NULL, 4, '2021-11-29 12:06:43', 1, NULL, 0, 1, 13, '2021-11-29 17:54:14', NULL, 0, NULL, NULL),
(6671, 'NOV21-1418-001', 'TAQ-899', 117, 0, 1, 'GR03-5187', 65, NULL, NULL, '54310.00', NULL, '2021-11-29 12:20:12', 21, '18130.00', NULL, NULL, '2021-11-29 12:26:07', 21, '36180.00', 1, 1, NULL, NULL, NULL, '2021-11-29 17:07:41', '2021-11-29 17:26:11', '', 'ACEPTADO', 4, NULL, NULL, 0, NULL, 0, '', '', NULL, NULL, NULL, NULL, NULL, 1, NULL, '053-205', NULL, 11, '2021-11-29 12:07:41', 1, NULL, 0, 1, 9, '2021-11-29 14:19:04', NULL, 0, NULL, NULL),
(6672, 'NOV21-1419-001', 'ASA-938', 137, 0, 1, 'GR03-5184', 65, NULL, NULL, '52750.00', NULL, '2021-11-29 12:21:00', 21, '17510.00', NULL, NULL, '2021-11-29 12:27:00', 21, '35240.00', 1, 1, NULL, NULL, NULL, '2021-11-29 17:08:22', '2021-11-29 17:28:04', '', 'ACEPTADO', 4, NULL, NULL, 0, NULL, 0, '', '', NULL, NULL, NULL, NULL, NULL, 1, NULL, '058-549', NULL, 11, '2021-11-29 12:08:00', 1, NULL, 0, 1, 9, '2021-11-29 14:20:00', NULL, 0, NULL, NULL),
(6673, 'NOV21-1420-001', 'T5S-842', 673, 0, 1, 'GR03-5185', 65, NULL, NULL, '53850.00', NULL, '2021-11-29 12:22:24', 21, '18920.00', NULL, NULL, '2021-11-29 12:29:21', 21, '34930.00', 1, 1, NULL, NULL, NULL, '2021-11-29 17:11:01', '2021-11-29 17:29:24', '', 'ACEPTADO', 4, NULL, NULL, 0, NULL, 0, '', '', NULL, NULL, NULL, NULL, NULL, 1, NULL, '058-550', NULL, 11, '2021-11-29 12:11:01', 1, NULL, 0, 1, 13, '2021-11-29 17:29:13', NULL, 0, NULL, NULL),
(6674, 'NOV21-1421-001', 'T2A-943', 410, 0, 1, 'GR03-1998', 107, NULL, NULL, '19580.00', NULL, '2021-11-29 12:33:49', 6, '7690.00', NULL, NULL, '2021-11-29 13:07:58', 6, '11890.00', 1, 1, NULL, NULL, NULL, '2021-11-29 17:30:26', '2021-11-29 18:08:02', '', '', 20, NULL, NULL, 0, NULL, 0, '', '', NULL, NULL, NULL, NULL, NULL, 1, NULL, NULL, NULL, 10, '2021-11-29 12:30:26', 1, NULL, 0, 0, NULL, NULL, NULL, 0, NULL, NULL),
(6675, 'NOV21-1422-001', 'T5Y-891', 228, 0, 1, 'GR03-5188', 65, NULL, NULL, '53080.00', NULL, '2021-11-29 12:49:48', 6, '21650.00', NULL, NULL, '2021-11-29 12:54:51', 6, '31430.00', 1, 1, NULL, NULL, NULL, '2021-11-29 17:42:56', '2021-11-29 17:54:54', '', 'ACEPTADO', 4, NULL, NULL, 0, NULL, 0, '', '', NULL, NULL, NULL, NULL, NULL, 1, NULL, '05-669', NULL, 11, '2021-11-29 12:42:56', 1, NULL, 0, 1, 9, '2021-11-29 14:20:49', NULL, 0, NULL, NULL),
(6676, 'NOV21-1423-001', 'TAZ-829', 696, 0, 1, 'GR03-5189', 59, NULL, NULL, '64070.00', NULL, '2021-11-29 13:02:51', 6, '17990.00', NULL, NULL, '2021-11-29 13:06:36', 6, '46080.00', 1, 1, NULL, NULL, NULL, '2021-11-29 17:45:57', '2021-11-29 18:06:40', '', 'ACEPTADO', 4, NULL, NULL, 0, NULL, 0, '', '', NULL, NULL, NULL, NULL, NULL, 1, NULL, '010-26752', NULL, 11, '2021-11-29 12:45:57', 1, NULL, 0, 1, 13, '2021-11-29 15:14:03', NULL, 0, NULL, NULL),
(6677, 'NOV21-1424-001', 'TAY-926', 690, 0, 1, 'GR03-5163', 59, NULL, NULL, '69440.00', NULL, '2021-11-29 12:58:03', 6, '17670.00', NULL, NULL, '2021-11-29 12:59:41', 6, '51770.00', 1, 1, NULL, NULL, NULL, '2021-11-29 17:46:57', '2021-11-29 17:59:44', '', 'ACEPTADO', 4, NULL, NULL, 0, NULL, 0, '', '', NULL, NULL, NULL, NULL, NULL, 1, NULL, '010-26775', NULL, 11, '2021-11-29 12:46:57', 1, NULL, 0, 1, 9, '2021-11-29 15:18:57', NULL, 0, NULL, NULL),
(6678, 'NOV21-1425-001', 'T3G-929', 184, 0, 0, '', 54, 'TJZ-991', NULL, '16680.00', NULL, '2021-11-29 13:05:05', 6, '52370.00', NULL, NULL, '2021-11-29 14:21:24', 6, '35690.00', 1, 1, NULL, NULL, NULL, '2021-11-29 17:52:18', '2021-11-29 19:21:27', '', 'DESPACHO', 19, NULL, NULL, 0, NULL, 0, '', '', NULL, NULL, NULL, '2021-11-29 14:37:15', '---A GRANEL PARA MINSUR', 1, 'GR01-54983', '02-61', 56, 3, '2021-11-29 12:52:18', 1, NULL, 0, 1, 13, '2021-11-29 15:52:35', NULL, 0, NULL, NULL),
(6679, 'NOV21-1426-001', 'TAY-814', 157, 0, 1, 'GR02-2609', 44, NULL, NULL, '46720.00', NULL, '2021-11-29 14:10:03', 6, '15930.00', NULL, NULL, '2021-11-29 14:15:12', 6, '30790.00', 1, 1, NULL, NULL, NULL, '2021-11-29 18:55:35', '2021-11-29 19:15:16', '', 'ACEPTADO', 4, NULL, NULL, 0, NULL, 0, '', '', NULL, NULL, NULL, NULL, NULL, 1, NULL, NULL, NULL, 4, '2021-11-29 13:55:35', 1, NULL, 0, 1, 13, '2021-11-29 15:30:24', NULL, 0, NULL, NULL),
(6680, 'NOV21-1427-001', 'TAE-824', 160, 0, 1, 'GR02-2612', 44, NULL, NULL, '46650.00', NULL, '2021-11-29 14:11:02', 6, '15600.00', NULL, NULL, '2021-11-29 14:16:02', 6, '31050.00', 1, 1, NULL, NULL, NULL, '2021-11-29 18:57:55', '2021-11-29 19:16:05', '', 'ACEPTADO', 4, NULL, NULL, 0, NULL, 0, '', '', NULL, NULL, NULL, NULL, NULL, 1, NULL, NULL, NULL, 4, '2021-11-29 13:57:55', 1, NULL, 0, 1, 9, '2021-11-29 15:39:11', NULL, 0, NULL, NULL),
(6681, 'NOV21-1428-001', 'T8S-887', 153, 0, 1, 'GR03-5190', 59, NULL, NULL, '45410.00', NULL, '2021-11-29 14:08:17', 6, '15300.00', NULL, NULL, '2021-11-29 14:13:53', 6, '30110.00', 1, 1, NULL, NULL, NULL, '2021-11-29 19:00:26', '2021-11-29 19:13:57', '', 'ACEPTADO', 4, NULL, NULL, 0, NULL, 0, '', '', NULL, NULL, NULL, NULL, NULL, 1, NULL, '06-1064', NULL, 4, '2021-11-29 14:00:26', 1, NULL, 0, 1, 19, '2021-11-29 15:29:57', NULL, 0, NULL, NULL),
(6682, 'NOV21-1429-001', 'TAV-920', 206, 0, 1, 'GR03-5191', 59, NULL, NULL, '46220.00', NULL, '2021-11-29 14:06:15', 6, '15870.00', NULL, NULL, '2021-11-29 14:12:27', 6, '30350.00', 1, 1, NULL, NULL, NULL, '2021-11-29 19:02:02', '2021-11-29 19:12:30', '', 'ACEPTADO', 4, NULL, NULL, 0, NULL, 0, '', '', NULL, NULL, NULL, NULL, NULL, 1, NULL, '1065', NULL, 4, '2021-11-29 14:02:02', 1, NULL, 0, 1, 9, '2021-11-29 15:39:25', NULL, 0, NULL, NULL),
(6683, 'NOV21-1430-001', 'T8D-882', 667, 0, 1, 'GR03-5192', 59, NULL, NULL, '45580.00', NULL, '2021-11-29 14:18:11', 6, '15380.00', NULL, NULL, '2021-11-29 14:23:13', 6, '30200.00', 1, 1, NULL, NULL, NULL, '2021-11-29 19:09:41', '2021-11-29 19:23:16', '', 'ACEPTADO', 4, NULL, NULL, 0, NULL, 0, '', '', NULL, NULL, NULL, NULL, NULL, 1, NULL, '06-1066', NULL, 4, '2021-11-29 14:09:41', 1, NULL, 0, 1, 19, '2021-11-29 15:30:16', NULL, 0, NULL, NULL),
(6684, 'NOV21-1431-001', 'T8Q-885', 202, 0, 1, 'GR03-5193', 59, NULL, NULL, '44890.00', NULL, '2021-11-29 14:25:24', 6, '15120.00', NULL, NULL, '2021-11-29 14:46:15', 6, '29770.00', 1, 1, NULL, NULL, NULL, '2021-11-29 19:10:56', '2021-11-29 19:46:19', '', 'ACEPTADO', 4, NULL, NULL, 0, NULL, 0, '', '', NULL, NULL, NULL, NULL, NULL, 1, NULL, '06-1067', NULL, 4, '2021-11-29 14:10:56', 1, NULL, 0, 1, 19, '2021-11-29 15:30:27', NULL, 0, NULL, NULL),
(6685, 'NOV21-1432-001', 'C4G-877', 609, 0, 1, 'GR03-5165', 44, NULL, NULL, '39610.00', NULL, '2021-11-29 14:26:46', 6, '13950.00', NULL, NULL, '2021-11-29 14:49:16', 6, '25660.00', 1, 1, NULL, NULL, NULL, '2021-11-29 19:16:33', '2021-11-29 19:49:20', '', 'ACEPTADO', 4, NULL, NULL, 0, NULL, 0, '', '', NULL, NULL, NULL, NULL, NULL, 1, NULL, NULL, NULL, 4, '2021-11-29 14:16:33', 1, NULL, 0, 1, 13, '2021-11-29 15:53:56', NULL, 0, NULL, NULL),
(6686, 'NOV21-1433-001', 'COP-859', 326, 0, 1, 'GR01-4765', 17, NULL, NULL, '52450.00', NULL, '2021-11-29 14:33:26', 6, '17390.00', NULL, NULL, '2021-11-29 15:18:27', 6, '35060.00', 1, 1, NULL, NULL, NULL, '2021-11-29 19:18:36', '2021-11-29 20:18:31', '', 'ACEPTADO COMO MIXTO SUAVE', 2, NULL, NULL, 0, NULL, 0, '', '', NULL, NULL, NULL, NULL, NULL, 1, NULL, '01-10928', NULL, 4, '2021-11-29 14:18:36', 1, NULL, 0, 1, 13, '2021-11-29 17:57:23', NULL, 0, NULL, NULL),
(6687, 'NOV21-1434-001', 'F4X-719', 697, 0, 1, 'GR01-865', 17, NULL, NULL, '39260.00', NULL, '2021-11-29 14:36:26', 6, '14860.00', NULL, NULL, '2021-11-29 15:11:27', 6, '24400.00', 1, 1, NULL, NULL, NULL, '2021-11-29 19:19:53', '2021-11-29 20:11:30', '', 'ACEPTADO COMO CISCO PENALIZADO POR CENIZA', 2, NULL, NULL, 0, NULL, 0, '', '', NULL, NULL, NULL, NULL, NULL, 1, NULL, '01-4922', NULL, 4, '2021-11-29 14:19:53', 1, NULL, 0, 1, 13, '2021-11-29 18:53:24', NULL, 0, NULL, NULL),
(6688, 'NOV21-1435-001', 'AHI-804', 325, 0, 1, 'GR01-4926', 17, NULL, NULL, '52750.00', NULL, '2021-11-29 14:31:24', 6, '16130.00', NULL, NULL, '2021-11-29 15:15:27', 6, '36620.00', 1, 1, NULL, NULL, NULL, '2021-11-29 19:22:31', '2021-11-29 20:15:31', '', 'ACEPTADO COMO CISCO POR EXCEPCION PENALIZADO POR CENIZA', 2, NULL, NULL, 0, NULL, 0, '', '', NULL, NULL, NULL, NULL, NULL, 1, NULL, '01-11091', NULL, 4, '2021-11-29 14:22:31', 1, NULL, 0, 1, 13, '2021-11-29 18:01:21', NULL, 0, NULL, NULL),
(6689, 'NOV21-1436-001', 'C3J-710', 624, 0, 1, 'GR01-4755', 17, NULL, NULL, '43610.00', NULL, '2021-11-29 14:37:54', 6, '15390.00', NULL, NULL, '2021-11-29 15:04:03', 6, '28220.00', 1, 1, NULL, NULL, NULL, '2021-11-29 19:24:16', '2021-11-29 20:04:07', '', 'ACEPTADO COMO CISCO POR EXCEPCIÓN PENALIZADO POR CENIZA', 2, NULL, NULL, 0, NULL, 0, '', '', NULL, NULL, NULL, NULL, NULL, 1, NULL, '01-10917', NULL, 4, '2021-11-29 14:24:16', 1, NULL, 0, 1, 13, '2021-11-29 18:02:41', NULL, 0, NULL, NULL),
(6690, 'NOV21-1437-001', 'F9C-891', 617, 0, 1, 'GR01-4956', 17, NULL, NULL, '45330.00', NULL, '2021-11-29 14:34:52', 6, '14720.00', NULL, NULL, '2021-11-29 14:56:12', 6, '30610.00', 1, 1, NULL, NULL, NULL, '2021-11-29 19:25:20', '2021-11-29 19:56:16', '', 'ACEPTADO', 2, NULL, NULL, 0, NULL, 0, '', '', NULL, NULL, NULL, '2021-11-29 15:02:32', 'TODO CONFORME', 1, NULL, '01-11112', NULL, 4, '2021-11-29 14:25:20', 1, NULL, 0, 1, 13, '2021-11-29 17:59:01', NULL, 0, NULL, NULL),
(6691, 'NOV21-1438-001', 'T2A-943', 410, 0, 1, 'GR03-1999', 107, NULL, NULL, '19000.00', NULL, '2021-11-29 14:30:09', 6, '7700.00', NULL, NULL, '2021-11-29 15:00:47', 6, '11300.00', 1, 1, NULL, NULL, NULL, '2021-11-29 19:26:26', '2021-11-29 20:00:50', '', '', 20, NULL, NULL, 0, NULL, 0, '', '', NULL, NULL, NULL, NULL, NULL, 1, NULL, NULL, NULL, 10, '2021-11-29 14:26:26', 1, NULL, 0, 0, NULL, NULL, NULL, 0, NULL, NULL),
(6692, 'NOV21-1439-001', 'T4M-941', 199, 0, 1, 'GR03-5195', 59, NULL, NULL, '42140.00', NULL, '2021-11-29 14:43:46', 6, '14610.00', NULL, NULL, '2021-11-29 14:50:32', 6, '27530.00', 1, 1, NULL, NULL, NULL, '2021-11-29 19:34:10', '2021-11-29 19:50:35', '', 'ACEPTADO', 4, NULL, NULL, 0, NULL, 0, '', '', NULL, NULL, NULL, NULL, NULL, 1, NULL, '01-443', NULL, 4, '2021-11-29 14:34:10', 1, NULL, 0, 1, 19, '2021-11-29 16:43:02', NULL, 0, NULL, NULL),
(6693, 'NOV21-1440-001', 'T2B-999', 199, 0, 1, 'GR03-5195', 59, NULL, NULL, '38810.00', NULL, '2021-11-29 14:45:15', 6, '8260.00', NULL, NULL, '2021-11-29 14:51:44', 6, '30550.00', 1, 1, NULL, NULL, NULL, '2021-11-29 19:34:41', '2021-11-29 19:51:48', '', 'ACEPTADO', 4, NULL, NULL, 0, NULL, 0, '', '', NULL, NULL, NULL, NULL, NULL, 1, NULL, '01-443', NULL, 4, '2021-11-29 14:34:41', 1, NULL, 0, 1, 13, '2021-11-29 18:14:13', NULL, 0, NULL, NULL),
(6694, 'NOV21-1441-001', 'T5J-907', 277, 0, 1, 'GR02-5194', 44, NULL, NULL, '62710.00', NULL, '2021-11-29 15:22:44', 6, '16860.00', NULL, NULL, '2021-11-29 15:33:02', 6, '45850.00', 1, 1, NULL, NULL, NULL, '2021-11-29 19:43:04', '2021-11-29 20:33:05', '', 'ACEPTADO', 4, NULL, NULL, 0, NULL, 0, '', '', NULL, NULL, NULL, NULL, NULL, 1, NULL, '053-206', NULL, 11, '2021-11-29 14:43:04', 1, NULL, 0, 1, 19, '2021-11-29 15:57:06', NULL, 0, NULL, NULL),
(6695, 'NOV21-1442-001', 'TAR-865', 508, 0, 1, 'GR02-2615', 59, NULL, NULL, '62740.00', NULL, '2021-11-29 15:24:42', 6, '19360.00', NULL, NULL, '2021-11-29 15:35:06', 6, '43380.00', 1, 1, NULL, NULL, NULL, '2021-11-29 19:58:34', '2021-11-29 20:35:10', '', 'ACEPTADO', 4, NULL, NULL, 0, NULL, 0, '', '', NULL, NULL, NULL, NULL, NULL, 1, NULL, '053-208', NULL, 11, '2021-11-29 14:58:34', 1, NULL, 0, 1, 19, '2021-11-29 16:47:47', NULL, 0, NULL, NULL),
(6696, 'NOV21-1443-001', 'T8W-823', 185, 0, 1, 'GR03-5167', 65, NULL, NULL, '53250.00', NULL, '2021-11-29 15:26:20', 6, '17930.00', NULL, NULL, '2021-11-29 15:36:23', 6, '35320.00', 1, 1, NULL, NULL, NULL, '2021-11-29 20:00:47', '2021-11-29 20:36:27', '', 'ACEPTADO', 4, NULL, NULL, 0, NULL, 0, '', '', NULL, NULL, NULL, NULL, NULL, 1, NULL, '053-209', NULL, 11, '2021-11-29 15:00:47', 1, NULL, 0, 1, 13, '2021-11-29 19:15:37', NULL, 0, NULL, NULL),
(6697, 'NOV21-1444-001', 'T7Y-815', 698, 0, 1, 'GR03-5198', 65, NULL, NULL, '54100.00', NULL, '2021-11-29 15:28:37', 6, '18220.00', NULL, NULL, '2021-11-29 15:40:40', 6, '35880.00', 1, 1, NULL, NULL, NULL, '2021-11-29 20:13:24', '2021-11-29 20:40:43', '', 'ACEPTADO', 4, NULL, NULL, 0, NULL, 0, '', '', NULL, NULL, NULL, NULL, NULL, 1, NULL, '053-211', NULL, 11, '2021-11-29 15:13:24', 1, NULL, 0, 1, 19, '2021-11-29 16:48:11', NULL, 0, NULL, NULL),
(6698, 'NOV21-1445-001', 'T1R-880', 288, 0, 1, 'GR02-2614', 44, NULL, NULL, '59820.00', NULL, '2021-11-29 15:29:24', 6, '16990.00', NULL, NULL, '2021-11-29 15:43:08', 6, '42830.00', 1, 1, NULL, NULL, NULL, '2021-11-29 20:17:58', '2021-11-29 20:43:11', '', 'ACEPTADO', 4, NULL, NULL, 0, NULL, 0, '', '', NULL, NULL, NULL, NULL, NULL, 1, NULL, '053-207', NULL, 11, '2021-11-29 15:17:58', 1, NULL, 0, 1, 19, '2021-11-29 16:48:21', NULL, 0, NULL, NULL),
(6699, 'NOV21-1446-001', 'TAQ-931', 215, 0, 1, 'GR03-5199', 65, NULL, NULL, '53780.00', NULL, '2021-11-29 15:30:39', 6, '18230.00', NULL, NULL, '2021-11-29 15:44:31', 6, '35550.00', 1, 1, NULL, NULL, NULL, '2021-11-29 20:20:15', '2021-11-29 20:44:34', '', 'ACEPTADO', 4, NULL, NULL, 0, NULL, 0, '', '', NULL, NULL, NULL, NULL, NULL, 1, NULL, '053-212', NULL, 11, '2021-11-29 15:20:15', 1, NULL, 0, 1, 19, '2021-11-29 16:48:41', NULL, 0, NULL, NULL),
(6700, 'NOV21-1447-001', 'T2A-943', 410, 0, 1, 'GR03-2000', 107, NULL, NULL, '19740.00', NULL, '2021-11-29 15:39:36', 6, '7650.00', NULL, NULL, '2021-11-29 16:20:56', 6, '12090.00', 1, 1, NULL, NULL, NULL, '2021-11-29 20:35:03', '2021-11-29 21:21:00', '', '', 20, NULL, NULL, 0, NULL, 0, '', '', NULL, NULL, NULL, NULL, NULL, 1, NULL, NULL, NULL, 10, '2021-11-29 15:35:03', 1, NULL, 0, 0, NULL, NULL, NULL, 0, NULL, NULL),
(6701, 'NOV21-1448-001', 'TAY-906', 692, 0, 1, 'GR03-5203', 59, NULL, NULL, '70210.00', NULL, '2021-11-29 16:35:30', 6, '17760.00', NULL, NULL, '2021-11-29 16:52:59', 6, '52450.00', 1, 1, NULL, NULL, NULL, '2021-11-29 20:49:47', '2021-11-29 21:53:03', '', 'ACEPTADO', 4, NULL, NULL, 0, NULL, 0, '', '', NULL, NULL, NULL, NULL, NULL, 1, NULL, '010-26727', NULL, 11, '2021-11-29 15:49:47', 1, NULL, 0, 1, 13, '2021-11-29 18:16:43', NULL, 0, NULL, NULL),
(6702, 'NOV21-1449-001', 'F4I-739', 205, 0, 1, 'GR03-5168', 65, NULL, NULL, '51840.00', NULL, '2021-11-29 16:37:39', 6, '20710.00', NULL, NULL, '2021-11-29 16:54:13', 6, '31130.00', 1, 1, NULL, NULL, NULL, '2021-11-29 20:55:34', '2021-11-29 21:54:17', '', 'ACEPTADO', 4, NULL, NULL, 0, NULL, 0, '', '', NULL, NULL, NULL, NULL, NULL, 1, NULL, '053-214', NULL, 11, '2021-11-29 15:55:34', 1, NULL, 0, 1, 13, '2021-11-29 18:13:27', NULL, 0, NULL, NULL),
(6703, 'NOV21-1450-001', 'TAQ-899', 117, 0, 1, 'GR03-5169', 65, NULL, NULL, '52820.00', NULL, '2021-11-29 16:28:00', 6, '18100.00', NULL, NULL, '2021-11-29 16:38:00', 6, '34720.00', 1, 1, NULL, NULL, NULL, '2021-11-29 20:58:33', '2021-11-30 00:31:31', '', 'ACEPTADO', 4, NULL, NULL, 0, NULL, 0, '', '', NULL, NULL, NULL, NULL, NULL, 1, NULL, '053-215', NULL, 11, '2021-11-29 15:58:00', 1, NULL, 0, 1, 19, '2021-11-29 20:22:16', NULL, 0, NULL, NULL),
(6704, 'NOV21-1451-001', 'C9J-865', 642, 0, 1, 'GR01-7299', 121, NULL, NULL, '21110.00', NULL, '2021-11-29 16:27:24', 6, '8050.00', NULL, NULL, '2021-11-29 17:02:56', 6, '13060.00', 1, 1, NULL, NULL, NULL, '2021-11-29 21:10:04', '2021-11-29 22:02:59', '', '', 20, NULL, NULL, 0, NULL, 0, '', '', NULL, NULL, NULL, NULL, NULL, 1, NULL, NULL, NULL, 10, '2021-11-29 16:10:04', 1, NULL, 0, 0, NULL, NULL, NULL, 0, NULL, NULL),
(6705, 'NOV21-1452-001', 'ASA-938', 137, 0, 1, 'GR03-5170', 65, NULL, NULL, '55210.00', NULL, '2021-11-29 16:38:34', 6, '17470.00', NULL, NULL, '2021-11-29 16:56:03', 6, '37740.00', 1, 1, NULL, NULL, NULL, '2021-11-29 21:14:15', '2021-11-29 21:56:07', '', 'ACEPTADO', 4, NULL, NULL, 0, NULL, 0, '', '', NULL, NULL, NULL, NULL, NULL, 1, NULL, '053-216', NULL, 11, '2021-11-29 16:14:15', 1, NULL, 0, 1, 13, '2021-11-29 17:57:35', NULL, 0, NULL, NULL),
(6706, 'NOV21-1453-001', 'T5Y-891', 228, 0, 1, 'GR03-5200', 65, NULL, NULL, '51340.00', NULL, '2021-11-29 16:40:01', 6, '21590.00', NULL, NULL, '2021-11-29 16:57:24', 6, '29750.00', 1, 1, NULL, NULL, NULL, '2021-11-29 21:17:03', '2021-11-29 21:57:28', '', 'ACEPTADO', 4, NULL, NULL, 0, NULL, 0, '', '', NULL, NULL, NULL, NULL, NULL, 1, NULL, '053-213', NULL, 11, '2021-11-29 16:17:03', 1, NULL, 0, 1, 13, '2021-11-29 17:57:48', NULL, 0, NULL, NULL),
(6707, 'NOV21-1454-001', 'TAY-814', 535, 0, 1, 'GR02-2616', 44, NULL, NULL, '46660.00', NULL, '2021-11-29 16:41:53', 6, '15890.00', NULL, NULL, '2021-11-29 16:58:34', 6, '30770.00', 1, 1, NULL, NULL, NULL, '2021-11-29 21:21:14', '2021-11-29 21:58:38', '', 'ACEPTADO', 4, NULL, NULL, 0, NULL, 0, '', '', NULL, NULL, NULL, NULL, NULL, 1, NULL, NULL, NULL, 4, '2021-11-29 16:21:14', 1, NULL, 0, 1, 13, '2021-11-29 17:44:18', NULL, 0, NULL, NULL),
(6708, 'NOV21-1455-001', 'T5O-869', 538, 0, 1, 'GR03-5201', 59, NULL, NULL, '39490.00', NULL, '2021-11-29 16:42:59', 6, '13040.00', NULL, NULL, '2021-11-29 16:59:36', 6, '26450.00', 1, 1, NULL, NULL, NULL, '2021-11-29 21:24:24', '2021-11-29 21:59:40', '', 'ACEPTADO', 4, NULL, NULL, 0, NULL, 0, '', '', NULL, NULL, NULL, NULL, NULL, 1, NULL, '02-1863', NULL, 4, '2021-11-29 16:24:24', 1, NULL, 0, 1, 13, '2021-11-29 17:43:41', NULL, 0, NULL, NULL),
(6709, 'NOV21-1456-001', 'THK-988', 538, 0, 1, 'GR03-5201', 59, NULL, NULL, '35390.00', NULL, '2021-11-29 16:44:32', 6, '7800.00', NULL, NULL, '2021-11-29 17:00:35', 6, '27590.00', 1, 1, NULL, NULL, NULL, '2021-11-29 21:25:05', '2021-11-29 22:00:38', '', 'ACEPTADO', 4, NULL, NULL, 0, NULL, 0, '', '', NULL, NULL, NULL, NULL, NULL, 1, NULL, '02-1863', NULL, 4, '2021-11-29 16:25:05', 1, NULL, 0, 1, 13, '2021-11-29 17:43:57', NULL, 0, NULL, NULL),
(6710, 'NOV21-1457-001', 'TAE-824', 160, 0, 1, 'GR02-2617', 44, NULL, NULL, '46010.00', NULL, '2021-11-29 16:45:00', 6, '15550.00', NULL, NULL, '2021-11-29 17:05:00', 6, '30460.00', 1, 1, NULL, NULL, NULL, '2021-11-29 21:25:44', '2021-11-29 22:06:04', '', 'ACEPTADO', 4, NULL, NULL, 0, NULL, 0, '', '', NULL, NULL, NULL, NULL, NULL, 1, NULL, NULL, NULL, 4, '2021-11-29 16:25:00', 1, NULL, 0, 1, 13, '2021-11-29 17:44:33', NULL, 0, NULL, NULL),
(6711, 'NOV21-1458-001', 'M1H-924', 539, 0, 1, 'GR03-5202', 59, NULL, NULL, '41220.00', NULL, '2021-11-29 16:49:10', 6, '11080.00', NULL, NULL, '2021-11-29 17:07:57', 6, '30140.00', 1, 1, NULL, NULL, NULL, '2021-11-29 21:31:47', '2021-11-29 22:08:01', '', 'ACEPTADO', 4, NULL, NULL, 0, NULL, 0, '', '', NULL, NULL, NULL, NULL, NULL, 1, NULL, '02-1864', NULL, 4, '2021-11-29 16:31:47', 1, NULL, 0, 1, 13, '2021-11-29 17:56:53', NULL, 0, NULL, NULL);
INSERT INTO `pesos_Bk29112021` (`id`, `codigo`, `placa`, `conductor`, `es_carreta`, `es_proveedor`, `guia_remision`, `proveedor`, `nro_carreta`, `big_bag`, `peso_entrada`, `obvservacion_entrada`, `fecha_entrada`, `usuario_entrada`, `peso_salida`, `obvservacion_salida`, `plataforma`, `fecha_salida`, `usuario_salida`, `peso_neto`, `estado_activo`, `publicado`, `estado_laboratorio`, `created_by`, `updated_by`, `created_at`, `updated_at`, `observacion_entrada`, `observacion_salida`, `producto`, `solicitud`, `proceso`, `pre_registro`, `carreta_de`, `tiene_carreta`, `imagen1`, `imagen2`, `tiene_solicitud`, `vigilancia_guiatransportista`, `vigilancia_observacionentrada`, `vigilancia_fechahorasalida`, `vigilancia_observacionsalida`, `is_registrovigilancia`, `transportista_guia_remision`, `transportista_guia_transportista`, `transportista_empresa`, `tipo_vehiculo`, `vigilancia_fechahoraentrada`, `vigilancia_estado`, `vigilancia_estadoobservacion`, `is_cargamasiva`, `isCierre_AnalisisCampo_App`, `Cierre_AnalisisCampoApp_Usuario`, `Cierre_AnalisisCampoApp_Fecha`, `observacion_anulacion`, `isPreCierre_AnalisisCampo_PreparacionGranulometria`, `PreCierre_AnalisisCampoPreparacionGranulometria_Usuario`, `PreCierre_AnalisisCampoPreparacionGranulometria_Fecha`) VALUES
(6712, 'NOV21-1459-001', 'THS-980', 539, 0, 1, 'GR03-5202', 59, NULL, NULL, '39490.00', NULL, '2021-11-29 16:49:56', 6, '8940.00', NULL, NULL, '2021-11-29 17:08:57', 6, '30550.00', 1, 1, NULL, NULL, NULL, '2021-11-29 21:32:19', '2021-11-29 22:09:00', '', 'ACEPTADO', 4, NULL, NULL, 0, NULL, 0, '', '', NULL, NULL, NULL, NULL, NULL, 1, NULL, '02-1864', NULL, 4, '2021-11-29 16:32:19', 1, NULL, 0, 1, 13, '2021-11-29 17:57:22', NULL, 0, NULL, NULL),
(6713, 'NOV21-1460-001', 'T5S-842', 673, 0, 1, 'GR03-5171', 65, NULL, NULL, '54190.00', NULL, '2021-11-29 16:51:20', 6, '18890.00', NULL, NULL, '2021-11-29 17:10:48', 6, '35300.00', 1, 1, NULL, NULL, NULL, '2021-11-29 21:33:59', '2021-11-29 22:10:51', '', 'ACEPTADO', 4, NULL, NULL, 0, NULL, 0, '', '', NULL, NULL, NULL, NULL, NULL, 1, NULL, '053-217', NULL, 11, '2021-11-29 16:33:59', 1, NULL, 0, 1, 19, '2021-11-29 18:29:32', NULL, 0, NULL, NULL),
(6714, 'NOV21-1461-001', 'TAV-920', 206, 0, 1, 'GR03-5206', 59, NULL, NULL, '44710.00', NULL, '2021-11-29 17:13:08', 6, '15830.00', NULL, NULL, '2021-11-29 17:20:54', 6, '28880.00', 1, 1, NULL, NULL, NULL, '2021-11-29 21:55:42', '2021-11-29 22:20:58', '', 'ACEPTADO', 4, NULL, NULL, 0, NULL, 0, '', '', NULL, NULL, NULL, NULL, NULL, 1, NULL, '06-1068', NULL, 4, '2021-11-29 16:55:42', 1, NULL, 0, 1, 13, '2021-11-29 18:49:21', NULL, 0, NULL, NULL),
(6715, 'NOV21-1462-001', 'T8D-882', 667, 0, 1, 'GR03-5208', 59, NULL, NULL, '45580.00', NULL, '2021-11-29 17:14:03', 6, '15350.00', NULL, NULL, '2021-11-29 17:21:57', 6, '30230.00', 1, 1, NULL, NULL, NULL, '2021-11-29 21:57:14', '2021-11-29 22:22:01', '', 'ACEPTADO', 4, NULL, NULL, 0, NULL, 0, '', '', NULL, NULL, NULL, NULL, NULL, 1, NULL, '06-1069', NULL, 4, '2021-11-29 16:57:14', 1, NULL, 0, 1, 19, '2021-11-29 18:29:50', NULL, 0, NULL, NULL),
(6716, 'NOV21-1463-001', 'T8Q-885', 202, 0, 1, 'GR03-5209', 59, NULL, NULL, '44480.00', NULL, '2021-11-29 17:15:55', 6, '15090.00', NULL, NULL, '2021-11-29 17:23:09', 6, '29390.00', 1, 1, NULL, NULL, NULL, '2021-11-29 21:59:16', '2021-11-29 22:23:13', '', 'ACEPTADO', 4, NULL, NULL, 0, NULL, 0, '', '', NULL, NULL, NULL, NULL, NULL, 1, NULL, '06-1070', NULL, 4, '2021-11-29 16:59:16', 1, NULL, 0, 1, 13, '2021-11-29 18:49:41', NULL, 0, NULL, NULL),
(6717, 'NOV21-1464-001', 'C4G-877', 609, 0, 1, 'GR02-2618', 44, NULL, NULL, '41750.00', NULL, '2021-11-29 17:19:44', 6, '13940.00', NULL, NULL, '2021-11-29 17:27:14', 6, '27810.00', 1, 1, NULL, NULL, NULL, '2021-11-29 22:02:41', '2021-11-29 22:27:18', '', 'ACEPTADO', 4, NULL, NULL, 0, NULL, 0, '', '', NULL, NULL, NULL, NULL, NULL, 1, NULL, NULL, NULL, 4, '2021-11-29 17:02:41', 1, NULL, 0, 1, 13, '2021-11-29 18:53:49', NULL, 0, NULL, NULL),
(6718, 'NOV21-1465-001', 'T8S-887', 153, 0, 1, 'GR03-5210', 59, NULL, NULL, '45100.00', NULL, '2021-11-29 17:17:49', 6, '15520.00', NULL, NULL, '2021-11-29 17:24:55', 6, '29580.00', 1, 1, NULL, NULL, NULL, '2021-11-29 22:11:35', '2021-11-29 22:24:59', '', 'ACEPTADO', 4, NULL, NULL, 0, NULL, 0, '', '', NULL, NULL, NULL, NULL, NULL, 1, NULL, '06-1071', NULL, 4, '2021-11-29 17:11:35', 1, NULL, 0, 1, 13, '2021-11-29 18:49:56', NULL, 0, NULL, NULL),
(6719, 'NOV21-1466-001', 'TAZ-829', 696, 0, 1, 'GR03-5204', 59, NULL, NULL, '61690.00', NULL, '2021-11-29 17:39:57', 6, '17960.00', NULL, NULL, '2021-11-29 17:44:08', 6, '43730.00', 1, 1, NULL, NULL, NULL, '2021-11-29 22:29:37', '2021-11-29 22:44:12', '', 'ACEPTADO', 4, NULL, NULL, 0, NULL, 0, '', '', NULL, NULL, NULL, NULL, NULL, 1, NULL, '010-26753', NULL, 11, '2021-11-29 17:29:37', 1, NULL, 0, 1, 13, '2021-11-29 19:14:56', NULL, 0, NULL, NULL),
(6720, 'NOV21-1467-001', 'TAY-926', 690, 0, 1, 'GR03-5205', 59, NULL, NULL, '65030.00', NULL, '2021-11-29 17:41:50', 6, '17660.00', NULL, NULL, '2021-11-29 17:47:45', 6, '47370.00', 1, 1, NULL, NULL, NULL, '2021-11-29 22:30:17', '2021-11-29 22:47:48', '', 'ACEPTADO', 4, NULL, NULL, 0, NULL, 0, '', '', NULL, NULL, NULL, NULL, NULL, 1, NULL, '010-26776', NULL, 11, '2021-11-29 17:30:17', 1, NULL, 0, 1, 13, '2021-11-29 19:15:09', NULL, 0, NULL, NULL),
(6721, 'NOV21-1468-001', 'T5J-907', 277, 0, 1, 'GR02-2619', 44, NULL, NULL, '59340.00', NULL, '2021-11-29 17:42:00', 6, '16930.00', NULL, NULL, '2021-11-29 17:49:00', 6, '42410.00', 1, 1, NULL, NULL, NULL, '2021-11-29 22:32:32', '2021-11-29 22:50:05', '', 'ACEPTADO', 4, NULL, NULL, 0, NULL, 0, '', '', NULL, NULL, NULL, NULL, NULL, 1, NULL, '053-218', NULL, 11, '2021-11-29 17:32:00', 1, NULL, 0, 1, 19, '2021-11-29 19:04:21', NULL, 0, NULL, NULL),
(6722, 'NOV21-1469-001', 'T8W-823', 185, 0, 1, 'GR02-2620', 44, NULL, NULL, '61230.00', NULL, '2021-11-29 17:52:00', 6, '17920.00', NULL, NULL, '2021-11-29 17:53:00', 6, '43310.00', 1, 1, NULL, NULL, NULL, '2021-11-29 22:43:15', '2021-11-29 22:53:49', '', 'ACEPTADO', 4, NULL, NULL, 0, NULL, 0, '', '', NULL, NULL, NULL, NULL, NULL, 1, NULL, '053-219', NULL, 11, '2021-11-29 17:43:00', 1, NULL, 0, 1, 30, '2021-11-29 19:38:27', NULL, 0, NULL, NULL),
(6723, 'NOV21-1470-001', 'TAR-865', 508, 0, 1, 'GR02-2621', 44, NULL, NULL, '62460.00', NULL, '2021-11-29 18:07:14', 6, '19290.00', NULL, NULL, '2021-11-29 18:11:06', 6, '43170.00', 1, 1, NULL, NULL, NULL, '2021-11-29 23:00:18', '2021-11-29 23:11:10', '', 'ACEPTADO', 4, NULL, NULL, 0, NULL, 0, '', '', NULL, NULL, NULL, NULL, NULL, 1, NULL, '053-220', NULL, 11, '2021-11-29 18:00:18', 1, NULL, 0, 1, 13, '2021-11-29 19:14:44', NULL, 0, NULL, NULL),
(6724, 'NOV21-1471-001', 'T1R-880', 288, 0, 1, 'GR02-2622', 44, NULL, NULL, '64830.00', NULL, '2021-11-29 18:10:16', 6, '16950.00', NULL, NULL, '2021-11-29 18:12:17', 6, '47880.00', 1, 1, NULL, NULL, NULL, '2021-11-29 23:02:14', '2021-11-29 23:12:21', '', 'ACEPTADO', 4, NULL, NULL, 0, NULL, 0, '', '', NULL, NULL, NULL, NULL, NULL, 1, NULL, '053-221', NULL, 11, '2021-11-29 18:02:14', 1, NULL, 0, 1, 30, '2021-11-29 19:39:28', NULL, 0, NULL, NULL),
(6725, 'NOV21-1472-001', 'T7Y-815', 698, 0, 1, 'GR02-2623', 44, NULL, NULL, '65350.00', NULL, '2021-11-29 18:14:56', 6, '18230.00', NULL, NULL, '2021-11-29 18:15:42', 6, '47120.00', 1, 1, NULL, NULL, NULL, '2021-11-29 23:06:22', '2021-11-29 23:15:46', '', 'ACEPTADO', 4, NULL, NULL, 0, NULL, 0, '', '', NULL, NULL, NULL, NULL, NULL, 1, NULL, '053-222', NULL, 11, '2021-11-29 18:06:22', 1, NULL, 0, 1, 30, '2021-11-29 19:39:44', NULL, 0, NULL, NULL),
(6726, 'NOV21-1473-001', 'TAQ-931', 215, 0, 1, 'GR02-2624', 44, NULL, NULL, '62950.00', NULL, '2021-11-29 18:44:35', 6, '18210.00', NULL, NULL, '2021-11-29 18:45:56', 6, '44740.00', 1, 1, NULL, NULL, NULL, '2021-11-29 23:35:39', '2021-11-29 23:45:59', '', 'ACEPTADO', 4, NULL, NULL, 0, NULL, 0, '', '', NULL, NULL, NULL, NULL, NULL, 1, NULL, '053-223', NULL, 11, '2021-11-29 18:35:39', 1, NULL, 0, 1, 30, '2021-11-29 20:24:35', NULL, 0, NULL, NULL),
(6727, 'NOV21-1474-001', 'TAY-814', 157, 0, 1, 'GR-02-2627', 44, NULL, NULL, '45420.00', NULL, '2021-11-29 19:10:32', 6, '15860.00', NULL, NULL, '2021-11-29 19:11:40', 6, '29560.00', 1, 1, NULL, NULL, NULL, '2021-11-30 00:02:23', '2021-11-30 00:11:44', '', '', 4, NULL, NULL, 0, NULL, 0, '', '', NULL, NULL, NULL, NULL, NULL, 1, NULL, NULL, NULL, 4, '2021-11-29 19:02:23', 1, NULL, 0, 1, 9, '2021-11-29 23:46:23', NULL, 0, NULL, NULL),
(6728, 'NOV21-1475-001', 'TAY-906', 692, 0, 1, 'GR-03-5241', 59, NULL, NULL, '64450.00', NULL, '2021-11-29 19:34:38', 6, '17700.00', NULL, NULL, '2021-11-29 20:01:47', 6, '46750.00', 1, 1, NULL, NULL, NULL, '2021-11-30 00:06:16', '2021-11-30 01:01:51', '', '', 4, NULL, NULL, 0, NULL, 0, '', '', NULL, NULL, NULL, NULL, NULL, 1, NULL, '010-26645', NULL, 11, '2021-11-29 19:06:16', 1, NULL, 0, 1, 9, '2021-11-30 00:13:14', NULL, 0, NULL, NULL),
(6729, 'NOV21-1476-001', 'TAE-824', 160, 0, 1, 'GR-02-2628', 44, NULL, NULL, '45230.00', NULL, '2021-11-29 19:15:03', 6, '15520.00', NULL, NULL, '2021-11-29 19:59:44', 6, '29710.00', 1, 1, NULL, NULL, NULL, '2021-11-30 00:08:13', '2021-11-30 00:59:48', '', '', 4, NULL, NULL, 0, NULL, 0, '', '', NULL, NULL, NULL, NULL, NULL, 1, NULL, NULL, NULL, 4, '2021-11-29 19:08:13', 1, NULL, 0, 1, 9, '2021-11-29 23:45:30', NULL, 0, NULL, NULL),
(6730, 'NOV21-1477-001', 'TAQ-899', 117, 0, 1, 'GR-02-2626', 44, NULL, NULL, '60110.00', NULL, '2021-11-29 19:39:29', 6, '18070.00', NULL, NULL, '2021-11-29 20:03:05', 6, '42040.00', 1, 1, NULL, NULL, NULL, '2021-11-30 00:10:26', '2021-11-30 01:03:09', '', '', 4, NULL, NULL, 0, NULL, 0, '', '', NULL, NULL, NULL, NULL, NULL, 1, NULL, '053-0225', NULL, 11, '2021-11-29 19:10:26', 1, NULL, 0, 1, 13, '2021-11-29 23:14:25', NULL, 0, NULL, NULL),
(6731, 'NOV21-1478-001', 'F4I-739', 205, 0, 1, 'GR-02-2625', 44, NULL, NULL, '61370.00', NULL, '2021-11-29 19:46:30', 6, '20700.00', NULL, NULL, '2021-11-29 20:05:20', 6, '40670.00', 1, 1, NULL, NULL, NULL, '2021-11-30 00:12:17', '2021-11-30 01:05:24', '', '', 4, NULL, NULL, 0, NULL, 0, '', '', NULL, NULL, NULL, NULL, NULL, 1, NULL, '053-0224', NULL, 11, '2021-11-29 19:12:17', 1, NULL, 0, 1, 9, '2021-11-30 00:29:46', NULL, 0, NULL, NULL),
(6732, 'NOV21-1479-001', 'ASA-938', 137, 0, 1, 'GR-02-2629', 44, NULL, NULL, '58210.00', NULL, '2021-11-29 19:47:43', 6, '17450.00', NULL, NULL, '2021-11-29 20:08:36', 6, '40760.00', 1, 1, NULL, NULL, NULL, '2021-11-30 00:19:24', '2021-11-30 01:08:40', '', '', 4, NULL, NULL, 0, NULL, 0, '', '', NULL, NULL, NULL, NULL, NULL, 1, NULL, '053-0227', NULL, 11, '2021-11-29 19:19:24', 1, NULL, 0, 1, 9, '2021-11-30 00:31:04', NULL, 0, NULL, NULL),
(6733, 'NOV21-1480-001', 'AJN-731', 513, 0, 1, 'GR-04-0654', 5, NULL, NULL, '42470.00', NULL, '2021-11-29 19:32:28', 6, '15200.00', NULL, NULL, '2021-11-29 19:42:15', 6, '27270.00', 1, 1, NULL, NULL, NULL, '2021-11-30 00:22:05', '2021-11-30 00:42:19', '', 'ANALISIS PENDIENTE', 4, NULL, NULL, 0, NULL, 0, '', '', NULL, NULL, NULL, '2021-11-29 20:54:57', '---ANALISIS PENDIENTE', 1, NULL, '01-1792', NULL, 4, '2021-11-29 19:22:05', 1, NULL, 0, 1, 9, '2021-11-30 00:31:21', NULL, 0, NULL, NULL),
(6734, 'NOV21-1481-001', 'T5J-909', 595, 0, 1, 'GR-02-2631', 44, NULL, NULL, '58440.00', NULL, '2021-11-29 19:53:39', 6, '17840.00', NULL, NULL, '2021-11-29 20:09:49', 6, '40600.00', 1, 1, NULL, NULL, NULL, '2021-11-30 00:35:56', '2021-11-30 01:09:53', '', '', 4, NULL, NULL, 0, NULL, 0, '', '', NULL, NULL, NULL, NULL, NULL, 1, NULL, '053-0228', NULL, 11, '2021-11-29 19:35:56', 1, NULL, 0, 1, 9, '2021-11-30 00:31:37', NULL, 0, NULL, NULL),
(6735, 'NOV21-1482-001', 'T6G-838', 201, 0, 1, 'GR-02-2630', 44, NULL, NULL, '59240.00', NULL, '2021-11-29 19:54:31', 6, '17100.00', NULL, NULL, '2021-11-29 20:12:40', 6, '42140.00', 1, 1, NULL, NULL, NULL, '2021-11-30 00:45:23', '2021-11-30 01:12:44', '', '', 4, NULL, NULL, 0, NULL, 0, '', '', NULL, NULL, NULL, NULL, NULL, 1, NULL, '053-0226', NULL, 11, '2021-11-29 19:45:23', 1, NULL, 0, 1, 9, '2021-11-30 00:43:10', NULL, 0, NULL, NULL),
(6736, 'NOV21-1483-001', 'T7Y-857', 237, 0, 1, 'GR-02-2632', 44, NULL, NULL, '63830.00', NULL, '2021-11-29 19:58:58', 6, '17170.00', NULL, NULL, '2021-11-29 20:14:21', 6, '46660.00', 1, 1, NULL, NULL, NULL, '2021-11-30 00:48:28', '2021-11-30 01:14:25', '', '', 4, NULL, NULL, 0, NULL, 0, '', '', NULL, NULL, NULL, NULL, NULL, 1, NULL, '053-0229', NULL, 11, '2021-11-29 19:48:28', 1, NULL, 0, 1, 9, '2021-11-30 00:36:23', NULL, 0, NULL, NULL),
(6737, 'NOV21-1484-001', 'T8D-882', 667, 0, 1, 'GR-03-5244', 59, NULL, NULL, '44620.00', NULL, '2021-11-29 20:37:09', 6, '15320.00', NULL, NULL, '2021-11-29 20:46:01', 6, '29300.00', 1, 1, NULL, NULL, NULL, '2021-11-30 00:57:18', '2021-11-30 01:46:04', '', '', 4, NULL, NULL, 0, NULL, 0, '', '', NULL, NULL, NULL, NULL, NULL, 1, NULL, '06-1074', NULL, 4, '2021-11-29 19:57:18', 1, NULL, 0, 1, 9, '2021-11-29 23:40:15', NULL, 0, NULL, NULL),
(6738, 'NOV21-1485-001', 'T8Q-885', 202, 0, 1, 'GR-03-5243', 59, NULL, NULL, '43710.00', NULL, '2021-11-29 20:39:26', 6, '15050.00', NULL, NULL, '2021-11-29 20:48:10', 6, '28660.00', 1, 1, NULL, NULL, NULL, '2021-11-30 00:58:34', '2021-11-30 01:48:14', '', '', 4, NULL, NULL, 0, NULL, 0, '', '', NULL, NULL, NULL, NULL, NULL, 1, NULL, '06-1073', NULL, 4, '2021-11-29 19:58:34', 1, NULL, 0, 1, 9, '2021-11-29 23:42:17', NULL, 0, NULL, NULL),
(6739, 'NOV21-1486-001', 'T5Y-891', 228, 0, 1, 'GR-02-2633', 44, NULL, NULL, '61200.00', NULL, '2021-11-29 20:40:22', 6, '20330.00', NULL, NULL, '2021-11-29 20:49:40', 6, '40870.00', 1, 1, NULL, NULL, NULL, '2021-11-30 01:10:59', '2021-11-30 01:49:44', '', '', 4, NULL, NULL, 0, NULL, 0, '', '', NULL, NULL, NULL, NULL, NULL, 1, NULL, '053-0230', NULL, 11, '2021-11-29 20:10:59', 1, NULL, 0, 1, 30, '2021-11-30 00:55:00', NULL, 0, NULL, NULL),
(6740, 'NOV21-1487-001', 'TAV-920', 206, 0, 1, 'GR-03-5242', 59, NULL, NULL, '44150.00', NULL, '2021-11-29 20:41:16', 6, '15800.00', NULL, NULL, '2021-11-29 20:51:01', 6, '28350.00', 1, 1, NULL, NULL, NULL, '2021-11-30 01:25:09', '2021-11-30 01:51:05', '', '', 4, NULL, NULL, 0, NULL, 0, '', '', NULL, NULL, NULL, NULL, NULL, 1, NULL, '06-1072', NULL, 4, '2021-11-29 20:25:09', 1, NULL, 0, 1, 9, '2021-11-29 23:36:56', NULL, 0, NULL, NULL),
(6741, 'NOV21-1488-001', 'T8S-887', 153, 0, 1, 'GR-03-5247', 59, NULL, NULL, '46280.00', NULL, '2021-11-29 20:43:15', 6, '15480.00', NULL, NULL, '2021-11-29 20:52:16', 6, '30800.00', 1, 1, NULL, NULL, NULL, '2021-11-30 01:26:06', '2021-11-30 01:52:19', '', '', 4, NULL, NULL, 0, NULL, 0, '', '', NULL, NULL, NULL, NULL, NULL, 1, NULL, '06-1075', NULL, 4, '2021-11-29 20:26:06', 1, NULL, 0, 1, 9, '2021-11-29 23:39:05', NULL, 0, NULL, NULL),
(6742, 'NOV21-1489-001', 'C4G-877', 609, 0, 1, 'GR-02-2634', 44, NULL, NULL, '40150.00', NULL, '2021-11-29 20:44:31', 6, '14060.00', NULL, NULL, '2021-11-29 20:54:20', 6, '26090.00', 1, 1, NULL, NULL, NULL, '2021-11-30 01:39:31', '2021-11-30 01:54:24', '', '', 4, NULL, NULL, 0, NULL, 0, '', '', NULL, NULL, NULL, NULL, NULL, 1, NULL, NULL, NULL, 4, '2021-11-29 20:39:31', 1, NULL, 0, 1, 9, '2021-11-29 23:46:58', NULL, 0, NULL, NULL),
(6743, 'NOV21-1490-001', 'T8W-823', 185, 0, 1, 'GR-02-2636', 44, NULL, NULL, '62710.00', NULL, '2021-11-29 20:56:14', 6, '17880.00', NULL, NULL, '2021-11-29 20:57:55', 6, '44830.00', 1, 1, NULL, NULL, NULL, '2021-11-30 01:50:05', '2021-11-30 01:57:58', '', '', 4, NULL, NULL, 0, NULL, 0, '', '', NULL, NULL, NULL, NULL, NULL, 1, NULL, '053-0232', NULL, 11, '2021-11-29 20:50:05', 1, NULL, 0, 1, 9, '2021-11-30 00:37:11', NULL, 0, NULL, NULL),
(6744, 'NOV21-1491-001', 'T5J-907', 277, 0, 1, 'GR-02-2635', 44, NULL, NULL, '63330.00', NULL, '2021-11-29 21:09:57', 6, '16820.00', NULL, NULL, '2021-11-29 21:37:20', 6, '46510.00', 1, 1, NULL, NULL, NULL, '2021-11-30 02:04:35', '2021-11-30 02:37:24', '', '', 4, NULL, NULL, 0, NULL, 0, '', '', NULL, NULL, NULL, NULL, NULL, 1, NULL, '053-0231', NULL, 11, '2021-11-29 21:04:35', 1, NULL, 0, 1, 9, '2021-11-30 00:37:33', NULL, 0, NULL, NULL),
(6745, 'NOV21-1492-001', 'COP-859', 326, 0, 1, 'GR-03-5245', 59, NULL, NULL, '51060.00', NULL, '2021-11-29 21:32:03', 6, '17580.00', NULL, NULL, '2021-11-29 21:38:31', 6, '33480.00', 1, 1, NULL, NULL, NULL, '2021-11-30 02:11:14', '2021-11-30 02:38:35', '', '', 4, NULL, NULL, 0, NULL, 0, '', '', NULL, NULL, NULL, NULL, NULL, 1, NULL, '01-11129', NULL, 4, '2021-11-29 21:11:14', 1, NULL, 0, 1, 9, '2021-11-30 00:28:49', NULL, 0, NULL, NULL),
(6746, 'NOV21-1493-001', 'THG-978', 326, 0, 1, 'GR-03-5245', 59, NULL, NULL, '33950.00', NULL, '2021-11-29 21:33:27', 6, '7080.00', NULL, NULL, '2021-11-29 21:39:21', 6, '26870.00', 1, 1, NULL, NULL, NULL, '2021-11-30 02:12:18', '2021-11-30 02:39:25', '', '', 4, NULL, NULL, 0, NULL, 0, '', '', NULL, NULL, NULL, NULL, NULL, 1, NULL, '01-11129', NULL, 4, '2021-11-29 21:12:18', 1, NULL, 0, 1, 9, '2021-11-30 00:29:00', NULL, 0, NULL, NULL),
(6747, 'NOV21-1494-001', 'AHI-804', 325, 0, 1, 'GR-03-5246', 59, NULL, NULL, '52110.00', NULL, '2021-11-29 21:34:32', 6, '16360.00', NULL, NULL, '2021-11-29 21:40:32', 6, '35750.00', 1, 1, NULL, NULL, NULL, '2021-11-30 02:22:09', '2021-11-30 02:40:36', '', '', 4, NULL, NULL, 0, NULL, 0, '', '', NULL, NULL, NULL, NULL, NULL, 1, NULL, '01-11126', NULL, 4, '2021-11-29 21:22:09', 1, NULL, 0, 1, 9, '2021-11-30 00:29:32', NULL, 0, NULL, NULL),
(6748, 'NOV21-1495-001', 'TDX-990', 325, 0, 1, 'GR-03-5246', 59, NULL, NULL, '35200.00', NULL, '2021-11-29 21:36:03', 6, '9490.00', NULL, NULL, '2021-11-29 21:41:30', 6, '25710.00', 1, 1, NULL, NULL, NULL, '2021-11-30 02:23:02', '2021-11-30 02:41:34', '', '', 4, NULL, NULL, 0, NULL, 0, '', '', NULL, NULL, NULL, NULL, NULL, 1, NULL, '01-11126', NULL, 4, '2021-11-29 21:23:02', 1, NULL, 0, 1, 9, '2021-11-30 00:29:20', NULL, 0, NULL, NULL),
(6749, 'NOV21-1496-001', 'TAZ-829', 696, 0, 1, 'GR-03-5227', 59, NULL, NULL, '61380.00', NULL, '2021-11-29 22:03:33', 6, '17930.00', NULL, NULL, '2021-11-29 22:07:50', 6, '43450.00', 1, 1, NULL, NULL, NULL, '2021-11-30 02:56:05', '2021-11-30 03:07:53', '', '', 4, NULL, NULL, 0, NULL, 0, '', '', NULL, NULL, NULL, NULL, NULL, 1, NULL, '010-26754', NULL, 11, '2021-11-29 21:56:05', 1, NULL, 0, 1, 30, '2021-11-30 00:55:09', NULL, 0, NULL, NULL),
(6750, 'NOV21-1497-001', 'TAY-926', 690, 0, 1, 'GR-03-5228', 59, NULL, NULL, '67010.00', NULL, '2021-11-29 22:05:46', 6, '17600.00', NULL, NULL, '2021-11-29 22:09:02', 6, '49410.00', 1, 1, NULL, NULL, NULL, '2021-11-30 02:57:34', '2021-11-30 03:09:06', '', '', 4, NULL, NULL, 0, NULL, 0, '', '', NULL, NULL, NULL, NULL, NULL, 1, NULL, '010-26777', NULL, 11, '2021-11-29 21:57:34', 1, NULL, 0, 1, 9, '2021-11-30 00:28:15', NULL, 0, NULL, NULL),
(6751, 'NOV21-1498-001', 'T1R-880', 288, 0, 1, 'GR-03-5230', 59, NULL, NULL, '59590.00', NULL, '2021-11-29 22:19:55', 6, '16940.00', NULL, NULL, '2021-11-29 22:26:14', 6, '42650.00', 1, 1, NULL, NULL, NULL, '2021-11-30 03:06:30', '2021-11-30 03:26:18', '', '', 4, NULL, NULL, 0, NULL, 0, '', '', NULL, NULL, NULL, NULL, NULL, 1, NULL, '053-0235', NULL, 11, '2021-11-29 22:06:30', 1, NULL, 0, 1, 9, '2021-11-30 00:36:00', NULL, 0, NULL, NULL),
(6752, 'NOV21-1499-001', 'TAR-865', 508, 0, 1, 'GR-03-5229', 59, NULL, NULL, '59230.00', NULL, '2021-11-29 22:20:40', 6, '19260.00', NULL, NULL, '2021-11-29 22:31:12', 6, '39970.00', 1, 1, NULL, NULL, NULL, '2021-11-30 03:09:57', '2021-11-30 03:31:16', '', '', 4, NULL, NULL, 0, NULL, 0, '', '', NULL, NULL, NULL, NULL, NULL, 1, NULL, '053-0234', NULL, 11, '2021-11-29 22:09:57', 1, NULL, 0, 1, 9, '2021-11-30 00:23:05', NULL, 0, NULL, NULL),
(6753, 'NOV21-1500-001', 'T7Y-815', 698, 0, 1, 'GR-03-5225', 59, NULL, NULL, '61350.00', NULL, '2021-11-29 22:21:19', 6, '18150.00', NULL, NULL, '2021-11-29 22:32:23', 6, '43200.00', 1, 1, NULL, NULL, NULL, '2021-11-30 03:11:03', '2021-11-30 03:32:27', '', '', 4, NULL, NULL, 0, NULL, 0, '', '', NULL, NULL, NULL, NULL, NULL, 1, NULL, '053-0233', NULL, 11, '2021-11-29 22:11:03', 1, NULL, 0, 1, 9, '2021-11-30 00:22:25', NULL, 0, NULL, NULL),
(6754, 'NOV21-1501-001', 'TAY-906', 692, 0, 1, 'GR-03-5233', 59, NULL, NULL, '67750.00', NULL, '2021-11-29 22:23:43', 6, '18010.00', NULL, NULL, '2021-11-29 22:27:21', 6, '49740.00', 1, 1, NULL, NULL, NULL, '2021-11-30 03:15:33', '2021-11-30 03:27:25', '', '', 4, NULL, NULL, 0, NULL, 0, '', '', NULL, NULL, NULL, NULL, NULL, 1, NULL, '010-26728', NULL, 11, '2021-11-29 22:15:33', 1, NULL, 0, 1, 9, '2021-11-30 00:13:21', NULL, 0, NULL, NULL),
(6755, 'NOV21-1502-001', 'TAQ-931', 215, 0, 1, 'GR-03-5231', 59, NULL, NULL, '59820.00', NULL, '2021-11-29 22:38:08', 6, '18190.00', NULL, NULL, '2021-11-29 22:39:51', 6, '41630.00', 1, 1, NULL, NULL, NULL, '2021-11-30 03:30:46', '2021-11-30 03:39:55', '', '', 4, NULL, NULL, 0, NULL, 0, '', '', NULL, NULL, NULL, NULL, NULL, 1, NULL, '053-0236', NULL, 11, '2021-11-29 22:30:46', 1, NULL, 0, 1, 30, '2021-11-30 00:09:20', NULL, 0, NULL, NULL),
(6756, 'NOV21-1503-001', 'TAQ-899', 117, 0, 1, 'GR-03-5232', 59, NULL, NULL, '60700.00', NULL, '2021-11-29 22:37:00', 6, '18070.00', NULL, NULL, '2021-11-29 22:39:07', 6, '42630.00', 1, 1, NULL, NULL, NULL, '2021-11-30 03:31:58', '2021-11-30 03:39:11', '', '', 4, NULL, NULL, 0, NULL, 0, '', '', NULL, NULL, NULL, NULL, NULL, 1, NULL, '053-0237', NULL, 11, '2021-11-29 22:31:58', 1, NULL, 0, 1, 30, '2021-11-30 00:09:35', NULL, 0, NULL, NULL),
(6757, 'NOV21-1504-001', 'F4I-739', 205, 0, 1, 'GR-03-5226', 59, NULL, NULL, '57490.00', NULL, '2021-11-29 22:55:49', 6, '20690.00', NULL, NULL, '2021-11-29 22:58:46', 6, '36800.00', 1, 1, NULL, NULL, NULL, '2021-11-30 03:51:25', '2021-11-30 03:58:50', '', '', 4, NULL, NULL, 0, NULL, 0, '', '', NULL, NULL, NULL, NULL, NULL, 1, NULL, '053-0238', NULL, 11, '2021-11-29 22:51:25', 1, NULL, 0, 1, 9, '2021-11-30 00:30:41', NULL, 0, NULL, NULL),
(6758, 'NOV21-1505-001', 'BFW-878', 445, 0, 1, 'GR-04-0655', 5, NULL, NULL, '44600.00', NULL, '2021-11-30 01:27:03', 6, '15440.00', NULL, NULL, '2021-11-30 01:39:03', 14, '29160.00', 1, 1, NULL, NULL, NULL, '2021-11-30 06:20:24', '2021-11-30 06:39:07', '', 'ANALISIS PENDIENTE', 4, NULL, NULL, 0, NULL, 0, '', '', NULL, NULL, NULL, NULL, NULL, 1, NULL, '01-0118', NULL, 4, '2021-11-30 01:20:24', 1, NULL, 0, 0, NULL, NULL, NULL, 0, NULL, NULL),
(6759, 'NOV21-1506-001', 'TAY-909', 610, 0, 1, '', 1, NULL, NULL, '45600.00', NULL, '2021-11-30 03:02:11', 14, '15730.00', NULL, NULL, '2021-11-30 03:09:48', 14, '29870.00', 1, 1, NULL, NULL, NULL, '2021-11-30 07:52:40', '2021-11-30 08:09:52', '', 'ANALISIS PENDIENTE', 4, NULL, NULL, 0, NULL, 0, '', '', NULL, NULL, 'INGRESA SIN GUIAS X REGULARIZAR', NULL, NULL, 1, NULL, NULL, NULL, 4, '2021-11-30 02:52:40', 1, NULL, 0, 0, NULL, NULL, NULL, 0, NULL, NULL),
(6760, 'NOV21-1507-001', 'T4M-918', 151, 0, 1, 'GR-04-0656', 5, NULL, NULL, '45050.00', NULL, '2021-11-30 03:50:13', 14, '15040.00', NULL, NULL, '2021-11-30 04:02:53', 14, '30010.00', 1, 1, NULL, NULL, NULL, '2021-11-30 08:45:13', '2021-11-30 09:02:57', '', '', 4, NULL, NULL, 0, NULL, 0, '', '', NULL, NULL, NULL, NULL, NULL, 1, NULL, '01-1793', NULL, 4, '2021-11-30 03:45:13', 1, NULL, 0, 0, NULL, NULL, NULL, 0, NULL, NULL);

-- --------------------------------------------------------

--
-- Estructura de tabla para la tabla `pesos_detalles`
--

CREATE TABLE `pesos_detalles` (
  `id` int UNSIGNED NOT NULL,
  `peso_entrada` double DEFAULT NULL,
  `peso_salida` double DEFAULT NULL,
  `observacion_entrada` longtext,
  `observacion_salida` longtext,
  `validado` tinyint(1) DEFAULT NULL,
  `es_carreta` tinyint(1) DEFAULT NULL,
  `publicado` tinyint(1) DEFAULT NULL,
  `producto` int DEFAULT NULL,
  `proveedor` int DEFAULT NULL,
  `guia_remision` longtext,
  `nro_carreta` varchar(255) DEFAULT NULL,
  `observacion_edicion` longtext,
  `fecha` datetime DEFAULT NULL,
  `usuario` int DEFAULT NULL,
  `username` varchar(255) DEFAULT NULL,
  `plataforma` int DEFAULT NULL,
  `created_by` int DEFAULT NULL,
  `updated_by` int DEFAULT NULL,
  `created_at` timestamp NULL DEFAULT CURRENT_TIMESTAMP,
  `updated_at` timestamp NULL DEFAULT CURRENT_TIMESTAMP
) ENGINE=InnoDB DEFAULT CHARSET=utf8mb3;

--
-- Volcado de datos para la tabla `pesos_detalles`
--

INSERT INTO `pesos_detalles` (`id`, `peso_entrada`, `peso_salida`, `observacion_entrada`, `observacion_salida`, `validado`, `es_carreta`, `publicado`, `producto`, `proveedor`, `guia_remision`, `nro_carreta`, `observacion_edicion`, `fecha`, `usuario`, `username`, `plataforma`, `created_by`, `updated_by`, `created_at`, `updated_at`) VALUES
(13, 45210, 13510, '-', 'ACEPTADO COMO MIXTO DURO POR EXCEPCION', NULL, 0, 1, 2, 3, 'GR1-150', '', 'Ninguno', '2021-03-12 12:28:22', 1, 'labinorte_test', 2, NULL, NULL, '2021-03-12 17:13:04', '2021-03-12 18:14:33'),
(14, 16770, 52810, '-', '-', NULL, 0, 1, 3, 4, '', 'TEZ-997', 'Ninguno', '2021-03-12 12:34:41', 1, 'labinorte_test', NULL, NULL, NULL, '2021-03-12 17:19:23', '2021-03-14 00:29:40'),
(15, 40510, 15130, '-', 'CENIZA:17.6%   H APROX: 10%', NULL, 0, 1, 4, 5, 'GR4-224', '', 'Ninguno', '2021-03-12 13:23:55', 1, 'labinorte_test', 4, NULL, NULL, '2021-03-12 18:08:37', '2021-03-12 18:58:18'),
(16, 51660, 15530, '-', '-', NULL, 0, 1, 2, 6, 'GR02-1917', '', 'Ninguno', '2021-03-12 14:41:56', 1, 'labinorte_test', 2, NULL, NULL, '2021-03-12 19:26:37', '2021-03-12 20:04:47'),
(17, 36460, 13710, '-', '-', NULL, 0, 1, 5, 7, 'GR03-2003', '', 'Ninguno', '2021-03-12 16:04:06', 1, 'labinorte_test', 5, NULL, NULL, '2021-03-12 20:48:47', '2021-03-12 21:04:24'),
(18, 32190, 12510, '-', '-', NULL, 0, 1, 5, 8, 'GR03-2004', '', 'Ninguno', '2021-03-12 16:10:50', 1, 'labinorte_test', 5, NULL, NULL, '2021-03-12 20:55:31', '2021-03-12 21:09:29'),
(19, 40220, 13730, '-', '-', NULL, 0, 1, 4, 9, 'GR01-850', '', 'Ninguno', '2021-03-12 19:46:43', 1, 'labinorte_test', 4, NULL, NULL, '2021-03-13 00:31:26', '2021-03-13 01:39:53'),
(20, 38960, 12250, '-', 'CENIZA: 15   HUMEDAD: 8', NULL, 0, 1, 4, 9, 'GR01-851', '', 'Ninguno', '2021-03-12 20:20:46', 1, 'labinorte_test', 4, NULL, NULL, '2021-03-13 01:05:27', '2021-03-13 03:25:34'),
(21, 14840, 31500, '-', '-', NULL, 0, 1, 3, 4, '', 'THP-985', 'Ninguno', '2021-03-12 20:59:27', 1, 'labinorte_test', NULL, NULL, NULL, '2021-03-13 01:44:08', '2021-03-13 04:12:45'),
(22, 40100, 13680, '-', '--', NULL, 0, 1, 1, 8, 'GR03-2005', '', 'Ninguno', '2021-03-12 21:08:43', 1, 'labinorte_test', 1, NULL, NULL, '2021-03-13 01:53:25', '2021-03-13 02:04:47'),
(23, 32830, 12450, '-', '--', NULL, 0, 1, 5, 8, 'GR03-2006', '', 'Ninguno', '2021-03-12 21:11:49', 1, 'labinorte_test', 5, NULL, NULL, '2021-03-13 01:56:31', '2021-03-13 02:11:03'),
(24, 48530, 16940, '-', 'ACEPTADO COMO MIXTO SUAVE', NULL, 0, 1, 2, 10, 'GR06-138', '', 'Ninguno', '2021-03-12 21:23:18', 1, 'labinorte_test', 6, NULL, NULL, '2021-03-13 02:08:00', '2021-03-13 03:24:31'),
(25, 15700, 14700, '-', '-', NULL, 0, 1, 2, 3, 'FGG', '', 'Ninguno', '2021-03-12 22:07:52', 1, 'labinorte_test', NULL, NULL, NULL, '2021-03-13 02:52:34', '2021-03-15 21:23:15'),
(26, 1800, 1232123, '-', '12321312', NULL, 0, 1, 1, 2, '', '123', 'Ninguno', '2021-03-12 22:38:48', 1, 'labinorte_test', NULL, NULL, NULL, '2021-03-13 03:38:49', '2021-03-13 04:05:53'),
(27, 1800, 123213, '1800', 'test', NULL, 0, 1, 1, 2, '', '123213', 'Ninguno', '2021-03-12 23:08:26', 1, 'labinorte_test', NULL, NULL, NULL, '2021-03-13 04:08:27', '2021-03-13 04:08:40'),
(28, 45580, 14080, '--', '--', NULL, 0, 1, 2, 10, 'GR06-151', '', 'Ninguno', '2021-03-13 15:07:18', 1, 'labinorte_test', 6, NULL, NULL, '2021-03-13 19:52:00', '2021-03-14 00:24:02'),
(29, 16770, 52850, '-', '-', NULL, 0, 1, 3, 4, 'TAB-983', 'TAB-983', 'Ninguno', '2021-03-13 15:30:00', 1, 'labinorte_test', NULL, NULL, NULL, '2021-03-13 20:14:42', '2021-03-14 00:25:06'),
(30, 51870, 13780, '-', '-', NULL, 0, 1, 2, 11, 'EG01-2314', '', 'Ninguno', '2021-03-13 19:57:08', 1, 'labinorte_test', 6, NULL, NULL, '2021-03-14 00:41:50', '2021-03-14 00:42:32'),
(31, 41480, 15580, 'INGRESO EL DIA 13/03/21', '123', NULL, 0, 1, 2, 10, '1213', '', 'Ninguno', '2021-03-15 15:56:10', 1, 'labinorte_test', 6, NULL, NULL, '2021-03-15 20:40:53', '2021-03-15 20:41:32'),
(32, 27890, 13720, 'INGRESO EL DIA 13/03/2021', '123', NULL, 0, 1, 6, 11, '123', '', 'Ninguno', '2021-03-15 16:01:38', 1, 'labinorte_test', NULL, NULL, NULL, '2021-03-15 20:46:20', '2021-03-15 20:46:52'),
(33, 44530, 12370, 'INGRESO EL DIA13/03/2021', '123', NULL, 0, 1, 2, 10, '123', '', 'Ninguno', '2021-03-15 16:07:37', 1, 'labinorte_test', 6, NULL, NULL, '2021-03-15 20:52:20', '2021-03-15 20:53:17'),
(34, 39220, 13760, 'INGRESO EL 13/03/2021', '123', NULL, 0, 1, 1, 8, 'GR03_2007', '', 'Ninguno', '2021-03-15 16:10:59', 1, 'labinorte_test', NULL, NULL, NULL, '2021-03-15 20:55:41', '2021-03-15 20:56:20'),
(35, 36010, 12530, 'INGRESO EL 13/03/2021', '123', NULL, 0, 1, 1, 8, 'GR03-2008', '', 'Ninguno', '2021-03-15 16:13:40', 1, 'labinorte_test', NULL, NULL, NULL, '2021-03-15 20:58:22', '2021-03-15 20:58:48'),
(36, 51870, 13780, 'INGRESO EL 13/03/2021', '123', NULL, 0, 1, 2, 11, 'EG01-2314', '', 'Ninguno', '2021-03-15 16:19:54', 1, 'labinorte_test', NULL, NULL, NULL, '2021-03-15 21:04:36', '2021-03-15 21:04:58'),
(37, 16590, 53020, 'INGRESO 13/03/2021', '123', NULL, 0, 1, 7, 12, '', 'M2N-972', 'Ninguno', '2021-03-15 16:27:57', 1, 'labinorte_test', NULL, NULL, NULL, '2021-03-15 21:12:39', '2021-03-15 21:13:01'),
(38, 46800, 15170, '123', 'INGRES EL 13/03/2021', NULL, 0, 1, 2, 11, 'EG01-2317', '', 'Ninguno', '2021-03-15 16:30:17', 1, 'labinorte_test', 6, NULL, NULL, '2021-03-15 21:15:00', '2021-03-15 21:15:57'),
(39, 44250, 13700, 'INGRESO EL 14/03/2021', 'ANALISIS PENDIENTE', NULL, 0, 1, 2, 3, 'GR1-152', '', 'Ninguno', '2021-03-15 16:32:50', 1, 'labinorte_test', 6, NULL, NULL, '2021-03-15 21:17:32', '2021-03-15 21:18:11'),
(40, 44460, 13810, 'INGRESO EL 14/03/2021', 'ANALISIS PENDIENTE', NULL, 0, 1, 2, 3, 'GR1-153', '', 'Ninguno', '2021-03-15 16:35:23', 1, 'labinorte_test', 6, NULL, NULL, '2021-03-15 21:20:06', '2021-03-15 21:20:43'),
(41, 50300, 15580, '-', 'ACEPTADO COMO CISCO', NULL, 0, 1, 2, 6, 'GR2-1951', '', 'Ninguno', '2021-03-15 16:41:06', 1, 'labinorte_test', 6, NULL, NULL, '2021-03-15 21:25:49', '2021-03-15 22:16:00'),
(42, 49330, 49330, '-', 'ACEPTADO COMO MIXTO DURO POR EXCEPCION', NULL, 0, 1, 2, 11, 'EG01-2318', '', '-', '2021-03-15 16:44:26', 1, 'labinorte_test', NULL, NULL, NULL, '2021-03-15 21:29:08', '2021-03-16 02:46:13'),
(43, 48360, 15900, '-', 'ACEPTADO COMO MIXTO DURO', NULL, 0, 1, 2, 13, 'GR1-137', '', 'Ninguno', '2021-03-15 16:49:40', 1, 'labinorte_test', 6, NULL, NULL, '2021-03-15 21:34:22', '2021-03-15 22:14:13'),
(44, 40660, 13730, '-', 'PENALIZADO POR AZUFRE', NULL, 0, 1, 4, 15, '', '', 'Ninguno', '2021-03-15 16:54:02', 1, 'labinorte_test', 3, NULL, NULL, '2021-03-15 21:38:44', '2021-03-15 22:00:33'),
(45, 48400, 16940, 'ENTRO 14/03/2021', '111', NULL, 0, 1, 2, 10, 'GR6-152', '', 'Ninguno', '2021-03-15 19:34:32', 1, 'labinorte_test', 6, NULL, NULL, '2021-03-16 00:19:14', '2021-03-16 00:20:25'),
(46, 47450, 15070, 'ENTRO EL 14/03/2021', '123', NULL, 0, 1, 2, 10, 'GR6-153', '', 'Ninguno', '2021-03-15 19:38:09', 1, 'labinorte_test', NULL, NULL, NULL, '2021-03-16 00:22:52', '2021-03-16 00:23:35'),
(47, 39270, 12510, '122', '123', NULL, 0, 1, 2, 17, 'GR1-3872', '', 'Ninguno', '2021-03-15 20:13:46', 1, 'labinorte_test', 6, NULL, NULL, '2021-03-16 00:58:28', '2021-03-16 00:59:02'),
(48, 41380, 13780, '123', '123', NULL, 0, 1, 2, 17, 'GR01-3873', '', 'Ninguno', '2021-03-15 20:18:45', 1, 'labinorte_test', 6, NULL, NULL, '2021-03-16 01:03:27', '2021-03-16 01:04:01'),
(49, 44260, 15980, '123', '123', NULL, 0, 1, 4, 15, 'GR1-835', '', 'Ninguno', '2021-03-15 20:25:44', 1, 'labinorte_test', 3, NULL, NULL, '2021-03-16 01:10:27', '2021-03-16 01:11:04'),
(50, 40350, 12720, '123', '123', NULL, 0, 1, 2, 16, 'GR1-082', '', 'Ninguno', '2021-03-15 20:27:35', 1, 'labinorte_test', 2, NULL, NULL, '2021-03-16 01:12:18', '2021-03-16 01:13:07'),
(51, 46150, 14920, '-', 'ACEPTADO COMO MIXTO SUAVE, PENALIZADO POR CENIZA', NULL, 0, 1, 2, 17, 'GR1-3881', '', 'Ninguno', '2021-03-15 21:40:08', 1, 'labinorte_test', 6, NULL, NULL, '2021-03-16 02:24:51', '2021-03-16 02:25:31'),
(52, 43710, 13680, '-', 'ACEPTADO COMO MIXTO SUAVE, PENALIZADO POR CENIZA', NULL, 0, 1, 2, 17, 'GR1-3886', '', 'Ninguno', '2021-03-15 21:41:35', 1, 'labinorte_test', 6, NULL, NULL, '2021-03-16 02:26:18', '2021-03-16 02:30:04'),
(53, 48180, 15000, '-', '-', NULL, 0, 1, 2, 17, 'GR1-3882', '', 'Ninguno', '2021-03-15 21:49:30', 1, 'labinorte_test', 8, NULL, NULL, '2021-03-16 02:34:12', '2021-03-19 21:50:22'),
(54, 48180, 15000, '-', '-', NULL, 0, 1, 2, 17, 'GR1-3882', '', 'Ninguno', '2021-03-15 22:12:18', 1, 'labinorte_test', 8, NULL, NULL, '2021-03-16 02:57:00', '2021-03-19 21:50:16'),
(55, 41220, 15000, '-', '-', NULL, 1, 1, 2, 17, 'GR1-3882', 'T5V-991', '-', '2021-03-15 22:12:43', 1, 'labinorte_test', 5, NULL, NULL, '2021-03-16 02:57:25', '2021-03-19 21:50:00'),
(56, 39030, 15000, '-', '-', NULL, 0, 1, 4, 18, 'GR1-856', NULL, 'Ninguno', '2021-03-17 12:42:42', 1, 'labinorte_test', 2, NULL, NULL, '2021-03-17 17:27:25', '2021-03-19 21:49:51'),
(57, 44910, 11380, '-', 'ACEPTADO COMO MIXTO SUAVE', NULL, 0, 1, 2, 20, 'GR1-082', NULL, 'Ninguno', '2021-03-17 19:20:01', 1, 'labinorte_test', 9, NULL, NULL, '2021-03-18 00:04:44', '2021-03-18 00:06:56'),
(58, 48150, 15190, '-', 'ACEPTADO COMO CISCO', NULL, 0, 1, 2, 6, 'GR2-1952', NULL, 'Ninguno', '2021-03-17 19:23:28', 1, 'labinorte_test', 9, NULL, NULL, '2021-03-18 00:08:11', '2021-03-18 00:08:44'),
(59, 14330, 32290, '-', '-', NULL, 0, 1, 3, 4, NULL, 'TEP-986', 'Ninguno', '2021-03-17 19:28:20', 1, 'labinorte_test', NULL, NULL, NULL, '2021-03-18 00:13:03', '2021-03-18 00:13:47'),
(60, 36430, 15000, '-', '-', NULL, 0, 1, 7, 12, NULL, 'M2N-972', '-', '2021-03-17 19:34:47', 1, 'labinorte_test', NULL, NULL, NULL, '2021-03-18 00:19:30', '2021-03-19 21:49:40'),
(61, 15670, 15000, '-', '-', NULL, 0, 1, 2, 22, '', NULL, 'Ninguno', '2021-03-18 19:50:49', 1, 'labinorte_test', 5, NULL, NULL, '2021-03-19 00:35:32', '2021-03-19 21:48:58'),
(62, 48190, 15670, '-', 'ACEPTADO COMO MIXTO DURO, PENALIZADO POR CENIZA', NULL, 0, 1, 2, 22, '', NULL, 'Ninguno', '2021-03-18 19:56:06', 1, 'labinorte_test', 9, NULL, NULL, '2021-03-19 00:40:49', '2021-03-19 00:42:23'),
(63, 50230, 13760, 'REGULARIZAR GUÍA', 'ACEPTADO COMO MIXTO SUAVE', NULL, 0, 1, 2, 11, '', NULL, 'Ninguno', '2021-03-18 19:59:22', 1, 'labinorte_test', 9, NULL, NULL, '2021-03-19 00:44:04', '2021-03-19 00:44:52'),
(64, 42280, 12710, '-', 'CENIZA=13.8%, HUMEDAD APROX=11%', NULL, 0, 1, 4, 15, 'GR01-857', NULL, 'Ninguno', '2021-03-18 20:02:03', 1, 'labinorte_test', 10, NULL, NULL, '2021-03-19 00:46:46', '2021-03-19 00:48:07'),
(65, 90, 50, '-', '-', NULL, 0, 1, 2, 11, 'EG01-2322', NULL, 'Ninguno', '2021-03-19 16:32:07', 1, 'labinorte_test', 3, NULL, NULL, '2021-03-19 21:16:40', '2021-03-19 21:48:21'),
(66, 15000, 0, 'XX', 'Pendiente', NULL, 0, 0, 2, 3, 'XXXXX', NULL, 'Ninguno', '2021-03-19 17:18:42', 1, 'labinorte_test', NULL, NULL, NULL, '2021-03-19 22:18:42', '2021-03-19 22:18:42'),
(67, 10000, 0, '-', 'Pendiente', NULL, 0, 0, 1, 1, 'XXXX', NULL, 'Ninguno', '2021-03-19 19:08:06', 1, 'labinorte_test', NULL, NULL, NULL, '2021-03-20 00:08:06', '2021-03-20 00:08:06'),
(68, 10000, 0, '-', 'Pendiente', NULL, 1, 0, 1, 1, 'XXXX', 'QQQ333', 'Ninguno', '2021-03-19 19:08:26', 1, 'labinorte_test', NULL, NULL, NULL, '2021-03-20 00:08:26', '2021-03-20 00:08:26'),
(69, 15650, 47680, '-', '123', NULL, 0, 1, 3, 4, NULL, 'T4S-993', 'Ninguno', '2021-03-20 16:30:00', 1, 'labinorte_test', NULL, NULL, NULL, '2021-03-20 21:14:33', '2021-03-21 01:58:14'),
(70, 15700, 47960, '-', 'SACAS 31PRECINTOS55671-55701', NULL, 0, 1, 3, 4, NULL, 'T5Q-988', 'Ninguno', '2021-03-20 18:21:18', 1, 'labinorte_test', NULL, NULL, NULL, '2021-03-20 23:05:51', '2021-03-21 00:29:31'),
(71, 39130, 12210, '-', 'CENIZA 14.2%  H APROX:9%', NULL, 0, 1, 4, 15, 'GR1-860', NULL, 'Ninguno', '2021-03-20 19:30:20', 1, 'labinorte_test', 4, NULL, NULL, '2021-03-21 00:14:53', '2021-03-21 01:54:53'),
(72, 15600, 0, '123', 'Pendiente', NULL, 0, 0, 3, 4, NULL, 'T4S-992', 'Ninguno', '2021-03-20 19:51:12', 1, 'labinorte_test', NULL, NULL, NULL, '2021-03-21 00:35:45', '2021-03-21 00:35:45'),
(73, 46380, 0, '123', 'Pendiente', NULL, 0, 0, 2, 10, 'GR06-169', NULL, 'Ninguno', '2021-03-20 20:29:55', 1, 'labinorte_test', NULL, NULL, NULL, '2021-03-21 01:14:28', '2021-03-21 01:14:28');

-- --------------------------------------------------------

--
-- Estructura de tabla para la tabla `pesos_detalles_pesos_volquetes__pesos_volquetes_pesos_detalles`
--

CREATE TABLE `pesos_detalles_pesos_volquetes__pesos_volquetes_pesos_detalles` (
  `id` int UNSIGNED NOT NULL,
  `pesos-detalle_id` int DEFAULT NULL,
  `pesos-volquete_id` int DEFAULT NULL
) ENGINE=InnoDB DEFAULT CHARSET=utf8mb3;

--
-- Volcado de datos para la tabla `pesos_detalles_pesos_volquetes__pesos_volquetes_pesos_detalles`
--

INSERT INTO `pesos_detalles_pesos_volquetes__pesos_volquetes_pesos_detalles` (`id`, `pesos-detalle_id`, `pesos-volquete_id`) VALUES
(13, 13, 11),
(14, 14, 12),
(15, 15, 13),
(16, 16, 14),
(17, 17, 15),
(18, 18, 16),
(19, 19, 17),
(20, 20, 18),
(21, 21, 19),
(22, 22, 20),
(23, 23, 21),
(24, 24, 22),
(25, 25, 23),
(26, 26, 24),
(27, 27, 25),
(28, 28, 26),
(29, 29, 27),
(30, 30, 28),
(31, 31, 29),
(32, 32, 30),
(33, 33, 31),
(34, 34, 32),
(35, 35, 33),
(36, 36, 34),
(37, 37, 35),
(38, 38, 36),
(39, 39, 37),
(40, 40, 38),
(41, 41, 39),
(42, 42, 40),
(43, 43, 41),
(44, 44, 42),
(45, 45, 43),
(46, 46, 45),
(47, 47, 46),
(48, 48, 47),
(49, 49, 48),
(50, 50, 49),
(51, 51, 50),
(52, 52, 51),
(53, 53, 52),
(54, 54, 53),
(55, 55, 53),
(56, 56, 54),
(57, 57, 55),
(58, 58, 56),
(59, 59, 57),
(60, 60, 58),
(61, 61, 59),
(62, 62, 60),
(63, 63, 61),
(64, 64, 62),
(65, 65, 63),
(66, 66, 64),
(67, 67, 65),
(68, 68, 65),
(69, 69, 66),
(70, 70, 67),
(71, 71, 68),
(72, 72, 69),
(73, 73, 70);

-- --------------------------------------------------------

--
-- Estructura de tabla para la tabla `pesos_new`
--

CREATE TABLE `pesos_new` (
  `id` int UNSIGNED NOT NULL,
  `codigo` varchar(255) DEFAULT NULL,
  `placa` varchar(255) DEFAULT NULL,
  `conductor` int DEFAULT NULL,
  `es_carreta` tinyint(1) DEFAULT NULL,
  `es_proveedor` tinyint(1) DEFAULT NULL,
  `guia_remision` varchar(255) DEFAULT NULL,
  `proveedor` int DEFAULT NULL,
  `nro_carreta` varchar(255) DEFAULT NULL,
  `big_bag` int DEFAULT NULL,
  `peso_entrada` decimal(10,2) DEFAULT NULL,
  `obvservacion_entrada` longtext,
  `fecha_entrada` datetime DEFAULT NULL,
  `usuario_entrada` int DEFAULT NULL,
  `peso_salida` decimal(10,2) DEFAULT NULL,
  `obvservacion_salida` longtext,
  `plataforma` int DEFAULT NULL,
  `fecha_salida` datetime DEFAULT NULL,
  `usuario_salida` int DEFAULT NULL,
  `peso_neto` decimal(10,2) DEFAULT NULL,
  `estado_activo` tinyint(1) DEFAULT NULL,
  `publicado` tinyint(1) DEFAULT NULL,
  `estado_laboratorio` tinyint(1) DEFAULT NULL,
  `created_by` int DEFAULT NULL,
  `updated_by` int DEFAULT NULL,
  `created_at` timestamp NULL DEFAULT CURRENT_TIMESTAMP,
  `updated_at` timestamp NULL DEFAULT CURRENT_TIMESTAMP,
  `observacion_entrada` longtext,
  `observacion_salida` longtext,
  `producto` int DEFAULT NULL,
  `solicitud` int DEFAULT NULL,
  `proceso` int DEFAULT NULL,
  `pre_registro` tinyint(1) DEFAULT '0',
  `carreta_de` int DEFAULT NULL,
  `tiene_carreta` tinyint(1) DEFAULT '0',
  `imagen1` varchar(255) DEFAULT NULL,
  `imagen2` varchar(255) DEFAULT NULL,
  `tiene_solicitud` tinyint(1) DEFAULT NULL,
  `vigilancia_guiatransportista` varchar(255) DEFAULT NULL,
  `vigilancia_observacionentrada` varchar(255) DEFAULT NULL,
  `vigilancia_fechahorasalida` datetime DEFAULT NULL,
  `vigilancia_observacionsalida` varchar(255) DEFAULT NULL,
  `is_registrovigilancia` tinyint(1) DEFAULT '0'
) ENGINE=InnoDB DEFAULT CHARSET=utf8mb3;

-- --------------------------------------------------------

--
-- Estructura de tabla para la tabla `pesos_volquetes`
--

CREATE TABLE `pesos_volquetes` (
  `id` int UNSIGNED NOT NULL,
  `placa` varchar(255) DEFAULT NULL,
  `razon_social` varchar(255) DEFAULT NULL,
  `conductor` int DEFAULT NULL,
  `es_proveedor` tinyint(1) DEFAULT NULL,
  `big_bag` int DEFAULT NULL,
  `fecha` datetime DEFAULT NULL,
  `guia_remision` varchar(255) DEFAULT NULL,
  `usuario` int DEFAULT NULL,
  `username` varchar(255) DEFAULT NULL,
  `created_by` int DEFAULT NULL,
  `updated_by` int DEFAULT NULL,
  `created_at` timestamp NULL DEFAULT CURRENT_TIMESTAMP,
  `updated_at` timestamp NULL DEFAULT CURRENT_TIMESTAMP
) ENGINE=InnoDB DEFAULT CHARSET=utf8mb3;

--
-- Volcado de datos para la tabla `pesos_volquetes`
--

INSERT INTO `pesos_volquetes` (`id`, `placa`, `razon_social`, `conductor`, `es_proveedor`, `big_bag`, `fecha`, `guia_remision`, `usuario`, `username`, `created_by`, `updated_by`, `created_at`, `updated_at`) VALUES
(11, 'C0D-911', NULL, 3, 1, NULL, '2021-03-12 12:28:21', NULL, 1, 'labinorte_test', NULL, NULL, '2021-03-12 17:13:03', '2021-03-12 17:13:03'),
(12, 'C3G-810', NULL, 4, 0, NULL, '2021-03-12 12:34:41', NULL, 1, 'labinorte_test', NULL, NULL, '2021-03-12 17:19:22', '2021-03-12 17:19:22'),
(13, 'T6Z-858', NULL, 5, 1, NULL, '2021-03-12 13:23:54', NULL, 1, 'labinorte_test', NULL, NULL, '2021-03-12 18:08:36', '2021-03-12 18:08:36'),
(14, 'AHY-914', NULL, 6, 1, NULL, '2021-03-12 14:41:56', NULL, 1, 'labinorte_test', NULL, NULL, '2021-03-12 19:26:37', '2021-03-12 19:26:37'),
(15, 'C4G-877', NULL, 7, 1, NULL, '2021-03-12 16:04:05', NULL, 1, 'labinorte_test', NULL, NULL, '2021-03-12 20:48:47', '2021-03-12 20:48:47'),
(16, 'C3V-875', NULL, 1, 1, NULL, '2021-03-12 16:10:49', NULL, 1, 'labinorte_test', NULL, NULL, '2021-03-12 20:55:31', '2021-03-12 20:55:31'),
(17, 'M4W-870', NULL, 8, 1, NULL, '2021-03-12 19:46:42', NULL, 1, 'labinorte_test', NULL, NULL, '2021-03-13 00:31:24', '2021-03-13 00:31:24'),
(18, 'A3Q-834', NULL, 9, 1, NULL, '2021-03-12 20:20:46', NULL, 1, 'labinorte_test', NULL, NULL, '2021-03-13 01:05:27', '2021-03-13 01:05:27'),
(19, 'AAP-822', NULL, 10, 0, NULL, '2021-03-12 20:59:27', NULL, 1, 'labinorte_test', NULL, NULL, '2021-03-13 01:44:08', '2021-03-13 01:44:08'),
(20, 'C4G-877', NULL, 6, 1, NULL, '2021-03-12 21:08:43', NULL, 1, 'labinorte_test', NULL, NULL, '2021-03-13 01:53:24', '2021-03-13 01:53:24'),
(21, 'C3V-875', NULL, 1, 1, NULL, '2021-03-12 21:11:48', NULL, 1, 'labinorte_test', NULL, NULL, '2021-03-13 01:56:30', '2021-03-13 01:56:30'),
(22, 'T0A-848', NULL, 11, 1, NULL, '2021-03-12 21:23:18', NULL, 1, 'labinorte_test', NULL, NULL, '2021-03-13 02:07:59', '2021-03-13 02:07:59'),
(23, 'CE', NULL, 1, 1, NULL, '2021-03-12 22:07:51', NULL, 1, 'labinorte_test', NULL, NULL, '2021-03-13 02:52:33', '2021-03-13 02:52:33'),
(24, 'ABC-TEST', NULL, 1, 0, NULL, '2021-03-12 22:38:48', NULL, 1, 'labinorte_test', NULL, NULL, '2021-03-13 03:38:49', '2021-03-13 03:38:49'),
(25, 'ABC-123', NULL, 1, 0, NULL, '2021-03-12 23:08:23', NULL, 1, 'labinorte_test', NULL, NULL, '2021-03-13 04:08:24', '2021-03-13 04:08:24'),
(26, 'M2R-795', NULL, 12, 1, NULL, '2021-03-13 15:07:18', NULL, 1, 'labinorte_test', NULL, NULL, '2021-03-13 19:51:59', '2021-03-13 19:51:59'),
(27, 'F9R-876', NULL, 14, 0, NULL, '2021-03-13 15:30:00', NULL, 1, 'labinorte_test', NULL, NULL, '2021-03-13 20:14:41', '2021-03-13 20:14:41'),
(28, 'T0S-946', NULL, 16, 1, NULL, '2021-03-13 19:57:07', NULL, 1, 'labinorte_test', NULL, NULL, '2021-03-14 00:41:49', '2021-03-14 00:41:49'),
(29, 'C5P-891', NULL, 17, 1, NULL, '2021-03-15 15:56:10', NULL, 1, 'labinorte_test', NULL, NULL, '2021-03-15 20:40:52', '2021-03-15 20:40:52'),
(30, 'T1Z-944', NULL, 18, 1, NULL, '2021-03-15 16:01:38', NULL, 1, 'labinorte_test', NULL, NULL, '2021-03-15 20:46:20', '2021-03-15 20:46:20'),
(31, 'H2C-922', NULL, 20, 1, NULL, '2021-03-15 16:07:37', NULL, 1, 'labinorte_test', NULL, NULL, '2021-03-15 20:52:19', '2021-03-15 20:52:19'),
(32, 'C4G-877', NULL, 7, 1, NULL, '2021-03-15 16:10:58', NULL, 1, 'labinorte_test', NULL, NULL, '2021-03-15 20:55:41', '2021-03-15 20:55:41'),
(33, 'C3V-875', NULL, 1, 1, NULL, '2021-03-15 16:13:39', NULL, 1, 'labinorte_test', NULL, NULL, '2021-03-15 20:58:21', '2021-03-15 20:58:21'),
(34, 'T0S-946', NULL, 16, 1, NULL, '2021-03-15 16:19:53', NULL, 1, 'labinorte_test', NULL, NULL, '2021-03-15 21:04:36', '2021-03-15 21:04:36'),
(35, 'T3Q-945', NULL, 15, 0, 3, '2021-03-15 16:27:55', NULL, 1, 'labinorte_test', NULL, NULL, '2021-03-15 21:12:37', '2021-03-15 21:12:38'),
(36, 'C9K-862', NULL, 21, 1, NULL, '2021-03-15 16:30:17', NULL, 1, 'labinorte_test', NULL, NULL, '2021-03-15 21:14:59', '2021-03-15 21:14:59'),
(37, 'C0D-911', NULL, 3, 1, NULL, '2021-03-15 16:32:50', NULL, 1, 'labinorte_test', NULL, NULL, '2021-03-15 21:17:32', '2021-03-15 21:17:32'),
(38, 'F3F-829', NULL, 22, 1, NULL, '2021-03-15 16:35:23', NULL, 1, 'labinorte_test', NULL, NULL, '2021-03-15 21:20:05', '2021-03-15 21:20:05'),
(39, 'AHY-914', NULL, 6, 1, NULL, '2021-03-15 16:41:06', NULL, 1, 'labinorte_test', NULL, NULL, '2021-03-15 21:25:48', '2021-03-15 21:25:48'),
(40, 'AEG-817', NULL, 23, 1, NULL, '2021-03-15 16:44:26', NULL, 1, 'labinorte_test', NULL, NULL, '2021-03-15 21:29:08', '2021-03-16 02:45:21'),
(41, 'D4X-851', NULL, 24, 1, NULL, '2021-03-15 16:49:40', NULL, 1, 'labinorte_test', NULL, NULL, '2021-03-15 21:34:22', '2021-03-15 21:34:22'),
(42, 'M4W-870', NULL, 25, 1, NULL, '2021-03-15 16:54:02', NULL, 1, 'labinorte_test', NULL, NULL, '2021-03-15 21:38:44', '2021-03-15 21:38:44'),
(43, 'T0A-848', NULL, 11, 1, NULL, '2021-03-15 19:34:31', NULL, 1, 'labinorte_test', NULL, NULL, '2021-03-16 00:19:13', '2021-03-16 00:19:13'),
(44, 'T0A-848', NULL, 11, 1, NULL, '2021-03-15 19:34:39', NULL, 1, 'labinorte_test', NULL, NULL, '2021-03-16 00:19:21', '2021-03-16 00:19:21'),
(45, 'T8Q-885', NULL, 27, 1, NULL, '2021-03-15 19:38:09', NULL, 1, 'labinorte_test', NULL, NULL, '2021-03-16 00:22:51', '2021-03-16 00:22:51'),
(46, 'C3V-875', NULL, 1, 1, NULL, '2021-03-15 20:13:46', NULL, 1, 'labinorte_test', NULL, NULL, '2021-03-16 00:58:28', '2021-03-16 00:58:28'),
(47, 'C4G-877', NULL, 2, 1, NULL, '2021-03-15 20:18:44', NULL, 1, 'labinorte_test', NULL, NULL, '2021-03-16 01:03:27', '2021-03-16 01:03:27'),
(48, 'T3F-946', NULL, 28, 1, NULL, '2021-03-15 20:25:44', NULL, 1, 'labinorte_test', NULL, NULL, '2021-03-16 01:10:26', '2021-03-16 01:10:26'),
(49, 'D5I-885', NULL, 26, 1, NULL, '2021-03-15 20:27:35', NULL, 1, 'labinorte_test', NULL, NULL, '2021-03-16 01:12:17', '2021-03-16 01:12:17'),
(50, 'F4X-719', NULL, 29, 1, NULL, '2021-03-15 21:40:08', NULL, 1, 'labinorte_test', NULL, NULL, '2021-03-16 02:24:50', '2021-03-16 02:24:50'),
(51, 'C4G-877', NULL, 7, 1, NULL, '2021-03-15 21:41:35', NULL, 1, 'labinorte_test', NULL, NULL, '2021-03-16 02:26:17', '2021-03-16 02:26:17'),
(52, 'D5E-890', NULL, 30, 1, NULL, '2021-03-15 21:49:30', NULL, 1, 'labinorte_test', NULL, NULL, '2021-03-16 02:34:12', '2021-03-16 02:34:12'),
(53, 'D5E-890', NULL, 30, 1, NULL, '2021-03-15 22:12:17', NULL, 1, 'labinorte_test', NULL, NULL, '2021-03-16 02:56:59', '2021-03-16 03:01:01'),
(54, 'T4G-914', NULL, 31, 1, NULL, '2021-03-17 12:42:42', NULL, 1, 'labinorte_test', NULL, NULL, '2021-03-17 17:27:24', '2021-03-17 17:27:24'),
(55, 'V5V-711', NULL, 32, 1, NULL, '2021-03-17 19:20:01', NULL, 1, 'labinorte_test', NULL, NULL, '2021-03-18 00:04:43', '2021-03-18 00:04:43'),
(56, 'AHY-914', NULL, 6, 1, NULL, '2021-03-17 19:23:28', NULL, 1, 'labinorte_test', NULL, NULL, '2021-03-18 00:08:11', '2021-03-18 00:08:11'),
(57, 'AEN-894', NULL, 33, 0, NULL, '2021-03-17 19:28:20', NULL, 1, 'labinorte_test', NULL, NULL, '2021-03-18 00:13:02', '2021-03-18 00:13:02'),
(58, 'T3Q-945', NULL, 15, 0, 4, '2021-03-17 19:34:46', NULL, 1, 'labinorte_test', NULL, NULL, '2021-03-18 00:19:29', '2021-03-18 00:20:42'),
(59, 'AKD-725', NULL, 36, 1, NULL, '2021-03-18 19:50:48', NULL, 1, 'labinorte_test', NULL, NULL, '2021-03-19 00:35:31', '2021-03-19 00:35:31'),
(60, 'AKD-725', NULL, 36, 1, NULL, '2021-03-18 19:56:05', NULL, 1, 'labinorte_test', NULL, NULL, '2021-03-19 00:40:49', '2021-03-19 00:40:49'),
(61, 'T0S-946', NULL, 16, 1, NULL, '2021-03-18 19:59:21', NULL, 1, 'labinorte_test', NULL, NULL, '2021-03-19 00:44:04', '2021-03-19 00:44:04'),
(62, 'C2O-849', NULL, 37, 1, NULL, '2021-03-18 20:02:03', NULL, 1, 'labinorte_test', NULL, NULL, '2021-03-19 00:46:46', '2021-03-19 00:46:46'),
(63, 'T8W-887', NULL, 39, 1, NULL, '2021-03-19 16:32:06', NULL, 1, 'labinorte_test', NULL, NULL, '2021-03-19 21:16:39', '2021-03-19 21:16:39'),
(64, 'ALK517', NULL, 1, 1, NULL, '2021-03-19 17:18:42', NULL, 1, 'labinorte_test', NULL, NULL, '2021-03-19 22:18:42', '2021-03-19 22:18:42'),
(65, 'AB123', NULL, 1, 1, NULL, '2021-03-19 19:08:06', NULL, 1, 'labinorte_test', NULL, NULL, '2021-03-20 00:08:05', '2021-03-20 00:08:05'),
(66, 'D1L-919', NULL, 42, 0, NULL, '2021-03-20 16:30:00', NULL, 1, 'labinorte_test', NULL, NULL, '2021-03-20 21:14:33', '2021-03-20 21:14:33'),
(67, 'C7L-906', NULL, 43, 0, NULL, '2021-03-20 18:21:17', NULL, 1, 'labinorte_test', NULL, NULL, '2021-03-20 23:05:50', '2021-03-20 23:05:50'),
(68, 'A3Q-834', NULL, 9, 1, NULL, '2021-03-20 19:30:20', NULL, 1, 'labinorte_test', NULL, NULL, '2021-03-21 00:14:52', '2021-03-21 00:14:52'),
(69, 'D1L-918', NULL, 44, 0, NULL, '2021-03-20 19:51:12', NULL, 1, 'labinorte_test', NULL, NULL, '2021-03-21 00:35:45', '2021-03-21 00:35:45'),
(70, 'H2C-922', NULL, 20, 1, NULL, '2021-03-20 20:29:54', NULL, 1, 'labinorte_test', NULL, NULL, '2021-03-21 01:14:27', '2021-03-21 01:14:27');

-- --------------------------------------------------------

--
-- Estructura de tabla para la tabla `plataformas`
--

CREATE TABLE `plataformas` (
  `id` int UNSIGNED NOT NULL,
  `abreviatura` varchar(255) DEFAULT NULL,
  `descripcion` longtext,
  `estado` tinyint(1) DEFAULT NULL,
  `published_at` datetime DEFAULT NULL,
  `created_by` int DEFAULT NULL,
  `updated_by` int DEFAULT NULL,
  `created_at` timestamp NULL DEFAULT CURRENT_TIMESTAMP,
  `updated_at` timestamp NULL DEFAULT CURRENT_TIMESTAMP
) ENGINE=InnoDB DEFAULT CHARSET=utf8mb3;

--
-- Volcado de datos para la tabla `plataformas`
--

INSERT INTO `plataformas` (`id`, `abreviatura`, `descripcion`, `estado`, `published_at`, `created_by`, `updated_by`, `created_at`, `updated_at`) VALUES
(1, 'PM2', 'Cisco de Mixto', 1, '2021-03-11 17:43:28', NULL, NULL, '2021-03-11 22:43:28', '2021-03-11 22:43:28'),
(2, 'PM5', '-', 1, '2021-03-12 13:12:56', NULL, NULL, '2021-03-12 18:12:56', '2021-03-12 18:12:56'),
(3, 'PM2', 'CISCO', 1, '2021-03-12 13:57:16', NULL, NULL, '2021-03-12 18:57:16', '2021-03-12 18:57:16'),
(4, 'PM2', 'CISCO', 1, '2021-03-12 13:57:39', NULL, NULL, '2021-03-12 18:57:39', '2021-03-12 18:57:39'),
(5, 'PM5', 'FRAGUA', 1, '2021-03-12 16:03:34', NULL, NULL, '2021-03-12 21:03:34', '2021-03-12 21:03:34'),
(6, 'PM5', 'MIXTO', 1, '2021-03-12 22:23:48', NULL, NULL, '2021-03-13 03:23:48', '2021-03-13 03:23:48'),
(7, 'PM1', 'CISCO', 1, '2021-03-15 16:59:56', NULL, NULL, '2021-03-15 21:59:56', '2021-03-15 21:59:56'),
(8, 'PM5', 'MIXTO', 1, '2021-03-17 19:05:53', NULL, NULL, '2021-03-18 00:05:53', '2021-03-18 00:05:53'),
(9, 'MIXTO', 'PM5', 1, '2021-03-17 19:06:38', NULL, NULL, '2021-03-18 00:06:38', '2021-03-18 00:06:38'),
(10, 'CISCO', 'PM2', 1, '2021-03-18 19:47:24', NULL, NULL, '2021-03-19 00:47:24', '2021-03-19 00:47:24'),
(11, 'pm5', 'cisco', 1, '2021-03-18 23:16:06', NULL, NULL, '2021-03-19 04:16:06', '2021-03-19 04:16:06'),
(12, 'PM3', 'CISCO', 1, '2021-03-23 13:28:41', NULL, NULL, '2021-03-23 18:28:41', '2021-03-23 18:28:41'),
(13, 'PM 2 CHANCADO', '123', 1, '2021-03-23 18:49:54', NULL, NULL, '2021-03-23 23:49:54', '2021-03-23 23:49:54'),
(14, '(PM2)', 'CHANCADO', 1, '2021-03-23 18:53:20', NULL, NULL, '2021-03-23 23:53:20', '2021-03-23 23:53:20'),
(15, 'PM2', '1-3MM', 1, '2021-03-27 00:33:09', NULL, NULL, '2021-03-27 05:33:09', '2021-03-27 05:33:09'),
(16, 'SDC', 'SURTIDOR DE COMBUSTIBLE', 1, '2021-04-05 21:16:53', NULL, NULL, '2021-04-05 21:16:53', '2021-04-05 21:16:53'),
(17, 'PM1 (1-3 MM)', '.', 1, '2021-04-07 17:03:53', NULL, NULL, '2021-04-07 17:03:53', '2021-04-07 17:03:53');

-- --------------------------------------------------------

--
-- Estructura de tabla para la tabla `procesos`
--

CREATE TABLE `procesos` (
  `id` int UNSIGNED NOT NULL,
  `modulo` varchar(255) DEFAULT NULL,
  `descripcion` varchar(255) DEFAULT NULL,
  `published_at` datetime DEFAULT NULL,
  `created_by` int DEFAULT NULL,
  `updated_by` int DEFAULT NULL,
  `created_at` timestamp NULL DEFAULT CURRENT_TIMESTAMP,
  `updated_at` timestamp NULL DEFAULT CURRENT_TIMESTAMP
) ENGINE=InnoDB DEFAULT CHARSET=utf8mb3;

--
-- Volcado de datos para la tabla `procesos`
--

INSERT INTO `procesos` (`id`, `modulo`, `descripcion`, `published_at`, `created_by`, `updated_by`, `created_at`, `updated_at`) VALUES
(1, 'anulación de pesos de entrada', 'anulación de pesos de entrada', '2021-03-24 04:05:49', 1, 13, '2021-03-24 09:05:47', '2021-04-22 03:17:17'),
(2, 'peso de salida', 'peso de salida', '2021-03-30 20:47:30', 1, 13, '2021-03-31 01:47:28', '2021-04-22 03:17:02'),
(3, 'cambios detectados', 'cambios detectados', '2021-03-30 20:47:47', 1, 13, '2021-03-31 01:47:46', '2021-04-22 03:17:11');

-- --------------------------------------------------------

--
-- Estructura de tabla para la tabla `procesos_responsables__users_procesos`
--

CREATE TABLE `procesos_responsables__users_procesos` (
  `id` int UNSIGNED NOT NULL,
  `proceso_id` int DEFAULT NULL,
  `user_id` int DEFAULT NULL
) ENGINE=InnoDB DEFAULT CHARSET=utf8mb3;

--
-- Volcado de datos para la tabla `procesos_responsables__users_procesos`
--

INSERT INTO `procesos_responsables__users_procesos` (`id`, `proceso_id`, `user_id`) VALUES
(1, 1, 2),
(2, 2, 2),
(3, 3, 2),
(4, 2, 3),
(5, 3, 3),
(6, 1, 3);

-- --------------------------------------------------------

--
-- Estructura de tabla para la tabla `productos`
--

CREATE TABLE `productos` (
  `id` int UNSIGNED NOT NULL,
  `nombre` varchar(255) DEFAULT NULL,
  `created_by` int DEFAULT NULL,
  `updated_by` int DEFAULT NULL,
  `created_at` timestamp NULL DEFAULT CURRENT_TIMESTAMP,
  `updated_at` timestamp NULL DEFAULT CURRENT_TIMESTAMP,
  `tipo_cliente` int DEFAULT NULL,
  `deshabilitado` tinyint(1) DEFAULT '0'
) ENGINE=InnoDB DEFAULT CHARSET=utf8mb3;

--
-- Volcado de datos para la tabla `productos`
--

INSERT INTO `productos` (`id`, `nombre`, `created_by`, `updated_by`, `created_at`, `updated_at`, `tipo_cliente`, `deshabilitado`) VALUES
(1, 'CISCO 1 - 3mm', NULL, 12, '2021-03-11 22:38:10', '2021-03-12 04:36:48', 2, 0),
(2, 'CARBON TIPO MIXTO', NULL, NULL, '2021-03-12 17:12:46', '2021-03-12 17:12:46', 2, 0),
(4, 'CARBON TIPO CISCO', NULL, NULL, '2021-03-12 18:07:51', '2021-03-12 18:07:51', 2, 0),
(5, 'CARBON TIPO FRAGUA', NULL, NULL, '2021-03-12 20:48:11', '2021-03-12 20:48:11', 2, 0),
(7, '9.5MM-1\"', NULL, NULL, '2021-03-15 21:07:17', '2021-03-15 21:07:17', 1, 0),
(10, 'CARBON TIPO CHANCADO', NULL, NULL, '2021-03-26 22:03:11', '2021-03-26 22:03:11', 2, 0),
(11, 'MATERIAL 1-3 MM', NULL, NULL, '2021-03-27 05:16:52', '2021-03-27 05:16:52', 1, 0),
(12, 'CHATARRA', NULL, NULL, '2021-03-27 17:59:48', '2021-03-27 17:59:48', 1, 0),
(13, 'CARBON TIPO A', NULL, NULL, '2021-03-31 22:05:34', '2021-03-31 22:05:34', 2, 0),
(15, 'COMBUSTIBLE', NULL, NULL, '2021-04-05 20:27:04', '2021-04-05 20:27:04', 2, 0),
(19, 'MATERIAL DE 1/4\" A 1\"', NULL, NULL, '2021-04-10 13:43:30', '2021-04-10 13:43:30', 1, 0),
(20, 'CISTERNA CON AGUA', NULL, NULL, '2021-04-10 19:32:23', '2021-04-10 19:32:23', 2, 0),
(22, '2 A 7MM', NULL, NULL, '2021-04-16 21:30:35', '2021-04-16 21:30:35', 1, 0),
(24, 'MATERIAL 1.7-9.5MM', NULL, NULL, '2021-04-29 13:21:05', '2021-04-29 13:21:05', 1, 0),
(25, '1 - 4 MM', NULL, NULL, '2021-06-09 16:41:38', '2021-06-09 16:41:38', 1, 0),
(26, 'CARBON TIPO 1 MM - 3 MM', NULL, NULL, '2021-06-14 20:55:05', '2021-06-14 20:55:05', 2, 0),
(28, 'AGUA', NULL, NULL, '2021-06-26 13:38:39', '2021-06-26 13:38:39', 2, 0),
(29, '12MM-38MM', NULL, NULL, '2021-07-01 18:14:03', '2021-07-01 18:14:03', 1, 0),
(32, 'RESIDUAL DOMESTICA', NULL, NULL, '2021-07-23 15:36:08', '2021-07-23 15:36:08', 2, 0),
(33, '0MM-6MM', NULL, NULL, '2021-10-06 21:04:09', '2021-10-06 21:04:09', 1, 0),
(34, 'CISCO DE MIXTO', NULL, NULL, '2021-10-06 21:04:09', '2021-10-06 21:04:09', 2, 0),
(35, 'carbon tipo 0-3 MM', NULL, NULL, '2021-10-26 20:46:18', '2021-10-26 20:46:18', 2, 0),
(36, 'CARBON TIPO 0-1MM', NULL, NULL, '2021-10-29 13:26:22', '2021-10-29 13:26:22', 2, 0),
(40, '6.3MM-9.5MM', NULL, NULL, '2021-11-20 19:32:29', '2021-11-20 19:32:29', 1, 0),
(41, 'cisco', NULL, NULL, '2021-11-25 21:39:01', '2021-11-25 21:39:01', 1, 0),
(43, '5MM-10 MM', NULL, NULL, '2022-03-10 18:06:44', '2022-03-10 18:06:44', 1, 0),
(44, 'RESIDUOS GENERALES', NULL, NULL, '2022-04-13 14:46:52', '2022-04-13 14:46:52', 1, 0),
(45, '10-50mm', NULL, NULL, '2022-05-07 12:37:50', '2022-05-07 12:37:50', 1, 0),
(46, 'RESIDUOS PELIGROSOS', NULL, NULL, '2022-06-01 18:57:09', '2022-06-01 18:57:09', 1, 0),
(48, 'MAQUINARIA PESADA', NULL, NULL, '2022-08-26 16:43:41', '2022-08-26 16:43:41', 1, 0),
(49, 'carbon bituminoso', NULL, NULL, '2022-12-19 15:28:11', '2022-12-19 15:28:11', 2, 0),
(50, '5MM-25MM', NULL, NULL, '2023-01-17 20:39:51', '2023-01-17 20:39:51', 1, 0);

-- --------------------------------------------------------

--
-- Estructura de tabla para la tabla `proveedors`
--

CREATE TABLE `proveedors` (
  `id` int UNSIGNED NOT NULL,
  `es_cliente` tinyint(1) DEFAULT NULL,
  `razon_social` longtext,
  `correo` varchar(255) DEFAULT NULL,
  `telefono` longtext,
  `direccion` longtext,
  `deshabilitado` tinyint(1) DEFAULT '0',
  `id_cliente` int DEFAULT NULL,
  `cod_cliente` varchar(255) DEFAULT NULL,
  `documento` varchar(255) DEFAULT NULL,
  `tipo_documento` int DEFAULT NULL,
  `tipo_persona` int DEFAULT NULL,
  `created_by` int DEFAULT NULL,
  `updated_by` int DEFAULT NULL,
  `created_at` timestamp NULL DEFAULT CURRENT_TIMESTAMP,
  `updated_at` timestamp NULL DEFAULT CURRENT_TIMESTAMP,
  `tipo_cliente` int DEFAULT NULL
) ENGINE=InnoDB DEFAULT CHARSET=utf8mb3;

--
-- Volcado de datos para la tabla `proveedors`
--

INSERT INTO `proveedors` (`id`, `es_cliente`, `razon_social`, `correo`, `telefono`, `direccion`, `deshabilitado`, `id_cliente`, `cod_cliente`, `documento`, `tipo_documento`, `tipo_persona`, `created_by`, `updated_by`, `created_at`, `updated_at`, `tipo_cliente`) VALUES
(1, 0, 'SESUVECA DEL PERU S.A.C.', 'newsistemaxs@hotmail.com', '912800115', 'CAL. MARIANO MELGAR 231 URB. SIMA', 0, 0, '', '20504061052', 2, 2, NULL, NULL, '2021-03-11 22:41:24', '2021-03-11 22:41:24', 2),
(5, 0, 'SANCHEZ MARCELIANO JULIAN GABINO', '-', '-', '-', 0, 0, '', '10195780949', 2, 1, NULL, NULL, '2021-03-12 18:07:12', '2021-03-12 18:07:12', 2),
(8, 0, 'MINERALES Y SERVICIOS NUEVA FORTALEZA S.A.C', '-', '-', 'URB. SANTA TERESA DE AVILA F 7', 0, 0, '', '20601902495', 2, 2, NULL, NULL, '2021-03-12 20:55:05', '2021-03-12 20:55:05', 2),
(17, 0, 'INTERRODAC S.A.C.', '-', '-', 'CAL. JUAN PARRA DEL RIEGO 274 URB. PALERMO ET. 2', 0, 0, '', '20601050421', 2, 2, NULL, NULL, '2021-03-16 00:57:36', '2021-03-16 00:57:36', 2),
(20, 0, '2HYM CORPORATION S.A.C.', '-', '-', 'CAL. FRANCISCO LAZO 276 URB. STO.DOMINGUITO...', 0, 0, '', '20605478043', 2, 2, NULL, NULL, '2021-03-18 00:04:13', '2021-03-18 00:04:13', 2),
(22, 0, 'JCARRASCO SERVICIOS GENERALES S.A.C.', '-', '-', 'AV. PRINCIPAL VILLA SARAMIRIZ S/N', 0, 0, '', '20601258243', 2, 2, NULL, NULL, '2021-03-19 00:34:57', '2021-03-19 00:34:57', 2),
(24, 0, 'CORDOVA MELQUIADES JUAN', '', '', '', 0, 0, '', '10196814260', 2, 1, NULL, NULL, '2021-03-22 23:39:28', '2021-03-22 23:39:28', 2),
(25, 0, 'ARMAS RODRIGUEZ ROSA NOEMI', '', '', '', 0, 0, '', '10181623085', 2, 1, NULL, NULL, '2021-03-23 18:20:21', '2021-03-23 18:20:21', 2),
(26, 0, 'OJMA SOCIEDAD ANONIMA CERRADA', '123@HOTMAIL.COM', '123', '123', 0, 0, '', '123', 2, 2, NULL, NULL, '2021-03-23 23:39:45', '2021-03-23 23:39:45', 2),
(32, 0, 'CABALLERO HERRERA PEDRO NITO', '-', '-', '-', 0, 0, '', '10190516640', 2, 1, NULL, NULL, '2021-03-24 19:28:19', '2021-03-24 19:28:19', 2),
(33, 0, 'CRISTO REDENTOR E.I.R.L.', '-', '-', 'CAL. JUAN BACH 870 URB. PRIMAVERA', 0, 0, '', '20481600937', 2, 2, NULL, NULL, '2021-03-24 21:30:46', '2021-03-24 21:30:46', 2),
(41, 0, 'MENDOZA Y GARCIA', '', '', '', 0, 0, '', '47856940', 1, 1, NULL, NULL, '2021-03-30 02:10:11', '2021-03-30 02:10:11', 2),
(44, 0, 'CONSORCIO INTERNACIONAL NEW WORLD S.A.C.', '-', '-', 'JR. WASHINGTON 1308 CERCADO DE LIMA 802', 0, 0, '', '20602251447', 2, 2, NULL, NULL, '2021-04-05 17:39:11', '2021-04-05 17:39:11', 2),
(47, 0, 'INVERSIONES RD SAC', '', '', '', 0, 0, '', '20440260072', 2, 2, NULL, NULL, '2021-04-05 20:26:52', '2021-04-05 20:26:53', 2),
(49, 0, 'VASQUEZ PEREZ ESTEBAN', '-', '-', '-', 0, 0, '', '10195736737', 1, 1, NULL, NULL, '2021-04-08 11:12:54', '2021-04-08 11:12:54', 2),
(52, 0, 'CORDOVA MELQUIADES LUIS CAMPOS', '-', '-', '-', 0, 0, '', '10196851432', 2, 1, NULL, NULL, '2021-04-10 09:28:52', '2021-04-10 09:28:52', 2),
(54, 1, 'cn0051', '-', '-', 'JR. GIOVANNI BATISTA LORENZO 149 URB. SAN BORJA 501A', 0, 1, 'CN0051', '20100136741', 2, 2, NULL, NULL, '2021-04-10 13:42:54', '2021-04-10 13:42:54', 1),
(56, NULL, 'TONY´S COLLECTION S.A.C.', '-', '343407762', 'AV. JESUS DE NAZARETH 312 URB. SAN ANDRES I ETAPA 201', 0, 0, '', '20477371338', 2, 2, NULL, NULL, '2021-04-10 21:17:25', '2021-04-10 21:17:25', 3),
(57, NULL, 'TRANSPORTE MEDINA', '-', '-', '-', 0, 0, '', '123456899', 2, 2, NULL, NULL, '2021-04-10 21:21:17', '2021-04-10 21:21:17', 3),
(58, 0, 'ARMAS RODRIGUEZ FELIPE ARMENGOL', '-', '-', '-', 0, 0, '', '10179601023', 2, 1, NULL, NULL, '2021-04-12 22:13:58', '2021-04-12 22:13:58', 2),
(59, 0, 'CARBONIFERA Y MINERALES SEÑOR PADRE ETERNO S.A.C.', '-', '-', 'AV. PROLONGACIÓN SAN MARTÍN A.H. JUAN PABLO II SEGUNDA ZON X 17', 0, 0, '', '20482746331', 2, 2, NULL, NULL, '2021-04-12 22:17:03', '2021-04-12 22:17:03', 2),
(60, 0, 'COMERCIALIZADORA JLR E.I.R.L.', '-', '-', 'SEC. SECTOR V SUB GRUPO A PRIM 13', 0, 0, '', '20603674074', 2, 2, NULL, NULL, '2021-04-12 22:17:53', '2021-04-12 22:17:53', 2),
(61, 0, 'COMPANY MINING COLCA E.I.R.L.', '-', '-', 'CAL. CONCEPCIÓN ASC. FORTALEZA DE VITARTE F 12', 0, 0, '', '20602032419', 2, 2, NULL, NULL, '2021-04-12 22:18:52', '2021-04-12 22:18:52', 2),
(62, 0, 'COMPAÑIA MINERA POMPEYA SOCIEDAD ANONIMA CERRADA - MINERA POMPEYA S.A.C.', '-', '-', 'CAL. FRANCISCO DE RIBALTA 171', 0, 0, '', '20603716010', 2, 2, NULL, NULL, '2021-04-12 22:19:42', '2021-04-12 22:19:42', 2),
(63, 0, 'CORPORACION CAMFER S.A.C.', '-', '-', 'CAL. HELIOTROPOS ASC. LOS PINOS J1 24', 0, 0, '', '20601742773', 2, 2, NULL, NULL, '2021-04-12 22:25:47', '2021-04-12 22:25:47', 2),
(64, 0, 'CASTAÑEDA VALERIANO EDUAR LUJAN', '-', '-', '-', 0, 0, '', '10402468870', 2, 1, NULL, NULL, '2021-04-12 22:33:29', '2021-04-12 22:33:29', 2),
(65, 0, 'ESPINOZA ZAVALETA LILIAM DEL PILAR', '-', '-', '-', 0, 0, '', '10179026436', 2, 1, NULL, NULL, '2021-04-12 22:34:08', '2021-04-12 22:34:08', 2),
(66, 0, 'FERNANDEZ NAVES EDINSON DEYVIS', '-', '-', '-', 0, 0, '', '10473776389', 2, 1, NULL, NULL, '2021-04-12 22:34:39', '2021-04-12 22:34:39', 2),
(67, 0, 'HUACANJULCA AURORA PEDRO CIRILO', '-', '-', '-', 0, 0, '', '10474298936', 2, 1, NULL, NULL, '2021-04-12 22:35:06', '2021-04-12 22:35:06', 2),
(68, 0, 'INVERSIONES & SERVICIOS YANAKOYA S.A.C.', '-', '-', 'URB. LA ESTANCIA E 50', 0, 0, '', '20600872592', 2, 1, NULL, NULL, '2021-04-12 22:35:46', '2021-04-12 22:35:46', 2),
(69, 0, 'INVERSIONES MINERALES MONTE VERDE S.A.C.', '-', '-', 'OTR. PROG. DE VIV. SANTA ROSA D 17', 0, 0, '', '20603597665', 2, 2, NULL, NULL, '2021-04-12 22:36:35', '2021-04-12 22:36:35', 2),
(70, 0, 'INVERSIONES MINERALES RIO NEGRO S.A.C.', '-', '-', 'OTR. PROG. DE VIV. SANTA ROSA D 17', 0, 0, '', '20603126115', 2, 2, NULL, NULL, '2021-04-12 22:37:13', '2021-04-12 22:37:13', 2),
(71, 0, 'INVERSIONES VELES E.I.R.L', '-', '-', 'C.P. ZAPALLAL ALTO ETAPA 1 G4 1', 0, 0, '', '20601246229', 2, 2, NULL, NULL, '2021-04-12 22:37:40', '2021-04-12 22:37:40', 2),
(72, 0, 'INVERSIONES Y TRANSPORTES T.R.G S.A.C.', '-', '-', 'CAL. LAS PONAS LOS PORTALES P 1', 0, 0, '', '20482523898', 2, 2, NULL, NULL, '2021-04-12 22:38:52', '2021-04-12 22:38:52', 2),
(73, 0, 'JC PERLAMAYO S.R.L', '-', '-', 'JR. EL COMERCIO 441 BR SAN PEDRO', 0, 0, '', '20529433451', 2, 2, NULL, NULL, '2021-04-12 22:40:21', '2021-04-12 22:40:21', 2),
(74, 0, 'MIGUEL CARRANZA LORENZO ROBERTH', '-', '-', '-', 0, 0, '', '10190796260', 2, 1, NULL, NULL, '2021-04-12 22:40:48', '2021-04-12 22:40:48', 2),
(75, 0, 'MINERA H.P. E.I.R.L.', '-', '-', 'CAR. CARAZHUALLANCA BAR. YURACOTO  668', 0, 0, '', '20446358368', 2, 2, NULL, NULL, '2021-04-13 12:58:49', '2021-04-13 12:58:49', 2),
(76, 0, 'MINERALES YANAGIRKA S.A.C.', '-', '-', 'URB. MARISCAL CACERES A9 26', 0, 0, '', '20559708667', 2, 2, NULL, NULL, '2021-04-13 12:59:55', '2021-04-13 12:59:55', 2),
(77, 0, 'OTINIANO MIGUEL DEISY JACQUELYN', '-', '-', '-', 0, 0, '', '10488665923', 2, 1, NULL, NULL, '2021-04-13 13:00:20', '2021-04-13 13:00:20', 2),
(78, 0, 'PONCE RODRIGUEZ DILMER ALAN', '-', '-', '-', 0, 0, '', '10428811220', 2, 1, NULL, NULL, '2021-04-13 13:00:43', '2021-04-13 13:00:43', 2),
(79, 0, 'PROYECTOS Y ASESORIAS SANTO CRISTO E.I.R.L.', '-', '-', 'CAL. 02 3', 0, 0, '', '20601836468', 2, 2, NULL, NULL, '2021-04-13 13:01:09', '2021-04-13 13:01:09', 2),
(80, 0, 'RODRIGUEZ AGUIRRE ODAR', '-', '-', '-', 0, 0, '', '10181826938', 2, 1, NULL, NULL, '2021-04-13 13:01:38', '2021-04-13 13:01:38', 2),
(81, 0, 'SBL ANTRACITA E.I.R.L.', '-', '-', 'JR. LOS BRILLANTES 621 URB. SANTA INES II ETAPA G101', 0, 0, '', '20602247750', 2, 2, NULL, NULL, '2021-04-13 13:03:24', '2021-04-13 13:03:24', 2),
(82, 0, 'SERVICIOS GENERALES COSOYA S.A.C.', '-', '-', 'CONDOMINIO RESIDENCIAL VI A 1 404', 0, 0, '', '20604882151', 2, 2, NULL, NULL, '2021-04-13 13:03:50', '2021-04-13 13:03:50', 2),
(83, 0, 'SHUMIN CARBONES PERUANOS S.A.C', '-', '-', 'LLOQUE YUPANQUI 266 URB. SANTA MARIA', 0, 0, '', '20601718201', 2, 2, NULL, NULL, '2021-04-13 13:04:13', '2021-04-13 13:04:13', 2),
(84, 0, 'TRANSPORTES, MINERIA Y CONSTRUCCIONES SAGITARIO S.A.C. - TRAMINCSA S.A.C.', '-', '-', 'COO. HUAYTAPALLANA B 06', 0, 0, '', '20477647775', 2, 2, NULL, NULL, '2021-04-13 13:04:40', '2021-04-13 13:04:40', 2),
(85, 0, 'VILLANUEVA SANDOVAL FLOR DE MARIA', '-', '-', '-', 0, 0, '', '10434535323', 2, 1, NULL, NULL, '2021-04-13 13:06:03', '2021-04-13 13:06:03', 2),
(86, 1, 'EMPRESA SIDERURGICA DEL PERU S.A.A.', '-', '-', 'AV. SANTIAG ANTUNEZ DE MAYOLO S/N Z.I. ZONA INDUSTRIAL', 0, 1, 'CN0014', '20402885549', 2, 2, NULL, NULL, '2021-04-13 13:15:55', '2021-04-13 13:15:55', 1),
(87, 1, 'CN0023', '-', '-', 'CAR. PANAMERICANA SUR 241 PANAMERICANA SUR', 0, 1, 'CN0023-CORPORACION ACEROS AREQUIPA S.A.', '20370146994', 2, 2, NULL, NULL, '2021-04-13 13:16:36', '2021-04-13 13:16:36', 1),
(88, 1, 'LADRILLERA EL DIAMANTE S.A.C.', '-', '-', 'CAR. VARIANTE DE UCHUMAYO 4', 0, 1, 'CN0061', '20120877055', 2, 2, NULL, NULL, '2021-04-13 13:23:11', '2021-04-13 13:23:11', 1),
(89, 1, 'ACQUATECNOLOGIA S.A.C.', '-', '-', 'CAL. ALICANTE 273 URB. JAVIER PRADO V ETAPA 403', 0, 1, 'CN0073', '123456789', 2, 2, NULL, NULL, '2021-04-13 13:24:44', '2021-04-13 13:24:44', 1),
(90, NULL, 'TRANSPORTES COLLECTION S.A.C.', '-', '-', 'AV. JESUS DE NAZARETH 2DOP 312 URB. SAN ANDRES 1RA ETAPA 201', 0, 0, '', '20602073751', 2, 2, NULL, NULL, '2021-04-13 18:07:21', '2021-04-13 18:07:21', 3),
(91, NULL, 'EMPRESA DE TRANSPORTES UCEDA SAC', '-', '-', 'CAL. GARCILAZO DE LA VEGA EL MILAGRO 15 2', 0, 0, '', '20481221162', 2, 2, NULL, NULL, '2021-04-14 20:18:43', '2021-04-14 20:18:43', 3),
(93, 1, 'CE0202', '-', '-', 'LIMA - CALLAO', 0, 1, 'CE0202', '11111121', 2, 2, NULL, NULL, '2021-04-16 18:00:13', '2021-04-16 18:00:13', 1),
(94, 1, 'CE0901', '', '', 'LIMA - CALLAO', 0, 1, 'CE0901', '00000001', 1, 2, NULL, NULL, '2021-04-16 21:27:44', '2021-04-16 21:27:44', 1),
(95, NULL, 'TRANSPORTES RAFAEL BELTRAN S.A.C.', '-', '-', 'CPME. EL MILAGRO VII Q 16', 0, 0, '', '20604502439', 2, 2, NULL, NULL, '2021-04-16 22:19:15', '2021-04-16 22:19:15', 3),
(96, 1, 'CE0071', 'XX', 'XX', 'COLOMBIA', 0, 1, 'CE0071', '999999999', 2, 2, NULL, NULL, '2021-04-29 13:23:57', '2021-04-29 13:23:57', 1),
(97, 0, 'REPRESENTACIONES ALTO MAYO S.A.C', '', '', 'CALLE ANDRES  LA LANDE MZ CLOTE 1- URB. PUERTA DEL SOL LA LIBERTAD TRUJILLO TRUJILLO', 0, 0, '', '20559778878', 2, 2, NULL, NULL, '2021-05-13 12:01:34', '2021-05-13 12:01:34', 2),
(99, 0, 'SEGUNDO MERCEDES ESQUIVEL ABANTO', '', '', 'CAL.BLANCO ENCALADA 1109 LA ESPERANZA', 0, 0, '', '10190514078', 2, 1, NULL, NULL, '2021-05-16 01:27:01', '2021-05-16 01:27:01', 2),
(103, 1, 'CHATARRA', '', '', 'TRUJILLO', 0, 1, 'CHATARRA', '20201045521587', 2, 1, NULL, NULL, '2021-05-20 19:14:34', '2021-05-20 19:14:34', 1),
(104, NULL, 'INVERSIONES QUIMICAS ESTRELLAS S.A.C.', '-', '-', 'PROLONGACION ZELA SEC. E BARRIO CHICAGO B 3', 0, 0, '', '20522031632', 2, 2, NULL, NULL, '2021-05-20 21:29:30', '2021-05-20 21:29:30', 3),
(105, 0, 'CONSORCIO RODRIGUEZ CABALLERO SAC', '', '', 'MZ. B LOTE8.URB.LAS CASUARINAS. TRUJILLO. LA LIBERTAD', 0, 0, '', '20482304665', 2, 2, NULL, NULL, '2021-05-22 18:07:57', '2021-05-22 18:07:57', 2),
(107, 0, 'RODRIGUEZ CABALLERO EBERT ENRIQUE', '-', '-', '-', 0, 0, '', '10178228124', 2, 2, NULL, NULL, '2021-05-24 19:36:31', '2021-05-24 19:36:31', 2),
(108, NULL, 'TRANSPORTES Y SERVICIOS GENERALES JOSELITO S.A.C.', '-', '-', 'LOTE N°16B2 327 EXFUNDO LARREA', 0, 0, '', '20132120821', 2, 2, NULL, NULL, '2021-06-03 20:38:43', '2021-06-03 20:38:43', 3),
(109, 0, 'CARUAJULCA INFANTE ALEX', '-', '-', '-', 0, 0, '', '10462655881', 2, 1, NULL, NULL, '2021-06-05 22:04:10', '2021-06-05 22:04:10', 2),
(110, NULL, 'BUILDER GROUP S.A.C.', '-', '-', 'URB. LOS CHASQUIS I 3', 0, 0, '', '20540091430', 2, 2, NULL, NULL, '2021-06-09 12:44:38', '2021-06-09 12:44:38', 3),
(111, 1, 'CE0301', '-', '-', '-', 0, 1, 'CE0301', '100000000000', 2, 2, NULL, NULL, '2021-06-09 16:40:46', '2021-06-09 16:40:46', 1),
(112, NULL, 'TRANSPORTES RODRIGO CARRANZA S.A.C.', '-', '-', 'CAR. PANAMERICANA NORTE Z.I. PQUE INDUSTRIAL  562', 0, 0, '', '20132062448', 2, 2, NULL, NULL, '2021-06-09 17:20:10', '2021-06-09 17:20:10', 3),
(113, NULL, 'TRANSNECSA S.A.C.', '-', '-', 'URB. MONSERRATE ET. 1 N 20', 0, 0, '', '20477650563', 2, 2, NULL, NULL, '2021-06-10 23:58:59', '2021-06-10 23:58:59', 3),
(114, NULL, 'SESUVECA DEL PERU S.A.C.', '-', '-', '-', 0, 0, '', '1112222', 2, 2, NULL, NULL, '2021-06-11 15:18:24', '2021-06-11 15:18:24', 3),
(115, NULL, 'TRANSBAL EXPRESS S.A.C.', '-', '-', 'LOS ZAFIROS 693 URB. LA RINCONADA', 0, 0, '', '20601776309', 2, 2, NULL, NULL, '2021-06-12 18:14:49', '2021-06-12 18:14:49', 3),
(117, NULL, 'AGERSA S.R.L.', '-', '-', 'CAL. CALLE LEONIDAS YEROVI 106 URB. SAN ISIDRO 61', 0, 0, '', '20131708191', 2, 2, NULL, NULL, '2021-06-17 15:37:10', '2021-06-17 15:37:10', 3),
(118, NULL, 'EMPRESA DE TRANSPORTES Y SERVICOS GENERALES LUGRAM SAC', '-', '-', '-', 0, 0, '', '20607772917', 2, 2, NULL, NULL, '2021-06-18 15:18:49', '2021-06-18 15:18:49', 3),
(119, NULL, 'EMPRESA DE TRANSPORTES JUANJO S.A.C', '-', '-', 'AV. TEODORO VALCARCEL 777 URB. PRIMAVERA 2 PI', 0, 0, '', '20491832674', 2, 2, NULL, NULL, '2021-06-21 21:48:14', '2021-06-21 21:48:14', 3),
(120, NULL, 'TRANSPORTE E INVERSIONES SANMARC S.A.C.', '-', '-', 'CAL. LOS CIPRESES A.H. LOS SAUCES 1 6B', 0, 0, '', '20539744497', 2, 2, NULL, NULL, '2021-06-25 20:49:13', '2021-06-25 20:49:13', 3),
(121, 0, 'ADRIANO JOSE INVERCIONES SAC', '', '', 'TRUJILLO', 0, 0, '', '20601132312', 2, 2, NULL, NULL, '2021-07-01 16:23:42', '2021-07-01 16:23:42', 2),
(122, 1, 'ADELCA', '', '', 'QUITO ECUADOR', 0, 1, 'CE0052', '1790004724001', 2, 2, NULL, NULL, '2021-07-01 18:12:40', '2021-07-01 18:12:40', 1),
(123, NULL, 'Ecuatranscargo cia', '-', '-', '-', 0, 0, '', '123476544', 2, 2, NULL, NULL, '2021-07-01 22:27:29', '2021-07-01 22:27:29', 3),
(124, NULL, 'TRANSPORTES LM&G SAC', '-', '054-627909', 'Benigno ballon farfan mz H lote 3 cerro colorado', 0, 0, '', '20558001110', 2, 2, NULL, NULL, '2021-07-08 16:53:37', '2021-07-08 16:53:37', 3),
(125, 0, 'GESTION DE SERVICIOS AMBIENTALES SAC', '', '', '', 0, 0, '', '20507850091', 2, 2, NULL, NULL, '2021-07-23 15:34:54', '2021-07-23 15:34:54', NULL),
(126, 0, 'CHIRINOS ASCOY RAMON ALEJANDRO', '-', '-', '-', 0, 0, '', '10446710066', 2, 2, NULL, NULL, '2021-08-02 20:24:29', '2021-08-02 20:24:29', 2),
(128, NULL, 'Transnecsa', '-', '-', '-', 0, 0, '', '12345678', 2, 2, NULL, NULL, '2021-08-17 23:14:20', '2021-08-17 23:14:20', 3),
(129, NULL, 'AGRO TRANSPORTES GONZALES S.R.L', '-', '-', 'VILLA DEL MAR URB. SANTO TOMAS B 13', 0, 0, '', '20440223207', 2, 2, NULL, NULL, '2021-08-18 20:52:08', '2021-08-18 20:52:08', 3),
(130, 0, 'INVERSIONES MINERALES LOS ANDES  S.A.C.', '-', '-', 'URB. LOS CEDROS DE VILLA H12 31', 0, 0, '', '20538261727', 2, 2, NULL, NULL, '2021-08-19 15:10:22', '2021-08-19 15:10:22', 2),
(131, 0, 'INVERSIONES Y SERVICIOS EL BOSQUE SAC', '-', '-', 'URB. LOS CEDROS DE VILLA H12 31', 0, 0, '', '20513523603', 2, 2, NULL, NULL, '2021-08-19 15:17:44', '2021-08-19 15:17:44', 2),
(132, 0, 'INVERSIONES OTIS E.I.R.L.', '-', '-', '-', 0, 0, '', '20608466933', 2, 2, NULL, NULL, '2021-09-15 15:05:20', '2021-09-15 15:05:20', 2),
(133, 0, 'CHAMORRO FLORES MALENA MADELEY', '-', '-', '-', 0, 0, '', '10722147133', 2, 1, NULL, NULL, '2021-09-30 23:02:05', '2021-09-30 23:02:05', 2),
(134, NULL, 'TRANSPORTES GONZALES Y HERMANOS S.A.C.', '-', '-', 'A.H. ALTO MOCHICA II 2PIS C 29', 0, 0, '', '20606092122', 2, 2, NULL, NULL, '2021-10-02 15:42:45', '2021-10-02 15:42:45', 3),
(135, 1, 'METALURGIA SILVER S.A.C. - METASIL S.A.C.', '', '', 'AV. CIRCUNVALACIÓN CALLE GOLF 206 602', 0, 1, 'CN0071', '20601154464', 2, 2, NULL, NULL, '2021-10-06 21:03:01', '2021-10-06 21:03:01', 1),
(136, NULL, 'CARRANZA S.A.', '-', '949376791', 'Carr.panamericana norte km561 ZI. parque industrial', 0, 0, '', '20482535713', 2, 2, NULL, NULL, '2021-10-06 21:41:33', '2021-10-06 21:41:33', 3),
(137, 0, 'MULTISERVICIOS COAL MINER S.A.C.', '', '', 'CAL. TENIENTE JIMENEZ 480 URB. LA CAMPIÑA CHORRILLOS', 0, 0, '', '20605274146', 2, 2, NULL, NULL, '2021-10-11 15:39:02', '2021-10-11 15:39:02', 2),
(138, 0, 'CORPORACION ANDERSON DAVID S.A.C', '', '', 'CALLE TITU CUSI YUPANQUI N° 1131 P.J EL PORVENIR -TRUJILLO - LA LIBERTAD', 0, 0, '', '20602903142', 2, 2, NULL, NULL, '2021-10-20 18:00:53', '2021-10-20 18:00:53', 2),
(139, 0, 'COLLIERY S.A.C.', '-', '-', 'AV. FEDERICO VILLARREAL 1230', 0, 0, 'CN001', '20606563311', 2, 2, NULL, NULL, '2021-11-25 21:04:50', '2021-11-25 21:04:50', 2),
(140, 0, 'NORKON TRACKS S.A.C', '', '', 'AV.EL PALMAR N°220. URB EL GOLF.LA LIBERTAD-TRUJILLO-VICTOR LARCO HERRERA', 0, 0, '', '20606889349', 2, 2, NULL, NULL, '2021-11-26 02:48:21', '2021-11-26 02:48:21', 2),
(141, 0, 'perez delgado timoteo', '', '', 'cas tambillo la libertad gran chimu lucma', 0, 0, '', '10190912774', 2, 1, NULL, NULL, '2021-12-22 01:02:17', '2021-12-22 01:02:17', 2),
(142, NULL, 'TRANSPORTE NARANJO SAC', 'contacto@naranjo.pe', '044-288539', 'Mz D lt4 int 202 urb Las palmas-Victor larco herrera', 0, 0, '', '20132291714', 2, 2, NULL, NULL, '2021-12-22 16:54:56', '2021-12-22 16:54:56', 3),
(143, NULL, 'CHATARRAS', '-', '-', '-', 0, 0, '', '125486963', 2, 1, NULL, NULL, '2022-01-20 22:15:36', '2022-01-20 22:15:36', 3),
(144, NULL, 'TRANSPORTES Y SERVICIOS DEL NORTE S.A.C', '-', '01-7174232', 'PASAJE LARREA N°110- PANAMERICANA NORTE KM.562- LA LIBERTAD - MOCHE', 0, 0, '', '20439208474', 2, 2, NULL, NULL, '2022-01-22 18:50:12', '2022-01-22 18:50:12', 3),
(145, 0, 'INVERSIONES Y TRANSPORTES CANIBAMBA S.A.C.', '-', '-', 'URB. SANTA TERESA DE AVILA E 7', 0, 0, '', '20606313552', 2, 2, NULL, NULL, '2022-02-03 16:38:30', '2022-02-03 16:38:30', 2),
(146, 0, 'PEREZ MORENO JOSE MARCIO', '-', '-', '-', 0, 0, '', '10413876686', 2, 1, NULL, NULL, '2022-02-04 12:34:49', '2022-02-04 12:34:49', 2),
(147, 0, 'METAGOOL SAC', '-', '-', 'JUAN DE LA CALLE Y HEREDI 269 URB. SAN ANDRES', 0, 0, '', '20606858087', 2, 2, NULL, NULL, '2022-02-08 14:15:29', '2022-02-08 14:15:29', 2),
(148, 0, 'PEREZ AVILA ALEJANDRO', '', '', 'CALLE HUARANCHAL MZ O LT 12- ERB . SANTA TERESA DE AVILA LA LIBERTAD -TRUJILLO- TRUJILLO', 0, 0, '', '10195664213', 2, 1, NULL, NULL, '2022-02-18 20:50:01', '2022-02-18 20:50:01', 2),
(149, 0, 'monzon escobedo natividad', '', '', 'sector tres amigos caserio san pedro', 0, 0, '', '10195656113', 2, 1, NULL, NULL, '2022-02-20 03:23:54', '2022-02-20 03:23:54', 2),
(150, NULL, 'OPERACIONES LOGISTICAS WATSON S.A.C.', '-', '-', 'PJ. LARREA 110 OTR. PJ. LARREA', 0, 0, '', '20604362831', 2, 2, NULL, NULL, '2022-02-21 16:15:38', '2022-02-21 16:15:38', 3),
(151, 0, 'PADRE ETERNO', '', '', 'Carr.panamericana norte km561 ZI. parque industrial', 0, 0, '', '19562566', 1, 1, NULL, NULL, '2022-03-22 15:40:36', '2022-03-22 15:40:36', 2),
(152, 1, 'residuos de municipalidad de salaverry', '-', '-', '-', 0, 1, 'CN0011', '00058854', 2, 2, NULL, NULL, '2022-04-13 14:46:25', '2022-04-13 14:46:25', 1),
(153, NULL, 'INVERSIONES JAAMMVISA S.A.C.', '-', '-', 'AV. SIMON BOLIVAR EL MILAGRO SECTOR IX 33 16', 0, 0, '', '20481571147', 2, 2, NULL, NULL, '2022-05-18 16:08:44', '2022-05-18 16:08:44', 3),
(154, NULL, 'GRAU LOGISTICA EXPRESS S.A.', '-', '-', 'CAL. 1 253 URB. FDO. BOCANEGRA ALTO', 0, 0, '', '20600876211', 2, 2, NULL, NULL, '2022-05-18 16:09:44', '2022-05-18 16:09:44', 3),
(155, 0, 'ASUNCION HONORIO LEONIDAS', '-', '-', '-', 0, 0, '', '10408410130', 2, 1, NULL, NULL, '2022-05-18 16:49:11', '2022-05-18 16:49:11', 2),
(156, NULL, 'TRANSPORTES & SERVICIOS LOS REYES SAC', '-', '-', 'CAL. PUERTO BERMUDEZ ASC. PROYECTO DE VIVIENDA LOS C 20', 0, 0, '', '20481890919', 2, 2, NULL, NULL, '2022-05-19 17:00:37', '2022-05-19 17:00:37', 3),
(157, 0, 'INVERSIONES MINERA BANJAKYL S.A.C', '', '', '', 0, 0, '', '2060003161', 2, 1, NULL, NULL, '2022-05-26 16:08:21', '2022-05-26 16:08:21', 2),
(158, 0, 'CARFRAN INVERSIONES S.A.C.', '-', '-', 'CAL. SUCRE 586 BARR. CHICAGO', 0, 0, '', '20605635769', 2, 2, NULL, NULL, '2022-06-01 16:11:20', '2022-06-01 16:11:20', 2),
(159, 1, 'COMERCIALIZADORA JANINA E.I.R.L.', '-', '-', 'JR. CHINCHAYSUYO 646 RIO SECO', 0, 1, '123', '20481627118', 2, 2, NULL, NULL, '2022-06-01 18:56:32', '2022-06-01 18:56:32', 1),
(160, 0, 'FERCAN CORPORACION S.A.C.', '-', '-', 'CND. RES. SOL DE CHAN CHAN A´ 1', 0, 0, '', '20605492755', 2, 2, NULL, NULL, '2022-06-02 21:02:48', '2022-06-02 21:02:48', 2),
(161, 0, 'OTINIANO MIGUEL TULIO CESAR', '', '', '0063 - I.R.LA LIBERTAD-MEPECO', 0, 0, '', '10405173820', 2, 1, NULL, NULL, '2022-06-06 17:09:42', '2022-06-06 17:09:42', 2),
(162, 0, 'CORPORACION MINAS EL ROSAL E.I.R.L.', '-', '-', 'CPME. ALTO TRUJILLO BARRI O 2', 0, 0, '', '20602742459', 2, 1, NULL, NULL, '2022-06-07 16:21:10', '2022-06-07 16:21:10', 2),
(163, 0, 'PAREDES LOPEZ JANET', '', '', 'Parque minero s/n - El Milagro - Huanchaco - La Libertad', 0, 0, '', '10433936073', 2, 1, NULL, NULL, '2022-06-08 15:36:04', '2022-06-08 15:36:04', 2),
(164, 0, 'NELSO  BECERRA COTRINA', '', '', 'AV VIA  DE EVITAMIENTO SUR 1322 URB. LAS VIOLETAS  CAJAMARCA - CAJAMARCA -CAJAMARCA', 0, 0, '', '1026685458', 2, 1, NULL, NULL, '2022-06-13 12:46:54', '2022-06-13 12:46:54', 2),
(165, 0, 'TRANSP Y SERVICIOS GENERALES RUISEÑOR', '', '', 'TRUJILLO', 0, 0, '', '20600895983', 2, 1, NULL, NULL, '2022-06-15 21:11:59', '2022-06-15 21:11:59', 2),
(166, 0, 'INVERSIONES CRISPIER S S.A.C.', '-', '-', 'CAL. ALBERTO DAVILA 463 URB. SANTO DOMINGUITO', 0, 0, '', '20559641066', 2, 1, NULL, NULL, '2022-06-24 16:04:35', '2022-06-24 16:04:35', 2),
(167, 0, 'TRES CERROS COMPANY S.A.C', '22', '122', '12', 0, 0, '', '20604241317', 2, 2, NULL, NULL, '2022-07-02 15:36:51', '2022-07-02 15:36:51', 2),
(168, 0, 'MINERA GOLDCORP MYN S.A.C.', '', '', 'AV. FEDERICO VILLARREAL NRO 1390 A.H. ALTO MOCHICA II LA LIBERTAD -TRUJILLO -TRUJILLO', 0, 0, '', '20604345911', 2, 1, NULL, NULL, '2022-07-08 21:59:51', '2022-07-08 21:59:51', 2),
(169, 0, 'ORO NEGRO CHIMU EIRL', '', '', 'CAL. JUAN BACH NRO. 870 URB PRIMAVERA- LA LIBERTAD- TRUJILLO- TRUJILLO', 0, 0, '', '20560103515', 2, 2, NULL, NULL, '2022-07-13 20:59:26', '2022-07-13 20:59:26', 2),
(170, 0, 'RODRIGUEZ BALTAZAR DANILO PROSPERO', '', '', 'ASTOPILCO NUMERO 523 PERU-LA LIBERTAD-TRUJILLO-EL PORVENIR', 0, 0, '', '10419549288', 2, 1, NULL, NULL, '2022-07-14 07:19:41', '2022-07-14 07:19:41', 2),
(171, 0, 'ORLANDO EMILIO VELASQUEZ  ESPARZA', '', '', 'MZA. G4 LT 1 ZAPALLAL ALTO ETAPA 1 - PUENTE PIEDRA LIMA - LIMA', 0, 0, '', '10418061591', 2, 2, NULL, NULL, '2022-07-14 14:47:15', '2022-07-14 14:47:15', 2),
(172, 0, 'JIJICA S.A.C.', 'XXX', 'XXX', 'URB. LA ALAMAEDA A 18', 0, 0, '', '20601793521', 2, 1, NULL, NULL, '2022-07-19 19:56:36', '2022-07-19 19:56:36', 2),
(173, 0, 'MINERA CERRO CORAZON EIRL (PROVEEDOR)', '-', '-', 'CAL. INTISUYO 279 URB. MARANGA ET. SIETE 1501', 0, NULL, NULL, '20481174733', 2, 2, NULL, NULL, '2022-07-25 17:17:05', '2022-07-25 17:17:05', 2),
(174, 0, 'ELYSIAN E.I.R.L', '', '', 'MZ P4 7 AH GRUPO RESIDENCIAL  A3  NUEVA PACHA CUTEC  PROBINCIA CONSTITUCIONAL EL CALLAO VENTANILLA', 0, 0, '', '20608710125', 2, 2, NULL, NULL, '2022-07-25 17:49:52', '2022-07-25 17:49:52', 2),
(175, 0, 'HORNA GARCIA OMAR YUVANE', '', '', '176DPTO . 302 URB. LARCO COX LA LIBERTAD -TRIJILLO- TRUJILLO', 0, 0, '', '10443090997', 2, 2, NULL, NULL, '2022-07-28 16:23:53', '2022-07-28 16:23:53', 2),
(176, 0, 'VASQUEZ ARCE IDELSO', '', '', '-', 0, 0, '', '10426971149', 1, 1, NULL, NULL, '2022-07-31 00:42:06', '2022-07-31 00:42:06', 2),
(177, 0, 'HENRIQUEZ RUIZ JESUS', '', '', 'jr. sanchez carrion # 2001 pueblo huamachuco huamachuco la libertad', 0, 0, '', '10195271424', 2, 1, NULL, NULL, '2022-08-06 14:18:05', '2022-08-06 14:18:05', 2),
(178, 0, 'BENDICION POR MISERICORDIA S.R.L.', 'rodriguezgonzalesc5@gmail.com', '915055138', 'CAL. CALLE LOS ZAFIROS UC15215 SN SEC. CAMPIÑA DE MOCHE', 0, 0, '', '20608740741', 2, 2, NULL, NULL, '2022-08-22 20:20:54', '2022-08-22 20:20:54', 2),
(179, 0, 'BACILIO AMARANTO WALDIR JESUS', '', '', 'MZA. 10 LT . 17 COINA LA LIBERTAD - OTUZCO USQUIL', 0, 0, '', '10704147347', 2, 1, NULL, NULL, '2022-09-02 13:10:04', '2022-09-02 13:10:04', 2),
(180, NULL, 'MINERA SAN RAFAEL & JOSIMAR S.A.C.', '-', '-', 'CAL. LOS NISPEROS 147 COO. TAYACAJA', 0, 0, '', '20477159894', 2, 2, NULL, NULL, '2022-09-04 14:29:07', '2022-09-04 14:29:07', 3),
(181, 0, 'MARQUINA OTINIANO EUSEBIO', '-', '-', '-', 0, 0, '', '10195783905', 2, 1, NULL, NULL, '2022-09-04 15:17:01', '2022-09-04 15:17:01', 2),
(182, 0, 'FERNANDEZ ACOSTA EDWIN SEGUNDO', '', '', 'CALL. LAS VIOLETAS MZA. 7 LT . 4 URB. LOS JARDINES DEL GOLF LA LIBERTAD - TRUJILLO -VICTOR LARCO HERRERA', 0, 0, '', '10406003316', 2, 1, NULL, NULL, '2022-09-21 23:44:14', '2022-09-21 23:44:14', 2),
(183, 0, 'IHSKO S.A.C.', 'XX', 'XX', 'AV. CIRCUNVALACION OTR. LOTIZACION LA CAPITANA HU B2 10', 0, 0, '', '20562920715', 2, 2, NULL, NULL, '2022-09-23 14:47:19', '2022-09-23 14:47:19', 2),
(184, 0, 'COALCHI S.A.C.', '', '', 'AV. FEDERICO VILLARREAL 1230 SEC. LA ALAMEDA', 0, 0, '', '20606565071', 2, 2, NULL, NULL, '2022-09-29 17:03:16', '2022-09-29 17:03:16', 2),
(185, 1, 'MINERA CERRO CORAZON EIRL (CLIENTE)', '-', '-', '-', 0, 1, '456', '204811747332', 2, 2, NULL, NULL, '2022-10-04 15:08:14', '2022-10-04 15:08:14', 1),
(186, NULL, 'xxx', '-', '-', '-', 0, 0, '', '123456', 2, 2, NULL, NULL, '2022-10-04 15:50:44', '2022-10-04 15:50:44', 3),
(187, 0, 'w & o camargo s.a.c.', '', '', 'general JOSE  RUFINO ECHENIQUE 121 SANJUAN DE MIRAFLORES CIUDAD DE DIOS  ZN.A LIMA', 0, 0, '', '20609646927', 2, 2, NULL, NULL, '2022-10-10 14:08:16', '2022-10-10 14:08:16', 2),
(188, 0, 'MINCOAL S.A.C.', '', '', 'AUTOPISTA SALAVERRY KM. 3 SECTOR CHOROBAL SALVERRY TRUJILLO LA LIBERTAD', 0, NULL, NULL, '20604012768', 2, 2, NULL, NULL, '2022-10-21 15:45:27', '2022-10-21 15:45:27', 2),
(189, 0, 'MARQUINA  ALFARO  ANIBAL  ROLANDO', '', '', 'PS CARLOS CUBA CDRA. 1 -HUAMACHUCO SANCHEZ CARRION- LA LIBERTAD', 0, NULL, NULL, '10487278985', 2, 1, NULL, NULL, '2022-11-19 08:53:02', '2022-11-19 08:53:02', 2),
(190, 0, 'industrias mineRAS DEL NORTE E.I.R.L', '', '', 'CALLE LOS ALGARROBOS URBANIZACION CALIFORNIA 570 -401 TRUJILLO LA LIBERTAD', 0, NULL, NULL, '47765781920', 2, 2, NULL, NULL, '2022-12-03 13:01:37', '2022-12-03 13:01:37', 2),
(191, 0, 'VALDERRAMA CARBAJAL YVOONE CECILIA', '', '', '-AV. AREQUIPA 1492. URB , SANTA BEATRIZ', 0, NULL, NULL, '10460559630', 2, 1, NULL, NULL, '2022-12-22 12:35:55', '2022-12-22 12:35:55', 2),
(192, NULL, 'EMPRESA DE TRANSPORTES LA MAMITA S.A.C', '-', '-', 'CAL. DANIEL HOYLE 430 URB. EL MOLINO 106', 0, NULL, NULL, '20480927304', 2, 2, NULL, NULL, '2022-12-26 19:58:12', '2022-12-26 19:58:12', 3),
(193, 0, 'BECERRA COTRINA NELSO', '-', '-', '-', 0, NULL, NULL, '10266852458', 2, 1, NULL, NULL, '2023-01-17 16:22:02', '2023-01-17 16:22:02', 2),
(198, 1, 'CE0603', 'xxx@hotmail.com', '999999999', '-', 0, 1, 'CE0603', '12345678901', 2, 2, NULL, NULL, '2023-01-17 20:50:17', '2023-01-17 20:50:17', 1),
(199, 1, 'cloban trank', '-', '-', '-', 0, 1, 'C11123', '29600739981', 2, 2, NULL, NULL, '2023-02-03 13:39:15', '2023-02-03 13:39:15', 1);

-- --------------------------------------------------------

--
-- Estructura de tabla para la tabla `solicitudes`
--

CREATE TABLE `solicitudes` (
  `id` int UNSIGNED NOT NULL,
  `fecha_solicitud` datetime DEFAULT NULL,
  `observacion_solicitud` longtext,
  `tipo_solicitud` int DEFAULT NULL,
  `estado` tinyint(1) DEFAULT NULL,
  `observacion_respuesta` longtext,
  `fecha_respuesta` datetime DEFAULT NULL,
  `pesos_detalle` int DEFAULT NULL,
  `responde` int DEFAULT NULL,
  `solicitante` int DEFAULT NULL,
  `pesos_volquete` int DEFAULT NULL,
  `created_by` int DEFAULT NULL,
  `updated_by` int DEFAULT NULL,
  `created_at` timestamp NULL DEFAULT CURRENT_TIMESTAMP,
  `updated_at` timestamp NULL DEFAULT CURRENT_TIMESTAMP,
  `peso` int DEFAULT NULL
) ENGINE=InnoDB DEFAULT CHARSET=utf8mb3;

--
-- Volcado de datos para la tabla `solicitudes`
--

INSERT INTO `solicitudes` (`id`, `fecha_solicitud`, `observacion_solicitud`, `tipo_solicitud`, `estado`, `observacion_respuesta`, `fecha_respuesta`, `pesos_detalle`, `responde`, `solicitante`, `pesos_volquete`, `created_by`, `updated_by`, `created_at`, `updated_at`, `peso`) VALUES
(1, '2021-06-25 09:58:46', '', 1, NULL, NULL, NULL, NULL, NULL, 10, NULL, NULL, NULL, '2021-06-25 09:58:46', '2021-06-25 09:58:46', 671),
(2, '2021-06-25 10:10:37', 'ROMERO JULIO', 2, NULL, NULL, NULL, NULL, NULL, 10, NULL, NULL, NULL, '2021-06-25 10:10:38', '2021-06-25 10:10:38', NULL),
(3, '2021-06-29 16:55:57', 'ANULADO', 1, NULL, NULL, NULL, NULL, NULL, 20, NULL, NULL, NULL, '2021-06-29 16:55:50', '2021-06-29 16:55:50', 892),
(4, '2021-07-17 22:46:06', 'BALANZA DESCONECTADA', 1, NULL, NULL, NULL, NULL, NULL, 0, NULL, NULL, NULL, '2021-07-17 22:46:06', '2021-07-17 22:46:06', 1471),
(5, '2021-07-21 16:26:07', 'ERROR DE INTERNET', 2, NULL, NULL, NULL, NULL, NULL, 6, NULL, NULL, NULL, '2021-07-21 16:26:08', '2021-07-21 16:26:08', NULL),
(6, '2021-07-23 16:24:33', 'PROBLEMAS DE SOTWARE NO , RESGISTRA EL PESO', 2, NULL, NULL, NULL, NULL, NULL, 0, NULL, NULL, NULL, '2021-07-23 16:24:34', '2021-07-23 16:24:34', NULL),
(7, '2021-10-12 00:48:57', '-', 2, NULL, NULL, NULL, NULL, NULL, 15, NULL, NULL, NULL, '2021-10-12 00:48:53', '2021-10-12 00:48:53', NULL),
(8, '2021-10-31 15:23:08', 'el aplicativo no registraba el peso', 2, NULL, NULL, NULL, NULL, NULL, 9, NULL, NULL, NULL, '2021-10-31 15:23:03', '2021-10-31 15:23:03', NULL),
(9, '2021-11-02 21:32:45', 'no toma dato de la balanza', 2, NULL, NULL, NULL, NULL, NULL, 5, NULL, NULL, NULL, '2021-11-02 21:32:42', '2021-11-02 21:32:42', NULL),
(10, '2021-11-10 00:41:24', 'FALLA DE CABLE DE BALANZA', 2, NULL, NULL, NULL, NULL, NULL, 12, NULL, NULL, NULL, '2021-11-10 00:41:18', '2021-11-10 00:41:18', NULL),
(11, '2021-11-16 10:35:12', 'FALLA CON EL CABLE DE BALANZA', 2, NULL, NULL, NULL, NULL, NULL, 11, NULL, NULL, NULL, '2021-11-16 10:35:16', '2021-11-16 10:35:16', NULL),
(12, '2021-11-24 14:11:02', 'INGRESO MANUAL DE PESOS, VEHICULOS CON GUÍA', 2, NULL, NULL, NULL, NULL, NULL, 5, NULL, NULL, NULL, '2021-11-24 14:11:03', '2021-11-24 14:11:03', NULL),
(13, '2021-11-25 00:39:47', '-', 2, NULL, NULL, NULL, NULL, NULL, 20, NULL, NULL, NULL, '2021-11-25 00:39:48', '2021-11-25 00:39:48', NULL);

-- --------------------------------------------------------

--
-- Estructura de tabla para la tabla `solicitudes_Bk07062021`
--

CREATE TABLE `solicitudes_Bk07062021` (
  `id` int UNSIGNED NOT NULL,
  `fecha_solicitud` datetime DEFAULT NULL,
  `observacion_solicitud` longtext,
  `tipo_solicitud` int DEFAULT NULL,
  `estado` tinyint(1) DEFAULT NULL,
  `observacion_respuesta` longtext,
  `fecha_respuesta` datetime DEFAULT NULL,
  `pesos_detalle` int DEFAULT NULL,
  `responde` int DEFAULT NULL,
  `solicitante` int DEFAULT NULL,
  `pesos_volquete` int DEFAULT NULL,
  `created_by` int DEFAULT NULL,
  `updated_by` int DEFAULT NULL,
  `created_at` timestamp NULL DEFAULT CURRENT_TIMESTAMP,
  `updated_at` timestamp NULL DEFAULT CURRENT_TIMESTAMP,
  `peso` int DEFAULT NULL
) ENGINE=InnoDB DEFAULT CHARSET=utf8mb3;

--
-- Volcado de datos para la tabla `solicitudes_Bk07062021`
--

INSERT INTO `solicitudes_Bk07062021` (`id`, `fecha_solicitud`, `observacion_solicitud`, `tipo_solicitud`, `estado`, `observacion_respuesta`, `fecha_respuesta`, `pesos_detalle`, `responde`, `solicitante`, `pesos_volquete`, `created_by`, `updated_by`, `created_at`, `updated_at`, `peso`) VALUES
(1, '2021-04-09 18:54:13', 'no hay conexion', 2, NULL, NULL, NULL, NULL, NULL, 1, NULL, NULL, NULL, '2021-04-09 18:54:11', '2021-04-09 18:54:11', NULL),
(2, '2021-04-12 16:03:43', 'ANALISIS PENDIENTE', 2, NULL, NULL, NULL, NULL, NULL, 1, NULL, NULL, NULL, '2021-04-12 16:03:44', '2021-04-12 16:03:44', NULL),
(3, '2021-04-16 14:37:18', 'PRUEBA', 2, NULL, NULL, NULL, NULL, NULL, 1, NULL, NULL, NULL, '2021-04-16 14:37:12', '2021-04-16 14:37:12', NULL);

-- --------------------------------------------------------

--
-- Estructura de tabla para la tabla `strapi_permission`
--

CREATE TABLE `strapi_permission` (
  `id` int UNSIGNED NOT NULL,
  `action` varchar(255) NOT NULL,
  `subject` varchar(255) DEFAULT NULL,
  `fields` longtext,
  `conditions` longtext,
  `role` int DEFAULT NULL,
  `created_at` timestamp NULL DEFAULT CURRENT_TIMESTAMP,
  `updated_at` timestamp NULL DEFAULT CURRENT_TIMESTAMP
) ENGINE=InnoDB DEFAULT CHARSET=utf8mb3;

--
-- Volcado de datos para la tabla `strapi_permission`
--

INSERT INTO `strapi_permission` (`id`, `action`, `subject`, `fields`, `conditions`, `role`, `created_at`, `updated_at`) VALUES
(1, 'plugins::upload.read', NULL, NULL, '[]', 2, '2021-03-11 08:47:52', '2021-03-11 08:47:52'),
(2, 'plugins::upload.assets.create', NULL, NULL, '[]', 2, '2021-03-11 08:47:52', '2021-03-11 08:47:52'),
(3, 'plugins::upload.assets.copy-link', NULL, NULL, '[]', 2, '2021-03-11 08:47:52', '2021-03-11 08:47:52'),
(4, 'plugins::upload.assets.update', NULL, NULL, '[]', 2, '2021-03-11 08:47:52', '2021-03-11 08:47:52'),
(5, 'plugins::upload.assets.download', NULL, NULL, '[]', 2, '2021-03-11 08:47:52', '2021-03-11 08:47:52'),
(6, 'plugins::upload.assets.create', NULL, NULL, '[]', 3, '2021-03-11 08:47:52', '2021-03-11 08:47:52'),
(7, 'plugins::upload.read', NULL, NULL, '[\"admin::is-creator\"]', 3, '2021-03-11 08:47:52', '2021-03-11 08:47:52'),
(8, 'plugins::upload.assets.update', NULL, NULL, '[\"admin::is-creator\"]', 3, '2021-03-11 08:47:52', '2021-03-11 08:47:52'),
(9, 'plugins::upload.assets.download', NULL, NULL, '[]', 3, '2021-03-11 08:47:52', '2021-03-11 08:47:52'),
(10, 'plugins::upload.assets.copy-link', NULL, NULL, '[]', 3, '2021-03-11 08:47:52', '2021-03-11 08:47:52'),
(14, 'plugins::content-manager.explorer.delete', 'plugins::users-permissions.user', NULL, '[]', 1, '2021-03-11 08:47:52', '2021-03-11 08:47:52'),
(15, 'plugins::content-type-builder.read', NULL, NULL, '[]', 1, '2021-03-11 08:47:52', '2021-03-11 08:47:52'),
(16, 'plugins::upload.read', NULL, NULL, '[]', 1, '2021-03-11 08:47:52', '2021-03-11 08:47:52'),
(17, 'plugins::upload.assets.create', NULL, NULL, '[]', 1, '2021-03-11 08:47:52', '2021-03-11 08:47:52'),
(18, 'plugins::upload.assets.update', NULL, NULL, '[]', 1, '2021-03-11 08:47:52', '2021-03-11 08:47:52'),
(19, 'plugins::upload.assets.download', NULL, NULL, '[]', 1, '2021-03-11 08:47:52', '2021-03-11 08:47:52'),
(20, 'plugins::upload.assets.copy-link', NULL, NULL, '[]', 1, '2021-03-11 08:47:52', '2021-03-11 08:47:52'),
(21, 'plugins::upload.settings.read', NULL, NULL, '[]', 1, '2021-03-11 08:47:53', '2021-03-11 08:47:53'),
(22, 'plugins::content-manager.single-types.configure-view', NULL, NULL, '[]', 1, '2021-03-11 08:47:53', '2021-03-11 08:47:53'),
(23, 'plugins::content-manager.collection-types.configure-view', NULL, NULL, '[]', 1, '2021-03-11 08:47:53', '2021-03-11 08:47:53'),
(24, 'plugins::content-manager.components.configure-layout', NULL, NULL, '[]', 1, '2021-03-11 08:47:53', '2021-03-11 08:47:53'),
(25, 'plugins::users-permissions.roles.create', NULL, NULL, '[]', 1, '2021-03-11 08:47:53', '2021-03-11 08:47:53'),
(26, 'plugins::users-permissions.roles.read', NULL, NULL, '[]', 1, '2021-03-11 08:47:53', '2021-03-11 08:47:53'),
(27, 'plugins::users-permissions.roles.update', NULL, NULL, '[]', 1, '2021-03-11 08:47:53', '2021-03-11 08:47:53'),
(28, 'plugins::users-permissions.roles.delete', NULL, NULL, '[]', 1, '2021-03-11 08:47:53', '2021-03-11 08:47:53'),
(29, 'plugins::users-permissions.providers.read', NULL, NULL, '[]', 1, '2021-03-11 08:47:53', '2021-03-11 08:47:53'),
(30, 'plugins::users-permissions.providers.update', NULL, NULL, '[]', 1, '2021-03-11 08:47:53', '2021-03-11 08:47:53'),
(31, 'plugins::users-permissions.email-templates.read', NULL, NULL, '[]', 1, '2021-03-11 08:47:53', '2021-03-11 08:47:53'),
(32, 'plugins::users-permissions.email-templates.update', NULL, NULL, '[]', 1, '2021-03-11 08:47:53', '2021-03-11 08:47:53'),
(33, 'plugins::users-permissions.advanced-settings.read', NULL, NULL, '[]', 1, '2021-03-11 08:47:53', '2021-03-11 08:47:53'),
(34, 'plugins::users-permissions.advanced-settings.update', NULL, NULL, '[]', 1, '2021-03-11 08:47:53', '2021-03-11 08:47:53'),
(35, 'admin::marketplace.read', NULL, NULL, '[]', 1, '2021-03-11 08:47:53', '2021-03-11 08:47:53'),
(36, 'admin::marketplace.plugins.install', NULL, NULL, '[]', 1, '2021-03-11 08:47:53', '2021-03-11 08:47:53'),
(37, 'admin::marketplace.plugins.uninstall', NULL, NULL, '[]', 1, '2021-03-11 08:47:53', '2021-03-11 08:47:53'),
(38, 'admin::webhooks.create', NULL, NULL, '[]', 1, '2021-03-11 08:47:53', '2021-03-11 08:47:53'),
(39, 'admin::webhooks.read', NULL, NULL, '[]', 1, '2021-03-11 08:47:53', '2021-03-11 08:47:53'),
(40, 'admin::webhooks.update', NULL, NULL, '[]', 1, '2021-03-11 08:47:53', '2021-03-11 08:47:53'),
(41, 'admin::webhooks.delete', NULL, NULL, '[]', 1, '2021-03-11 08:47:53', '2021-03-11 08:47:53'),
(42, 'admin::users.create', NULL, NULL, '[]', 1, '2021-03-11 08:47:53', '2021-03-11 08:47:53'),
(43, 'admin::users.read', NULL, NULL, '[]', 1, '2021-03-11 08:47:53', '2021-03-11 08:47:53'),
(44, 'admin::users.update', NULL, NULL, '[]', 1, '2021-03-11 08:47:53', '2021-03-11 08:47:53'),
(45, 'admin::users.delete', NULL, NULL, '[]', 1, '2021-03-11 08:47:53', '2021-03-11 08:47:53'),
(46, 'admin::roles.create', NULL, NULL, '[]', 1, '2021-03-11 08:47:53', '2021-03-11 08:47:53'),
(47, 'admin::roles.read', NULL, NULL, '[]', 1, '2021-03-11 08:47:53', '2021-03-11 08:47:53'),
(48, 'admin::roles.update', NULL, NULL, '[]', 1, '2021-03-11 08:47:53', '2021-03-11 08:47:53'),
(49, 'admin::roles.delete', NULL, NULL, '[]', 1, '2021-03-11 08:47:53', '2021-03-11 08:47:53'),
(50, 'plugins::content-manager.explorer.create', 'application::big-anterior.big-anterior', '[\"es_nuevo\",\"cantidad\",\"precinto_inicio\",\"precinto_final\",\"observacion\",\"big_bag\",\"big_id\"]', '[]', 1, '2021-03-11 08:55:59', '2021-03-11 08:56:00'),
(53, 'plugins::content-manager.explorer.create', 'application::pesos-detalles.pesos-detalles', '[\"peso_entrada\",\"peso_salida\",\"observacion_entrada\",\"observacion_salida\",\"pesos_volquetes\",\"validado\",\"es_carreta\",\"publicado\",\"producto\",\"proveedor\",\"guia_remision\",\"nro_carreta\",\"observacion_edicion\",\"fecha\",\"usuario\",\"username\",\"plataforma\"]', '[]', 1, '2021-03-11 08:55:59', '2021-03-11 08:56:00'),
(54, 'plugins::content-manager.explorer.create', 'application::pesos-volquetes.pesos-volquetes', '[\"placa\",\"razon_social\",\"pesos_detalles\",\"conductor\",\"es_proveedor\",\"big_bag\",\"fecha\",\"guia_remision\",\"usuario\",\"username\"]', '[]', 1, '2021-03-11 08:55:59', '2021-03-11 08:56:00'),
(55, 'plugins::content-manager.explorer.create', 'application::plataforma.plataforma', '[\"abreviatura\",\"descripcion\",\"estado\"]', '[]', 1, '2021-03-11 08:55:59', '2021-03-11 08:56:00'),
(59, 'plugins::content-manager.explorer.create', 'application::sucursales.sucursales', '[\"nombre\",\"direccion\",\"telefono\",\"codigo\"]', '[]', 1, '2021-03-11 08:55:59', '2021-03-11 08:56:00'),
(60, 'plugins::content-manager.explorer.create', 'application::tipo-solicitud.tipo-solicitud', '[\"descripcion\",\"modulo\",\"tabla_afectada\",\"campo_afectado\",\"responsables\"]', '[]', 1, '2021-03-11 08:56:00', '2021-03-11 08:56:00'),
(61, 'plugins::content-manager.explorer.create', 'application::tipos-documentos.tipos-documentos', '[\"nombre\"]', '[]', 1, '2021-03-11 08:56:00', '2021-03-11 08:56:00'),
(62, 'plugins::content-manager.explorer.create', 'application::tipos-persona.tipos-persona', '[\"nombre\"]', '[]', 1, '2021-03-11 08:56:00', '2021-03-11 08:56:00'),
(64, 'plugins::content-manager.explorer.read', 'application::big-anterior.big-anterior', '[\"es_nuevo\",\"cantidad\",\"precinto_inicio\",\"precinto_final\",\"observacion\",\"big_bag\",\"big_id\"]', '[]', 1, '2021-03-11 08:56:00', '2021-03-11 08:56:00'),
(67, 'plugins::content-manager.explorer.read', 'application::pesos-detalles.pesos-detalles', '[\"peso_entrada\",\"peso_salida\",\"observacion_entrada\",\"observacion_salida\",\"pesos_volquetes\",\"validado\",\"es_carreta\",\"publicado\",\"producto\",\"proveedor\",\"guia_remision\",\"nro_carreta\",\"observacion_edicion\",\"fecha\",\"usuario\",\"username\",\"plataforma\"]', '[]', 1, '2021-03-11 08:56:00', '2021-03-11 08:56:00'),
(68, 'plugins::content-manager.explorer.read', 'application::pesos-volquetes.pesos-volquetes', '[\"placa\",\"razon_social\",\"pesos_detalles\",\"conductor\",\"es_proveedor\",\"big_bag\",\"fecha\",\"guia_remision\",\"usuario\",\"username\"]', '[]', 1, '2021-03-11 08:56:00', '2021-03-11 08:56:00'),
(69, 'plugins::content-manager.explorer.read', 'application::plataforma.plataforma', '[\"abreviatura\",\"descripcion\",\"estado\"]', '[]', 1, '2021-03-11 08:56:00', '2021-03-11 08:56:00'),
(73, 'plugins::content-manager.explorer.read', 'application::sucursales.sucursales', '[\"nombre\",\"direccion\",\"telefono\",\"codigo\"]', '[]', 1, '2021-03-11 08:56:00', '2021-03-11 08:56:00'),
(74, 'plugins::content-manager.explorer.read', 'application::tipo-solicitud.tipo-solicitud', '[\"descripcion\",\"modulo\",\"tabla_afectada\",\"campo_afectado\",\"responsables\"]', '[]', 1, '2021-03-11 08:56:00', '2021-03-11 08:56:00'),
(75, 'plugins::content-manager.explorer.read', 'application::tipos-documentos.tipos-documentos', '[\"nombre\"]', '[]', 1, '2021-03-11 08:56:00', '2021-03-11 08:56:00'),
(76, 'plugins::content-manager.explorer.read', 'application::tipos-persona.tipos-persona', '[\"nombre\"]', '[]', 1, '2021-03-11 08:56:00', '2021-03-11 08:56:00'),
(78, 'plugins::content-manager.explorer.update', 'application::big-anterior.big-anterior', '[\"es_nuevo\",\"cantidad\",\"precinto_inicio\",\"precinto_final\",\"observacion\",\"big_bag\",\"big_id\"]', '[]', 1, '2021-03-11 08:56:00', '2021-03-11 08:56:00'),
(81, 'plugins::content-manager.explorer.update', 'application::pesos-detalles.pesos-detalles', '[\"peso_entrada\",\"peso_salida\",\"observacion_entrada\",\"observacion_salida\",\"pesos_volquetes\",\"validado\",\"es_carreta\",\"publicado\",\"producto\",\"proveedor\",\"guia_remision\",\"nro_carreta\",\"observacion_edicion\",\"fecha\",\"usuario\",\"username\",\"plataforma\"]', '[]', 1, '2021-03-11 08:56:00', '2021-03-11 08:56:00'),
(82, 'plugins::content-manager.explorer.update', 'application::pesos-volquetes.pesos-volquetes', '[\"placa\",\"razon_social\",\"pesos_detalles\",\"conductor\",\"es_proveedor\",\"big_bag\",\"fecha\",\"guia_remision\",\"usuario\",\"username\"]', '[]', 1, '2021-03-11 08:56:00', '2021-03-11 08:56:00'),
(83, 'plugins::content-manager.explorer.update', 'application::plataforma.plataforma', '[\"abreviatura\",\"descripcion\",\"estado\"]', '[]', 1, '2021-03-11 08:56:00', '2021-03-11 08:56:00'),
(87, 'plugins::content-manager.explorer.update', 'application::sucursales.sucursales', '[\"nombre\",\"direccion\",\"telefono\",\"codigo\"]', '[]', 1, '2021-03-11 08:56:00', '2021-03-11 08:56:00'),
(88, 'plugins::content-manager.explorer.update', 'application::tipo-solicitud.tipo-solicitud', '[\"descripcion\",\"modulo\",\"tabla_afectada\",\"campo_afectado\",\"responsables\"]', '[]', 1, '2021-03-11 08:56:00', '2021-03-11 08:56:00'),
(89, 'plugins::content-manager.explorer.update', 'application::tipos-documentos.tipos-documentos', '[\"nombre\"]', '[]', 1, '2021-03-11 08:56:00', '2021-03-11 08:56:00'),
(90, 'plugins::content-manager.explorer.update', 'application::tipos-persona.tipos-persona', '[\"nombre\"]', '[]', 1, '2021-03-11 08:56:00', '2021-03-11 08:56:00'),
(92, 'plugins::content-manager.explorer.delete', 'application::big-anterior.big-anterior', NULL, '[]', 1, '2021-03-11 08:56:00', '2021-03-11 08:56:00'),
(93, 'plugins::content-manager.explorer.delete', 'application::big-bag.big-bag', NULL, '[]', 1, '2021-03-11 08:56:00', '2021-03-11 08:56:00'),
(94, 'plugins::content-manager.explorer.delete', 'application::conductor.conductor', NULL, '[]', 1, '2021-03-11 08:56:00', '2021-03-11 08:56:00'),
(95, 'plugins::content-manager.explorer.delete', 'application::pesos-detalles.pesos-detalles', NULL, '[]', 1, '2021-03-11 08:56:00', '2021-03-11 08:56:00'),
(96, 'plugins::content-manager.explorer.delete', 'application::pesos-volquetes.pesos-volquetes', NULL, '[]', 1, '2021-03-11 08:56:00', '2021-03-11 08:56:00'),
(97, 'plugins::content-manager.explorer.delete', 'application::plataforma.plataforma', NULL, '[]', 1, '2021-03-11 08:56:00', '2021-03-11 08:56:00'),
(98, 'plugins::content-manager.explorer.delete', 'application::productos.productos', NULL, '[]', 1, '2021-03-11 08:56:00', '2021-03-11 08:56:00'),
(99, 'plugins::content-manager.explorer.delete', 'application::proveedor.proveedor', NULL, '[]', 1, '2021-03-11 08:56:00', '2021-03-11 08:56:00'),
(100, 'plugins::content-manager.explorer.delete', 'application::solicitudes.solicitudes', NULL, '[]', 1, '2021-03-11 08:56:01', '2021-03-11 08:56:01'),
(101, 'plugins::content-manager.explorer.delete', 'application::sucursales.sucursales', NULL, '[]', 1, '2021-03-11 08:56:01', '2021-03-11 08:56:01'),
(102, 'plugins::content-manager.explorer.delete', 'application::tipo-solicitud.tipo-solicitud', NULL, '[]', 1, '2021-03-11 08:56:01', '2021-03-11 08:56:01'),
(103, 'plugins::content-manager.explorer.delete', 'application::tipos-documentos.tipos-documentos', NULL, '[]', 1, '2021-03-11 08:56:01', '2021-03-11 08:56:01'),
(104, 'plugins::content-manager.explorer.delete', 'application::tipos-persona.tipos-persona', NULL, '[]', 1, '2021-03-11 08:56:01', '2021-03-11 08:56:01'),
(105, 'plugins::content-manager.explorer.publish', 'application::big-anterior.big-anterior', NULL, '[]', 1, '2021-03-11 08:56:01', '2021-03-11 08:56:01'),
(106, 'plugins::content-manager.explorer.publish', 'application::big-bag.big-bag', NULL, '[]', 1, '2021-03-11 08:56:01', '2021-03-11 08:56:01'),
(107, 'plugins::content-manager.explorer.publish', 'application::plataforma.plataforma', NULL, '[]', 1, '2021-03-11 08:56:01', '2021-03-11 08:56:01'),
(108, 'plugins::content-manager.explorer.publish', 'application::sucursales.sucursales', NULL, '[]', 1, '2021-03-11 08:56:01', '2021-03-11 08:56:01'),
(109, 'plugins::content-manager.explorer.publish', 'application::tipo-solicitud.tipo-solicitud', NULL, '[]', 1, '2021-03-11 08:56:01', '2021-03-11 08:56:01'),
(110, 'plugins::documentation.read', NULL, NULL, '[]', 1, '2021-03-11 08:56:01', '2021-03-11 08:56:01'),
(111, 'plugins::documentation.settings.update', NULL, NULL, '[]', 1, '2021-03-11 08:56:01', '2021-03-11 08:56:01'),
(112, 'plugins::documentation.settings.regenerate', NULL, NULL, '[]', 1, '2021-03-11 08:56:01', '2021-03-11 08:56:01'),
(122, 'plugins::content-manager.explorer.update', 'application::pesos-balanzas.pesos-balanzas', '[\"cod_balanza\",\"peso\"]', '[]', 1, '2021-03-18 07:34:50', '2021-03-18 07:34:51'),
(124, 'plugins::content-manager.explorer.read', 'application::pesos-balanzas.pesos-balanzas', '[\"cod_balanza\",\"peso\"]', '[]', 1, '2021-03-18 07:34:50', '2021-03-18 07:34:51'),
(125, 'plugins::content-manager.explorer.create', 'application::pesos-balanzas.pesos-balanzas', '[\"cod_balanza\",\"peso\"]', '[]', 1, '2021-03-18 07:34:50', '2021-03-18 07:34:51'),
(129, 'plugins::content-manager.explorer.delete', 'application::pesos.pesos', NULL, '[]', 1, '2021-03-18 07:34:50', '2021-03-18 07:34:51'),
(130, 'plugins::content-manager.explorer.delete', 'application::pesos-balanzas.pesos-balanzas', NULL, '[]', 1, '2021-03-18 07:34:50', '2021-03-18 07:34:51'),
(131, 'plugins::content-manager.explorer.create', 'application::big-bag.big-bag', '[\"cantidad\",\"precinto_inicio\",\"precinto_final\",\"observacion\",\"pesos_volquete\",\"peso\"]', '[]', 1, '2021-03-19 00:45:11', '2021-03-19 00:45:11'),
(133, 'plugins::content-manager.explorer.read', 'application::big-bag.big-bag', '[\"cantidad\",\"precinto_inicio\",\"precinto_final\",\"observacion\",\"pesos_volquete\",\"peso\"]', '[]', 1, '2021-03-19 00:45:11', '2021-03-19 00:45:11'),
(135, 'plugins::content-manager.explorer.update', 'application::big-bag.big-bag', '[\"cantidad\",\"precinto_inicio\",\"precinto_final\",\"observacion\",\"pesos_volquete\",\"peso\"]', '[]', 1, '2021-03-19 00:45:11', '2021-03-19 00:45:11'),
(138, 'plugins::content-manager.explorer.create', 'application::procesos.procesos', '[\"modulo\",\"descripcion\",\"responsables\"]', '[]', 1, '2021-03-22 06:07:42', '2021-03-22 06:07:42'),
(139, 'plugins::content-manager.explorer.create', 'plugins::users-permissions.user', '[\"username\",\"email\",\"provider\",\"password\",\"resetPasswordToken\",\"confirmationToken\",\"confirmed\",\"blocked\",\"role\",\"sucursal\",\"nombres\",\"apellidos\",\"telefono\",\"sexo\",\"procesos\"]', '[]', 1, '2021-03-22 06:07:42', '2021-03-22 06:07:42'),
(141, 'plugins::content-manager.explorer.read', 'application::procesos.procesos', '[\"modulo\",\"descripcion\",\"responsables\"]', '[]', 1, '2021-03-22 06:07:42', '2021-03-22 06:07:42'),
(142, 'plugins::content-manager.explorer.read', 'plugins::users-permissions.user', '[\"username\",\"email\",\"provider\",\"password\",\"resetPasswordToken\",\"confirmationToken\",\"confirmed\",\"blocked\",\"role\",\"sucursal\",\"nombres\",\"apellidos\",\"telefono\",\"sexo\",\"procesos\"]', '[]', 1, '2021-03-22 06:07:42', '2021-03-22 06:07:42'),
(144, 'plugins::content-manager.explorer.update', 'application::procesos.procesos', '[\"modulo\",\"descripcion\",\"responsables\"]', '[]', 1, '2021-03-22 06:07:42', '2021-03-22 06:07:42'),
(145, 'plugins::content-manager.explorer.update', 'plugins::users-permissions.user', '[\"username\",\"email\",\"provider\",\"password\",\"resetPasswordToken\",\"confirmationToken\",\"confirmed\",\"blocked\",\"role\",\"sucursal\",\"nombres\",\"apellidos\",\"telefono\",\"sexo\",\"procesos\"]', '[]', 1, '2021-03-22 06:07:42', '2021-03-22 06:07:42'),
(146, 'plugins::content-manager.explorer.delete', 'application::procesos.procesos', NULL, '[]', 1, '2021-03-22 06:07:42', '2021-03-22 06:07:42'),
(147, 'plugins::content-manager.explorer.publish', 'application::procesos.procesos', NULL, '[]', 1, '2021-03-22 06:07:42', '2021-03-22 06:07:42'),
(149, 'plugins::content-manager.explorer.create', 'application::solicitudes.solicitudes', '[\"fecha_solicitud\",\"observacion_solicitud\",\"tipo_solicitud\",\"estado\",\"observacion_respuesta\",\"fecha_respuesta\",\"pesos_detalle\",\"responde\",\"solicitante\",\"peso\"]', '[]', 1, '2021-03-24 09:00:59', '2021-03-24 09:00:59'),
(151, 'plugins::content-manager.explorer.read', 'application::solicitudes.solicitudes', '[\"fecha_solicitud\",\"observacion_solicitud\",\"tipo_solicitud\",\"estado\",\"observacion_respuesta\",\"fecha_respuesta\",\"pesos_detalle\",\"responde\",\"solicitante\",\"peso\"]', '[]', 1, '2021-03-24 09:00:59', '2021-03-24 09:00:59'),
(153, 'plugins::content-manager.explorer.update', 'application::solicitudes.solicitudes', '[\"fecha_solicitud\",\"observacion_solicitud\",\"tipo_solicitud\",\"estado\",\"observacion_respuesta\",\"fecha_respuesta\",\"pesos_detalle\",\"responde\",\"solicitante\",\"peso\"]', '[]', 1, '2021-03-24 09:00:59', '2021-03-24 09:00:59'),
(157, 'plugins::content-manager.explorer.create', 'application::generador-claves.generador-claves', '[\"clave\",\"solicitante\",\"tipo_solicitud\",\"estado\",\"aprovado_por\",\"fecha_generacion\",\"fecha_anulacion\",\"solicitud\"]', '[]', 1, '2021-03-29 10:28:15', '2021-03-29 10:28:15'),
(158, 'plugins::content-manager.explorer.read', 'application::generador-claves.generador-claves', '[\"clave\",\"solicitante\",\"tipo_solicitud\",\"estado\",\"aprovado_por\",\"fecha_generacion\",\"fecha_anulacion\",\"solicitud\"]', '[]', 1, '2021-03-29 10:28:15', '2021-03-29 10:28:15'),
(159, 'plugins::content-manager.explorer.update', 'application::generador-claves.generador-claves', '[\"clave\",\"solicitante\",\"tipo_solicitud\",\"estado\",\"aprovado_por\",\"fecha_generacion\",\"fecha_anulacion\",\"solicitud\"]', '[]', 1, '2021-03-29 10:28:15', '2021-03-29 10:28:15'),
(160, 'plugins::content-manager.explorer.delete', 'application::generador-claves.generador-claves', NULL, '[]', 1, '2021-03-29 10:28:15', '2021-03-29 10:28:15'),
(161, 'plugins::content-manager.explorer.publish', 'application::generador-claves.generador-claves', NULL, '[]', 1, '2021-03-29 10:28:15', '2021-03-29 10:28:15'),
(183, 'plugins::content-manager.explorer.delete', 'application::tipo-vehiculos.tipo-vehiculos', NULL, '[]', 1, '2021-04-08 18:50:16', '2021-04-08 18:50:16'),
(184, 'plugins::content-manager.explorer.publish', 'application::tipo-vehiculos.tipo-vehiculos', NULL, '[]', 1, '2021-04-08 18:50:16', '2021-04-08 18:50:16'),
(188, 'plugins::content-manager.explorer.create', 'application::tipo-clientes.tipo-clientes', '[\"descripcion\"]', '[]', 1, '2021-04-10 06:07:14', '2021-04-10 06:07:14'),
(189, 'plugins::content-manager.explorer.read', 'application::tipo-clientes.tipo-clientes', '[\"descripcion\"]', '[]', 1, '2021-04-10 06:07:14', '2021-04-10 06:07:14'),
(190, 'plugins::content-manager.explorer.update', 'application::tipo-clientes.tipo-clientes', '[\"descripcion\"]', '[]', 1, '2021-04-10 06:07:14', '2021-04-10 06:07:14'),
(191, 'plugins::content-manager.explorer.delete', 'application::tipo-clientes.tipo-clientes', NULL, '[]', 1, '2021-04-10 06:07:14', '2021-04-10 06:07:14'),
(192, 'plugins::content-manager.explorer.publish', 'application::tipo-clientes.tipo-clientes', NULL, '[]', 1, '2021-04-10 06:07:14', '2021-04-10 06:07:14'),
(193, 'plugins::content-manager.explorer.create', 'application::proveedor.proveedor', '[\"es_cliente\",\"razon_social\",\"correo\",\"telefono\",\"direccion\",\"deshabilitado\",\"cod_cliente\",\"documento\",\"tipo_documento\",\"tipo_persona\",\"tipo_cliente\"]', '[]', 1, '2021-04-10 06:11:18', '2021-04-10 06:11:18'),
(194, 'plugins::content-manager.explorer.read', 'application::proveedor.proveedor', '[\"es_cliente\",\"razon_social\",\"correo\",\"telefono\",\"direccion\",\"deshabilitado\",\"cod_cliente\",\"documento\",\"tipo_documento\",\"tipo_persona\",\"tipo_cliente\"]', '[]', 1, '2021-04-10 06:11:18', '2021-04-10 06:11:18'),
(195, 'plugins::content-manager.explorer.update', 'application::proveedor.proveedor', '[\"es_cliente\",\"razon_social\",\"correo\",\"telefono\",\"direccion\",\"deshabilitado\",\"cod_cliente\",\"documento\",\"tipo_documento\",\"tipo_persona\",\"tipo_cliente\"]', '[]', 1, '2021-04-10 06:11:18', '2021-04-10 06:11:18'),
(199, 'plugins::content-manager.explorer.create', 'application::conductor.conductor', '[\"nombre\",\"dni\",\"pesos_volquetes\",\"deshabilitado\"]', '[]', 1, '2021-04-10 09:59:00', '2021-04-10 09:59:00'),
(200, 'plugins::content-manager.explorer.read', 'application::conductor.conductor', '[\"nombre\",\"dni\",\"pesos_volquetes\",\"deshabilitado\"]', '[]', 1, '2021-04-10 09:59:00', '2021-04-10 09:59:00'),
(201, 'plugins::content-manager.explorer.update', 'application::conductor.conductor', '[\"nombre\",\"dni\",\"pesos_volquetes\",\"deshabilitado\"]', '[]', 1, '2021-04-10 09:59:00', '2021-04-10 09:59:00'),
(202, 'plugins::content-manager.explorer.create', 'application::productos.productos', '[\"nombre\",\"tipo_cliente\",\"deshabilitado\"]', '[]', 1, '2021-04-10 11:06:33', '2021-04-10 11:06:33'),
(203, 'plugins::content-manager.explorer.read', 'application::productos.productos', '[\"nombre\",\"tipo_cliente\",\"deshabilitado\"]', '[]', 1, '2021-04-10 11:06:33', '2021-04-10 11:06:33'),
(204, 'plugins::content-manager.explorer.update', 'application::productos.productos', '[\"nombre\",\"tipo_cliente\",\"deshabilitado\"]', '[]', 1, '2021-04-10 11:06:33', '2021-04-10 11:06:33'),
(205, 'plugins::content-manager.explorer.create', 'application::tipo-vehiculos.tipo-vehiculos', '[\"descripcion\",\"deshabilitado\"]', '[]', 1, '2021-04-10 22:03:33', '2021-04-10 22:03:33'),
(206, 'plugins::content-manager.explorer.read', 'application::tipo-vehiculos.tipo-vehiculos', '[\"descripcion\",\"deshabilitado\"]', '[]', 1, '2021-04-10 22:03:33', '2021-04-10 22:03:33'),
(207, 'plugins::content-manager.explorer.update', 'application::tipo-vehiculos.tipo-vehiculos', '[\"descripcion\",\"deshabilitado\"]', '[]', 1, '2021-04-10 22:03:33', '2021-04-10 22:03:33'),
(217, 'plugins::content-manager.explorer.create', 'application::cargas-masivas.cargas-masivas', '[\"nombre\",\"errores\",\"exito\",\"total\",\"fecha\",\"documento\"]', '[]', 1, '2021-04-21 21:55:37', '2021-04-21 21:55:37'),
(218, 'plugins::content-manager.explorer.read', 'application::cargas-masivas.cargas-masivas', '[\"nombre\",\"errores\",\"exito\",\"total\",\"fecha\",\"documento\"]', '[]', 1, '2021-04-21 21:55:37', '2021-04-21 21:55:37'),
(219, 'plugins::content-manager.explorer.update', 'application::cargas-masivas.cargas-masivas', '[\"nombre\",\"errores\",\"exito\",\"total\",\"fecha\",\"documento\"]', '[]', 1, '2021-04-21 21:55:37', '2021-04-21 21:55:37'),
(220, 'plugins::content-manager.explorer.delete', 'application::cargas-masivas.cargas-masivas', NULL, '[]', 1, '2021-04-21 21:55:37', '2021-04-21 21:55:37'),
(240, 'plugins::content-manager.explorer.create', 'application::pesos.pesos', '[\"codigo\",\"placa\",\"conductor\",\"es_carreta\",\"es_proveedor\",\"guia_remision\",\"proveedor\",\"nro_carreta\",\"big_bag\",\"peso_entrada\",\"observacion_entrada\",\"fecha_entrada\",\"usuario_entrada\",\"peso_salida\",\"observacion_salida\",\"plataforma\",\"fecha_salida\",\"usuario_salida\",\"peso_neto\",\"estado_activo\",\"publicado\",\"estado_laboratorio\",\"producto\",\"solicitud\",\"proceso\",\"pre_registro\",\"carreta_de\",\"tiene_carreta\",\"tiene_solicitud\",\"imagen1\",\"imagen2\",\"vigilancia_guiatransportista\",\"vigilancia_observacionentrada\",\"vigilancia_fechahorasalida\",\"vigilancia_observacionsalida\",\"is_registrovigilancia\",\"transportista_guia_remision\",\"transportista_guia_transportista\",\"transportista_empresa\",\"tipo_vehiculo\",\"vigilancia_fechahoraentrada\",\"vigilancia_estado\",\"vigilancia_estadoobservacion\",\"is_cargamasiva\",\"isCierre_AnalisisCampo_App\",\"Cierre_AnalisisCampoApp_Usuario\",\"Cierre_AnalisisCampoApp_Fecha\",\"observacion_anulacion\",\"isPreCierre_AnalisisCampo_PreparacionGranulometria\",\"PreCierre_AnalisisCampoPreparacionGranulometria_Usuario\",\"PreCierre_AnalisisCampoPreparacionGranulometria_Fecha\"]', '[]', 1, '2021-10-16 03:17:17', '2021-10-16 08:08:03'),
(241, 'plugins::content-manager.explorer.read', 'application::pesos.pesos', '[\"codigo\",\"placa\",\"conductor\",\"es_carreta\",\"es_proveedor\",\"guia_remision\",\"proveedor\",\"nro_carreta\",\"big_bag\",\"peso_entrada\",\"observacion_entrada\",\"fecha_entrada\",\"usuario_entrada\",\"peso_salida\",\"observacion_salida\",\"plataforma\",\"fecha_salida\",\"usuario_salida\",\"peso_neto\",\"estado_activo\",\"publicado\",\"estado_laboratorio\",\"producto\",\"solicitud\",\"proceso\",\"pre_registro\",\"carreta_de\",\"tiene_carreta\",\"tiene_solicitud\",\"imagen1\",\"imagen2\",\"vigilancia_guiatransportista\",\"vigilancia_observacionentrada\",\"vigilancia_fechahorasalida\",\"vigilancia_observacionsalida\",\"is_registrovigilancia\",\"transportista_guia_remision\",\"transportista_guia_transportista\",\"transportista_empresa\",\"tipo_vehiculo\",\"vigilancia_fechahoraentrada\",\"vigilancia_estado\",\"vigilancia_estadoobservacion\",\"is_cargamasiva\",\"isCierre_AnalisisCampo_App\",\"Cierre_AnalisisCampoApp_Usuario\",\"Cierre_AnalisisCampoApp_Fecha\",\"observacion_anulacion\",\"isPreCierre_AnalisisCampo_PreparacionGranulometria\",\"PreCierre_AnalisisCampoPreparacionGranulometria_Usuario\",\"PreCierre_AnalisisCampoPreparacionGranulometria_Fecha\"]', '[]', 1, '2021-10-16 03:17:17', '2021-10-16 08:08:03'),
(242, 'plugins::content-manager.explorer.update', 'application::pesos.pesos', '[\"codigo\",\"placa\",\"conductor\",\"es_carreta\",\"es_proveedor\",\"guia_remision\",\"proveedor\",\"nro_carreta\",\"big_bag\",\"peso_entrada\",\"observacion_entrada\",\"fecha_entrada\",\"usuario_entrada\",\"peso_salida\",\"observacion_salida\",\"plataforma\",\"fecha_salida\",\"usuario_salida\",\"peso_neto\",\"estado_activo\",\"publicado\",\"estado_laboratorio\",\"producto\",\"solicitud\",\"proceso\",\"pre_registro\",\"carreta_de\",\"tiene_carreta\",\"tiene_solicitud\",\"imagen1\",\"imagen2\",\"vigilancia_guiatransportista\",\"vigilancia_observacionentrada\",\"vigilancia_fechahorasalida\",\"vigilancia_observacionsalida\",\"is_registrovigilancia\",\"transportista_guia_remision\",\"transportista_guia_transportista\",\"transportista_empresa\",\"tipo_vehiculo\",\"vigilancia_fechahoraentrada\",\"vigilancia_estado\",\"vigilancia_estadoobservacion\",\"is_cargamasiva\",\"isCierre_AnalisisCampo_App\",\"Cierre_AnalisisCampoApp_Usuario\",\"Cierre_AnalisisCampoApp_Fecha\",\"observacion_anulacion\",\"isPreCierre_AnalisisCampo_PreparacionGranulometria\",\"PreCierre_AnalisisCampoPreparacionGranulometria_Usuario\",\"PreCierre_AnalisisCampoPreparacionGranulometria_Fecha\"]', '[]', 1, '2021-10-16 03:17:17', '2021-10-16 08:08:03');

-- --------------------------------------------------------

--
-- Estructura de tabla para la tabla `strapi_role`
--

CREATE TABLE `strapi_role` (
  `id` int UNSIGNED NOT NULL,
  `name` varchar(255) NOT NULL,
  `code` varchar(255) NOT NULL,
  `description` varchar(255) DEFAULT NULL,
  `created_at` timestamp NULL DEFAULT CURRENT_TIMESTAMP,
  `updated_at` timestamp NULL DEFAULT CURRENT_TIMESTAMP
) ENGINE=InnoDB DEFAULT CHARSET=utf8mb3;

--
-- Volcado de datos para la tabla `strapi_role`
--

INSERT INTO `strapi_role` (`id`, `name`, `code`, `description`, `created_at`, `updated_at`) VALUES
(1, 'Super Admin', 'strapi-super-admin', 'Super Admins can access and manage all features and settings.', '2021-03-11 08:47:52', '2021-03-11 08:47:52'),
(2, 'Editor', 'strapi-editor', 'Editors can manage and publish contents including those of other users.', '2021-03-11 08:47:52', '2021-03-11 08:47:52'),
(3, 'Author', 'strapi-author', 'Authors can manage the content they have created.', '2021-03-11 08:47:52', '2021-03-11 08:47:52');

-- --------------------------------------------------------

--
-- Estructura de tabla para la tabla `strapi_users_roles`
--

CREATE TABLE `strapi_users_roles` (
  `id` int UNSIGNED NOT NULL,
  `user_id` int DEFAULT NULL,
  `role_id` int DEFAULT NULL
) ENGINE=InnoDB DEFAULT CHARSET=utf8mb3;

--
-- Volcado de datos para la tabla `strapi_users_roles`
--

INSERT INTO `strapi_users_roles` (`id`, `user_id`, `role_id`) VALUES
(1, 1, 1),
(3, 13, 1);

-- --------------------------------------------------------

--
-- Estructura de tabla para la tabla `strapi_webhooks`
--

CREATE TABLE `strapi_webhooks` (
  `id` int UNSIGNED NOT NULL,
  `name` varchar(255) DEFAULT NULL,
  `url` longtext,
  `headers` longtext,
  `events` longtext,
  `enabled` tinyint(1) DEFAULT NULL
) ENGINE=InnoDB DEFAULT CHARSET=utf8mb3;

-- --------------------------------------------------------

--
-- Estructura de tabla para la tabla `sucursales`
--

CREATE TABLE `sucursales` (
  `id` int UNSIGNED NOT NULL,
  `nombre` varchar(255) DEFAULT NULL,
  `direccion` longtext,
  `telefono` bigint DEFAULT NULL,
  `codigo` varchar(255) DEFAULT NULL,
  `published_at` datetime DEFAULT NULL,
  `created_by` int DEFAULT NULL,
  `updated_by` int DEFAULT NULL,
  `created_at` timestamp NULL DEFAULT CURRENT_TIMESTAMP,
  `updated_at` timestamp NULL DEFAULT CURRENT_TIMESTAMP
) ENGINE=InnoDB DEFAULT CHARSET=utf8mb3;

-- --------------------------------------------------------

--
-- Estructura de tabla para la tabla `tbconfig_Balanzas`
--

CREATE TABLE `tbconfig_Balanzas` (
  `Id` int NOT NULL,
  `descripcion_area` varchar(100) NOT NULL,
  `nombre_balanza` varchar(50) NOT NULL
) ENGINE=InnoDB DEFAULT CHARSET=utf8mb3;

--
-- Volcado de datos para la tabla `tbconfig_Balanzas`
--

INSERT INTO `tbconfig_Balanzas` (`Id`, `descripcion_area`, `nombre_balanza`) VALUES
(1, 'Gestión Balanza', 'peso_volquetes'),
(2, 'Laboratorio', 'peso_humedad');

-- --------------------------------------------------------

--
-- Estructura de tabla para la tabla `tbconfig_BalanzasPesos`
--

CREATE TABLE `tbconfig_BalanzasPesos` (
  `Id` int NOT NULL,
  `cod_balanza` varchar(255) DEFAULT NULL,
  `peso` varchar(255) DEFAULT NULL,
  `descripción` varchar(250) DEFAULT NULL,
  `created_by` int DEFAULT NULL,
  `updated_by` int DEFAULT NULL,
  `created_at` timestamp NULL DEFAULT NULL,
  `updated_at` timestamp NULL DEFAULT NULL
) ENGINE=InnoDB DEFAULT CHARSET=utf8mb3;

--
-- Volcado de datos para la tabla `tbconfig_BalanzasPesos`
--

INSERT INTO `tbconfig_BalanzasPesos` (`Id`, `cod_balanza`, `peso`, `descripción`, `created_by`, `updated_by`, `created_at`, `updated_at`) VALUES
(4, '1', '12960', 'Balanza de Volquetes', NULL, NULL, NULL, NULL),
(5, '2', '0', 'Balanza de Densidad', NULL, NULL, NULL, NULL),
(6, '3', '0.9989', 'Balanza de Humedad/Ceniza/Mat. Volatil L.Q.', NULL, NULL, NULL, NULL),
(7, '4', '0', 'Balanzas de Preparación (Humedad y Granulometría)', NULL, NULL, NULL, NULL);

-- --------------------------------------------------------

--
-- Estructura de tabla para la tabla `tbconfig_clientes`
--

CREATE TABLE `tbconfig_clientes` (
  `Id` int NOT NULL,
  `cod_tipopersona` int NOT NULL,
  `cod_tipodocumento` int NOT NULL,
  `dni_ruc` varchar(15) NOT NULL,
  `razon_social` varchar(150) NOT NULL,
  `correo` varchar(100) NOT NULL,
  `telefono` varchar(100) NOT NULL,
  `direccion` varchar(250) NOT NULL,
  `default_selected` tinyint(1) NOT NULL DEFAULT '0',
  `estado` char(1) NOT NULL DEFAULT 'A'
) ENGINE=InnoDB DEFAULT CHARSET=latin1;

--
-- Volcado de datos para la tabla `tbconfig_clientes`
--

INSERT INTO `tbconfig_clientes` (`Id`, `cod_tipopersona`, `cod_tipodocumento`, `dni_ruc`, `razon_social`, `correo`, `telefono`, `direccion`, `default_selected`, `estado`) VALUES
(1, 2, 2, '20504061052', 'SESUVECA DEL PERU S.A.C.', 'newsistemaxs@hotmail.com', '999999999; 123456789', 'CAL. MARIANO MELGAR 231 URB. SIMA', 1, 'A');

-- --------------------------------------------------------

--
-- Estructura de tabla para la tabla `tbconfig_EstadosReporteConsolidado`
--

CREATE TABLE `tbconfig_EstadosReporteConsolidado` (
  `Id` int NOT NULL,
  `descripcion` varchar(50) NOT NULL,
  `color` varchar(10) NOT NULL,
  `estado` char(1) NOT NULL DEFAULT 'A'
) ENGINE=InnoDB DEFAULT CHARSET=utf8mb3;

--
-- Volcado de datos para la tabla `tbconfig_EstadosReporteConsolidado`
--

INSERT INTO `tbconfig_EstadosReporteConsolidado` (`Id`, `descripcion`, `color`, `estado`) VALUES
(1, 'ACEPTADO', '', 'A'),
(2, 'EXCEPCIÓN', '#F4B084', 'A'),
(3, 'PENALIZADO', '#EDE900', 'A'),
(4, 'RECHAZADO', '#FF0000', 'A');

-- --------------------------------------------------------

--
-- Estructura de tabla para la tabla `tbconfig_minaorigen`
--

CREATE TABLE `tbconfig_minaorigen` (
  `Id` int NOT NULL,
  `descripcion` varchar(350) NOT NULL,
  `estado` char(1) NOT NULL DEFAULT 'A'
) ENGINE=InnoDB DEFAULT CHARSET=utf8mb4 COLLATE=utf8mb4_0900_ai_ci;

--
-- Volcado de datos para la tabla `tbconfig_minaorigen`
--

INSERT INTO `tbconfig_minaorigen` (`Id`, `descripcion`, `estado`) VALUES
(1, 'BAñOS CHIMU (ANGELICA MONTOYA)', 'A'),
(2, 'CACHICADAN - SANTIAGO DE CHUCO', 'A'),
(4, 'CORONGO - ANCASH', 'A'),
(5, 'LA GALGADA DEL ÁNGEL', 'A'),
(6, 'LA OLIVA DE FERNANDEZ ACOSTA', 'A'),
(7, 'LAJÓN  DE ALAN', 'A'),
(8, 'LAJÓN DE CALÍN', 'A'),
(9, 'LUCMA', 'A'),
(10, 'MAURICIO (TARICA)', 'A'),
(11, 'RUBEN RUIZ (LLARAY)', 'A'),
(12, 'ZARRAPOZ DE CESAR BOCANEGRA', 'A'),
(15, 'PARQUE MINERO', 'A'),
(16, 'CABALLERO HERRERA PEDRO (LUCMA)', 'A'),
(17, 'CASTAñEDA (CHAMANA)', 'A'),
(18, 'ALICIA GABRIELA # 5(CACHICADAN)', 'A'),
(19, 'SR. ROGER (LAJON)', 'A'),
(20, 'CASERIO ELVADO', 'A'),
(21, 'SEDE PRODUCTIVA EL TUNEL DEL TIEMPO (HUARANCHAL)', 'A'),
(22, 'JCARRASCO (LAJON)', 'A'),
(23, 'MONO (LAJON)', 'A'),
(24, 'CONSORCIO ELVADO MINERALES CISCO', 'A'),
(25, 'LLARAY', 'A'),
(26, 'CHUQISONGO', 'A');

-- --------------------------------------------------------

--
-- Estructura de tabla para la tabla `tipos_documentos`
--

CREATE TABLE `tipos_documentos` (
  `id` int UNSIGNED NOT NULL,
  `nombre` varchar(255) DEFAULT NULL,
  `created_by` int DEFAULT NULL,
  `updated_by` int DEFAULT NULL,
  `created_at` timestamp NULL DEFAULT CURRENT_TIMESTAMP,
  `updated_at` timestamp NULL DEFAULT CURRENT_TIMESTAMP
) ENGINE=InnoDB DEFAULT CHARSET=utf8mb3;

--
-- Volcado de datos para la tabla `tipos_documentos`
--

INSERT INTO `tipos_documentos` (`id`, `nombre`, `created_by`, `updated_by`, `created_at`, `updated_at`) VALUES
(1, 'DNI', 1, 1, '2021-03-11 22:39:29', '2021-03-11 22:39:29'),
(2, 'RUC', 1, 1, '2021-03-11 22:39:33', '2021-03-11 22:39:33');

-- --------------------------------------------------------

--
-- Estructura de tabla para la tabla `tipos_personas`
--

CREATE TABLE `tipos_personas` (
  `id` int UNSIGNED NOT NULL,
  `nombre` varchar(255) DEFAULT NULL,
  `created_by` int DEFAULT NULL,
  `updated_by` int DEFAULT NULL,
  `created_at` timestamp NULL DEFAULT CURRENT_TIMESTAMP,
  `updated_at` timestamp NULL DEFAULT CURRENT_TIMESTAMP
) ENGINE=InnoDB DEFAULT CHARSET=utf8mb3;

--
-- Volcado de datos para la tabla `tipos_personas`
--

INSERT INTO `tipos_personas` (`id`, `nombre`, `created_by`, `updated_by`, `created_at`, `updated_at`) VALUES
(1, 'Natural', 1, 1, '2021-03-11 22:39:38', '2021-03-11 22:39:38'),
(2, 'Juridica', 1, 1, '2021-03-11 22:39:45', '2021-03-11 22:39:45');

-- --------------------------------------------------------

--
-- Estructura de tabla para la tabla `tipo_clientes`
--

CREATE TABLE `tipo_clientes` (
  `id` int UNSIGNED NOT NULL,
  `descripcion` varchar(255) DEFAULT NULL,
  `published_at` datetime DEFAULT NULL,
  `created_by` int DEFAULT NULL,
  `updated_by` int DEFAULT NULL,
  `created_at` timestamp NULL DEFAULT CURRENT_TIMESTAMP,
  `updated_at` timestamp NULL DEFAULT CURRENT_TIMESTAMP
) ENGINE=InnoDB DEFAULT CHARSET=utf8mb3;

--
-- Volcado de datos para la tabla `tipo_clientes`
--

INSERT INTO `tipo_clientes` (`id`, `descripcion`, `published_at`, `created_by`, `updated_by`, `created_at`, `updated_at`) VALUES
(1, 'Cliente', '2021-04-10 06:09:25', NULL, NULL, '2021-04-10 06:10:05', '2021-04-10 06:10:05'),
(2, 'Proveedor', '2021-04-10 06:09:25', NULL, NULL, '2021-04-10 06:10:05', '2021-04-10 06:10:05'),
(3, 'Transportista', '2021-04-10 06:10:11', NULL, NULL, '2021-04-10 06:10:17', '2021-04-10 06:10:17');

-- --------------------------------------------------------

--
-- Estructura de tabla para la tabla `tipo_solicituds`
--

CREATE TABLE `tipo_solicituds` (
  `id` int UNSIGNED NOT NULL,
  `descripcion` longtext,
  `modulo` varchar(255) DEFAULT NULL,
  `tabla_afectada` varchar(255) DEFAULT NULL,
  `campo_afectado` varchar(255) DEFAULT NULL,
  `published_at` datetime DEFAULT NULL,
  `created_by` int DEFAULT NULL,
  `updated_by` int DEFAULT NULL,
  `created_at` timestamp NULL DEFAULT CURRENT_TIMESTAMP,
  `updated_at` timestamp NULL DEFAULT CURRENT_TIMESTAMP
) ENGINE=InnoDB DEFAULT CHARSET=utf8mb3;

--
-- Volcado de datos para la tabla `tipo_solicituds`
--

INSERT INTO `tipo_solicituds` (`id`, `descripcion`, `modulo`, `tabla_afectada`, `campo_afectado`, `published_at`, `created_by`, `updated_by`, `created_at`, `updated_at`) VALUES
(1, 'Solicitud de anulacion de peso de salida', 'peso_volquete', 'peso', 'Solicitud de anulacion de peso de salida', '2021-03-11 18:07:21', 1, 1, '2021-03-11 23:07:20', '2021-03-11 23:07:21'),
(2, 'Solicitud de registro manual de peso en balanza', 'gestion_balanza', 'pesos', '', '2021-03-18 02:49:04', 1, 1, '2021-03-18 07:48:57', '2021-03-18 07:49:05');

-- --------------------------------------------------------

--
-- Estructura de tabla para la tabla `tipo_solicituds__responsables`
--

CREATE TABLE `tipo_solicituds__responsables` (
  `id` int UNSIGNED NOT NULL,
  `tipo_solicitud_id` int DEFAULT NULL,
  `user_id` int DEFAULT NULL
) ENGINE=InnoDB DEFAULT CHARSET=utf8mb3;

--
-- Volcado de datos para la tabla `tipo_solicituds__responsables`
--

INSERT INTO `tipo_solicituds__responsables` (`id`, `tipo_solicitud_id`, `user_id`) VALUES
(1, 1, 2);

-- --------------------------------------------------------

--
-- Estructura de tabla para la tabla `tipo_vehiculos`
--

CREATE TABLE `tipo_vehiculos` (
  `id` int UNSIGNED NOT NULL,
  `descripcion` varchar(255) DEFAULT NULL,
  `published_at` datetime DEFAULT NULL,
  `created_by` int DEFAULT NULL,
  `updated_by` int DEFAULT NULL,
  `created_at` timestamp NULL DEFAULT CURRENT_TIMESTAMP,
  `updated_at` timestamp NULL DEFAULT CURRENT_TIMESTAMP,
  `deshabilitado` tinyint(1) DEFAULT '0'
) ENGINE=InnoDB DEFAULT CHARSET=utf8mb3;

--
-- Volcado de datos para la tabla `tipo_vehiculos`
--

INSERT INTO `tipo_vehiculos` (`id`, `descripcion`, `published_at`, `created_by`, `updated_by`, `created_at`, `updated_at`, `deshabilitado`) VALUES
(1, 'CAMIÓN', '2021-04-08 18:51:42', 13, 13, '2021-04-08 18:51:34', '2021-04-08 18:51:42', 1),
(2, 'CAMIÓN PLATAFORMA', '2021-04-08 18:52:13', 13, 13, '2021-04-08 18:52:04', '2021-04-08 18:52:13', 0),
(3, 'TRAILER ', '2021-04-08 18:53:13', 13, 13, '2021-04-08 18:53:12', '2021-04-08 18:53:13', 0),
(4, 'VOLQUETE', '2021-04-08 18:53:21', 13, 13, '2021-04-08 18:53:20', '2021-04-08 18:53:21', 0),
(10, 'CISTERNA', '2021-04-13 14:41:15', NULL, NULL, '2021-04-10 23:21:35', '2021-04-13 14:41:15', 0),
(11, 'TRAILER CON TOLVA', '2021-04-13 14:41:20', NULL, NULL, '2021-04-12 17:33:18', '2021-04-13 14:41:20', 0),
(12, 'VOLQUETE CON DOBLE CARRETA', '2021-04-13 14:41:18', NULL, NULL, '2021-04-12 20:06:53', '2021-04-13 14:41:18', 0),
(16, 'CAMION CON CARRETA', NULL, NULL, NULL, '2021-05-26 12:26:40', '2021-05-26 12:26:40', 0),
(17, 'cisterna de combustible', NULL, NULL, NULL, '2021-06-18 14:41:29', '2021-06-18 14:41:29', 0),
(18, 'CISTERNA CON AGUA', NULL, NULL, NULL, '2022-05-28 15:52:15', '2022-05-28 15:52:15', 0);

-- --------------------------------------------------------

--
-- Estructura de tabla para la tabla `upload_file_morph`
--

CREATE TABLE `upload_file_morph` (
  `id` int UNSIGNED NOT NULL,
  `upload_file_id` int DEFAULT NULL,
  `related_id` int DEFAULT NULL,
  `related_type` longtext,
  `field` longtext,
  `order` int DEFAULT NULL
) ENGINE=InnoDB DEFAULT CHARSET=utf8mb3;

-- --------------------------------------------------------

--
-- Estructura de tabla para la tabla `users-permissions_permission`
--

CREATE TABLE `users-permissions_permission` (
  `id` int UNSIGNED NOT NULL,
  `type` varchar(255) NOT NULL,
  `controller` varchar(255) NOT NULL,
  `action` varchar(255) NOT NULL,
  `enabled` tinyint(1) NOT NULL,
  `policy` varchar(255) DEFAULT NULL,
  `role` int DEFAULT NULL,
  `created_by` int DEFAULT NULL,
  `updated_by` int DEFAULT NULL
) ENGINE=InnoDB DEFAULT CHARSET=utf8mb3;

--
-- Volcado de datos para la tabla `users-permissions_permission`
--

INSERT INTO `users-permissions_permission` (`id`, `type`, `controller`, `action`, `enabled`, `policy`, `role`, `created_by`, `updated_by`) VALUES
(1, 'content-manager', 'collection-types', 'bulkdelete', 0, '', 1, NULL, NULL),
(2, 'content-manager', 'collection-types', 'bulkdelete', 0, '', 2, NULL, NULL),
(3, 'content-manager', 'collection-types', 'create', 0, '', 1, NULL, NULL),
(4, 'content-manager', 'collection-types', 'find', 0, '', 2, NULL, NULL),
(5, 'content-manager', 'collection-types', 'find', 0, '', 1, NULL, NULL),
(6, 'content-manager', 'collection-types', 'delete', 0, '', 2, NULL, NULL),
(7, 'content-manager', 'collection-types', 'delete', 0, '', 1, NULL, NULL),
(8, 'content-manager', 'collection-types', 'create', 0, '', 2, NULL, NULL),
(9, 'content-manager', 'collection-types', 'findone', 0, '', 1, NULL, NULL),
(10, 'content-manager', 'collection-types', 'findone', 0, '', 2, NULL, NULL),
(11, 'content-manager', 'collection-types', 'previewmanyrelations', 0, '', 1, NULL, NULL),
(12, 'content-manager', 'collection-types', 'previewmanyrelations', 0, '', 2, NULL, NULL),
(13, 'content-manager', 'collection-types', 'publish', 0, '', 1, NULL, NULL),
(14, 'content-manager', 'collection-types', 'publish', 0, '', 2, NULL, NULL),
(15, 'content-manager', 'collection-types', 'unpublish', 0, '', 1, NULL, NULL),
(16, 'content-manager', 'collection-types', 'unpublish', 0, '', 2, NULL, NULL),
(17, 'content-manager', 'collection-types', 'update', 0, '', 1, NULL, NULL),
(18, 'content-manager', 'collection-types', 'update', 0, '', 2, NULL, NULL),
(19, 'content-manager', 'components', 'findcomponentconfiguration', 0, '', 1, NULL, NULL),
(20, 'content-manager', 'components', 'findcomponentconfiguration', 0, '', 2, NULL, NULL),
(21, 'content-manager', 'components', 'findcomponents', 0, '', 1, NULL, NULL),
(22, 'content-manager', 'components', 'findcomponents', 0, '', 2, NULL, NULL),
(23, 'content-manager', 'components', 'updatecomponentconfiguration', 0, '', 1, NULL, NULL),
(24, 'content-manager', 'components', 'updatecomponentconfiguration', 0, '', 2, NULL, NULL),
(25, 'content-manager', 'content-types', 'findcontenttypeconfiguration', 0, '', 1, NULL, NULL),
(26, 'content-manager', 'content-types', 'findcontenttypeconfiguration', 0, '', 2, NULL, NULL),
(27, 'content-manager', 'content-types', 'findcontenttypes', 0, '', 1, NULL, NULL),
(28, 'content-manager', 'content-types', 'findcontenttypes', 0, '', 2, NULL, NULL),
(29, 'content-manager', 'content-types', 'updatecontenttypeconfiguration', 0, '', 1, NULL, NULL),
(30, 'content-manager', 'content-types', 'updatecontenttypeconfiguration', 0, '', 2, NULL, NULL),
(31, 'content-manager', 'relations', 'find', 0, '', 1, NULL, NULL),
(32, 'content-manager', 'relations', 'find', 0, '', 2, NULL, NULL),
(33, 'content-manager', 'single-types', 'createorupdate', 0, '', 1, NULL, NULL),
(34, 'content-manager', 'single-types', 'createorupdate', 0, '', 2, NULL, NULL),
(35, 'content-manager', 'single-types', 'delete', 0, '', 1, NULL, NULL),
(36, 'content-manager', 'single-types', 'delete', 0, '', 2, NULL, NULL),
(37, 'content-manager', 'single-types', 'find', 0, '', 1, NULL, NULL),
(38, 'content-manager', 'single-types', 'find', 0, '', 2, NULL, NULL),
(39, 'content-manager', 'single-types', 'publish', 0, '', 1, NULL, NULL),
(40, 'content-manager', 'single-types', 'publish', 0, '', 2, NULL, NULL),
(41, 'content-manager', 'single-types', 'unpublish', 0, '', 1, NULL, NULL),
(42, 'content-manager', 'single-types', 'unpublish', 0, '', 2, NULL, NULL),
(43, 'content-manager', 'uid', 'checkuidavailability', 0, '', 1, NULL, NULL),
(44, 'content-manager', 'uid', 'checkuidavailability', 0, '', 2, NULL, NULL),
(45, 'content-manager', 'uid', 'generateuid', 0, '', 1, NULL, NULL),
(46, 'content-manager', 'uid', 'generateuid', 0, '', 2, NULL, NULL),
(47, 'content-type-builder', 'builder', 'getreservednames', 0, '', 1, NULL, NULL),
(48, 'content-type-builder', 'builder', 'getreservednames', 0, '', 2, NULL, NULL),
(49, 'content-type-builder', 'componentcategories', 'deletecategory', 0, '', 1, NULL, NULL),
(50, 'content-type-builder', 'componentcategories', 'deletecategory', 0, '', 2, NULL, NULL),
(51, 'content-type-builder', 'componentcategories', 'editcategory', 0, '', 1, NULL, NULL),
(52, 'content-type-builder', 'componentcategories', 'editcategory', 0, '', 2, NULL, NULL),
(53, 'content-type-builder', 'components', 'createcomponent', 0, '', 1, NULL, NULL),
(54, 'content-type-builder', 'components', 'createcomponent', 0, '', 2, NULL, NULL),
(55, 'content-type-builder', 'components', 'deletecomponent', 0, '', 1, NULL, NULL),
(56, 'content-type-builder', 'components', 'deletecomponent', 0, '', 2, NULL, NULL),
(57, 'content-type-builder', 'components', 'getcomponent', 0, '', 1, NULL, NULL),
(58, 'content-type-builder', 'components', 'getcomponent', 0, '', 2, NULL, NULL),
(59, 'content-type-builder', 'components', 'getcomponents', 0, '', 1, NULL, NULL),
(60, 'content-type-builder', 'components', 'getcomponents', 0, '', 2, NULL, NULL),
(61, 'content-type-builder', 'components', 'updatecomponent', 0, '', 1, NULL, NULL),
(62, 'content-type-builder', 'components', 'updatecomponent', 0, '', 2, NULL, NULL),
(63, 'content-type-builder', 'connections', 'getconnections', 0, '', 1, NULL, NULL),
(64, 'content-type-builder', 'connections', 'getconnections', 0, '', 2, NULL, NULL),
(65, 'content-type-builder', 'contenttypes', 'createcontenttype', 0, '', 1, NULL, NULL),
(66, 'content-type-builder', 'contenttypes', 'createcontenttype', 0, '', 2, NULL, NULL),
(67, 'content-type-builder', 'contenttypes', 'deletecontenttype', 0, '', 1, NULL, NULL),
(68, 'content-type-builder', 'contenttypes', 'deletecontenttype', 0, '', 2, NULL, NULL),
(69, 'content-type-builder', 'contenttypes', 'getcontenttype', 0, '', 1, NULL, NULL),
(70, 'content-type-builder', 'contenttypes', 'getcontenttype', 0, '', 2, NULL, NULL),
(71, 'content-type-builder', 'contenttypes', 'getcontenttypes', 0, '', 1, NULL, NULL),
(72, 'content-type-builder', 'contenttypes', 'getcontenttypes', 0, '', 2, NULL, NULL),
(73, 'content-type-builder', 'contenttypes', 'updatecontenttype', 0, '', 1, NULL, NULL),
(74, 'content-type-builder', 'contenttypes', 'updatecontenttype', 0, '', 2, NULL, NULL),
(75, 'email', 'email', 'send', 0, '', 1, NULL, NULL),
(76, 'email', 'email', 'send', 0, '', 2, NULL, NULL),
(77, 'upload', 'upload', 'count', 0, '', 1, NULL, NULL),
(78, 'upload', 'upload', 'count', 0, '', 2, NULL, NULL),
(79, 'upload', 'upload', 'destroy', 0, '', 1, NULL, NULL),
(80, 'upload', 'upload', 'destroy', 0, '', 2, NULL, NULL),
(81, 'upload', 'upload', 'find', 0, '', 1, NULL, NULL),
(82, 'upload', 'upload', 'find', 1, '', 2, NULL, NULL),
(83, 'upload', 'upload', 'findone', 0, '', 1, NULL, NULL),
(84, 'upload', 'upload', 'findone', 0, '', 2, NULL, NULL),
(85, 'upload', 'upload', 'getsettings', 0, '', 1, NULL, NULL),
(86, 'upload', 'upload', 'getsettings', 0, '', 2, NULL, NULL),
(87, 'upload', 'upload', 'search', 0, '', 1, NULL, NULL),
(88, 'upload', 'upload', 'search', 0, '', 2, NULL, NULL),
(89, 'upload', 'upload', 'updatesettings', 0, '', 1, NULL, NULL),
(90, 'upload', 'upload', 'updatesettings', 0, '', 2, NULL, NULL),
(91, 'upload', 'upload', 'upload', 0, '', 1, NULL, NULL),
(92, 'upload', 'upload', 'upload', 1, '', 2, NULL, NULL),
(93, 'users-permissions', 'auth', 'callback', 0, '', 1, NULL, NULL),
(94, 'users-permissions', 'auth', 'callback', 1, '', 2, NULL, NULL),
(95, 'users-permissions', 'auth', 'connect', 1, '', 1, NULL, NULL),
(96, 'users-permissions', 'auth', 'connect', 1, '', 2, NULL, NULL),
(97, 'users-permissions', 'auth', 'emailconfirmation', 0, '', 1, NULL, NULL),
(98, 'users-permissions', 'auth', 'emailconfirmation', 1, '', 2, NULL, NULL),
(99, 'users-permissions', 'auth', 'forgotpassword', 0, '', 1, NULL, NULL),
(100, 'users-permissions', 'auth', 'forgotpassword', 1, '', 2, NULL, NULL),
(101, 'users-permissions', 'auth', 'register', 0, '', 1, NULL, NULL),
(102, 'users-permissions', 'auth', 'register', 1, '', 2, NULL, NULL),
(103, 'users-permissions', 'auth', 'resetpassword', 0, '', 1, NULL, NULL),
(104, 'users-permissions', 'auth', 'resetpassword', 1, '', 2, NULL, NULL),
(105, 'users-permissions', 'auth', 'sendemailconfirmation', 0, '', 1, NULL, NULL),
(106, 'users-permissions', 'auth', 'sendemailconfirmation', 0, '', 2, NULL, NULL),
(107, 'users-permissions', 'user', 'count', 0, '', 1, NULL, NULL),
(108, 'users-permissions', 'user', 'count', 0, '', 2, NULL, NULL),
(109, 'users-permissions', 'user', 'create', 0, '', 1, NULL, NULL),
(110, 'users-permissions', 'user', 'create', 0, '', 2, NULL, NULL),
(111, 'users-permissions', 'user', 'destroy', 0, '', 1, NULL, NULL),
(112, 'users-permissions', 'user', 'destroy', 0, '', 2, NULL, NULL),
(113, 'users-permissions', 'user', 'destroyall', 0, '', 1, NULL, NULL),
(114, 'users-permissions', 'user', 'destroyall', 0, '', 2, NULL, NULL),
(115, 'users-permissions', 'user', 'find', 0, '', 1, NULL, NULL),
(116, 'users-permissions', 'user', 'find', 0, '', 2, NULL, NULL),
(117, 'users-permissions', 'user', 'findone', 0, '', 1, NULL, NULL),
(118, 'users-permissions', 'user', 'findone', 0, '', 2, NULL, NULL),
(119, 'users-permissions', 'user', 'me', 1, '', 1, NULL, NULL),
(120, 'users-permissions', 'user', 'me', 1, '', 2, NULL, NULL),
(121, 'users-permissions', 'user', 'update', 0, '', 1, NULL, NULL),
(122, 'users-permissions', 'user', 'update', 0, '', 2, NULL, NULL),
(123, 'users-permissions', 'userspermissions', 'createrole', 0, '', 1, NULL, NULL),
(124, 'users-permissions', 'userspermissions', 'createrole', 0, '', 2, NULL, NULL),
(125, 'users-permissions', 'userspermissions', 'deleterole', 0, '', 1, NULL, NULL),
(126, 'users-permissions', 'userspermissions', 'deleterole', 0, '', 2, NULL, NULL),
(127, 'users-permissions', 'userspermissions', 'getadvancedsettings', 0, '', 1, NULL, NULL),
(128, 'users-permissions', 'userspermissions', 'getadvancedsettings', 0, '', 2, NULL, NULL),
(129, 'users-permissions', 'userspermissions', 'getemailtemplate', 0, '', 1, NULL, NULL),
(130, 'users-permissions', 'userspermissions', 'getemailtemplate', 0, '', 2, NULL, NULL),
(131, 'users-permissions', 'userspermissions', 'getpermissions', 0, '', 1, NULL, NULL),
(132, 'users-permissions', 'userspermissions', 'getpermissions', 0, '', 2, NULL, NULL),
(133, 'users-permissions', 'userspermissions', 'getpolicies', 0, '', 1, NULL, NULL),
(134, 'users-permissions', 'userspermissions', 'getpolicies', 0, '', 2, NULL, NULL),
(135, 'users-permissions', 'userspermissions', 'getproviders', 0, '', 1, NULL, NULL),
(136, 'users-permissions', 'userspermissions', 'getproviders', 0, '', 2, NULL, NULL),
(137, 'users-permissions', 'userspermissions', 'getrole', 0, '', 1, NULL, NULL),
(138, 'users-permissions', 'userspermissions', 'getrole', 0, '', 2, NULL, NULL),
(139, 'users-permissions', 'userspermissions', 'getroles', 0, '', 1, NULL, NULL),
(140, 'users-permissions', 'userspermissions', 'getroles', 0, '', 2, NULL, NULL),
(141, 'users-permissions', 'userspermissions', 'getroutes', 0, '', 1, NULL, NULL),
(142, 'users-permissions', 'userspermissions', 'getroutes', 0, '', 2, NULL, NULL),
(143, 'users-permissions', 'userspermissions', 'index', 0, '', 1, NULL, NULL),
(144, 'users-permissions', 'userspermissions', 'index', 0, '', 2, NULL, NULL),
(145, 'users-permissions', 'userspermissions', 'searchusers', 0, '', 1, NULL, NULL),
(146, 'users-permissions', 'userspermissions', 'searchusers', 0, '', 2, NULL, NULL),
(147, 'users-permissions', 'userspermissions', 'updateadvancedsettings', 0, '', 1, NULL, NULL),
(148, 'users-permissions', 'userspermissions', 'updateadvancedsettings', 0, '', 2, NULL, NULL),
(149, 'users-permissions', 'userspermissions', 'updateemailtemplate', 0, '', 1, NULL, NULL),
(150, 'users-permissions', 'userspermissions', 'updateemailtemplate', 0, '', 2, NULL, NULL),
(151, 'users-permissions', 'userspermissions', 'updateproviders', 0, '', 1, NULL, NULL),
(152, 'users-permissions', 'userspermissions', 'updateproviders', 0, '', 2, NULL, NULL),
(153, 'users-permissions', 'userspermissions', 'updaterole', 0, '', 1, NULL, NULL),
(154, 'users-permissions', 'userspermissions', 'updaterole', 0, '', 2, NULL, NULL),
(155, 'application', 'big-anterior', 'count', 1, '', 1, NULL, NULL),
(156, 'application', 'big-anterior', 'count', 1, '', 2, NULL, NULL),
(157, 'application', 'big-anterior', 'create', 1, '', 1, NULL, NULL),
(158, 'application', 'big-anterior', 'create', 1, '', 2, NULL, NULL),
(159, 'application', 'big-anterior', 'delete', 1, '', 1, NULL, NULL),
(160, 'application', 'big-anterior', 'delete', 1, '', 2, NULL, NULL),
(161, 'application', 'big-anterior', 'find', 1, '', 1, NULL, NULL),
(162, 'application', 'big-anterior', 'find', 1, '', 2, NULL, NULL),
(163, 'application', 'big-anterior', 'findone', 1, '', 1, NULL, NULL),
(164, 'application', 'big-anterior', 'findone', 1, '', 2, NULL, NULL),
(165, 'application', 'big-anterior', 'update', 1, '', 1, NULL, NULL),
(166, 'application', 'big-anterior', 'update', 1, '', 2, NULL, NULL),
(167, 'application', 'big-bag', 'count', 1, '', 1, NULL, NULL),
(168, 'application', 'big-bag', 'count', 1, '', 2, NULL, NULL),
(169, 'application', 'big-bag', 'create', 1, '', 1, NULL, NULL),
(170, 'application', 'big-bag', 'create', 1, '', 2, NULL, NULL),
(171, 'application', 'big-bag', 'delete', 1, '', 1, NULL, NULL),
(172, 'application', 'big-bag', 'delete', 1, '', 2, NULL, NULL),
(173, 'application', 'big-bag', 'find', 1, '', 1, NULL, NULL),
(174, 'application', 'big-bag', 'find', 1, '', 2, NULL, NULL),
(175, 'application', 'big-bag', 'findone', 1, '', 1, NULL, NULL),
(176, 'application', 'big-bag', 'findone', 1, '', 2, NULL, NULL),
(177, 'application', 'big-bag', 'update', 1, '', 1, NULL, NULL),
(178, 'application', 'big-bag', 'update', 1, '', 2, NULL, NULL),
(179, 'application', 'conductor', 'count', 1, '', 1, NULL, NULL),
(180, 'application', 'conductor', 'count', 1, '', 2, NULL, NULL),
(181, 'application', 'conductor', 'create', 1, '', 1, NULL, NULL),
(182, 'application', 'conductor', 'create', 1, '', 2, NULL, NULL),
(183, 'application', 'conductor', 'delete', 1, '', 1, NULL, NULL),
(184, 'application', 'conductor', 'delete', 1, '', 2, NULL, NULL),
(185, 'application', 'conductor', 'find', 1, '', 1, NULL, NULL),
(186, 'application', 'conductor', 'find', 1, '', 2, NULL, NULL),
(187, 'application', 'conductor', 'findone', 1, '', 1, NULL, NULL),
(188, 'application', 'conductor', 'findone', 1, '', 2, NULL, NULL),
(189, 'application', 'conductor', 'update', 1, '', 1, NULL, NULL),
(190, 'application', 'conductor', 'update', 1, '', 2, NULL, NULL),
(191, 'application', 'pesos-detalles', 'count', 1, '', 1, NULL, NULL),
(192, 'application', 'pesos-detalles', 'count', 1, '', 2, NULL, NULL),
(193, 'application', 'pesos-detalles', 'create', 1, '', 1, NULL, NULL),
(194, 'application', 'pesos-detalles', 'create', 1, '', 2, NULL, NULL),
(195, 'application', 'pesos-detalles', 'delete', 1, '', 1, NULL, NULL),
(196, 'application', 'pesos-detalles', 'delete', 1, '', 2, NULL, NULL),
(197, 'application', 'pesos-detalles', 'find', 1, '', 1, NULL, NULL),
(198, 'application', 'pesos-detalles', 'find', 1, '', 2, NULL, NULL),
(199, 'application', 'pesos-detalles', 'findone', 1, '', 1, NULL, NULL),
(200, 'application', 'pesos-detalles', 'findone', 1, '', 2, NULL, NULL),
(201, 'application', 'pesos-detalles', 'update', 1, '', 1, NULL, NULL),
(202, 'application', 'pesos-detalles', 'update', 1, '', 2, NULL, NULL),
(203, 'application', 'pesos-volquetes', 'count', 1, '', 1, NULL, NULL),
(204, 'application', 'pesos-volquetes', 'count', 1, '', 2, NULL, NULL),
(205, 'application', 'pesos-volquetes', 'create', 1, '', 1, NULL, NULL),
(206, 'application', 'pesos-volquetes', 'create', 1, '', 2, NULL, NULL),
(207, 'application', 'pesos-volquetes', 'delete', 1, '', 1, NULL, NULL),
(208, 'application', 'pesos-volquetes', 'delete', 1, '', 2, NULL, NULL),
(209, 'application', 'pesos-volquetes', 'find', 1, '', 1, NULL, NULL),
(210, 'application', 'pesos-volquetes', 'find', 1, '', 2, NULL, NULL),
(211, 'application', 'pesos-volquetes', 'findone', 1, '', 1, NULL, NULL),
(212, 'application', 'pesos-volquetes', 'findone', 1, '', 2, NULL, NULL),
(213, 'application', 'pesos-volquetes', 'update', 1, '', 1, NULL, NULL),
(214, 'application', 'pesos-volquetes', 'update', 1, '', 2, NULL, NULL),
(215, 'application', 'plataforma', 'count', 1, '', 1, NULL, NULL),
(216, 'application', 'plataforma', 'count', 1, '', 2, NULL, NULL),
(217, 'application', 'plataforma', 'create', 1, '', 1, NULL, NULL),
(218, 'application', 'plataforma', 'create', 1, '', 2, NULL, NULL),
(219, 'application', 'plataforma', 'delete', 1, '', 1, NULL, NULL),
(220, 'application', 'plataforma', 'delete', 1, '', 2, NULL, NULL),
(221, 'application', 'plataforma', 'find', 1, '', 1, NULL, NULL),
(222, 'application', 'plataforma', 'find', 1, '', 2, NULL, NULL),
(223, 'application', 'plataforma', 'findone', 1, '', 1, NULL, NULL),
(224, 'application', 'plataforma', 'findone', 1, '', 2, NULL, NULL),
(225, 'application', 'plataforma', 'update', 1, '', 1, NULL, NULL),
(226, 'application', 'plataforma', 'update', 1, '', 2, NULL, NULL),
(227, 'application', 'productos', 'count', 1, '', 1, NULL, NULL),
(228, 'application', 'productos', 'count', 1, '', 2, NULL, NULL),
(229, 'application', 'productos', 'create', 1, '', 1, NULL, NULL),
(230, 'application', 'productos', 'create', 1, '', 2, NULL, NULL),
(231, 'application', 'productos', 'delete', 1, '', 1, NULL, NULL),
(232, 'application', 'productos', 'delete', 1, '', 2, NULL, NULL),
(233, 'application', 'productos', 'find', 1, '', 1, NULL, NULL),
(234, 'application', 'productos', 'find', 1, '', 2, NULL, NULL),
(235, 'application', 'productos', 'findone', 1, '', 1, NULL, NULL),
(236, 'application', 'productos', 'findone', 1, '', 2, NULL, NULL),
(237, 'application', 'productos', 'update', 1, '', 1, NULL, NULL),
(238, 'application', 'productos', 'update', 1, '', 2, NULL, NULL),
(239, 'application', 'proveedor', 'count', 1, '', 1, NULL, NULL),
(240, 'application', 'proveedor', 'count', 1, '', 2, NULL, NULL),
(241, 'application', 'proveedor', 'create', 1, '', 1, NULL, NULL),
(242, 'application', 'proveedor', 'create', 1, '', 2, NULL, NULL),
(243, 'application', 'proveedor', 'delete', 1, '', 1, NULL, NULL),
(244, 'application', 'proveedor', 'delete', 1, '', 2, NULL, NULL),
(245, 'application', 'proveedor', 'find', 1, '', 1, NULL, NULL),
(246, 'application', 'proveedor', 'find', 1, '', 2, NULL, NULL),
(247, 'application', 'proveedor', 'findone', 1, '', 1, NULL, NULL),
(248, 'application', 'proveedor', 'findone', 1, '', 2, NULL, NULL),
(249, 'application', 'proveedor', 'update', 1, '', 1, NULL, NULL),
(250, 'application', 'proveedor', 'update', 1, '', 2, NULL, NULL),
(251, 'application', 'solicitudes', 'count', 1, '', 1, NULL, NULL),
(252, 'application', 'solicitudes', 'count', 1, '', 2, NULL, NULL),
(253, 'application', 'solicitudes', 'create', 1, '', 1, NULL, NULL),
(254, 'application', 'solicitudes', 'create', 1, '', 2, NULL, NULL),
(255, 'application', 'solicitudes', 'delete', 1, '', 1, NULL, NULL),
(256, 'application', 'solicitudes', 'delete', 1, '', 2, NULL, NULL),
(257, 'application', 'solicitudes', 'find', 1, '', 1, NULL, NULL),
(258, 'application', 'solicitudes', 'find', 1, '', 2, NULL, NULL),
(259, 'application', 'solicitudes', 'findone', 1, '', 1, NULL, NULL),
(260, 'application', 'solicitudes', 'findone', 1, '', 2, NULL, NULL),
(261, 'application', 'solicitudes', 'update', 1, '', 1, NULL, NULL),
(262, 'application', 'solicitudes', 'update', 1, '', 2, NULL, NULL),
(263, 'application', 'sucursales', 'count', 1, '', 1, NULL, NULL),
(264, 'application', 'sucursales', 'count', 1, '', 2, NULL, NULL),
(265, 'application', 'sucursales', 'create', 1, '', 1, NULL, NULL),
(266, 'application', 'sucursales', 'create', 1, '', 2, NULL, NULL),
(267, 'application', 'sucursales', 'delete', 1, '', 1, NULL, NULL),
(268, 'application', 'sucursales', 'delete', 1, '', 2, NULL, NULL),
(269, 'application', 'sucursales', 'find', 1, '', 1, NULL, NULL),
(270, 'application', 'sucursales', 'find', 1, '', 2, NULL, NULL),
(271, 'application', 'sucursales', 'findone', 1, '', 1, NULL, NULL),
(272, 'application', 'sucursales', 'findone', 1, '', 2, NULL, NULL),
(273, 'application', 'sucursales', 'update', 1, '', 1, NULL, NULL),
(274, 'application', 'sucursales', 'update', 1, '', 2, NULL, NULL),
(275, 'application', 'tipo-solicitud', 'count', 1, '', 1, NULL, NULL),
(276, 'application', 'tipo-solicitud', 'count', 1, '', 2, NULL, NULL),
(277, 'application', 'tipo-solicitud', 'create', 1, '', 1, NULL, NULL),
(278, 'application', 'tipo-solicitud', 'create', 1, '', 2, NULL, NULL),
(279, 'application', 'tipo-solicitud', 'delete', 1, '', 1, NULL, NULL),
(280, 'application', 'tipo-solicitud', 'delete', 1, '', 2, NULL, NULL),
(281, 'application', 'tipo-solicitud', 'find', 1, '', 1, NULL, NULL),
(282, 'application', 'tipo-solicitud', 'find', 1, '', 2, NULL, NULL),
(283, 'application', 'tipo-solicitud', 'findone', 1, '', 1, NULL, NULL),
(284, 'application', 'tipo-solicitud', 'findone', 1, '', 2, NULL, NULL),
(285, 'application', 'tipo-solicitud', 'update', 1, '', 1, NULL, NULL),
(286, 'application', 'tipo-solicitud', 'update', 1, '', 2, NULL, NULL),
(287, 'application', 'tipos-documentos', 'count', 1, '', 1, NULL, NULL),
(288, 'application', 'tipos-documentos', 'count', 1, '', 2, NULL, NULL),
(289, 'application', 'tipos-documentos', 'create', 1, '', 1, NULL, NULL),
(290, 'application', 'tipos-documentos', 'create', 1, '', 2, NULL, NULL),
(291, 'application', 'tipos-documentos', 'delete', 1, '', 1, NULL, NULL),
(292, 'application', 'tipos-documentos', 'delete', 1, '', 2, NULL, NULL),
(293, 'application', 'tipos-documentos', 'find', 1, '', 1, NULL, NULL),
(294, 'application', 'tipos-documentos', 'find', 1, '', 2, NULL, NULL),
(295, 'application', 'tipos-documentos', 'findone', 1, '', 1, NULL, NULL),
(296, 'application', 'tipos-documentos', 'findone', 1, '', 2, NULL, NULL),
(297, 'application', 'tipos-documentos', 'update', 1, '', 1, NULL, NULL),
(298, 'application', 'tipos-documentos', 'update', 1, '', 2, NULL, NULL),
(299, 'application', 'tipos-persona', 'count', 1, '', 1, NULL, NULL),
(300, 'application', 'tipos-persona', 'count', 1, '', 2, NULL, NULL),
(301, 'application', 'tipos-persona', 'create', 1, '', 1, NULL, NULL),
(302, 'application', 'tipos-persona', 'create', 1, '', 2, NULL, NULL),
(303, 'application', 'tipos-persona', 'delete', 1, '', 1, NULL, NULL),
(304, 'application', 'tipos-persona', 'delete', 1, '', 2, NULL, NULL),
(305, 'application', 'tipos-persona', 'find', 1, '', 1, NULL, NULL),
(306, 'application', 'tipos-persona', 'find', 1, '', 2, NULL, NULL),
(307, 'application', 'tipos-persona', 'findone', 1, '', 1, NULL, NULL),
(308, 'application', 'tipos-persona', 'findone', 1, '', 2, NULL, NULL),
(309, 'application', 'tipos-persona', 'update', 1, '', 1, NULL, NULL),
(310, 'application', 'tipos-persona', 'update', 1, '', 2, NULL, NULL),
(311, 'documentation', 'documentation', 'deletedoc', 0, '', 1, NULL, NULL),
(312, 'documentation', 'documentation', 'deletedoc', 0, '', 2, NULL, NULL),
(313, 'documentation', 'documentation', 'getinfos', 0, '', 1, NULL, NULL),
(314, 'documentation', 'documentation', 'getinfos', 0, '', 2, NULL, NULL),
(315, 'documentation', 'documentation', 'index', 0, '', 1, NULL, NULL),
(316, 'documentation', 'documentation', 'index', 0, '', 2, NULL, NULL),
(317, 'documentation', 'documentation', 'login', 0, '', 1, NULL, NULL),
(318, 'documentation', 'documentation', 'login', 0, '', 2, NULL, NULL),
(319, 'documentation', 'documentation', 'loginview', 0, '', 1, NULL, NULL),
(320, 'documentation', 'documentation', 'loginview', 0, '', 2, NULL, NULL),
(321, 'documentation', 'documentation', 'regeneratedoc', 0, '', 1, NULL, NULL),
(322, 'documentation', 'documentation', 'regeneratedoc', 0, '', 2, NULL, NULL),
(323, 'documentation', 'documentation', 'updatesettings', 0, '', 1, NULL, NULL),
(324, 'documentation', 'documentation', 'updatesettings', 0, '', 2, NULL, NULL),
(325, 'application', 'big-anterior', 'find', 1, '', 3, NULL, NULL),
(326, 'application', 'big-anterior', 'findone', 1, '', 3, NULL, NULL),
(327, 'application', 'big-anterior', 'count', 1, '', 3, NULL, NULL),
(328, 'application', 'big-anterior', 'create', 1, '', 3, NULL, NULL),
(329, 'application', 'big-anterior', 'update', 1, '', 3, NULL, NULL),
(330, 'application', 'big-anterior', 'delete', 1, '', 3, NULL, NULL),
(331, 'application', 'big-bag', 'find', 1, '', 3, NULL, NULL),
(332, 'application', 'big-bag', 'findone', 1, '', 3, NULL, NULL),
(333, 'application', 'big-bag', 'count', 1, '', 3, NULL, NULL),
(334, 'application', 'big-bag', 'create', 1, '', 3, NULL, NULL),
(335, 'application', 'big-bag', 'update', 1, '', 3, NULL, NULL),
(336, 'application', 'big-bag', 'delete', 1, '', 3, NULL, NULL),
(337, 'application', 'conductor', 'find', 1, '', 3, NULL, NULL),
(338, 'application', 'conductor', 'findone', 1, '', 3, NULL, NULL),
(339, 'application', 'conductor', 'count', 1, '', 3, NULL, NULL),
(340, 'application', 'conductor', 'create', 1, '', 3, NULL, NULL),
(341, 'application', 'conductor', 'update', 1, '', 3, NULL, NULL),
(342, 'application', 'conductor', 'delete', 1, '', 3, NULL, NULL),
(343, 'application', 'pesos-detalles', 'find', 1, '', 3, NULL, NULL),
(344, 'application', 'pesos-detalles', 'findone', 1, '', 3, NULL, NULL),
(345, 'application', 'pesos-detalles', 'count', 1, '', 3, NULL, NULL),
(346, 'application', 'pesos-detalles', 'create', 1, '', 3, NULL, NULL),
(347, 'application', 'pesos-detalles', 'update', 1, '', 3, NULL, NULL),
(348, 'application', 'pesos-detalles', 'delete', 1, '', 3, NULL, NULL),
(349, 'application', 'pesos-volquetes', 'find', 1, '', 3, NULL, NULL),
(350, 'application', 'pesos-volquetes', 'findone', 1, '', 3, NULL, NULL),
(351, 'application', 'pesos-volquetes', 'count', 1, '', 3, NULL, NULL),
(352, 'application', 'pesos-volquetes', 'create', 1, '', 3, NULL, NULL),
(353, 'application', 'pesos-volquetes', 'update', 1, '', 3, NULL, NULL),
(354, 'application', 'pesos-volquetes', 'delete', 1, '', 3, NULL, NULL),
(355, 'application', 'plataforma', 'find', 1, '', 3, NULL, NULL),
(356, 'application', 'plataforma', 'findone', 1, '', 3, NULL, NULL),
(357, 'application', 'plataforma', 'count', 1, '', 3, NULL, NULL),
(358, 'application', 'plataforma', 'create', 1, '', 3, NULL, NULL),
(359, 'application', 'plataforma', 'update', 1, '', 3, NULL, NULL),
(360, 'application', 'plataforma', 'delete', 1, '', 3, NULL, NULL),
(361, 'application', 'productos', 'find', 1, '', 3, NULL, NULL),
(362, 'application', 'productos', 'findone', 1, '', 3, NULL, NULL),
(363, 'application', 'productos', 'count', 1, '', 3, NULL, NULL),
(364, 'application', 'productos', 'create', 1, '', 3, NULL, NULL),
(365, 'application', 'productos', 'update', 1, '', 3, NULL, NULL),
(366, 'application', 'productos', 'delete', 1, '', 3, NULL, NULL),
(367, 'application', 'proveedor', 'find', 1, '', 3, NULL, NULL),
(368, 'application', 'proveedor', 'findone', 1, '', 3, NULL, NULL),
(369, 'application', 'proveedor', 'count', 1, '', 3, NULL, NULL),
(370, 'application', 'proveedor', 'create', 1, '', 3, NULL, NULL),
(371, 'application', 'proveedor', 'update', 1, '', 3, NULL, NULL),
(372, 'application', 'proveedor', 'delete', 1, '', 3, NULL, NULL),
(373, 'application', 'solicitudes', 'find', 1, '', 3, NULL, NULL),
(374, 'application', 'solicitudes', 'findone', 1, '', 3, NULL, NULL),
(375, 'application', 'solicitudes', 'count', 1, '', 3, NULL, NULL),
(376, 'application', 'solicitudes', 'create', 1, '', 3, NULL, NULL),
(377, 'application', 'solicitudes', 'update', 1, '', 3, NULL, NULL),
(378, 'application', 'solicitudes', 'delete', 1, '', 3, NULL, NULL),
(379, 'application', 'sucursales', 'find', 1, '', 3, NULL, NULL),
(380, 'application', 'sucursales', 'findone', 1, '', 3, NULL, NULL),
(381, 'application', 'sucursales', 'count', 1, '', 3, NULL, NULL),
(382, 'application', 'sucursales', 'create', 1, '', 3, NULL, NULL),
(383, 'application', 'sucursales', 'update', 1, '', 3, NULL, NULL),
(384, 'application', 'sucursales', 'delete', 1, '', 3, NULL, NULL),
(385, 'application', 'tipo-solicitud', 'find', 1, '', 3, NULL, NULL),
(386, 'application', 'tipo-solicitud', 'findone', 1, '', 3, NULL, NULL),
(387, 'application', 'tipo-solicitud', 'count', 1, '', 3, NULL, NULL),
(388, 'application', 'tipo-solicitud', 'create', 1, '', 3, NULL, NULL),
(389, 'application', 'tipo-solicitud', 'update', 1, '', 3, NULL, NULL),
(390, 'application', 'tipo-solicitud', 'delete', 1, '', 3, NULL, NULL),
(391, 'application', 'tipos-documentos', 'find', 1, '', 3, NULL, NULL),
(392, 'application', 'tipos-documentos', 'findone', 1, '', 3, NULL, NULL),
(393, 'application', 'tipos-documentos', 'count', 1, '', 3, NULL, NULL),
(394, 'application', 'tipos-documentos', 'create', 1, '', 3, NULL, NULL),
(395, 'application', 'tipos-documentos', 'update', 1, '', 3, NULL, NULL),
(396, 'application', 'tipos-documentos', 'delete', 1, '', 3, NULL, NULL),
(397, 'application', 'tipos-persona', 'find', 1, '', 3, NULL, NULL),
(398, 'application', 'tipos-persona', 'findone', 1, '', 3, NULL, NULL),
(399, 'application', 'tipos-persona', 'count', 1, '', 3, NULL, NULL),
(400, 'application', 'tipos-persona', 'create', 1, '', 3, NULL, NULL),
(401, 'application', 'tipos-persona', 'update', 1, '', 3, NULL, NULL),
(402, 'application', 'tipos-persona', 'delete', 1, '', 3, NULL, NULL),
(403, 'content-manager', 'collection-types', 'find', 0, '', 3, NULL, NULL),
(404, 'content-manager', 'collection-types', 'findone', 0, '', 3, NULL, NULL),
(405, 'content-manager', 'collection-types', 'create', 0, '', 3, NULL, NULL),
(406, 'content-manager', 'collection-types', 'update', 0, '', 3, NULL, NULL),
(407, 'content-manager', 'collection-types', 'delete', 0, '', 3, NULL, NULL),
(408, 'content-manager', 'collection-types', 'publish', 0, '', 3, NULL, NULL),
(409, 'content-manager', 'collection-types', 'unpublish', 0, '', 3, NULL, NULL),
(410, 'content-manager', 'collection-types', 'bulkdelete', 0, '', 3, NULL, NULL),
(411, 'content-manager', 'collection-types', 'previewmanyrelations', 0, '', 3, NULL, NULL),
(412, 'content-manager', 'components', 'findcomponents', 0, '', 3, NULL, NULL),
(413, 'content-manager', 'components', 'findcomponentconfiguration', 0, '', 3, NULL, NULL),
(414, 'content-manager', 'components', 'updatecomponentconfiguration', 0, '', 3, NULL, NULL),
(415, 'content-manager', 'content-types', 'findcontenttypes', 0, '', 3, NULL, NULL),
(416, 'content-manager', 'content-types', 'findcontenttypeconfiguration', 0, '', 3, NULL, NULL),
(417, 'content-manager', 'content-types', 'updatecontenttypeconfiguration', 0, '', 3, NULL, NULL),
(418, 'content-manager', 'relations', 'find', 0, '', 3, NULL, NULL),
(419, 'content-manager', 'single-types', 'find', 0, '', 3, NULL, NULL),
(420, 'content-manager', 'single-types', 'createorupdate', 0, '', 3, NULL, NULL),
(421, 'content-manager', 'single-types', 'delete', 0, '', 3, NULL, NULL),
(422, 'content-manager', 'single-types', 'publish', 0, '', 3, NULL, NULL),
(423, 'content-manager', 'single-types', 'unpublish', 0, '', 3, NULL, NULL),
(424, 'content-manager', 'uid', 'generateuid', 0, '', 3, NULL, NULL),
(425, 'content-manager', 'uid', 'checkuidavailability', 0, '', 3, NULL, NULL),
(426, 'content-type-builder', 'builder', 'getreservednames', 0, '', 3, NULL, NULL),
(427, 'content-type-builder', 'componentcategories', 'editcategory', 0, '', 3, NULL, NULL),
(428, 'content-type-builder', 'componentcategories', 'deletecategory', 0, '', 3, NULL, NULL),
(429, 'content-type-builder', 'components', 'getcomponents', 0, '', 3, NULL, NULL),
(430, 'content-type-builder', 'components', 'getcomponent', 0, '', 3, NULL, NULL),
(431, 'content-type-builder', 'components', 'createcomponent', 0, '', 3, NULL, NULL),
(432, 'content-type-builder', 'components', 'updatecomponent', 0, '', 3, NULL, NULL),
(433, 'content-type-builder', 'components', 'deletecomponent', 0, '', 3, NULL, NULL),
(434, 'content-type-builder', 'connections', 'getconnections', 0, '', 3, NULL, NULL),
(435, 'content-type-builder', 'contenttypes', 'getcontenttypes', 0, '', 3, NULL, NULL),
(436, 'content-type-builder', 'contenttypes', 'createcontenttype', 0, '', 3, NULL, NULL),
(437, 'content-type-builder', 'contenttypes', 'getcontenttype', 0, '', 3, NULL, NULL),
(438, 'content-type-builder', 'contenttypes', 'updatecontenttype', 0, '', 3, NULL, NULL),
(439, 'content-type-builder', 'contenttypes', 'deletecontenttype', 0, '', 3, NULL, NULL),
(440, 'documentation', 'documentation', 'getinfos', 0, '', 3, NULL, NULL),
(441, 'documentation', 'documentation', 'index', 0, '', 3, NULL, NULL),
(442, 'documentation', 'documentation', 'loginview', 0, '', 3, NULL, NULL),
(443, 'documentation', 'documentation', 'login', 0, '', 3, NULL, NULL),
(444, 'documentation', 'documentation', 'regeneratedoc', 0, '', 3, NULL, NULL),
(445, 'documentation', 'documentation', 'deletedoc', 0, '', 3, NULL, NULL),
(446, 'documentation', 'documentation', 'updatesettings', 0, '', 3, NULL, NULL),
(447, 'email', 'email', 'send', 0, '', 3, NULL, NULL),
(448, 'upload', 'upload', 'find', 0, '', 3, NULL, NULL),
(449, 'upload', 'upload', 'findone', 0, '', 3, NULL, NULL),
(450, 'upload', 'upload', 'count', 0, '', 3, NULL, NULL),
(451, 'upload', 'upload', 'destroy', 0, '', 3, NULL, NULL),
(452, 'upload', 'upload', 'updatesettings', 0, '', 3, NULL, NULL),
(453, 'upload', 'upload', 'getsettings', 0, '', 3, NULL, NULL),
(454, 'upload', 'upload', 'upload', 0, '', 3, NULL, NULL),
(455, 'upload', 'upload', 'search', 0, '', 3, NULL, NULL),
(456, 'users-permissions', 'auth', 'callback', 0, '', 3, NULL, NULL),
(457, 'users-permissions', 'auth', 'resetpassword', 0, '', 3, NULL, NULL),
(458, 'users-permissions', 'auth', 'connect', 1, '', 3, NULL, NULL),
(459, 'users-permissions', 'auth', 'forgotpassword', 0, '', 3, NULL, NULL),
(460, 'users-permissions', 'auth', 'register', 1, '', 3, NULL, NULL),
(461, 'users-permissions', 'auth', 'emailconfirmation', 0, '', 3, NULL, NULL),
(462, 'users-permissions', 'auth', 'sendemailconfirmation', 0, '', 3, NULL, NULL),
(463, 'users-permissions', 'user', 'create', 0, '', 3, NULL, NULL),
(464, 'users-permissions', 'user', 'update', 0, '', 3, NULL, NULL),
(465, 'users-permissions', 'user', 'find', 0, '', 3, NULL, NULL),
(466, 'users-permissions', 'user', 'findone', 0, '', 3, NULL, NULL),
(467, 'users-permissions', 'user', 'count', 0, '', 3, NULL, NULL),
(468, 'users-permissions', 'user', 'destroy', 0, '', 3, NULL, NULL),
(469, 'users-permissions', 'user', 'destroyall', 0, '', 3, NULL, NULL),
(470, 'users-permissions', 'user', 'me', 1, '', 3, NULL, NULL),
(471, 'users-permissions', 'userspermissions', 'createrole', 0, '', 3, NULL, NULL),
(472, 'users-permissions', 'userspermissions', 'deleterole', 0, '', 3, NULL, NULL),
(473, 'users-permissions', 'userspermissions', 'getpermissions', 0, '', 3, NULL, NULL),
(474, 'users-permissions', 'userspermissions', 'getpolicies', 0, '', 3, NULL, NULL),
(475, 'users-permissions', 'userspermissions', 'getrole', 0, '', 3, NULL, NULL),
(476, 'users-permissions', 'userspermissions', 'getroles', 0, '', 3, NULL, NULL),
(477, 'users-permissions', 'userspermissions', 'index', 0, '', 3, NULL, NULL),
(478, 'users-permissions', 'userspermissions', 'getroutes', 0, '', 3, NULL, NULL),
(479, 'users-permissions', 'userspermissions', 'searchusers', 0, '', 3, NULL, NULL),
(480, 'users-permissions', 'userspermissions', 'updaterole', 0, '', 3, NULL, NULL),
(481, 'users-permissions', 'userspermissions', 'getemailtemplate', 0, '', 3, NULL, NULL),
(482, 'users-permissions', 'userspermissions', 'updateemailtemplate', 0, '', 3, NULL, NULL),
(483, 'users-permissions', 'userspermissions', 'getadvancedsettings', 0, '', 3, NULL, NULL),
(484, 'users-permissions', 'userspermissions', 'updateadvancedsettings', 0, '', 3, NULL, NULL),
(485, 'users-permissions', 'userspermissions', 'getproviders', 0, '', 3, NULL, NULL),
(486, 'users-permissions', 'userspermissions', 'updateproviders', 0, '', 3, NULL, NULL),
(487, 'entity-relationship-chart', 'entity-relationship-chart', 'geterdata', 0, '', 3, NULL, NULL),
(488, 'entity-relationship-chart', 'entity-relationship-chart', 'geterdata', 0, '', 2, NULL, NULL),
(489, 'entity-relationship-chart', 'entity-relationship-chart', 'index', 0, '', 3, NULL, NULL),
(490, 'entity-relationship-chart', 'entity-relationship-chart', 'geterdata', 0, '', 1, NULL, NULL),
(491, 'entity-relationship-chart', 'entity-relationship-chart', 'index', 0, '', 2, NULL, NULL),
(492, 'entity-relationship-chart', 'entity-relationship-chart', 'index', 0, '', 1, NULL, NULL),
(529, 'application', 'pesos-balanzas', 'create', 1, '', 2, NULL, NULL),
(530, 'application', 'pesos-balanzas', 'create', 1, '', 3, NULL, NULL),
(531, 'application', 'pesos-balanzas', 'count', 1, '', 2, NULL, NULL),
(532, 'application', 'pesos-balanzas', 'create', 1, '', 1, NULL, NULL),
(533, 'application', 'pesos-balanzas', 'count', 1, '', 1, NULL, NULL),
(534, 'application', 'pesos-balanzas', 'delete', 1, '', 2, NULL, NULL),
(535, 'application', 'pesos-balanzas', 'count', 1, '', 3, NULL, NULL),
(536, 'application', 'pesos-balanzas', 'delete', 1, '', 1, NULL, NULL),
(537, 'application', 'pesos-balanzas', 'delete', 1, '', 3, NULL, NULL),
(538, 'application', 'pesos-balanzas', 'find', 1, '', 1, NULL, NULL),
(539, 'application', 'pesos-balanzas', 'find', 1, '', 2, NULL, NULL),
(540, 'application', 'pesos-balanzas', 'findone', 1, '', 1, NULL, NULL),
(541, 'application', 'pesos-balanzas', 'find', 1, '', 3, NULL, NULL),
(542, 'application', 'pesos-balanzas', 'findone', 1, '', 2, NULL, NULL),
(543, 'application', 'pesos-balanzas', 'findone', 1, '', 3, NULL, NULL),
(544, 'application', 'pesos-balanzas', 'update', 1, '', 1, NULL, NULL),
(545, 'application', 'pesos-balanzas', 'update', 1, '', 2, NULL, NULL),
(546, 'application', 'pesos-balanzas', 'update', 1, '', 3, NULL, NULL),
(547, 'application', 'pesos', 'count', 1, '', 1, NULL, NULL),
(548, 'application', 'pesos', 'count', 1, '', 2, NULL, NULL),
(549, 'application', 'pesos', 'count', 1, '', 3, NULL, NULL),
(550, 'application', 'pesos', 'create', 1, '', 1, NULL, NULL),
(551, 'application', 'pesos', 'create', 1, '', 2, NULL, NULL),
(552, 'application', 'pesos', 'create', 1, '', 3, NULL, NULL),
(553, 'application', 'pesos', 'delete', 1, '', 1, NULL, NULL),
(554, 'application', 'pesos', 'delete', 1, '', 2, NULL, NULL),
(555, 'application', 'pesos', 'delete', 1, '', 3, NULL, NULL),
(556, 'application', 'pesos', 'find', 1, '', 1, NULL, NULL),
(557, 'application', 'pesos', 'find', 1, '', 2, NULL, NULL),
(558, 'application', 'pesos', 'find', 1, '', 3, NULL, NULL),
(559, 'application', 'pesos', 'findone', 1, '', 2, NULL, NULL),
(560, 'application', 'pesos', 'findone', 1, '', 1, NULL, NULL),
(561, 'application', 'pesos', 'findone', 1, '', 3, NULL, NULL),
(562, 'application', 'pesos', 'update', 1, '', 1, NULL, NULL),
(563, 'application', 'pesos', 'update', 1, '', 2, NULL, NULL),
(564, 'application', 'pesos', 'update', 1, '', 3, NULL, NULL),
(565, 'application', 'procesos', 'count', 1, '', 1, NULL, NULL),
(566, 'application', 'procesos', 'count', 1, '', 2, NULL, NULL),
(567, 'application', 'procesos', 'count', 1, '', 3, NULL, NULL),
(568, 'application', 'procesos', 'create', 1, '', 1, NULL, NULL),
(569, 'application', 'procesos', 'create', 1, '', 2, NULL, NULL),
(570, 'application', 'procesos', 'create', 1, '', 3, NULL, NULL),
(571, 'application', 'procesos', 'delete', 1, '', 1, NULL, NULL),
(572, 'application', 'procesos', 'delete', 1, '', 2, NULL, NULL),
(573, 'application', 'procesos', 'delete', 1, '', 3, NULL, NULL),
(574, 'application', 'procesos', 'find', 1, '', 1, NULL, NULL),
(575, 'application', 'procesos', 'find', 1, '', 2, NULL, NULL),
(576, 'application', 'procesos', 'find', 1, '', 3, NULL, NULL),
(577, 'application', 'procesos', 'findone', 1, '', 1, NULL, NULL),
(578, 'application', 'procesos', 'findone', 1, '', 2, NULL, NULL),
(579, 'application', 'procesos', 'findone', 1, '', 3, NULL, NULL),
(580, 'application', 'procesos', 'update', 1, '', 1, NULL, NULL),
(581, 'application', 'procesos', 'update', 1, '', 2, NULL, NULL),
(582, 'application', 'procesos', 'update', 1, '', 3, NULL, NULL),
(583, 'application', 'generador-claves', 'count', 1, '', 1, NULL, NULL),
(584, 'application', 'generador-claves', 'count', 1, '', 2, NULL, NULL),
(585, 'application', 'generador-claves', 'count', 1, '', 3, NULL, NULL),
(586, 'application', 'generador-claves', 'create', 1, '', 1, NULL, NULL),
(587, 'application', 'generador-claves', 'create', 1, '', 2, NULL, NULL),
(588, 'application', 'generador-claves', 'create', 1, '', 3, NULL, NULL),
(589, 'application', 'generador-claves', 'delete', 1, '', 1, NULL, NULL),
(590, 'application', 'generador-claves', 'delete', 1, '', 2, NULL, NULL),
(591, 'application', 'generador-claves', 'delete', 1, '', 3, NULL, NULL),
(592, 'application', 'generador-claves', 'find', 1, '', 1, NULL, NULL),
(593, 'application', 'generador-claves', 'find', 1, '', 2, NULL, NULL),
(594, 'application', 'generador-claves', 'find', 1, '', 3, NULL, NULL),
(595, 'application', 'generador-claves', 'findone', 1, '', 1, NULL, NULL),
(596, 'application', 'generador-claves', 'findone', 1, '', 2, NULL, NULL),
(597, 'application', 'generador-claves', 'findone', 1, '', 3, NULL, NULL),
(598, 'application', 'generador-claves', 'update', 1, '', 1, NULL, NULL),
(599, 'application', 'generador-claves', 'update', 1, '', 2, NULL, NULL),
(600, 'application', 'generador-claves', 'update', 1, '', 3, NULL, NULL),
(601, 'application', 'tipo-vehiculos', 'count', 0, '', 1, NULL, NULL),
(602, 'application', 'tipo-vehiculos', 'count', 1, '', 2, NULL, NULL),
(603, 'application', 'tipo-vehiculos', 'count', 0, '', 3, NULL, NULL),
(604, 'application', 'tipo-vehiculos', 'create', 0, '', 1, NULL, NULL),
(605, 'application', 'tipo-vehiculos', 'create', 1, '', 2, NULL, NULL),
(606, 'application', 'tipo-vehiculos', 'create', 0, '', 3, NULL, NULL),
(607, 'application', 'tipo-vehiculos', 'delete', 0, '', 1, NULL, NULL),
(608, 'application', 'tipo-vehiculos', 'delete', 1, '', 2, NULL, NULL),
(609, 'application', 'tipo-vehiculos', 'delete', 0, '', 3, NULL, NULL),
(610, 'application', 'tipo-vehiculos', 'find', 0, '', 1, NULL, NULL),
(611, 'application', 'tipo-vehiculos', 'find', 1, '', 2, NULL, NULL),
(612, 'application', 'tipo-vehiculos', 'find', 0, '', 3, NULL, NULL),
(613, 'application', 'tipo-vehiculos', 'findone', 0, '', 1, NULL, NULL),
(614, 'application', 'tipo-vehiculos', 'findone', 1, '', 2, NULL, NULL),
(615, 'application', 'tipo-vehiculos', 'findone', 0, '', 3, NULL, NULL),
(616, 'application', 'tipo-vehiculos', 'update', 0, '', 1, NULL, NULL),
(617, 'application', 'tipo-vehiculos', 'update', 1, '', 2, NULL, NULL),
(618, 'application', 'tipo-vehiculos', 'update', 0, '', 3, NULL, NULL),
(619, 'application', 'tipo-clientes', 'count', 0, '', 1, NULL, NULL),
(620, 'application', 'tipo-clientes', 'count', 1, '', 2, NULL, NULL),
(621, 'application', 'tipo-clientes', 'count', 0, '', 3, NULL, NULL),
(622, 'application', 'tipo-clientes', 'create', 0, '', 1, NULL, NULL),
(623, 'application', 'tipo-clientes', 'create', 1, '', 2, NULL, NULL),
(624, 'application', 'tipo-clientes', 'create', 0, '', 3, NULL, NULL),
(625, 'application', 'tipo-clientes', 'delete', 0, '', 1, NULL, NULL),
(626, 'application', 'tipo-clientes', 'delete', 1, '', 2, NULL, NULL),
(627, 'application', 'tipo-clientes', 'delete', 0, '', 3, NULL, NULL),
(628, 'application', 'tipo-clientes', 'find', 0, '', 1, NULL, NULL),
(629, 'application', 'tipo-clientes', 'find', 1, '', 2, NULL, NULL),
(630, 'application', 'tipo-clientes', 'find', 0, '', 3, NULL, NULL),
(631, 'application', 'tipo-clientes', 'findone', 0, '', 1, NULL, NULL),
(632, 'application', 'tipo-clientes', 'findone', 1, '', 2, NULL, NULL),
(633, 'application', 'tipo-clientes', 'findone', 0, '', 3, NULL, NULL),
(634, 'application', 'tipo-clientes', 'update', 0, '', 1, NULL, NULL),
(635, 'application', 'tipo-clientes', 'update', 1, '', 2, NULL, NULL),
(636, 'application', 'tipo-clientes', 'update', 0, '', 3, NULL, NULL),
(637, 'application', 'cargas-masivas', 'count', 0, '', 1, NULL, NULL),
(638, 'application', 'cargas-masivas', 'count', 1, '', 2, NULL, NULL),
(639, 'application', 'cargas-masivas', 'count', 0, '', 3, NULL, NULL),
(640, 'application', 'cargas-masivas', 'create', 0, '', 1, NULL, NULL),
(641, 'application', 'cargas-masivas', 'create', 1, '', 2, NULL, NULL),
(642, 'application', 'cargas-masivas', 'create', 0, '', 3, NULL, NULL),
(643, 'application', 'cargas-masivas', 'delete', 0, '', 1, NULL, NULL),
(644, 'application', 'cargas-masivas', 'delete', 1, '', 2, NULL, NULL),
(645, 'application', 'cargas-masivas', 'delete', 0, '', 3, NULL, NULL),
(646, 'application', 'cargas-masivas', 'find', 0, '', 1, NULL, NULL),
(647, 'application', 'cargas-masivas', 'find', 1, '', 2, NULL, NULL),
(648, 'application', 'cargas-masivas', 'find', 0, '', 3, NULL, NULL),
(649, 'application', 'cargas-masivas', 'findone', 0, '', 1, NULL, NULL),
(650, 'application', 'cargas-masivas', 'findone', 1, '', 2, NULL, NULL),
(651, 'application', 'cargas-masivas', 'findone', 0, '', 3, NULL, NULL),
(652, 'application', 'cargas-masivas', 'update', 0, '', 1, NULL, NULL),
(653, 'application', 'cargas-masivas', 'update', 1, '', 2, NULL, NULL),
(654, 'application', 'cargas-masivas', 'update', 0, '', 3, NULL, NULL);

-- --------------------------------------------------------

--
-- Estructura de tabla para la tabla `users-permissions_role`
--

CREATE TABLE `users-permissions_role` (
  `id` int UNSIGNED NOT NULL,
  `name` varchar(255) NOT NULL,
  `description` varchar(255) DEFAULT NULL,
  `type` varchar(255) DEFAULT NULL,
  `created_by` int DEFAULT NULL,
  `updated_by` int DEFAULT NULL
) ENGINE=InnoDB DEFAULT CHARSET=utf8mb3;

--
-- Volcado de datos para la tabla `users-permissions_role`
--

INSERT INTO `users-permissions_role` (`id`, `name`, `description`, `type`, `created_by`, `updated_by`) VALUES
(1, 'Authenticated', 'Default role given to authenticated user.', 'authenticated', NULL, NULL),
(2, 'Public', 'Default role given to unauthenticated user.', 'public', NULL, NULL),
(3, 'supervisor', 'supervisor', 'supervisor', NULL, NULL);

--
-- Índices para tablas volcadas
--

--
-- Indices de la tabla `big_anteriors`
--
ALTER TABLE `big_anteriors`
  ADD PRIMARY KEY (`id`);

--
-- Indices de la tabla `big_bags`
--
ALTER TABLE `big_bags`
  ADD PRIMARY KEY (`id`);

--
-- Indices de la tabla `big_bags_Bk07062021`
--
ALTER TABLE `big_bags_Bk07062021`
  ADD PRIMARY KEY (`id`);

--
-- Indices de la tabla `cargas_masivas`
--
ALTER TABLE `cargas_masivas`
  ADD PRIMARY KEY (`id`);

--
-- Indices de la tabla `cargas_masivas_Bk07062021`
--
ALTER TABLE `cargas_masivas_Bk07062021`
  ADD PRIMARY KEY (`id`);

--
-- Indices de la tabla `conductors`
--
ALTER TABLE `conductors`
  ADD PRIMARY KEY (`id`);

--
-- Indices de la tabla `generador_claves`
--
ALTER TABLE `generador_claves`
  ADD PRIMARY KEY (`id`);

--
-- Indices de la tabla `Informes_ReporteConsolidado_CompraVenta`
--
ALTER TABLE `Informes_ReporteConsolidado_CompraVenta`
  ADD PRIMARY KEY (`Id`);

--
-- Indices de la tabla `pesos`
--
ALTER TABLE `pesos`
  ADD PRIMARY KEY (`id`),
  ADD KEY `peso_entrada` (`peso_entrada`),
  ADD KEY `analisis_granulometria` (`peso_entrada`,`publicado`,`id`),
  ADD KEY `pesos_general` (`id`,`proveedor`,`big_bag`),
  ADD KEY `fecha_entrada` (`fecha_entrada`);

--
-- Indices de la tabla `pesos_Bk02042022`
--
ALTER TABLE `pesos_Bk02042022`
  ADD PRIMARY KEY (`id`),
  ADD KEY `peso_entrada` (`peso_entrada`),
  ADD KEY `analisis_granulometria` (`peso_entrada`,`publicado`,`id`),
  ADD KEY `pesos_general` (`id`,`proveedor`,`big_bag`);

--
-- Indices de la tabla `pesos_Bk07062021`
--
ALTER TABLE `pesos_Bk07062021`
  ADD PRIMARY KEY (`id`);

--
-- Indices de la tabla `pesos_Bk29112021`
--
ALTER TABLE `pesos_Bk29112021`
  ADD PRIMARY KEY (`id`),
  ADD KEY `peso_entrada` (`peso_entrada`),
  ADD KEY `analisis_granulometria` (`peso_entrada`,`publicado`,`id`),
  ADD KEY `pesos_general` (`id`,`proveedor`,`big_bag`);

--
-- Indices de la tabla `pesos_detalles`
--
ALTER TABLE `pesos_detalles`
  ADD PRIMARY KEY (`id`);

--
-- Indices de la tabla `pesos_detalles_pesos_volquetes__pesos_volquetes_pesos_detalles`
--
ALTER TABLE `pesos_detalles_pesos_volquetes__pesos_volquetes_pesos_detalles`
  ADD PRIMARY KEY (`id`);

--
-- Indices de la tabla `pesos_new`
--
ALTER TABLE `pesos_new`
  ADD PRIMARY KEY (`id`);

--
-- Indices de la tabla `pesos_volquetes`
--
ALTER TABLE `pesos_volquetes`
  ADD PRIMARY KEY (`id`);

--
-- Indices de la tabla `plataformas`
--
ALTER TABLE `plataformas`
  ADD PRIMARY KEY (`id`);

--
-- Indices de la tabla `procesos`
--
ALTER TABLE `procesos`
  ADD PRIMARY KEY (`id`);

--
-- Indices de la tabla `procesos_responsables__users_procesos`
--
ALTER TABLE `procesos_responsables__users_procesos`
  ADD PRIMARY KEY (`id`);

--
-- Indices de la tabla `productos`
--
ALTER TABLE `productos`
  ADD PRIMARY KEY (`id`);

--
-- Indices de la tabla `proveedors`
--
ALTER TABLE `proveedors`
  ADD PRIMARY KEY (`id`),
  ADD UNIQUE KEY `proveedors_documento_unique` (`documento`);

--
-- Indices de la tabla `solicitudes`
--
ALTER TABLE `solicitudes`
  ADD PRIMARY KEY (`id`);

--
-- Indices de la tabla `solicitudes_Bk07062021`
--
ALTER TABLE `solicitudes_Bk07062021`
  ADD PRIMARY KEY (`id`);

--
-- Indices de la tabla `strapi_permission`
--
ALTER TABLE `strapi_permission`
  ADD PRIMARY KEY (`id`);

--
-- Indices de la tabla `strapi_role`
--
ALTER TABLE `strapi_role`
  ADD PRIMARY KEY (`id`),
  ADD UNIQUE KEY `strapi_role_name_unique` (`name`),
  ADD UNIQUE KEY `strapi_role_code_unique` (`code`);

--
-- Indices de la tabla `strapi_users_roles`
--
ALTER TABLE `strapi_users_roles`
  ADD PRIMARY KEY (`id`);

--
-- Indices de la tabla `strapi_webhooks`
--
ALTER TABLE `strapi_webhooks`
  ADD PRIMARY KEY (`id`);

--
-- Indices de la tabla `sucursales`
--
ALTER TABLE `sucursales`
  ADD PRIMARY KEY (`id`);

--
-- Indices de la tabla `tbconfig_Balanzas`
--
ALTER TABLE `tbconfig_Balanzas`
  ADD PRIMARY KEY (`Id`);

--
-- Indices de la tabla `tbconfig_BalanzasPesos`
--
ALTER TABLE `tbconfig_BalanzasPesos`
  ADD PRIMARY KEY (`Id`);

--
-- Indices de la tabla `tbconfig_clientes`
--
ALTER TABLE `tbconfig_clientes`
  ADD PRIMARY KEY (`Id`);

--
-- Indices de la tabla `tbconfig_EstadosReporteConsolidado`
--
ALTER TABLE `tbconfig_EstadosReporteConsolidado`
  ADD PRIMARY KEY (`Id`);

--
-- Indices de la tabla `tbconfig_minaorigen`
--
ALTER TABLE `tbconfig_minaorigen`
  ADD PRIMARY KEY (`Id`);

--
-- Indices de la tabla `tipos_documentos`
--
ALTER TABLE `tipos_documentos`
  ADD PRIMARY KEY (`id`);

--
-- Indices de la tabla `tipos_personas`
--
ALTER TABLE `tipos_personas`
  ADD PRIMARY KEY (`id`);

--
-- Indices de la tabla `tipo_clientes`
--
ALTER TABLE `tipo_clientes`
  ADD PRIMARY KEY (`id`);

--
-- Indices de la tabla `tipo_solicituds`
--
ALTER TABLE `tipo_solicituds`
  ADD PRIMARY KEY (`id`);

--
-- Indices de la tabla `tipo_solicituds__responsables`
--
ALTER TABLE `tipo_solicituds__responsables`
  ADD PRIMARY KEY (`id`);

--
-- Indices de la tabla `tipo_vehiculos`
--
ALTER TABLE `tipo_vehiculos`
  ADD PRIMARY KEY (`id`);

--
-- Indices de la tabla `upload_file_morph`
--
ALTER TABLE `upload_file_morph`
  ADD PRIMARY KEY (`id`);

--
-- Indices de la tabla `users-permissions_permission`
--
ALTER TABLE `users-permissions_permission`
  ADD PRIMARY KEY (`id`);

--
-- Indices de la tabla `users-permissions_role`
--
ALTER TABLE `users-permissions_role`
  ADD PRIMARY KEY (`id`),
  ADD UNIQUE KEY `users-permissions_role_type_unique` (`type`);

--
-- AUTO_INCREMENT de las tablas volcadas
--

--
-- AUTO_INCREMENT de la tabla `big_anteriors`
--
ALTER TABLE `big_anteriors`
  MODIFY `id` int UNSIGNED NOT NULL AUTO_INCREMENT, AUTO_INCREMENT=3;

--
-- AUTO_INCREMENT de la tabla `big_bags`
--
ALTER TABLE `big_bags`
  MODIFY `id` int UNSIGNED NOT NULL AUTO_INCREMENT, AUTO_INCREMENT=245;

--
-- AUTO_INCREMENT de la tabla `big_bags_Bk07062021`
--
ALTER TABLE `big_bags_Bk07062021`
  MODIFY `id` int UNSIGNED NOT NULL AUTO_INCREMENT, AUTO_INCREMENT=28;

--
-- AUTO_INCREMENT de la tabla `cargas_masivas`
--
ALTER TABLE `cargas_masivas`
  MODIFY `id` int UNSIGNED NOT NULL AUTO_INCREMENT;

--
-- AUTO_INCREMENT de la tabla `cargas_masivas_Bk07062021`
--
ALTER TABLE `cargas_masivas_Bk07062021`
  MODIFY `id` int UNSIGNED NOT NULL AUTO_INCREMENT, AUTO_INCREMENT=4;

--
-- AUTO_INCREMENT de la tabla `conductors`
--
ALTER TABLE `conductors`
  MODIFY `id` int UNSIGNED NOT NULL AUTO_INCREMENT, AUTO_INCREMENT=1497;

--
-- AUTO_INCREMENT de la tabla `generador_claves`
--
ALTER TABLE `generador_claves`
  MODIFY `id` int UNSIGNED NOT NULL AUTO_INCREMENT, AUTO_INCREMENT=3;

--
-- AUTO_INCREMENT de la tabla `Informes_ReporteConsolidado_CompraVenta`
--
ALTER TABLE `Informes_ReporteConsolidado_CompraVenta`
  MODIFY `Id` int NOT NULL AUTO_INCREMENT, AUTO_INCREMENT=8814;

--
-- AUTO_INCREMENT de la tabla `pesos`
--
ALTER TABLE `pesos`
  MODIFY `id` int UNSIGNED NOT NULL AUTO_INCREMENT, AUTO_INCREMENT=21750;

--
-- AUTO_INCREMENT de la tabla `pesos_Bk02042022`
--
ALTER TABLE `pesos_Bk02042022`
  MODIFY `id` int UNSIGNED NOT NULL AUTO_INCREMENT, AUTO_INCREMENT=10852;

--
-- AUTO_INCREMENT de la tabla `pesos_Bk07062021`
--
ALTER TABLE `pesos_Bk07062021`
  MODIFY `id` int UNSIGNED NOT NULL AUTO_INCREMENT, AUTO_INCREMENT=2017;

--
-- AUTO_INCREMENT de la tabla `pesos_Bk29112021`
--
ALTER TABLE `pesos_Bk29112021`
  MODIFY `id` int UNSIGNED NOT NULL AUTO_INCREMENT, AUTO_INCREMENT=6761;

--
-- AUTO_INCREMENT de la tabla `pesos_detalles`
--
ALTER TABLE `pesos_detalles`
  MODIFY `id` int UNSIGNED NOT NULL AUTO_INCREMENT, AUTO_INCREMENT=74;

--
-- AUTO_INCREMENT de la tabla `pesos_detalles_pesos_volquetes__pesos_volquetes_pesos_detalles`
--
ALTER TABLE `pesos_detalles_pesos_volquetes__pesos_volquetes_pesos_detalles`
  MODIFY `id` int UNSIGNED NOT NULL AUTO_INCREMENT, AUTO_INCREMENT=74;

--
-- AUTO_INCREMENT de la tabla `pesos_new`
--
ALTER TABLE `pesos_new`
  MODIFY `id` int UNSIGNED NOT NULL AUTO_INCREMENT;

--
-- AUTO_INCREMENT de la tabla `pesos_volquetes`
--
ALTER TABLE `pesos_volquetes`
  MODIFY `id` int UNSIGNED NOT NULL AUTO_INCREMENT, AUTO_INCREMENT=71;

--
-- AUTO_INCREMENT de la tabla `plataformas`
--
ALTER TABLE `plataformas`
  MODIFY `id` int UNSIGNED NOT NULL AUTO_INCREMENT, AUTO_INCREMENT=18;

--
-- AUTO_INCREMENT de la tabla `procesos`
--
ALTER TABLE `procesos`
  MODIFY `id` int UNSIGNED NOT NULL AUTO_INCREMENT, AUTO_INCREMENT=4;

--
-- AUTO_INCREMENT de la tabla `procesos_responsables__users_procesos`
--
ALTER TABLE `procesos_responsables__users_procesos`
  MODIFY `id` int UNSIGNED NOT NULL AUTO_INCREMENT, AUTO_INCREMENT=7;

--
-- AUTO_INCREMENT de la tabla `productos`
--
ALTER TABLE `productos`
  MODIFY `id` int UNSIGNED NOT NULL AUTO_INCREMENT, AUTO_INCREMENT=51;

--
-- AUTO_INCREMENT de la tabla `proveedors`
--
ALTER TABLE `proveedors`
  MODIFY `id` int UNSIGNED NOT NULL AUTO_INCREMENT, AUTO_INCREMENT=200;

--
-- AUTO_INCREMENT de la tabla `solicitudes`
--
ALTER TABLE `solicitudes`
  MODIFY `id` int UNSIGNED NOT NULL AUTO_INCREMENT, AUTO_INCREMENT=14;

--
-- AUTO_INCREMENT de la tabla `solicitudes_Bk07062021`
--
ALTER TABLE `solicitudes_Bk07062021`
  MODIFY `id` int UNSIGNED NOT NULL AUTO_INCREMENT, AUTO_INCREMENT=4;

--
-- AUTO_INCREMENT de la tabla `strapi_permission`
--
ALTER TABLE `strapi_permission`
  MODIFY `id` int UNSIGNED NOT NULL AUTO_INCREMENT, AUTO_INCREMENT=243;

--
-- AUTO_INCREMENT de la tabla `strapi_role`
--
ALTER TABLE `strapi_role`
  MODIFY `id` int UNSIGNED NOT NULL AUTO_INCREMENT, AUTO_INCREMENT=4;

--
-- AUTO_INCREMENT de la tabla `strapi_users_roles`
--
ALTER TABLE `strapi_users_roles`
  MODIFY `id` int UNSIGNED NOT NULL AUTO_INCREMENT, AUTO_INCREMENT=4;

--
-- AUTO_INCREMENT de la tabla `strapi_webhooks`
--
ALTER TABLE `strapi_webhooks`
  MODIFY `id` int UNSIGNED NOT NULL AUTO_INCREMENT;

--
-- AUTO_INCREMENT de la tabla `sucursales`
--
ALTER TABLE `sucursales`
  MODIFY `id` int UNSIGNED NOT NULL AUTO_INCREMENT;

--
-- AUTO_INCREMENT de la tabla `tbconfig_Balanzas`
--
ALTER TABLE `tbconfig_Balanzas`
  MODIFY `Id` int NOT NULL AUTO_INCREMENT, AUTO_INCREMENT=3;

--
-- AUTO_INCREMENT de la tabla `tbconfig_BalanzasPesos`
--
ALTER TABLE `tbconfig_BalanzasPesos`
  MODIFY `Id` int NOT NULL AUTO_INCREMENT, AUTO_INCREMENT=9;

--
-- AUTO_INCREMENT de la tabla `tbconfig_clientes`
--
ALTER TABLE `tbconfig_clientes`
  MODIFY `Id` int NOT NULL AUTO_INCREMENT, AUTO_INCREMENT=2;

--
-- AUTO_INCREMENT de la tabla `tbconfig_EstadosReporteConsolidado`
--
ALTER TABLE `tbconfig_EstadosReporteConsolidado`
  MODIFY `Id` int NOT NULL AUTO_INCREMENT, AUTO_INCREMENT=5;

--
-- AUTO_INCREMENT de la tabla `tbconfig_minaorigen`
--
ALTER TABLE `tbconfig_minaorigen`
  MODIFY `Id` int NOT NULL AUTO_INCREMENT, AUTO_INCREMENT=27;

--
-- AUTO_INCREMENT de la tabla `tipos_documentos`
--
ALTER TABLE `tipos_documentos`
  MODIFY `id` int UNSIGNED NOT NULL AUTO_INCREMENT, AUTO_INCREMENT=3;

--
-- AUTO_INCREMENT de la tabla `tipos_personas`
--
ALTER TABLE `tipos_personas`
  MODIFY `id` int UNSIGNED NOT NULL AUTO_INCREMENT, AUTO_INCREMENT=3;

--
-- AUTO_INCREMENT de la tabla `tipo_clientes`
--
ALTER TABLE `tipo_clientes`
  MODIFY `id` int UNSIGNED NOT NULL AUTO_INCREMENT, AUTO_INCREMENT=4;

--
-- AUTO_INCREMENT de la tabla `tipo_solicituds`
--
ALTER TABLE `tipo_solicituds`
  MODIFY `id` int UNSIGNED NOT NULL AUTO_INCREMENT, AUTO_INCREMENT=3;

--
-- AUTO_INCREMENT de la tabla `tipo_solicituds__responsables`
--
ALTER TABLE `tipo_solicituds__responsables`
  MODIFY `id` int UNSIGNED NOT NULL AUTO_INCREMENT, AUTO_INCREMENT=2;

--
-- AUTO_INCREMENT de la tabla `tipo_vehiculos`
--
ALTER TABLE `tipo_vehiculos`
  MODIFY `id` int UNSIGNED NOT NULL AUTO_INCREMENT, AUTO_INCREMENT=19;

--
-- AUTO_INCREMENT de la tabla `upload_file_morph`
--
ALTER TABLE `upload_file_morph`
  MODIFY `id` int UNSIGNED NOT NULL AUTO_INCREMENT;

--
-- AUTO_INCREMENT de la tabla `users-permissions_permission`
--
ALTER TABLE `users-permissions_permission`
  MODIFY `id` int UNSIGNED NOT NULL AUTO_INCREMENT, AUTO_INCREMENT=655;

--
-- AUTO_INCREMENT de la tabla `users-permissions_role`
--
ALTER TABLE `users-permissions_role`
  MODIFY `id` int UNSIGNED NOT NULL AUTO_INCREMENT, AUTO_INCREMENT=4;
COMMIT;

